199.102.239.39 - - [09/Aug/2011:03:41:35 +0000] "GET //phpmyadmin.old/scripts/setup.php HTTP/1.1" 404 487 "-" "-"
199.102.239.39 - - [09/Aug/2011:03:41:35 +0000] "GET //web/phpmyadmin/scripts/setup.php HTTP/1.1" 404 487 "-" "-"
199.102.239.39 - - [09/Aug/2011:03:41:35 +0000] "GET //apache-default/phpmyadmin/scripts/setup.php HTTP/1.1" 404 492 "-" "-"
199.102.239.39 - - [09/Aug/2011:03:41:35 +0000] "GET //pma/scripts/setup.php HTTP/1.1" 404 480 "-" "-"
199.102.239.39 - - [09/Aug/2011:03:41:35 +0000] "GET ///MyAdmin//scripts/setup.php HTTP/1.1" 404 483 "-" "-"
199.102.239.39 - - [09/Aug/2011:03:41:38 +0000] "GET //phpMyAdmin/scripts/setup.php HTTP/1.1" 404 484 "-" "-"
199.102.239.39 - - [09/Aug/2011:03:41:51 +0000] "GET //MyAdmin//scripts/setup.php HTTP/1.1" 404 483 "-" "-"
199.102.239.39 - - [09/Aug/2011:03:41:51 +0000] "GET //phpAdmin//scripts/setup.php HTTP/1.1" 404 483 "-" "-"
199.102.239.39 - - [09/Aug/2011:03:41:56 +0000] "GET //phpadmin//scripts/setup.php HTTP/1.1" 404 482 "-" "-"
199.102.239.39 - - [09/Aug/2011:03:41:56 +0000] "GET //httpdocs/scripts/setup.php HTTP/1.1" 404 481 "-" "-"
199.102.239.39 - - [09/Aug/2011:03:41:56 +0000] "GET //db/scripts/setup.php HTTP/1.1" 404 479 "-" "-"
199.102.239.39 - - [09/Aug/2011:03:41:56 +0000] "GET ///~/PMA//scripts/setup.php HTTP/1.1" 404 482 "-" "-"
199.102.239.39 - - [09/Aug/2011:03:41:56 +0000] "GET ///~/phpmyadmin//scripts/setup.php HTTP/1.1" 404 488 "-" "-"
199.102.239.39 - - [09/Aug/2011:03:41:56 +0000] "GET ///~/phpmanager//scripts/setup.php HTTP/1.1" 404 488 "-" "-"
199.102.239.39 - - [09/Aug/2011:03:41:56 +0000] "GET ///~/phpadmin//scripts/setup.php HTTP/1.1" 404 486 "-" "-"
199.102.239.39 - - [09/Aug/2011:03:41:56 +0000] "GET ///~/myadmin//scripts/setup.php HTTP/1.1" 404 485 "-" "-"
199.102.239.39 - - [09/Aug/2011:03:41:56 +0000] "GET ///~/admin//scripts/setup.php HTTP/1.1" 404 483 "-" "-"
199.102.239.39 - - [09/Aug/2011:03:41:56 +0000] "GET //:81/phpmyadmin//scripts/setup.php HTTP/1.1" 404 488 "-" "-"
199.102.239.39 - - [09/Aug/2011:03:41:56 +0000] "GET //:2087/3rdparty/phpMyAdmin//scripts/setup.php HTTP/1.1" 404 496 "-" "-"
199.102.239.39 - - [09/Aug/2011:03:41:57 +0000] "GET //:2086/3rdparty/phpMyAdmin//scripts/setup.php HTTP/1.1" 404 496 "-" "-"
199.102.239.39 - - [09/Aug/2011:03:42:00 +0000] "GET ///webadmin//scripts/setup.php HTTP/1.1" 404 482 "-" "-"
199.102.239.39 - - [09/Aug/2011:03:42:00 +0000] "GET ///SSLMySQLAdmin//scripts/setup.php HTTP/1.1" 404 489 "-" "-"
199.102.239.39 - - [09/Aug/2011:03:42:12 +0000] "GET ///phpMyAdmin-2//scripts/setup.php HTTP/1.1" 404 487 "-" "-"
199.102.239.39 - - [09/Aug/2011:03:42:15 +0000] "GET ///phpmy-admin//scripts/setup.php HTTP/1.1" 404 486 "-" "-"
199.102.239.39 - - [09/Aug/2011:03:42:21 +0000] "GET ///p/m/a//scripts/setup.php HTTP/1.1" 404 480 "-" "-"
199.102.239.39 - - [09/Aug/2011:03:42:24 +0000] "GET ///cpphpmyadmin//scripts/setup.php HTTP/1.1" 404 486 "-" "-"
199.102.239.39 - - [09/Aug/2011:03:42:24 +0000] "GET ///cpdbadmin//scripts/setup.php HTTP/1.1" 404 483 "-" "-"
199.102.239.39 - - [09/Aug/2011:03:42:27 +0000] "GET ///cpanelphpmyadmin//scripts/setup.php HTTP/1.1" 404 488 "-" "-"
199.102.239.39 - - [09/Aug/2011:03:42:27 +0000] "GET ///cpanelmysql//scripts/setup.php HTTP/1.1" 404 487 "-" "-"
199.102.239.39 - - [09/Aug/2011:03:42:28 +0000] "GET ///cpadmindb//scripts/setup.php HTTP/1.1" 404 483 "-" "-"
199.102.239.39 - - [09/Aug/2011:03:42:28 +0000] "GET ///cpadmin//scripts/setup.php HTTP/1.1" 404 482 "-" "-"
199.102.239.39 - - [09/Aug/2011:03:42:37 +0000] "GET ///web/phpMyAdmin//scripts/setup.php HTTP/1.1" 404 488 "-" "-"
199.102.239.39 - - [09/Aug/2011:03:42:37 +0000] "GET ///phpmyadmin1//scripts/setup.php HTTP/1.1" 404 486 "-" "-"
199.102.239.39 - - [09/Aug/2011:03:42:37 +0000] "GET ///typo3/phpmyadmin//scripts/setup.php HTTP/1.1" 404 488 "-" "-"
199.102.239.39 - - [09/Aug/2011:03:42:43 +0000] "GET ///websql//scripts/setup.php HTTP/1.1" 404 481 "-" "-"
199.102.239.39 - - [09/Aug/2011:03:42:43 +0000] "GET ///phpmyadmin/%0D/scripts/setup.php HTTP/1.1" 404 487 "-" "-"
199.102.239.39 - - [09/Aug/2011:03:42:49 +0000] "GET //sql/phpmyadmin/scripts/setup.php HTTP/1.1" 404 487 "-" "-"
199.102.239.39 - - [09/Aug/2011:03:42:55 +0000] "GET ///php/phpmyadmin//scripts/setup.php HTTP/1.1" 404 487 "-" "-"
199.102.239.39 - - [09/Aug/2011:03:42:58 +0000] "GET ///forum/phpmyadmin//scripts/setup.php HTTP/1.1" 404 488 "-" "-"
199.102.239.39 - - [09/Aug/2011:03:43:03 +0000] "GET ///php//scripts/setup.php HTTP/1.1" 404 479 "-" "-"
199.102.239.39 - - [09/Aug/2011:03:43:03 +0000] "GET ///cgi-bin//scripts/setup.php HTTP/1.1" 404 483 "-" "-"
199.102.239.39 - - [09/Aug/2011:03:43:03 +0000] "GET ///cgibin//scripts/setup.php HTTP/1.1" 404 481 "-" "-"
199.102.239.39 - - [09/Aug/2011:03:43:03 +0000] "GET ///phpMyAdmin3//scripts/setup.php HTTP/1.1" 404 487 "-" "-"
199.102.239.39 - - [09/Aug/2011:03:43:03 +0000] "GET ///sqladmin//scripts/setup.php HTTP/1.1" 404 483 "-" "-"
199.102.239.39 - - [09/Aug/2011:03:43:03 +0000] "GET ///pma3//scripts/setup.php HTTP/1.1" 404 480 "-" "-"
199.102.239.39 - - [09/Aug/2011:03:43:03 +0000] "GET ///pma2//scripts/setup.php HTTP/1.1" 404 480 "-" "-"
199.102.239.39 - - [09/Aug/2011:03:43:03 +0000] "GET ///PMA3//scripts/setup.php HTTP/1.1" 404 481 "-" "-"
199.102.239.39 - - [09/Aug/2011:03:43:03 +0000] "GET ///PMA2//scripts/setup.php HTTP/1.1" 404 481 "-" "-"
199.102.239.39 - - [09/Aug/2011:03:43:03 +0000] "GET //PMA2009/scripts/setup.php HTTP/1.1" 404 483 "-" "-"
199.102.239.39 - - [09/Aug/2011:03:43:04 +0000] "GET //phpmanager/scripts/setup.php HTTP/1.1" 404 483 "-" "-"
199.102.239.39 - - [09/Aug/2011:03:43:05 +0000] "GET //mysqlmanager/scripts/setup.php HTTP/1.1" 404 487 "-" "-"
199.102.239.39 - - [09/Aug/2011:03:43:05 +0000] "GET //p/m/a/scripts/setup.php HTTP/1.1" 404 480 "-" "-"
199.102.239.39 - - [09/Aug/2011:03:43:05 +0000] "GET //pma2009/scripts/setup.php HTTP/1.1" 404 482 "-" "-"
199.102.239.39 - - [09/Aug/2011:03:43:05 +0000] "GET //sqlmanager/scripts/setup.php HTTP/1.1" 404 484 "-" "-"
199.102.239.39 - - [09/Aug/2011:03:43:05 +0000] "GET //admin/scripts/setup.php HTTP/1.1" 404 480 "-" "-"
199.102.239.39 - - [09/Aug/2011:03:43:05 +0000] "GET ///phpmyadmin2/scripts/setup.php HTTP/1.1" 404 485 "-" "-"
199.102.239.39 - - [09/Aug/2011:03:43:05 +0000] "GET //PMA/scripts/setup.php HTTP/1.1" 404 480 "-" "-"
199.102.239.39 - - [09/Aug/2011:03:43:05 +0000] "GET ///phpmyadmin/scripts/setup.php HTTP/1.1" 404 483 "-" "-"
199.102.239.39 - - [09/Aug/2011:03:43:05 +0000] "GET //phpmyadmin2/scripts/setup.php HTTP/1.1" 404 485 "-" "-"
199.102.239.39 - - [09/Aug/2011:03:43:05 +0000] "GET ///MySQLAdmin//scripts/setup.php HTTP/1.1" 404 487 "-" "-"
199.102.239.39 - - [09/Aug/2011:03:43:05 +0000] "GET ///database//scripts/setup.php HTTP/1.1" 404 482 "-" "-"
199.102.239.39 - - [09/Aug/2011:03:43:05 +0000] "GET ///sql//scripts/setup.php HTTP/1.1" 404 480 "-" "-"
199.102.239.39 - - [09/Aug/2011:03:43:06 +0000] "GET ///db//scripts/setup.php HTTP/1.1" 404 479 "-" "-"
199.102.239.39 - - [09/Aug/2011:03:43:06 +0000] "GET ///mysql-admin//scripts/setup.php HTTP/1.1" 404 487 "-" "-"
199.102.239.39 - - [09/Aug/2011:03:43:06 +0000] "GET ///admin/sql//scripts/setup.php HTTP/1.1" 404 483 "-" "-"
199.102.239.39 - - [09/Aug/2011:03:43:06 +0000] "GET ///mysqladmin//scripts/setup.php HTTP/1.1" 404 486 "-" "-"
199.102.239.39 - - [09/Aug/2011:03:43:06 +0000] "GET ///phpMyAdmin2//scripts/setup.php HTTP/1.1" 404 486 "-" "-"
199.102.239.39 - - [09/Aug/2011:03:43:07 +0000] "GET ///mysql//scripts/setup.php HTTP/1.1" 404 481 "-" "-"
199.102.239.39 - - [09/Aug/2011:03:43:07 +0000] "GET ///phpmyadmin2//scripts/setup.php HTTP/1.1" 404 486 "-" "-"
199.102.239.39 - - [09/Aug/2011:03:43:07 +0000] "GET ///myadmin//scripts/setup.php HTTP/1.1" 404 482 "-" "-"
199.102.239.39 - - [09/Aug/2011:03:43:10 +0000] "GET ///dbadmin//scripts/setup.php HTTP/1.1" 404 482 "-" "-"
199.102.239.39 - - [09/Aug/2011:03:43:10 +0000] "GET ///PMA//scripts/setup.php HTTP/1.1" 404 481 "-" "-"
199.102.239.39 - - [09/Aug/2011:03:43:16 +0000] "GET //mydatadmin/libraries/dbg/setup.php HTTP/1.1" 404 489 "-" "-"
199.102.239.39 - - [09/Aug/2011:03:43:16 +0000] "GET //dbAdmin2/scripts/setup.php HTTP/1.1" 404 482 "-" "-"
123.125.71.12 - - [09/Aug/2011:04:47:44 +0000] "GET / HTTP/1.1" 200 1630 "-" "Mozilla/5.0 (compatible; Baiduspider/2.0; +http://www.baidu.com/search/spider.html)"
220.181.108.83 - - [09/Aug/2011:04:48:31 +0000] "GET / HTTP/1.1" 200 1630 "-" "Mozilla/5.0 (compatible; Baiduspider/2.0; +http://www.baidu.com/search/spider.html)"
38.101.148.126 - - [09/Aug/2011:05:39:10 +0000] "GET /robots.txt HTTP/1.1" 404 472 "-" "Mozilla/5.0 (compatible; discobot/1.1; +http://discoveryengine.com/discobot.html)"
66.249.68.217 - - [09/Aug/2011:06:36:25 +0000] "GET /welcome.htm HTTP/1.1" 404 509 "-" "Mozilla/5.0 (compatible; Googlebot/2.1; +http://www.google.com/bot.html)"
123.125.71.34 - - [09/Aug/2011:06:45:42 +0000] "GET / HTTP/1.1" 200 1630 "-" "Mozilla/5.0 (compatible; Baiduspider/2.0; +http://www.baidu.com/search/spider.html)"
67.195.111.52 - - [09/Aug/2011:08:36:09 +0000] "GET /robots.txt HTTP/1.0" 404 472 "-" "Mozilla/5.0 (compatible; Yahoo! Slurp; http://help.yahoo.com/help/us/ysearch/slurp)"
67.195.111.52 - - [09/Aug/2011:08:36:09 +0000] "GET /welcome.htm HTTP/1.0" 404 471 "-" "Mozilla/5.0 (compatible; Yahoo! Slurp; http://help.yahoo.com/help/us/ysearch/slurp)"
123.125.71.29 - - [09/Aug/2011:09:46:44 +0000] "GET / HTTP/1.1" 200 1630 "-" "Mozilla/5.0 (compatible; Baiduspider/2.0; +http://www.baidu.com/search/spider.html)"
220.181.108.78 - - [09/Aug/2011:09:47:29 +0000] "GET / HTTP/1.1" 200 1630 "-" "Mozilla/5.0 (compatible; Baiduspider/2.0; +http://www.baidu.com/search/spider.html)"
38.101.148.126 - - [09/Aug/2011:10:02:22 +0000] "GET /robots.txt HTTP/1.1" 404 472 "-" "Mozilla/5.0 (compatible; discobot/1.1; +http://discoveryengine.com/discobot.html)"
123.125.71.34 - - [09/Aug/2011:11:46:46 +0000] "GET / HTTP/1.1" 200 1630 "-" "Mozilla/5.0 (compatible; Baiduspider/2.0; +http://www.baidu.com/search/spider.html)"
220.181.108.95 - - [09/Aug/2011:11:47:31 +0000] "GET / HTTP/1.1" 200 1630 "-" "Mozilla/5.0 (compatible; Baiduspider/2.0; +http://www.baidu.com/search/spider.html)"
220.181.108.85 - - [09/Aug/2011:12:08:58 +0000] "GET /robots.txt HTTP/1.1" 404 470 "-" "Baiduspider+(+http://www.baidu.com/search/spider.htm)"
123.125.71.14 - - [09/Aug/2011:12:46:28 +0000] "GET / HTTP/1.1" 200 1630 "-" "Mozilla/5.0 (compatible; Baiduspider/2.0; +http://www.baidu.com/search/spider.html)"
220.181.108.89 - - [09/Aug/2011:12:47:12 +0000] "GET / HTTP/1.1" 200 1630 "-" "Mozilla/5.0 (compatible; Baiduspider/2.0; +http://www.baidu.com/search/spider.html)"
123.125.71.25 - - [09/Aug/2011:13:38:25 +0000] "GET / HTTP/1.1" 200 955 "-" "Mozilla/5.0 (compatible; Baiduspider/2.0; +http://www.baidu.com/search/spider.html)"
124.115.0.163 - - [09/Aug/2011:14:09:17 +0000] "GET / HTTP/1.1" 200 993 "-" "Sosospider+(+http://help.soso.com/webspider.htm)"
38.101.148.126 - - [09/Aug/2011:14:26:04 +0000] "GET /robots.txt HTTP/1.1" 404 472 "-" "Mozilla/5.0 (compatible; discobot/1.1; +http://discoveryengine.com/discobot.html)"
220.181.108.80 - - [09/Aug/2011:14:46:24 +0000] "GET / HTTP/1.1" 200 1630 "-" "Mozilla/5.0 (compatible; Baiduspider/2.0; +http://www.baidu.com/search/spider.html)"
38.101.148.126 - - [09/Aug/2011:18:48:38 +0000] "GET /robots.txt HTTP/1.1" 404 472 "-" "Mozilla/5.0 (compatible; discobot/1.1; +http://discoveryengine.com/discobot.html)"
123.125.71.21 - - [09/Aug/2011:20:47:01 +0000] "GET / HTTP/1.1" 200 1630 "-" "Mozilla/5.0 (compatible; Baiduspider/2.0; +http://www.baidu.com/search/spider.html)"
220.181.108.78 - - [09/Aug/2011:20:47:47 +0000] "GET / HTTP/1.1" 200 1630 "-" "Mozilla/5.0 (compatible; Baiduspider/2.0; +http://www.baidu.com/search/spider.html)"
109.192.218.255 - - [09/Aug/2011:21:13:37 +0000] "GET / HTTP/1.1" 200 993 "http://www.google.de/#sclient=psy&hl=de&source=hp&q=insectpolitics.com&pbx=1&oq=insectpolitics.com&aq=f&aqi=&aql=&gs_sm=e&gs_upl=70509l70779l2l70904l4l2l0l0l0l0l96l191l2l2l0&bav=on.2,or.r_gc.r_pw.&fp=f2a558d2eee4baa5&biw=1280&bih=913" "Mozilla/5.0 (Windows NT 6.0) AppleWebKit/535.1 (KHTML, like Gecko) Chrome/13.0.782.107 Safari/535.1"
109.192.218.255 - - [09/Aug/2011:21:13:37 +0000] "GET /blogger.png HTTP/1.1" 200 2848 "http://www.insectpolitics.com/" "Mozilla/5.0 (Windows NT 6.0) AppleWebKit/535.1 (KHTML, like Gecko) Chrome/13.0.782.107 Safari/535.1"
109.192.218.255 - - [09/Aug/2011:21:13:37 +0000] "GET /facebook.png HTTP/1.1" 200 5275 "http://www.insectpolitics.com/" "Mozilla/5.0 (Windows NT 6.0) AppleWebKit/535.1 (KHTML, like Gecko) Chrome/13.0.782.107 Safari/535.1"
109.192.218.255 - - [09/Aug/2011:21:13:37 +0000] "GET /twitter.png HTTP/1.1" 200 3230 "http://www.insectpolitics.com/" "Mozilla/5.0 (Windows NT 6.0) AppleWebKit/535.1 (KHTML, like Gecko) Chrome/13.0.782.107 Safari/535.1"
109.192.218.255 - - [09/Aug/2011:21:13:38 +0000] "GET /favicon.ico HTTP/1.1" 404 510 "-" "Mozilla/5.0 (Windows NT 6.0) AppleWebKit/535.1 (KHTML, like Gecko) Chrome/13.0.782.107 Safari/535.1"
109.192.218.255 - - [09/Aug/2011:21:13:44 +0000] "GET / HTTP/1.1" 304 208 "-" "Mozilla/5.0 (Windows NT 6.0) AppleWebKit/535.1 (KHTML, like Gecko) Chrome/13.0.782.107 Safari/535.1"
109.192.218.255 - - [09/Aug/2011:21:13:44 +0000] "GET /favicon.ico HTTP/1.1" 404 510 "-" "Mozilla/5.0 (Windows NT 6.0) AppleWebKit/535.1 (KHTML, like Gecko) Chrome/13.0.782.107 Safari/535.1"
208.80.194.31 - - [09/Aug/2011:21:25:37 +0000] "GET / HTTP/1.0" 200 1630 "-" "Mozilla/4.0 (compatible; MSIE 7.0; Windows NT 5.1; YPC 3.0.2; .NET CLR 1.1.4322; yplus 5.3.04b)"
119.63.196.79 - - [09/Aug/2011:21:45:47 +0000] "GET /robots.txt HTTP/1.1" 404 470 "-" "Baiduspider+(+http://www.baidu.com/search/spider.htm)"
123.125.71.16 - - [09/Aug/2011:22:47:02 +0000] "GET / HTTP/1.1" 200 1630 "-" "Mozilla/5.0 (compatible; Baiduspider/2.0; +http://www.baidu.com/search/spider.html)"
220.181.108.78 - - [09/Aug/2011:22:47:48 +0000] "GET / HTTP/1.1" 200 1630 "-" "Mozilla/5.0 (compatible; Baiduspider/2.0; +http://www.baidu.com/search/spider.html)"
38.101.148.126 - - [09/Aug/2011:23:21:34 +0000] "GET /robots.txt HTTP/1.1" 404 472 "-" "Mozilla/5.0 (compatible; discobot/1.1; +http://discoveryengine.com/discobot.html)"
124.115.0.100 - - [10/Aug/2011:00:10:02 +0000] "GET / HTTP/1.1" 200 993 "-" "Sosospider+(+http://help.soso.com/webspider.htm)"
123.125.71.30 - - [10/Aug/2011:00:46:18 +0000] "GET / HTTP/1.1" 200 1630 "-" "Mozilla/5.0 (compatible; Baiduspider/2.0; +http://www.baidu.com/search/spider.html)"
220.181.108.93 - - [10/Aug/2011:00:47:04 +0000] "GET / HTTP/1.1" 200 1630 "-" "Mozilla/5.0 (compatible; Baiduspider/2.0; +http://www.baidu.com/search/spider.html)"
123.125.71.31 - - [10/Aug/2011:01:46:07 +0000] "GET / HTTP/1.1" 200 1630 "-" "Mozilla/5.0 (compatible; Baiduspider/2.0; +http://www.baidu.com/search/spider.html)"
220.181.108.94 - - [10/Aug/2011:01:46:50 +0000] "GET / HTTP/1.1" 200 1630 "-" "Mozilla/5.0 (compatible; Baiduspider/2.0; +http://www.baidu.com/search/spider.html)"
38.101.148.126 - - [10/Aug/2011:03:43:50 +0000] "GET /robots.txt HTTP/1.1" 404 472 "-" "Mozilla/5.0 (compatible; discobot/1.1; +http://discoveryengine.com/discobot.html)"
212.113.35.162 - - [10/Aug/2011:04:20:12 +0000] "GET /robots.txt HTTP/1.1" 404 453 "-" "Mozilla/5.0 (compatible; SiteBot/0.1; +http://www.sitebot.org/robot/)"
212.113.35.162 - - [10/Aug/2011:04:20:13 +0000] "GET /welcome.htm HTTP/1.1" 404 452 "-" "Mozilla/5.0 (compatible; SiteBot/0.1; +http://www.sitebot.org/robot/)"
123.125.71.26 - - [10/Aug/2011:04:46:07 +0000] "GET / HTTP/1.1" 200 1630 "-" "Mozilla/5.0 (compatible; Baiduspider/2.0; +http://www.baidu.com/search/spider.html)"
220.181.108.78 - - [10/Aug/2011:04:46:51 +0000] "GET / HTTP/1.1" 200 1630 "-" "Mozilla/5.0 (compatible; Baiduspider/2.0; +http://www.baidu.com/search/spider.html)"
66.249.71.51 - - [10/Aug/2011:05:00:14 +0000] "GET /robots.txt HTTP/1.1" 404 509 "-" "Mozilla/5.0 (compatible; Googlebot/2.1; +http://www.google.com/bot.html)"
66.249.71.51 - - [10/Aug/2011:05:00:15 +0000] "GET / HTTP/1.1" 304 208 "-" "Mozilla/5.0 (compatible; Googlebot/2.1; +http://www.google.com/bot.html)"
220.181.108.92 - - [10/Aug/2011:06:02:32 +0000] "GET /robots.txt HTTP/1.1" 404 470 "-" "Baiduspider+(+http://www.baidu.com/search/spider.htm)"
123.125.71.16 - - [10/Aug/2011:06:46:14 +0000] "GET / HTTP/1.1" 200 1630 "-" "Mozilla/5.0 (compatible; Baiduspider/2.0; +http://www.baidu.com/search/spider.html)"
220.181.108.88 - - [10/Aug/2011:06:46:56 +0000] "GET / HTTP/1.1" 200 1630 "-" "Mozilla/5.0 (compatible; Baiduspider/2.0; +http://www.baidu.com/search/spider.html)"
38.101.148.126 - - [10/Aug/2011:08:01:56 +0000] "GET /robots.txt HTTP/1.1" 404 472 "-" "Mozilla/5.0 (compatible; discobot/1.1; +http://discoveryengine.com/discobot.html)"
124.115.0.28 - - [10/Aug/2011:08:43:05 +0000] "GET / HTTP/1.1" 200 993 "-" "Sosospider+(+http://help.soso.com/webspider.htm)"
220.181.108.77 - - [10/Aug/2011:12:46:57 +0000] "GET / HTTP/1.1" 200 1630 "-" "Mozilla/5.0 (compatible; Baiduspider/2.0; +http://www.baidu.com/search/spider.html)"
38.101.148.126 - - [10/Aug/2011:13:20:55 +0000] "GET /robots.txt HTTP/1.1" 404 472 "-" "Mozilla/5.0 (compatible; discobot/1.1; +http://discoveryengine.com/discobot.html)"
123.125.71.26 - - [10/Aug/2011:14:45:13 +0000] "GET / HTTP/1.1" 200 1630 "-" "Mozilla/5.0 (compatible; Baiduspider/2.0; +http://www.baidu.com/search/spider.html)"
220.181.108.85 - - [10/Aug/2011:14:45:54 +0000] "GET / HTTP/1.1" 200 1630 "-" "Mozilla/5.0 (compatible; Baiduspider/2.0; +http://www.baidu.com/search/spider.html)"
66.55.138.243 - - [10/Aug/2011:14:51:39 +0000] "GET / HTTP/1.1" 200 993 "http://www.trafficfaker.com" "Mozilla/5.0 (Windows; U; Windows NT 6.1; en-US; rv:1.9.2.3) Gecko/20100401 Firefox/3.6.3"
123.125.71.26 - - [10/Aug/2011:17:03:27 +0000] "GET / HTTP/1.1" 200 1630 "-" "Mozilla/5.0 (compatible; Baiduspider/2.0; +http://www.baidu.com/search/spider.html)"
220.181.108.96 - - [10/Aug/2011:17:04:26 +0000] "GET / HTTP/1.1" 200 1630 "-" "Mozilla/5.0 (compatible; Baiduspider/2.0; +http://www.baidu.com/search/spider.html)"
124.115.0.28 - - [10/Aug/2011:17:17:14 +0000] "GET / HTTP/1.1" 200 993 "-" "Sosospider+(+http://help.soso.com/webspider.htm)"
38.101.148.126 - - [10/Aug/2011:18:23:58 +0000] "GET /robots.txt HTTP/1.1" 404 472 "-" "Mozilla/5.0 (compatible; discobot/1.1; +http://discoveryengine.com/discobot.html)"
119.63.196.51 - - [10/Aug/2011:18:49:32 +0000] "GET / HTTP/1.1" 200 955 "-" "Mozilla/5.0 (compatible; Baiduspider/2.0; +http://www.baidu.com/search/spider.html)"
220.181.108.81 - - [10/Aug/2011:19:49:18 +0000] "GET / HTTP/1.1" 200 1630 "-" "Mozilla/5.0 (compatible; Baiduspider/2.0; +http://www.baidu.com/search/spider.html)"
95.23.4.249 - - [10/Aug/2011:19:55:22 +0000] "GET / HTTP/1.1" 200 1668 "-" "Java/1.6.0_26"
95.23.4.249 - - [10/Aug/2011:19:55:22 +0000] "GET /blogger.png HTTP/1.1" 200 2848 "-" "Java/1.6.0_26"
95.23.4.249 - - [10/Aug/2011:19:55:23 +0000] "GET /facebook.png HTTP/1.1" 200 5274 "-" "Java/1.6.0_26"
95.23.4.249 - - [10/Aug/2011:19:55:23 +0000] "GET /twitter.png HTTP/1.1" 200 3229 "-" "Java/1.6.0_26"
123.125.71.12 - - [10/Aug/2011:20:47:15 +0000] "GET / HTTP/1.1" 200 1630 "-" "Mozilla/5.0 (compatible; Baiduspider/2.0; +http://www.baidu.com/search/spider.html)"
220.181.108.97 - - [10/Aug/2011:20:48:00 +0000] "GET / HTTP/1.1" 200 1630 "-" "Mozilla/5.0 (compatible; Baiduspider/2.0; +http://www.baidu.com/search/spider.html)"
66.55.138.243 - - [10/Aug/2011:21:41:45 +0000] "GET / HTTP/1.1" 200 993 "http://www.trafficfaker.com" "Mozilla/5.0 (Windows; U; Windows NT 6.1; en-US; rv:1.9.2.3) Gecko/20100401 Firefox/3.6.3"
220.181.108.78 - - [10/Aug/2011:22:47:54 +0000] "GET / HTTP/1.1" 200 1630 "-" "Mozilla/5.0 (compatible; Baiduspider/2.0; +http://www.baidu.com/search/spider.html)"
38.101.148.126 - - [10/Aug/2011:23:37:19 +0000] "GET /robots.txt HTTP/1.1" 404 472 "-" "Mozilla/5.0 (compatible; discobot/1.1; +http://discoveryengine.com/discobot.html)"
123.125.71.30 - - [11/Aug/2011:00:47:31 +0000] "GET / HTTP/1.1" 200 1630 "-" "Mozilla/5.0 (compatible; Baiduspider/2.0; +http://www.baidu.com/search/spider.html)"
220.181.108.77 - - [11/Aug/2011:00:48:03 +0000] "GET / HTTP/1.1" 200 1630 "-" "Mozilla/5.0 (compatible; Baiduspider/2.0; +http://www.baidu.com/search/spider.html)"
81.52.143.16 - - [11/Aug/2011:01:28:28 +0000] "GET /robots.txt HTTP/1.1" 404 472 "-" "Mozilla/5.0 (Windows; U; Windows NT 5.1; fr; rv:1.8.1) VoilaBot BETA 1.2 (support.voilabot@orange-ftgroup.com)"
81.52.143.16 - - [11/Aug/2011:01:28:40 +0000] "GET / HTTP/1.1" 200 955 "-" "Mozilla/5.0 (Windows; U; Windows NT 5.1; fr; rv:1.8.1) VoilaBot BETA 1.2 (support.voilabot@orange-ftgroup.com)"
124.115.0.28 - - [11/Aug/2011:04:04:44 +0000] "GET / HTTP/1.1" 200 993 "-" "Sosospider+(+http://help.soso.com/webspider.htm)"
38.101.148.126 - - [11/Aug/2011:04:52:18 +0000] "GET /robots.txt HTTP/1.1" 404 472 "-" "Mozilla/5.0 (compatible; discobot/1.1; +http://discoveryengine.com/discobot.html)"
123.125.71.29 - - [11/Aug/2011:05:48:48 +0000] "GET / HTTP/1.1" 200 1630 "-" "Mozilla/5.0 (compatible; Baiduspider/2.0; +http://www.baidu.com/search/spider.html)"
220.181.108.82 - - [11/Aug/2011:05:49:35 +0000] "GET / HTTP/1.1" 200 1630 "-" "Mozilla/5.0 (compatible; Baiduspider/2.0; +http://www.baidu.com/search/spider.html)"
123.125.71.31 - - [11/Aug/2011:06:48:31 +0000] "GET / HTTP/1.1" 200 1630 "-" "Mozilla/5.0 (compatible; Baiduspider/2.0; +http://www.baidu.com/search/spider.html)"
220.181.108.93 - - [11/Aug/2011:06:49:18 +0000] "GET / HTTP/1.1" 200 1630 "-" "Mozilla/5.0 (compatible; Baiduspider/2.0; +http://www.baidu.com/search/spider.html)"
123.125.71.34 - - [11/Aug/2011:08:48:31 +0000] "GET / HTTP/1.1" 200 1630 "-" "Mozilla/5.0 (compatible; Baiduspider/2.0; +http://www.baidu.com/search/spider.html)"
220.181.108.75 - - [11/Aug/2011:08:49:19 +0000] "GET / HTTP/1.1" 200 1630 "-" "Mozilla/5.0 (compatible; Baiduspider/2.0; +http://www.baidu.com/search/spider.html)"
208.80.194.37 - - [11/Aug/2011:09:03:53 +0000] "GET / HTTP/1.0" 200 1630 "-" "Mozilla/4.0 (compatible; MSIE 7.0; Windows NT 5.1; .NET CLR 1.1.4322; InfoPath.1; IEMB3; .NET CLR 2.0.50727; .NET CLR 3.0.04506.30; IEMB3)"
123.125.71.28 - - [11/Aug/2011:09:48:50 +0000] "GET / HTTP/1.1" 200 1630 "-" "Mozilla/5.0 (compatible; Baiduspider/2.0; +http://www.baidu.com/search/spider.html)"
220.181.108.93 - - [11/Aug/2011:09:49:36 +0000] "GET / HTTP/1.1" 200 1630 "-" "Mozilla/5.0 (compatible; Baiduspider/2.0; +http://www.baidu.com/search/spider.html)"
38.101.148.126 - - [11/Aug/2011:10:00:49 +0000] "GET /robots.txt HTTP/1.1" 404 472 "-" "Mozilla/5.0 (compatible; discobot/1.1; +http://discoveryengine.com/discobot.html)"
188.138.113.145 - - [11/Aug/2011:10:24:33 +0000] "GET / HTTP/1.1" 200 936 "" "Mozilla/5.0 (Windows; U; Windows NT 6.0; en; rv:1.9.0.8) Gecko/2009032609 Firefox/3.0.8 (.NET CLR 3.5.30729)"
188.138.113.145 - - [11/Aug/2011:10:24:34 +0000] "GET / HTTP/1.1" 200 1637 "-" "User-Agent: Mozilla/5.0 (Windows; U; Windows NT 6.0; en; rv:1.9.0.8) Gecko/2009032609 Firefox/3.0.8 (.NET CLR 3.5.30729)"
188.138.113.145 - - [11/Aug/2011:10:24:34 +0000] "GET / HTTP/1.1" 200 1637 "-" "User-Agent: Mozilla/5.0 (Windows; U; Windows NT 6.0; en; rv:1.9.0.8) Gecko/2009032609 Firefox/3.0.8 (.NET CLR 3.5.30729)"
188.138.113.145 - - [11/Aug/2011:10:25:08 +0000] "GET / HTTP/1.1" 200 936 "" "Mozilla/5.0 (Windows; U; Windows NT 6.0; en; rv:1.9.0.8) Gecko/2009032609 Firefox/3.0.8 (.NET CLR 3.5.30729)"
188.138.113.145 - - [11/Aug/2011:10:25:09 +0000] "GET / HTTP/1.1" 200 1637 "-" "User-Agent: Mozilla/5.0 (Windows; U; Windows NT 6.0; en; rv:1.9.0.8) Gecko/2009032609 Firefox/3.0.8 (.NET CLR 3.5.30729)"
188.138.113.145 - - [11/Aug/2011:10:25:09 +0000] "GET / HTTP/1.1" 200 1637 "-" "User-Agent: Mozilla/5.0 (Windows; U; Windows NT 6.0; en; rv:1.9.0.8) Gecko/2009032609 Firefox/3.0.8 (.NET CLR 3.5.30729)"
123.125.71.29 - - [11/Aug/2011:11:47:58 +0000] "GET / HTTP/1.1" 200 1630 "-" "Mozilla/5.0 (compatible; Baiduspider/2.0; +http://www.baidu.com/search/spider.html)"
220.181.108.97 - - [11/Aug/2011:11:48:45 +0000] "GET / HTTP/1.1" 200 1630 "-" "Mozilla/5.0 (compatible; Baiduspider/2.0; +http://www.baidu.com/search/spider.html)"
119.63.196.25 - - [11/Aug/2011:11:51:01 +0000] "GET /robots.txt HTTP/1.1" 404 470 "-" "Baiduspider+(+http://www.baidu.com/search/spider.htm)"
208.93.105.250 - - [11/Aug/2011:13:09:54 +0000] "GET / HTTP/1.1" 200 1630 "-" "YPBot/Raven1.1.3 (compatible; Googlebot/2.1;+http://www.yellowpages.com/about/legal/crawl)"
220.181.108.89 - - [11/Aug/2011:13:11:43 +0000] "GET /robots.txt HTTP/1.1" 404 470 "-" "Baiduspider+(+http://www.baidu.com/search/spider.htm)"
124.115.0.163 - - [11/Aug/2011:13:26:40 +0000] "GET / HTTP/1.1" 200 993 "-" "Sosospider+(+http://help.soso.com/webspider.htm)"
123.125.71.16 - - [11/Aug/2011:14:47:14 +0000] "GET / HTTP/1.1" 200 1630 "-" "Mozilla/5.0 (compatible; Baiduspider/2.0; +http://www.baidu.com/search/spider.html)"
220.181.108.92 - - [11/Aug/2011:14:48:00 +0000] "GET / HTTP/1.1" 200 1630 "-" "Mozilla/5.0 (compatible; Baiduspider/2.0; +http://www.baidu.com/search/spider.html)"
38.101.148.126 - - [11/Aug/2011:15:15:49 +0000] "GET /robots.txt HTTP/1.1" 404 472 "-" "Mozilla/5.0 (compatible; discobot/1.1; +http://discoveryengine.com/discobot.html)"
123.125.71.29 - - [11/Aug/2011:15:51:20 +0000] "GET / HTTP/1.1" 200 1630 "-" "Mozilla/5.0 (compatible; Baiduspider/2.0; +http://www.baidu.com/search/spider.html)"
220.181.108.77 - - [11/Aug/2011:15:52:12 +0000] "GET / HTTP/1.1" 200 1630 "-" "Mozilla/5.0 (compatible; Baiduspider/2.0; +http://www.baidu.com/search/spider.html)"
123.125.71.33 - - [11/Aug/2011:17:06:07 +0000] "GET / HTTP/1.1" 200 1630 "-" "Mozilla/5.0 (compatible; Baiduspider/2.0; +http://www.baidu.com/search/spider.html)"
220.181.108.89 - - [11/Aug/2011:17:07:15 +0000] "GET / HTTP/1.1" 200 1630 "-" "Mozilla/5.0 (compatible; Baiduspider/2.0; +http://www.baidu.com/search/spider.html)"
123.125.71.15 - - [11/Aug/2011:19:46:55 +0000] "GET / HTTP/1.1" 200 1630 "-" "Mozilla/5.0 (compatible; Baiduspider/2.0; +http://www.baidu.com/search/spider.html)"
220.181.108.92 - - [11/Aug/2011:19:47:36 +0000] "GET / HTTP/1.1" 200 1630 "-" "Mozilla/5.0 (compatible; Baiduspider/2.0; +http://www.baidu.com/search/spider.html)"
38.101.148.126 - - [11/Aug/2011:20:40:27 +0000] "GET /robots.txt HTTP/1.1" 404 472 "-" "Mozilla/5.0 (compatible; discobot/1.1; +http://discoveryengine.com/discobot.html)"
123.125.71.23 - - [11/Aug/2011:20:45:31 +0000] "GET / HTTP/1.1" 200 1630 "-" "Mozilla/5.0 (compatible; Baiduspider/2.0; +http://www.baidu.com/search/spider.html)"
220.181.108.83 - - [11/Aug/2011:20:46:11 +0000] "GET / HTTP/1.1" 200 1630 "-" "Mozilla/5.0 (compatible; Baiduspider/2.0; +http://www.baidu.com/search/spider.html)"
124.115.0.163 - - [11/Aug/2011:21:59:14 +0000] "GET / HTTP/1.1" 200 993 "-" "Sosospider+(+http://help.soso.com/webspider.htm)"
123.125.71.12 - - [11/Aug/2011:23:45:24 +0000] "GET / HTTP/1.1" 200 1630 "-" "Mozilla/5.0 (compatible; Baiduspider/2.0; +http://www.baidu.com/search/spider.html)"
220.181.108.97 - - [11/Aug/2011:23:46:04 +0000] "GET / HTTP/1.1" 200 1630 "-" "Mozilla/5.0 (compatible; Baiduspider/2.0; +http://www.baidu.com/search/spider.html)"
220.181.108.76 - - [12/Aug/2011:00:45:52 +0000] "GET / HTTP/1.1" 200 1630 "-" "Mozilla/5.0 (compatible; Baiduspider/2.0; +http://www.baidu.com/search/spider.html)"
123.125.71.22 - - [12/Aug/2011:01:46:01 +0000] "GET / HTTP/1.1" 200 1630 "-" "Mozilla/5.0 (compatible; Baiduspider/2.0; +http://www.baidu.com/search/spider.html)"
220.181.108.94 - - [12/Aug/2011:01:46:41 +0000] "GET / HTTP/1.1" 200 1630 "-" "Mozilla/5.0 (compatible; Baiduspider/2.0; +http://www.baidu.com/search/spider.html)"
119.63.196.88 - - [12/Aug/2011:02:35:20 +0000] "GET /robots.txt HTTP/1.1" 404 470 "-" "Baiduspider+(+http://www.baidu.com/search/spider.htm)"
220.181.108.91 - - [12/Aug/2011:02:46:14 +0000] "GET / HTTP/1.1" 200 1630 "-" "Mozilla/5.0 (compatible; Baiduspider/2.0; +http://www.baidu.com/search/spider.html)"
220.181.108.95 - - [12/Aug/2011:03:44:24 +0000] "GET / HTTP/1.1" 200 1630 "-" "Mozilla/5.0 (compatible; Baiduspider/2.0; +http://www.baidu.com/search/spider.html)"
124.115.0.28 - - [12/Aug/2011:04:09:21 +0000] "GET / HTTP/1.1" 200 993 "-" "Sosospider+(+http://help.soso.com/webspider.htm)"
64.246.165.160 - - [12/Aug/2011:04:21:41 +0000] "GET /robots.txt HTTP/1.0" 404 492 "-" "Mozilla/5.0 (Windows; U; Windows NT 5.1; en; rv:1.9.0.13) Gecko/2009073022 Firefox/3.5.2 (.NET CLR 3.5.30729) SurveyBot/2.3 (DomainTools)"
64.246.165.160 - - [12/Aug/2011:04:21:41 +0000] "GET / HTTP/1.1" 200 955 "http://whois.domaintools.com/cafink.name" "Mozilla/5.0 (Windows; U; Windows NT 5.1; en; rv:1.9.0.13) Gecko/2009073022 Firefox/3.5.2 (.NET CLR 3.5.30729) SurveyBot/2.3 (DomainTools)"
123.125.71.16 - - [12/Aug/2011:04:47:01 +0000] "GET / HTTP/1.1" 200 1630 "-" "Mozilla/5.0 (compatible; Baiduspider/2.0; +http://www.baidu.com/search/spider.html)"
220.181.108.96 - - [12/Aug/2011:04:47:46 +0000] "GET / HTTP/1.1" 200 1630 "-" "Mozilla/5.0 (compatible; Baiduspider/2.0; +http://www.baidu.com/search/spider.html)"
188.138.121.24 - - [12/Aug/2011:05:08:17 +0000] "GET / HTTP/1.1" 200 955 "-" "Mozilla/4.0 (compatible; MSIE 6.0; Windows 98; Win 9x4.90)"
64.246.165.50 - - [12/Aug/2011:05:50:02 +0000] "GET /robots.txt HTTP/1.0" 404 495 "-" "Mozilla/5.0 (Windows; U; Windows NT 5.1; en; rv:1.9.0.13) Gecko/2009073022 Firefox/3.5.2 (.NET CLR 3.5.30729) SurveyBot/2.3 (DomainTools)"
64.246.165.50 - - [12/Aug/2011:05:50:02 +0000] "GET / HTTP/1.1" 200 955 "http://whois.domaintools.com/carl-fink.name" "Mozilla/5.0 (Windows; U; Windows NT 5.1; en; rv:1.9.0.13) Gecko/2009073022 Firefox/3.5.2 (.NET CLR 3.5.30729) SurveyBot/2.3 (DomainTools)"
123.125.71.34 - - [12/Aug/2011:06:46:57 +0000] "GET / HTTP/1.1" 200 1630 "-" "Mozilla/5.0 (compatible; Baiduspider/2.0; +http://www.baidu.com/search/spider.html)"
220.181.108.87 - - [12/Aug/2011:06:47:39 +0000] "GET / HTTP/1.1" 200 1630 "-" "Mozilla/5.0 (compatible; Baiduspider/2.0; +http://www.baidu.com/search/spider.html)"
64.246.165.210 - - [12/Aug/2011:07:02:51 +0000] "GET /robots.txt HTTP/1.0" 404 494 "-" "Mozilla/5.0 (Windows; U; Windows NT 5.1; en; rv:1.9.0.13) Gecko/2009073022 Firefox/3.5.2 (.NET CLR 3.5.30729) SurveyBot/2.3 (DomainTools)"
64.246.165.210 - - [12/Aug/2011:07:02:51 +0000] "GET / HTTP/1.1" 200 955 "http://whois.domaintools.com/carlfink.name" "Mozilla/5.0 (Windows; U; Windows NT 5.1; en; rv:1.9.0.13) Gecko/2009073022 Firefox/3.5.2 (.NET CLR 3.5.30729) SurveyBot/2.3 (DomainTools)"
123.125.71.12 - - [12/Aug/2011:07:46:52 +0000] "GET / HTTP/1.1" 200 1630 "-" "Mozilla/5.0 (compatible; Baiduspider/2.0; +http://www.baidu.com/search/spider.html)"
220.181.108.90 - - [12/Aug/2011:07:47:34 +0000] "GET / HTTP/1.1" 200 1630 "-" "Mozilla/5.0 (compatible; Baiduspider/2.0; +http://www.baidu.com/search/spider.html)"
66.249.71.36 - - [12/Aug/2011:09:13:57 +0000] "GET /robots.txt HTTP/1.1" 404 505 "-" "Mozilla/5.0 (compatible; Googlebot/2.1; +http://www.google.com/bot.html)"
66.249.71.36 - - [12/Aug/2011:09:13:57 +0000] "GET / HTTP/1.1" 304 208 "-" "Mozilla/5.0 (compatible; Googlebot/2.1; +http://www.google.com/bot.html)"
220.181.108.97 - - [12/Aug/2011:10:36:49 +0000] "GET /robots.txt HTTP/1.1" 404 470 "-" "Baiduspider+(+http://www.baidu.com/search/spider.htm)"
123.125.71.25 - - [12/Aug/2011:10:45:48 +0000] "GET / HTTP/1.1" 200 1630 "-" "Mozilla/5.0 (compatible; Baiduspider/2.0; +http://www.baidu.com/search/spider.html)"
220.181.108.91 - - [12/Aug/2011:10:46:31 +0000] "GET / HTTP/1.1" 200 1630 "-" "Mozilla/5.0 (compatible; Baiduspider/2.0; +http://www.baidu.com/search/spider.html)"
124.115.4.197 - - [12/Aug/2011:11:30:41 +0000] "GET / HTTP/1.1" 200 993 "-" "Sosospider+(+http://help.soso.com/webspider.htm)"
220.181.108.94 - - [12/Aug/2011:12:47:49 +0000] "GET / HTTP/1.1" 200 1630 "-" "Mozilla/5.0 (compatible; Baiduspider/2.0; +http://www.baidu.com/search/spider.html)"
66.249.71.58 - - [12/Aug/2011:13:54:42 +0000] "GET /robots.txt HTTP/1.1" 404 506 "-" "Mozilla/5.0 (compatible; Googlebot/2.1; +http://www.google.com/bot.html)"
66.249.71.58 - - [12/Aug/2011:13:54:42 +0000] "GET / HTTP/1.1" 304 208 "-" "Mozilla/5.0 (compatible; Googlebot/2.1; +http://www.google.com/bot.html)"
124.115.4.197 - - [12/Aug/2011:17:01:36 +0000] "GET / HTTP/1.1" 200 993 "-" "Sosospider+(+http://help.soso.com/webspider.htm)"
123.125.71.14 - - [12/Aug/2011:17:04:47 +0000] "GET / HTTP/1.1" 200 1630 "-" "Mozilla/5.0 (compatible; Baiduspider/2.0; +http://www.baidu.com/search/spider.html)"
220.181.108.90 - - [12/Aug/2011:17:05:53 +0000] "GET / HTTP/1.1" 200 1630 "-" "Mozilla/5.0 (compatible; Baiduspider/2.0; +http://www.baidu.com/search/spider.html)"
123.125.71.16 - - [12/Aug/2011:17:17:44 +0000] "GET / HTTP/1.1" 200 955 "-" "Mozilla/5.0 (compatible; Baiduspider/2.0; +http://www.baidu.com/search/spider.html)"
64.88.164.100 - - [12/Aug/2011:17:42:11 +0000] "GET / HTTP/1.1" 200 1668 "-" "Mozilla/5.001 (windows; U; NT4.0; en-us) Gecko/25250101"
64.88.164.100 - - [12/Aug/2011:17:42:18 +0000] "GET / HTTP/1.1" 200 1637 "-" "Mozilla/5.001 (windows; U; NT4.0; en-us) Gecko/25250101"
66.249.71.59 - - [12/Aug/2011:18:36:32 +0000] "GET /robots.txt HTTP/1.1" 404 508 "-" "Mozilla/5.0 (compatible; Googlebot/2.1; +http://www.google.com/bot.html)"
66.249.71.59 - - [12/Aug/2011:18:36:32 +0000] "GET / HTTP/1.1" 304 208 "-" "Mozilla/5.0 (compatible; Googlebot/2.1; +http://www.google.com/bot.html)"
123.125.71.34 - - [12/Aug/2011:20:47:33 +0000] "GET / HTTP/1.1" 200 1630 "-" "Mozilla/5.0 (compatible; Baiduspider/2.0; +http://www.baidu.com/search/spider.html)"
220.181.108.80 - - [12/Aug/2011:20:48:19 +0000] "GET / HTTP/1.1" 200 1630 "-" "Mozilla/5.0 (compatible; Baiduspider/2.0; +http://www.baidu.com/search/spider.html)"
173.3.38.122 - - [12/Aug/2011:21:28:25 +0000] "GET /movies/features_dvd.txt HTTP/1.1" 200 7269 "-" "Mozilla/5.0 (Windows NT 6.1; WOW64) AppleWebKit/535.1 (KHTML, like Gecko) Chrome/13.0.782.112 Safari/535.1"
173.3.38.122 - - [12/Aug/2011:21:28:25 +0000] "GET /favicon.ico HTTP/1.1" 404 503 "-" "Mozilla/5.0 (Windows NT 6.1; WOW64) AppleWebKit/535.1 (KHTML, like Gecko) Chrome/13.0.782.112 Safari/535.1"
173.3.38.122 - - [12/Aug/2011:21:28:35 +0000] "GET /movies/features_blu-ray.txt HTTP/1.1" 200 3481 "-" "Mozilla/5.0 (Windows NT 6.1; WOW64) AppleWebKit/535.1 (KHTML, like Gecko) Chrome/13.0.782.112 Safari/535.1"
173.3.38.122 - - [12/Aug/2011:21:28:43 +0000] "GET /favicon.ico HTTP/1.1" 404 503 "-" "Mozilla/5.0 (Windows NT 6.1; WOW64) AppleWebKit/535.1 (KHTML, like Gecko) Chrome/13.0.782.112 Safari/535.1"
208.80.194.27 - - [12/Aug/2011:22:11:29 +0000] "GET / HTTP/1.0" 200 1630 "-" "Mozilla/4.0 (compatible; MSIE 6.0; Windows NT 5.1; SV1; .NET CLR 1.1.4322; ImageShack Toolbar 3.0.6; yplus 4.1.00b)"
124.115.0.163 - - [12/Aug/2011:22:31:00 +0000] "GET / HTTP/1.1" 200 993 "-" "Sosospider+(+http://help.soso.com/webspider.htm)"
123.125.71.20 - - [12/Aug/2011:22:47:08 +0000] "GET / HTTP/1.1" 200 1630 "-" "Mozilla/5.0 (compatible; Baiduspider/2.0; +http://www.baidu.com/search/spider.html)"
220.181.108.87 - - [12/Aug/2011:22:47:54 +0000] "GET / HTTP/1.1" 200 1630 "-" "Mozilla/5.0 (compatible; Baiduspider/2.0; +http://www.baidu.com/search/spider.html)"
66.249.71.57 - - [12/Aug/2011:23:17:57 +0000] "GET /robots.txt HTTP/1.1" 404 509 "-" "Mozilla/5.0 (compatible; Googlebot/2.1; +http://www.google.com/bot.html)"
66.249.71.57 - - [12/Aug/2011:23:17:57 +0000] "GET / HTTP/1.1" 304 208 "-" "Mozilla/5.0 (compatible; Googlebot/2.1; +http://www.google.com/bot.html)"
123.125.71.30 - - [12/Aug/2011:23:47:10 +0000] "GET / HTTP/1.1" 200 1630 "-" "Mozilla/5.0 (compatible; Baiduspider/2.0; +http://www.baidu.com/search/spider.html)"
220.181.108.76 - - [12/Aug/2011:23:47:55 +0000] "GET / HTTP/1.1" 200 1630 "-" "Mozilla/5.0 (compatible; Baiduspider/2.0; +http://www.baidu.com/search/spider.html)"
38.101.148.126 - - [13/Aug/2011:00:26:26 +0000] "GET /robots.txt HTTP/1.1" 404 472 "-" "Mozilla/5.0 (compatible; discobot/1.1; +http://discoveryengine.com/discobot.html)"
220.181.108.86 - - [13/Aug/2011:00:48:51 +0000] "GET / HTTP/1.1" 200 1630 "-" "Mozilla/5.0 (compatible; Baiduspider/2.0; +http://www.baidu.com/search/spider.html)"
124.115.4.197 - - [13/Aug/2011:02:56:39 +0000] "GET / HTTP/1.1" 200 993 "-" "Sosospider+(+http://help.soso.com/webspider.htm)"
123.125.71.35 - - [13/Aug/2011:05:49:55 +0000] "GET / HTTP/1.1" 200 1630 "-" "Mozilla/5.0 (compatible; Baiduspider/2.0; +http://www.baidu.com/search/spider.html)"
220.181.108.76 - - [13/Aug/2011:05:50:42 +0000] "GET / HTTP/1.1" 200 1630 "-" "Mozilla/5.0 (compatible; Baiduspider/2.0; +http://www.baidu.com/search/spider.html)"
184.154.48.82 - - [13/Aug/2011:07:40:46 +0000] "GET /robots.txt HTTP/1.0" 404 499 "-" "Mozilla/5.0 (compatible; MJ12bot/v1.4.0; http://www.majestic12.co.uk/bot.php?+)"
184.154.48.82 - - [13/Aug/2011:07:40:48 +0000] "GET / HTTP/1.0" 200 955 "-" "Mozilla/5.0 (compatible; MJ12bot/v1.4.0; http://www.majestic12.co.uk/bot.php?+)"
123.125.71.25 - - [13/Aug/2011:07:47:07 +0000] "GET / HTTP/1.1" 200 1630 "-" "Mozilla/5.0 (compatible; Baiduspider/2.0; +http://www.baidu.com/search/spider.html)"
220.181.108.87 - - [13/Aug/2011:07:47:50 +0000] "GET / HTTP/1.1" 200 1630 "-" "Mozilla/5.0 (compatible; Baiduspider/2.0; +http://www.baidu.com/search/spider.html)"
38.101.148.126 - - [13/Aug/2011:07:56:31 +0000] "GET /robots.txt HTTP/1.1" 404 472 "-" "Mozilla/5.0 (compatible; discobot/1.1; +http://discoveryengine.com/discobot.html)"
65.52.108.59 - - [13/Aug/2011:08:14:42 +0000] "GET /robots.txt HTTP/1.1" 404 533 "-" "Mozilla/5.0 (compatible; bingbot/2.0; +http://www.bing.com/bingbot.htm)"
65.52.108.59 - - [13/Aug/2011:08:16:37 +0000] "GET / HTTP/1.1" 304 209 "-" "Mozilla/5.0 (compatible; bingbot/2.0; +http://www.bing.com/bingbot.htm)"
124.115.0.28 - - [13/Aug/2011:08:16:54 +0000] "GET / HTTP/1.1" 200 993 "-" "Sosospider+(+http://help.soso.com/webspider.htm)"
123.125.71.20 - - [13/Aug/2011:08:47:28 +0000] "GET / HTTP/1.1" 200 1630 "-" "Mozilla/5.0 (compatible; Baiduspider/2.0; +http://www.baidu.com/search/spider.html)"
220.181.108.89 - - [13/Aug/2011:08:48:12 +0000] "GET / HTTP/1.1" 200 1630 "-" "Mozilla/5.0 (compatible; Baiduspider/2.0; +http://www.baidu.com/search/spider.html)"
123.125.71.34 - - [13/Aug/2011:10:47:00 +0000] "GET / HTTP/1.1" 200 1630 "-" "Mozilla/5.0 (compatible; Baiduspider/2.0; +http://www.baidu.com/search/spider.html)"
220.181.108.81 - - [13/Aug/2011:10:47:44 +0000] "GET / HTTP/1.1" 200 1630 "-" "Mozilla/5.0 (compatible; Baiduspider/2.0; +http://www.baidu.com/search/spider.html)"
119.63.196.87 - - [13/Aug/2011:11:27:21 +0000] "GET /robots.txt HTTP/1.1" 404 470 "-" "Baiduspider+(+http://www.baidu.com/search/spider.htm)"
123.125.71.31 - - [13/Aug/2011:12:47:36 +0000] "GET / HTTP/1.1" 200 1630 "-" "Mozilla/5.0 (compatible; Baiduspider/2.0; +http://www.baidu.com/search/spider.html)"
220.181.108.88 - - [13/Aug/2011:12:48:21 +0000] "GET / HTTP/1.1" 200 1630 "-" "Mozilla/5.0 (compatible; Baiduspider/2.0; +http://www.baidu.com/search/spider.html)"
220.181.108.97 - - [13/Aug/2011:13:28:40 +0000] "GET /robots.txt HTTP/1.1" 404 470 "-" "Baiduspider+(+http://www.baidu.com/search/spider.htm)"
38.101.148.126 - - [13/Aug/2011:15:55:15 +0000] "GET /robots.txt HTTP/1.1" 404 472 "-" "Mozilla/5.0 (compatible; discobot/1.1; +http://discoveryengine.com/discobot.html)"
124.115.0.28 - - [13/Aug/2011:16:38:26 +0000] "GET / HTTP/1.1" 200 993 "-" "Sosospider+(+http://help.soso.com/webspider.htm)"
123.125.71.18 - - [13/Aug/2011:19:48:02 +0000] "GET / HTTP/1.1" 200 1630 "-" "Mozilla/5.0 (compatible; Baiduspider/2.0; +http://www.baidu.com/search/spider.html)"
220.181.108.84 - - [13/Aug/2011:19:48:41 +0000] "GET / HTTP/1.1" 200 1630 "-" "Mozilla/5.0 (compatible; Baiduspider/2.0; +http://www.baidu.com/search/spider.html)"
123.125.71.32 - - [13/Aug/2011:20:04:31 +0000] "GET / HTTP/1.1" 200 955 "-" "Mozilla/5.0 (compatible; Baiduspider/2.0; +http://www.baidu.com/search/spider.html)"
81.52.143.16 - - [13/Aug/2011:22:42:51 +0000] "GET / HTTP/1.1" 200 955 "-" "Mozilla/5.0 (Windows; U; Windows NT 5.1; fr; rv:1.8.1) VoilaBot BETA 1.2 (support.voilabot@orange-ftgroup.com)"
38.101.148.126 - - [14/Aug/2011:00:05:44 +0000] "GET /robots.txt HTTP/1.1" 404 472 "-" "Mozilla/5.0 (compatible; discobot/1.1; +http://discoveryengine.com/discobot.html)"
124.115.4.197 - - [14/Aug/2011:02:08:29 +0000] "GET / HTTP/1.1" 200 993 "-" "Sosospider+(+http://help.soso.com/webspider.htm)"
220.181.108.84 - - [14/Aug/2011:02:17:38 +0000] "GET /robots.txt HTTP/1.1" 404 470 "-" "Baiduspider+(+http://www.baidu.com/search/spider.htm)"
119.63.196.110 - - [14/Aug/2011:02:32:41 +0000] "GET /robots.txt HTTP/1.1" 404 470 "-" "Baiduspider+(+http://www.baidu.com/search/spider.htm)"
123.125.71.34 - - [14/Aug/2011:02:47:44 +0000] "GET / HTTP/1.1" 200 1630 "-" "Mozilla/5.0 (compatible; Baiduspider/2.0; +http://www.baidu.com/search/spider.html)"
220.181.108.85 - - [14/Aug/2011:02:48:06 +0000] "GET / HTTP/1.1" 200 1630 "-" "Mozilla/5.0 (compatible; Baiduspider/2.0; +http://www.baidu.com/search/spider.html)"
66.249.71.85 - - [14/Aug/2011:03:18:08 +0000] "GET /robots.txt HTTP/1.1" 404 503 "-" "Mozilla/5.0 (compatible; Googlebot/2.1; +http://www.google.com/bot.html)"
66.249.71.85 - - [14/Aug/2011:03:18:08 +0000] "GET / HTTP/1.1" 304 208 "-" "Mozilla/5.0 (compatible; Googlebot/2.1; +http://www.google.com/bot.html)"
69.28.58.26 - - [14/Aug/2011:03:34:13 +0000] "GET /robots.txt HTTP/1.0" 404 499 "-" "Mozilla/4.0 (compatible; MSIE 6.0; Windows NT 5.0) (larbin2.6.3@unspecified.mail)"
69.28.58.26 - - [14/Aug/2011:03:34:15 +0000] "GET / HTTP/1.0" 200 1630 "-" "Mozilla/4.0 (compatible; MSIE 6.0; Windows NT 5.0) larbin2.6.3@unspecified.mail"
123.125.71.34 - - [14/Aug/2011:04:48:44 +0000] "GET / HTTP/1.1" 200 1630 "-" "Mozilla/5.0 (compatible; Baiduspider/2.0; +http://www.baidu.com/search/spider.html)"
220.181.108.89 - - [14/Aug/2011:04:49:17 +0000] "GET / HTTP/1.1" 200 1630 "-" "Mozilla/5.0 (compatible; Baiduspider/2.0; +http://www.baidu.com/search/spider.html)"
77.88.31.248 - - [14/Aug/2011:05:50:17 +0000] "GET /robots.txt HTTP/1.1" 404 533 "-" "Mozilla/5.0 (compatible; YandexBot/3.0; +http://yandex.com/bots)"
38.101.148.126 - - [14/Aug/2011:05:59:58 +0000] "GET /robots.txt HTTP/1.1" 404 472 "-" "Mozilla/5.0 (compatible; discobot/1.1; +http://discoveryengine.com/discobot.html)"
123.125.71.26 - - [14/Aug/2011:06:48:26 +0000] "GET / HTTP/1.1" 200 1630 "-" "Mozilla/5.0 (compatible; Baiduspider/2.0; +http://www.baidu.com/search/spider.html)"
220.181.108.77 - - [14/Aug/2011:06:49:13 +0000] "GET / HTTP/1.1" 200 1630 "-" "Mozilla/5.0 (compatible; Baiduspider/2.0; +http://www.baidu.com/search/spider.html)"
124.115.4.197 - - [14/Aug/2011:07:54:58 +0000] "GET / HTTP/1.1" 200 993 "-" "Sosospider+(+http://help.soso.com/webspider.htm)"
123.125.71.16 - - [14/Aug/2011:08:48:44 +0000] "GET / HTTP/1.1" 200 1630 "-" "Mozilla/5.0 (compatible; Baiduspider/2.0; +http://www.baidu.com/search/spider.html)"
220.181.108.94 - - [14/Aug/2011:08:49:29 +0000] "GET / HTTP/1.1" 200 1630 "-" "Mozilla/5.0 (compatible; Baiduspider/2.0; +http://www.baidu.com/search/spider.html)"
66.249.71.113 - - [14/Aug/2011:09:13:56 +0000] "GET /robots.txt HTTP/1.1" 404 511 "-" "Mozilla/5.0 (compatible; Googlebot/2.1; +http://www.google.com/bot.html)"
66.249.71.113 - - [14/Aug/2011:09:13:56 +0000] "GET / HTTP/1.1" 304 208 "-" "Mozilla/5.0 (compatible; Googlebot/2.1; +http://www.google.com/bot.html)"
173.20.169.18 - - [14/Aug/2011:09:22:10 +0000] "GET / HTTP/1.1" 200 1637 "-" "Mozilla/4.0 (compatible; MSIE 5.5; Windows NT 4.0)"
220.181.108.84 - - [14/Aug/2011:09:48:22 +0000] "GET / HTTP/1.1" 200 1630 "-" "Mozilla/5.0 (compatible; Baiduspider/2.0; +http://www.baidu.com/search/spider.html)"
123.125.71.15 - - [14/Aug/2011:09:51:17 +0000] "GET / HTTP/1.1" 200 1630 "-" "Mozilla/5.0 (compatible; Baiduspider/2.0; +http://www.baidu.com/search/spider.html)"
123.125.71.23 - - [14/Aug/2011:10:46:46 +0000] "GET / HTTP/1.1" 200 1630 "-" "Mozilla/5.0 (compatible; Baiduspider/2.0; +http://www.baidu.com/search/spider.html)"
220.181.108.97 - - [14/Aug/2011:10:47:31 +0000] "GET / HTTP/1.1" 200 1630 "-" "Mozilla/5.0 (compatible; Baiduspider/2.0; +http://www.baidu.com/search/spider.html)"
208.80.194.33 - - [14/Aug/2011:11:10:06 +0000] "GET / HTTP/1.0" 200 1630 "-" "Mozilla/4.0 (compatible; MSIE 7.0; Windows NT 5.1; Mozilla/4.0 (compatible; MSIE 6.0; Windows NT 5.1; SV1) ; Embedded Web Browser from: http://bsalsa.com/; .NET CLR 1.1.4322; .NET CLR 2.0.50727; .NET CLR 3.0.04506.30; .NET CLR 3.0.04506.648)"
38.101.148.126 - - [14/Aug/2011:11:23:24 +0000] "GET /robots.txt HTTP/1.1" 404 472 "-" "Mozilla/5.0 (compatible; discobot/1.1; +http://discoveryengine.com/discobot.html)"
123.125.71.15 - - [14/Aug/2011:11:48:24 +0000] "GET / HTTP/1.1" 200 1630 "-" "Mozilla/5.0 (compatible; Baiduspider/2.0; +http://www.baidu.com/search/spider.html)"
220.181.108.80 - - [14/Aug/2011:11:49:21 +0000] "GET / HTTP/1.1" 200 1630 "-" "Mozilla/5.0 (compatible; Baiduspider/2.0; +http://www.baidu.com/search/spider.html)"
123.125.71.25 - - [14/Aug/2011:12:47:28 +0000] "GET / HTTP/1.1" 200 1630 "-" "Mozilla/5.0 (compatible; Baiduspider/2.0; +http://www.baidu.com/search/spider.html)"
220.181.108.95 - - [14/Aug/2011:12:48:16 +0000] "GET / HTTP/1.1" 200 1630 "-" "Mozilla/5.0 (compatible; Baiduspider/2.0; +http://www.baidu.com/search/spider.html)"
124.115.0.28 - - [14/Aug/2011:13:38:54 +0000] "GET / HTTP/1.1" 200 993 "-" "Sosospider+(+http://help.soso.com/webspider.htm)"
123.125.71.16 - - [14/Aug/2011:14:48:11 +0000] "GET / HTTP/1.1" 200 1630 "-" "Mozilla/5.0 (compatible; Baiduspider/2.0; +http://www.baidu.com/search/spider.html)"
220.181.108.81 - - [14/Aug/2011:14:48:37 +0000] "GET / HTTP/1.1" 200 1630 "-" "Mozilla/5.0 (compatible; Baiduspider/2.0; +http://www.baidu.com/search/spider.html)"
66.249.67.130 - - [14/Aug/2011:15:11:13 +0000] "GET /robots.txt HTTP/1.1" 404 508 "-" "Mozilla/5.0 (compatible; Googlebot/2.1; +http://www.google.com/bot.html)"
66.249.67.130 - - [14/Aug/2011:15:11:13 +0000] "GET / HTTP/1.1" 304 208 "-" "Mozilla/5.0 (compatible; Googlebot/2.1; +http://www.google.com/bot.html)"
38.101.148.126 - - [14/Aug/2011:17:01:05 +0000] "GET /robots.txt HTTP/1.1" 404 472 "-" "Mozilla/5.0 (compatible; discobot/1.1; +http://discoveryengine.com/discobot.html)"
184.72.136.138 - - [14/Aug/2011:19:09:22 +0000] "GET / HTTP/1.0" 200 1630 "-" "-"
184.72.136.138 - - [14/Aug/2011:19:09:26 +0000] "GET / HTTP/1.1" 200 1637 "-" "Mozilla/5.0 (Windows NT 6.1; rv:2.0) Gecko/20100101 Firefox/4.0"
184.72.136.138 - - [14/Aug/2011:19:09:52 +0000] "GET /robots.txt HTTP/1.1" 404 476 "-" "Mozilla/5.0 (Windows NT 6.1; rv:2.0) Gecko/20100101 Firefox/4.0"
119.63.196.52 - - [14/Aug/2011:20:16:17 +0000] "GET /robots.txt HTTP/1.1" 404 472 "-" "Baiduspider+(+http://www.baidu.com/search/spider.htm)"
216.145.14.142 - - [14/Aug/2011:22:22:20 +0000] "GET /robots.txt HTTP/1.0" 404 499 "-" "Mozilla/5.0 (Windows; U; Windows NT 5.1; en; rv:1.9.0.13) Gecko/2009073022 Firefox/3.5.2 (.NET CLR 3.5.30729) SurveyBot/2.3 (DomainTools)"
216.145.14.142 - - [14/Aug/2011:22:22:20 +0000] "GET / HTTP/1.1" 200 955 "http://whois.domaintools.com/insectpolitics.com" "Mozilla/5.0 (Windows; U; Windows NT 5.1; en; rv:1.9.0.13) Gecko/2009073022 Firefox/3.5.2 (.NET CLR 3.5.30729) SurveyBot/2.3 (DomainTools)"
124.115.0.100 - - [14/Aug/2011:22:43:05 +0000] "GET / HTTP/1.1" 200 993 "-" "Sosospider+(+http://help.soso.com/webspider.htm)"
123.125.71.14 - - [14/Aug/2011:22:47:03 +0000] "GET / HTTP/1.1" 200 1630 "-" "Mozilla/5.0 (compatible; Baiduspider/2.0; +http://www.baidu.com/search/spider.html)"
220.181.108.80 - - [14/Aug/2011:22:47:47 +0000] "GET / HTTP/1.1" 200 1630 "-" "Mozilla/5.0 (compatible; Baiduspider/2.0; +http://www.baidu.com/search/spider.html)"
38.101.148.126 - - [14/Aug/2011:22:51:25 +0000] "GET /robots.txt HTTP/1.1" 404 472 "-" "Mozilla/5.0 (compatible; discobot/1.1; +http://discoveryengine.com/discobot.html)"
216.145.14.142 - - [14/Aug/2011:22:53:41 +0000] "GET /robots.txt HTTP/1.0" 404 500 "-" "Mozilla/5.0 (Windows; U; Windows NT 5.1; en; rv:1.9.0.13) Gecko/2009073022 Firefox/3.5.2 (.NET CLR 3.5.30729) SurveyBot/2.3 (DomainTools)"
216.145.14.142 - - [14/Aug/2011:22:53:41 +0000] "GET / HTTP/1.1" 200 955 "http://whois.domaintools.com/insect-politics.com" "Mozilla/5.0 (Windows; U; Windows NT 5.1; en; rv:1.9.0.13) Gecko/2009073022 Firefox/3.5.2 (.NET CLR 3.5.30729) SurveyBot/2.3 (DomainTools)"
123.125.71.32 - - [14/Aug/2011:23:47:21 +0000] "GET / HTTP/1.1" 200 1630 "-" "Mozilla/5.0 (compatible; Baiduspider/2.0; +http://www.baidu.com/search/spider.html)"
220.181.108.78 - - [14/Aug/2011:23:48:04 +0000] "GET / HTTP/1.1" 200 1630 "-" "Mozilla/5.0 (compatible; Baiduspider/2.0; +http://www.baidu.com/search/spider.html)"
123.125.71.35 - - [15/Aug/2011:00:48:41 +0000] "GET / HTTP/1.1" 200 1630 "-" "Mozilla/5.0 (compatible; Baiduspider/2.0; +http://www.baidu.com/search/spider.html)"
220.181.108.82 - - [15/Aug/2011:00:49:27 +0000] "GET / HTTP/1.1" 200 1630 "-" "Mozilla/5.0 (compatible; Baiduspider/2.0; +http://www.baidu.com/search/spider.html)"
123.125.71.26 - - [15/Aug/2011:02:47:37 +0000] "GET / HTTP/1.1" 200 1630 "-" "Mozilla/5.0 (compatible; Baiduspider/2.0; +http://www.baidu.com/search/spider.html)"
220.181.108.80 - - [15/Aug/2011:02:48:20 +0000] "GET / HTTP/1.1" 200 1630 "-" "Mozilla/5.0 (compatible; Baiduspider/2.0; +http://www.baidu.com/search/spider.html)"
70.180.119.247 - - [15/Aug/2011:03:29:27 +0000] "GET /movies/ HTTP/1.1" 200 810 "-" "Mozilla/5.0 (X11; Linux x86_64) AppleWebKit/535.1 (KHTML, like Gecko) Chrome/13.0.782.112 Safari/535.1"
70.180.119.247 - - [15/Aug/2011:03:29:27 +0000] "GET /favicon.ico HTTP/1.1" 404 503 "-" "Mozilla/5.0 (X11; Linux x86_64) AppleWebKit/535.1 (KHTML, like Gecko) Chrome/13.0.782.112 Safari/535.1"
