65.52.110.73 - - [01/Jul/2011:03:01:11 +0000] "GET /?cat=1 HTTP/1.1" 304 209 "-" "Mozilla/5.0 (compatible; bingbot/2.0; +http://www.bing.com/bingbot.htm)"
174.129.117.237 - - [01/Jul/2011:03:01:36 +0000] "HEAD / HTTP/1.1" 200 280 "-" "Mozilla/5.0 (Windows; U; Windows NT 5.1; en-US) AppleWebKit/525.13 (KHTML, like Gecko) Chrome/0.A.B.C Safari/525.13"
208.80.194.30 - - [01/Jul/2011:03:25:25 +0000] "GET / HTTP/1.0" 200 1630 "-" "Mozilla/4.0 (compatible; MSIE 6.0; AOL 9.0; Windows NT 5.1; SV1; FunWebProducts; .NET CLR 1.0.3705; .NET CLR 1.1.4322; Media Center PC 3.1; SpamBlockerUtility 4.8.4)"
123.125.71.30 - - [01/Jul/2011:04:45:15 +0000] "GET / HTTP/1.1" 200 1630 "-" "Mozilla/5.0 (compatible; Baiduspider/2.0; +http://www.baidu.com/search/spider.html)"
220.181.108.91 - - [01/Jul/2011:04:45:56 +0000] "GET / HTTP/1.1" 200 1630 "-" "Mozilla/5.0 (compatible; Baiduspider/2.0; +http://www.baidu.com/search/spider.html)"
65.52.110.48 - - [01/Jul/2011:05:40:04 +0000] "GET /robots.txt HTTP/1.1" 404 533 "-" "Mozilla/5.0 (compatible; bingbot/2.0; +http://www.bing.com/bingbot.htm)"
65.52.110.48 - - [01/Jul/2011:05:40:53 +0000] "GET / HTTP/1.1" 304 209 "-" "Mozilla/5.0 (compatible; bingbot/2.0; +http://www.bing.com/bingbot.htm)"
123.125.71.21 - - [01/Jul/2011:06:44:04 +0000] "GET / HTTP/1.1" 200 1630 "-" "Mozilla/5.0 (compatible; Baiduspider/2.0; +http://www.baidu.com/search/spider.html)"
220.181.108.78 - - [01/Jul/2011:06:44:47 +0000] "GET / HTTP/1.1" 200 1630 "-" "Mozilla/5.0 (compatible; Baiduspider/2.0; +http://www.baidu.com/search/spider.html)"
123.125.71.17 - - [01/Jul/2011:08:43:59 +0000] "GET / HTTP/1.1" 200 1630 "-" "Mozilla/5.0 (compatible; Baiduspider/2.0; +http://www.baidu.com/search/spider.html)"
220.181.108.81 - - [01/Jul/2011:08:44:41 +0000] "GET / HTTP/1.1" 200 1630 "-" "Mozilla/5.0 (compatible; Baiduspider/2.0; +http://www.baidu.com/search/spider.html)"
123.125.71.23 - - [01/Jul/2011:10:44:50 +0000] "GET / HTTP/1.1" 200 1630 "-" "Mozilla/5.0 (compatible; Baiduspider/2.0; +http://www.baidu.com/search/spider.html)"
220.181.108.97 - - [01/Jul/2011:10:45:33 +0000] "GET / HTTP/1.1" 200 1630 "-" "Mozilla/5.0 (compatible; Baiduspider/2.0; +http://www.baidu.com/search/spider.html)"
123.125.71.18 - - [01/Jul/2011:11:44:47 +0000] "GET / HTTP/1.1" 200 1630 "-" "Mozilla/5.0 (compatible; Baiduspider/2.0; +http://www.baidu.com/search/spider.html)"
220.181.108.76 - - [01/Jul/2011:11:45:30 +0000] "GET / HTTP/1.1" 200 1630 "-" "Mozilla/5.0 (compatible; Baiduspider/2.0; +http://www.baidu.com/search/spider.html)"
123.125.71.32 - - [01/Jul/2011:12:45:33 +0000] "GET / HTTP/1.1" 200 1630 "-" "Mozilla/5.0 (compatible; Baiduspider/2.0; +http://www.baidu.com/search/spider.html)"
220.181.108.97 - - [01/Jul/2011:12:46:16 +0000] "GET / HTTP/1.1" 200 1630 "-" "Mozilla/5.0 (compatible; Baiduspider/2.0; +http://www.baidu.com/search/spider.html)"
66.249.72.205 - - [01/Jul/2011:13:56:08 +0000] "GET /robots.txt HTTP/1.1" 404 509 "-" "Mozilla/5.0 (compatible; Googlebot/2.1; +http://www.google.com/bot.html)"
66.249.72.205 - - [01/Jul/2011:13:56:08 +0000] "GET / HTTP/1.1" 200 992 "-" "Mozilla/5.0 (compatible; Googlebot/2.1; +http://www.google.com/bot.html)"
66.249.72.205 - - [01/Jul/2011:14:23:22 +0000] "GET /twitter.png HTTP/1.1" 200 3230 "-" "Googlebot-Image/1.0"
66.249.72.205 - - [01/Jul/2011:14:33:22 +0000] "GET /blogger.png HTTP/1.1" 200 2849 "-" "Googlebot-Image/1.0"
66.249.72.205 - - [01/Jul/2011:14:43:22 +0000] "GET /facebook.png HTTP/1.1" 200 5275 "-" "Googlebot-Image/1.0"
123.125.71.22 - - [01/Jul/2011:17:02:02 +0000] "GET / HTTP/1.1" 200 1630 "-" "Mozilla/5.0 (compatible; Baiduspider/2.0; +http://www.baidu.com/search/spider.html)"
220.181.108.86 - - [01/Jul/2011:17:03:09 +0000] "GET / HTTP/1.1" 200 1630 "-" "Mozilla/5.0 (compatible; Baiduspider/2.0; +http://www.baidu.com/search/spider.html)"
123.125.71.17 - - [01/Jul/2011:18:44:32 +0000] "GET / HTTP/1.1" 200 1630 "-" "Mozilla/5.0 (compatible; Baiduspider/2.0; +http://www.baidu.com/search/spider.html)"
220.181.108.76 - - [01/Jul/2011:18:45:15 +0000] "GET / HTTP/1.1" 200 1630 "-" "Mozilla/5.0 (compatible; Baiduspider/2.0; +http://www.baidu.com/search/spider.html)"
66.249.72.76 - - [01/Jul/2011:19:44:18 +0000] "GET /robots.txt HTTP/1.1" 404 508 "-" "Mozilla/5.0 (compatible; Googlebot/2.1; +http://www.google.com/bot.html)"
66.249.72.76 - - [01/Jul/2011:19:44:18 +0000] "GET /?cat=1 HTTP/1.1" 200 992 "-" "Mozilla/5.0 (compatible; Googlebot/2.1; +http://www.google.com/bot.html)"
124.115.0.28 - - [01/Jul/2011:21:21:01 +0000] "GET / HTTP/1.1" 200 993 "-" "Sosospider+(+http://help.soso.com/webspider.htm)"
174.129.117.237 - - [01/Jul/2011:21:29:55 +0000] "HEAD / HTTP/1.1" 200 280 "-" "Mozilla/5.0 (Windows; U; Windows NT 5.1; en-US) AppleWebKit/525.13 (KHTML, like Gecko) Chrome/0.A.B.C Safari/525.13"
173.240.49.34 - - [01/Jul/2011:21:33:46 +0000] "GET /robots.txt HTTP/1.1" 404 533 "-" "Mozilla/5.0 (compatible; Search17Bot/1.1; http://www.search17.com/bot.php)"
173.240.49.34 - - [01/Jul/2011:21:33:46 +0000] "GET / HTTP/1.1" 200 992 "-" "Mozilla/5.0 (compatible; Search17Bot/1.1; http://www.search17.com/bot.php)"
93.158.147.8 - - [01/Jul/2011:22:11:24 +0000] "GET /robots.txt HTTP/1.1" 404 533 "-" "Mozilla/5.0 (compatible; YandexBot/3.0; MirrorDetector; +http://yandex.com/bots)"
93.158.147.8 - - [01/Jul/2011:22:11:24 +0000] "GET /robots.txt HTTP/1.1" 404 537 "-" "Mozilla/5.0 (compatible; YandexBot/3.0; MirrorDetector; +http://yandex.com/bots)"
93.158.147.8 - - [01/Jul/2011:22:11:25 +0000] "GET / HTTP/1.1" 200 992 "-" "Mozilla/5.0 (compatible; YandexBot/3.0; MirrorDetector; +http://yandex.com/bots)"
93.158.147.8 - - [01/Jul/2011:22:11:25 +0000] "GET / HTTP/1.1" 200 992 "-" "Mozilla/5.0 (compatible; YandexBot/3.0; MirrorDetector; +http://yandex.com/bots)"
93.158.147.8 - - [01/Jul/2011:22:11:26 +0000] "GET / HTTP/1.1" 200 992 "-" "Mozilla/5.0 (compatible; YandexBot/3.0; MirrorDetector; +http://yandex.com/bots)"
93.158.147.8 - - [01/Jul/2011:22:11:26 +0000] "GET / HTTP/1.1" 200 992 "-" "Mozilla/5.0 (compatible; YandexBot/3.0; MirrorDetector; +http://yandex.com/bots)"
66.249.72.76 - - [01/Jul/2011:22:40:55 +0000] "GET /?feed=rss2&p=1 HTTP/1.1" 304 209 "-" "Mozilla/5.0 (compatible; Googlebot/2.1; +http://www.google.com/bot.html)"
123.125.71.36 - - [01/Jul/2011:22:44:22 +0000] "GET / HTTP/1.1" 200 1630 "-" "Mozilla/5.0 (compatible; Baiduspider/2.0; +http://www.baidu.com/search/spider.html)"
220.181.108.75 - - [01/Jul/2011:22:45:05 +0000] "GET / HTTP/1.1" 200 1630 "-" "Mozilla/5.0 (compatible; Baiduspider/2.0; +http://www.baidu.com/search/spider.html)"
123.125.71.31 - - [02/Jul/2011:00:45:09 +0000] "GET / HTTP/1.1" 200 1630 "-" "Mozilla/5.0 (compatible; Baiduspider/2.0; +http://www.baidu.com/search/spider.html)"
220.181.108.83 - - [02/Jul/2011:00:45:52 +0000] "GET / HTTP/1.1" 200 1630 "-" "Mozilla/5.0 (compatible; Baiduspider/2.0; +http://www.baidu.com/search/spider.html)"
66.249.72.76 - - [02/Jul/2011:01:36:08 +0000] "GET /?p=1 HTTP/1.1" 200 993 "-" "Mozilla/5.0 (compatible; Googlebot/2.1; +http://www.google.com/bot.html)"
93.158.147.8 - - [02/Jul/2011:01:37:14 +0000] "GET /robots.txt HTTP/1.1" 404 533 "-" "Mozilla/5.0 (compatible; YandexBot/3.0; MirrorDetector; +http://yandex.com/bots)"
93.158.147.8 - - [02/Jul/2011:01:37:14 +0000] "GET /robots.txt HTTP/1.1" 404 537 "-" "Mozilla/5.0 (compatible; YandexBot/3.0; MirrorDetector; +http://yandex.com/bots)"
93.158.147.8 - - [02/Jul/2011:01:37:14 +0000] "GET / HTTP/1.1" 200 992 "-" "Mozilla/5.0 (compatible; YandexBot/3.0; MirrorDetector; +http://yandex.com/bots)"
93.158.147.8 - - [02/Jul/2011:01:37:15 +0000] "GET / HTTP/1.1" 200 992 "-" "Mozilla/5.0 (compatible; YandexBot/3.0; MirrorDetector; +http://yandex.com/bots)"
93.158.147.8 - - [02/Jul/2011:01:37:15 +0000] "GET / HTTP/1.1" 200 992 "-" "Mozilla/5.0 (compatible; YandexBot/3.0; MirrorDetector; +http://yandex.com/bots)"
93.158.147.8 - - [02/Jul/2011:01:37:16 +0000] "GET / HTTP/1.1" 200 992 "-" "Mozilla/5.0 (compatible; YandexBot/3.0; MirrorDetector; +http://yandex.com/bots)"
123.125.71.26 - - [02/Jul/2011:01:45:18 +0000] "GET / HTTP/1.1" 200 1630 "-" "Mozilla/5.0 (compatible; Baiduspider/2.0; +http://www.baidu.com/search/spider.html)"
220.181.108.76 - - [02/Jul/2011:01:46:01 +0000] "GET / HTTP/1.1" 200 1630 "-" "Mozilla/5.0 (compatible; Baiduspider/2.0; +http://www.baidu.com/search/spider.html)"
123.125.71.31 - - [02/Jul/2011:02:44:45 +0000] "GET / HTTP/1.1" 200 1630 "-" "Mozilla/5.0 (compatible; Baiduspider/2.0; +http://www.baidu.com/search/spider.html)"
220.181.108.89 - - [02/Jul/2011:02:45:28 +0000] "GET / HTTP/1.1" 200 1630 "-" "Mozilla/5.0 (compatible; Baiduspider/2.0; +http://www.baidu.com/search/spider.html)"
38.101.148.126 - - [02/Jul/2011:04:15:00 +0000] "GET /robots.txt HTTP/1.1" 404 472 "-" "Mozilla/5.0 (compatible; discobot/1.1; +http://discoveryengine.com/discobot.html)"
123.125.71.36 - - [02/Jul/2011:04:16:52 +0000] "GET / HTTP/1.1" 200 955 "-" "Mozilla/5.0 (compatible; Baiduspider/2.0; +http://www.baidu.com/search/spider.html)"
66.249.72.76 - - [02/Jul/2011:04:32:40 +0000] "GET /?p=3 HTTP/1.1" 200 993 "-" "Mozilla/5.0 (compatible; Googlebot/2.1; +http://www.google.com/bot.html)"
123.125.71.31 - - [02/Jul/2011:04:45:10 +0000] "GET / HTTP/1.1" 200 1630 "-" "Mozilla/5.0 (compatible; Baiduspider/2.0; +http://www.baidu.com/search/spider.html)"
220.181.108.84 - - [02/Jul/2011:04:45:54 +0000] "GET / HTTP/1.1" 200 1630 "-" "Mozilla/5.0 (compatible; Baiduspider/2.0; +http://www.baidu.com/search/spider.html)"
124.115.6.13 - - [02/Jul/2011:05:26:46 +0000] "GET /robots.txt HTTP/1.1" 404 508 "-" "Sosospider+(+http://help.soso.com/webspider.htm)"
123.125.71.27 - - [02/Jul/2011:06:44:10 +0000] "GET / HTTP/1.1" 200 1630 "-" "Mozilla/5.0 (compatible; Baiduspider/2.0; +http://www.baidu.com/search/spider.html)"
220.181.108.95 - - [02/Jul/2011:06:44:54 +0000] "GET / HTTP/1.1" 200 1630 "-" "Mozilla/5.0 (compatible; Baiduspider/2.0; +http://www.baidu.com/search/spider.html)"
66.249.72.76 - - [02/Jul/2011:07:28:44 +0000] "GET /wp-login.php HTTP/1.1" 404 510 "-" "Mozilla/5.0 (compatible; Googlebot/2.1; +http://www.google.com/bot.html)"
123.125.71.14 - - [02/Jul/2011:08:44:24 +0000] "GET / HTTP/1.1" 200 1630 "-" "Mozilla/5.0 (compatible; Baiduspider/2.0; +http://www.baidu.com/search/spider.html)"
220.181.108.97 - - [02/Jul/2011:08:45:08 +0000] "GET / HTTP/1.1" 200 1630 "-" "Mozilla/5.0 (compatible; Baiduspider/2.0; +http://www.baidu.com/search/spider.html)"
66.249.72.76 - - [02/Jul/2011:10:24:57 +0000] "GET /robots.txt HTTP/1.1" 404 508 "-" "Mozilla/5.0 (compatible; Googlebot/2.1; +http://www.google.com/bot.html)"
66.249.72.76 - - [02/Jul/2011:10:24:57 +0000] "GET /?feed=rss2&p=3 HTTP/1.1" 304 208 "-" "Mozilla/5.0 (compatible; Googlebot/2.1; +http://www.google.com/bot.html)"
123.125.71.33 - - [02/Jul/2011:10:44:31 +0000] "GET / HTTP/1.1" 200 1630 "-" "Mozilla/5.0 (compatible; Baiduspider/2.0; +http://www.baidu.com/search/spider.html)"
220.181.108.97 - - [02/Jul/2011:10:45:16 +0000] "GET / HTTP/1.1" 200 1630 "-" "Mozilla/5.0 (compatible; Baiduspider/2.0; +http://www.baidu.com/search/spider.html)"
123.125.71.18 - - [02/Jul/2011:12:44:32 +0000] "GET / HTTP/1.1" 200 1630 "-" "Mozilla/5.0 (compatible; Baiduspider/2.0; +http://www.baidu.com/search/spider.html)"
220.181.108.91 - - [02/Jul/2011:12:45:13 +0000] "GET / HTTP/1.1" 200 1630 "-" "Mozilla/5.0 (compatible; Baiduspider/2.0; +http://www.baidu.com/search/spider.html)"
66.249.72.76 - - [02/Jul/2011:13:35:01 +0000] "GET /?feed=rss2&p=3 HTTP/1.1" 304 209 "-" "Mozilla/5.0 (compatible; Googlebot/2.1; +http://www.google.com/bot.html)"
123.125.71.35 - - [02/Jul/2011:14:44:26 +0000] "GET / HTTP/1.1" 200 1630 "-" "Mozilla/5.0 (compatible; Baiduspider/2.0; +http://www.baidu.com/search/spider.html)"
220.181.108.83 - - [02/Jul/2011:14:45:07 +0000] "GET / HTTP/1.1" 200 1630 "-" "Mozilla/5.0 (compatible; Baiduspider/2.0; +http://www.baidu.com/search/spider.html)"
123.125.71.13 - - [02/Jul/2011:17:46:27 +0000] "GET / HTTP/1.1" 200 1630 "-" "Mozilla/5.0 (compatible; Baiduspider/2.0; +http://www.baidu.com/search/spider.html)"
220.181.108.94 - - [02/Jul/2011:17:47:11 +0000] "GET / HTTP/1.1" 200 1630 "-" "Mozilla/5.0 (compatible; Baiduspider/2.0; +http://www.baidu.com/search/spider.html)"
173.240.49.34 - - [02/Jul/2011:18:52:38 +0000] "GET /robots.txt HTTP/1.1" 404 534 "-" "Mozilla/5.0 (compatible; Search17Bot/1.1; http://www.search17.com/bot.php)"
173.240.49.34 - - [02/Jul/2011:18:52:38 +0000] "GET / HTTP/1.1" 200 992 "-" "Mozilla/5.0 (compatible; Search17Bot/1.1; http://www.search17.com/bot.php)"
207.46.195.228 - - [02/Jul/2011:21:01:25 +0000] "GET /robots.txt HTTP/1.1" 404 533 "-" "Mozilla/5.0 (compatible; bingbot/2.0; +http://www.bing.com/bingbot.htm)"
207.46.195.228 - - [02/Jul/2011:21:04:50 +0000] "GET /?m=200802 HTTP/1.1" 304 209 "-" "Mozilla/5.0 (compatible; bingbot/2.0; +http://www.bing.com/bingbot.htm)"
217.28.0.197 - - [02/Jul/2011:22:39:10 +0000] "GET / HTTP/1.1" 200 993 "-" "Mozilla/4.0 (compatible; MSIE 7.0; Windows NT 6.0; GTB7.1; SLCC1; .NET CLR 2.0.50727; Media Center PC 5.0; .NET CLR 3.5.30729; .NET CLR 3.0.30618)"
217.28.0.197 - - [02/Jul/2011:22:39:10 +0000] "GET /blogger.png HTTP/1.1" 200 2848 "http://www.insect-politics.com/" "Mozilla/4.0 (compatible; MSIE 7.0; Windows NT 6.0; GTB7.1; SLCC1; .NET CLR 2.0.50727; Media Center PC 5.0; .NET CLR 3.5.30729; .NET CLR 3.0.30618)"
217.28.0.197 - - [02/Jul/2011:22:39:10 +0000] "GET /facebook.png HTTP/1.1" 200 5275 "http://www.insect-politics.com/" "Mozilla/4.0 (compatible; MSIE 7.0; Windows NT 6.0; GTB7.1; SLCC1; .NET CLR 2.0.50727; Media Center PC 5.0; .NET CLR 3.5.30729; .NET CLR 3.0.30618)"
217.28.0.197 - - [02/Jul/2011:22:39:11 +0000] "GET /twitter.png HTTP/1.1" 200 3229 "http://www.insect-politics.com/" "Mozilla/4.0 (compatible; MSIE 7.0; Windows NT 6.0; GTB7.1; SLCC1; .NET CLR 2.0.50727; Media Center PC 5.0; .NET CLR 3.5.30729; .NET CLR 3.0.30618)"
217.28.0.197 - - [02/Jul/2011:22:39:11 +0000] "GET /favicon.ico HTTP/1.1" 404 511 "-" "Mozilla/4.0 (compatible; MSIE 7.0; Windows NT 6.0; GTB7.1; SLCC1; .NET CLR 2.0.50727; Media Center PC 5.0; .NET CLR 3.5.30729; .NET CLR 3.0.30618)"
217.28.0.197 - - [02/Jul/2011:22:39:12 +0000] "GET /favicon.ico HTTP/1.1" 404 512 "-" "Mozilla/5.0 (compatible; Google Desktop/5.9.1005.12335; http://desktop.google.com/)"
123.125.71.13 - - [02/Jul/2011:22:45:09 +0000] "GET / HTTP/1.1" 200 1630 "-" "Mozilla/5.0 (compatible; Baiduspider/2.0; +http://www.baidu.com/search/spider.html)"
220.181.108.96 - - [02/Jul/2011:22:45:54 +0000] "GET / HTTP/1.1" 200 1630 "-" "Mozilla/5.0 (compatible; Baiduspider/2.0; +http://www.baidu.com/search/spider.html)"
81.52.143.16 - - [02/Jul/2011:23:01:46 +0000] "GET / HTTP/1.1" 200 955 "-" "Mozilla/5.0 (Windows; U; Windows NT 5.1; fr; rv:1.8.1) VoilaBot BETA 1.2 (support.voilabot@orange-ftgroup.com)"
123.125.71.35 - - [03/Jul/2011:00:45:35 +0000] "GET / HTTP/1.1" 200 1630 "-" "Mozilla/5.0 (compatible; Baiduspider/2.0; +http://www.baidu.com/search/spider.html)"
220.181.108.77 - - [03/Jul/2011:00:46:19 +0000] "GET / HTTP/1.1" 200 1630 "-" "Mozilla/5.0 (compatible; Baiduspider/2.0; +http://www.baidu.com/search/spider.html)"
123.125.71.15 - - [03/Jul/2011:01:45:17 +0000] "GET / HTTP/1.1" 200 1630 "-" "Mozilla/5.0 (compatible; Baiduspider/2.0; +http://www.baidu.com/search/spider.html)"
220.181.108.80 - - [03/Jul/2011:01:45:59 +0000] "GET / HTTP/1.1" 200 1630 "-" "Mozilla/5.0 (compatible; Baiduspider/2.0; +http://www.baidu.com/search/spider.html)"
123.125.71.31 - - [03/Jul/2011:02:45:53 +0000] "GET / HTTP/1.1" 200 1630 "-" "Mozilla/5.0 (compatible; Baiduspider/2.0; +http://www.baidu.com/search/spider.html)"
220.181.108.83 - - [03/Jul/2011:02:46:37 +0000] "GET / HTTP/1.1" 200 1630 "-" "Mozilla/5.0 (compatible; Baiduspider/2.0; +http://www.baidu.com/search/spider.html)"
208.80.194.34 - - [03/Jul/2011:03:24:54 +0000] "GET / HTTP/1.0" 200 1630 "-" "Mozilla/4.0 (compatible; MSIE 7.0; Windows NT 5.1; FunWebProducts; MathPlayer 2.0; .NET CLR 2.0.50727)"
123.125.71.15 - - [03/Jul/2011:03:45:27 +0000] "GET / HTTP/1.1" 200 1630 "-" "Mozilla/5.0 (compatible; Baiduspider/2.0; +http://www.baidu.com/search/spider.html)"
220.181.108.77 - - [03/Jul/2011:03:46:10 +0000] "GET / HTTP/1.1" 200 1630 "-" "Mozilla/5.0 (compatible; Baiduspider/2.0; +http://www.baidu.com/search/spider.html)"
123.125.71.25 - - [03/Jul/2011:04:45:02 +0000] "GET / HTTP/1.1" 200 1630 "-" "Mozilla/5.0 (compatible; Baiduspider/2.0; +http://www.baidu.com/search/spider.html)"
220.181.108.88 - - [03/Jul/2011:04:45:45 +0000] "GET / HTTP/1.1" 200 1630 "-" "Mozilla/5.0 (compatible; Baiduspider/2.0; +http://www.baidu.com/search/spider.html)"
123.125.71.17 - - [03/Jul/2011:05:11:34 +0000] "GET / HTTP/1.1" 200 955 "-" "Mozilla/5.0 (compatible; Baiduspider/2.0; +http://www.baidu.com/search/spider.html)"
123.125.71.24 - - [03/Jul/2011:05:45:29 +0000] "GET / HTTP/1.1" 200 1630 "-" "Mozilla/5.0 (compatible; Baiduspider/2.0; +http://www.baidu.com/search/spider.html)"
220.181.108.78 - - [03/Jul/2011:05:46:12 +0000] "GET / HTTP/1.1" 200 1630 "-" "Mozilla/5.0 (compatible; Baiduspider/2.0; +http://www.baidu.com/search/spider.html)"
124.115.6.13 - - [03/Jul/2011:08:05:15 +0000] "GET /robots.txt HTTP/1.1" 404 508 "-" "Sosospider+(+http://help.soso.com/webspider.htm)"
123.125.71.16 - - [03/Jul/2011:08:44:17 +0000] "GET / HTTP/1.1" 200 1630 "-" "Mozilla/5.0 (compatible; Baiduspider/2.0; +http://www.baidu.com/search/spider.html)"
220.181.108.88 - - [03/Jul/2011:08:45:00 +0000] "GET / HTTP/1.1" 200 1630 "-" "Mozilla/5.0 (compatible; Baiduspider/2.0; +http://www.baidu.com/search/spider.html)"
123.125.71.15 - - [03/Jul/2011:10:44:42 +0000] "GET / HTTP/1.1" 200 1630 "-" "Mozilla/5.0 (compatible; Baiduspider/2.0; +http://www.baidu.com/search/spider.html)"
220.181.108.96 - - [03/Jul/2011:10:45:27 +0000] "GET / HTTP/1.1" 200 1630 "-" "Mozilla/5.0 (compatible; Baiduspider/2.0; +http://www.baidu.com/search/spider.html)"
123.125.71.33 - - [03/Jul/2011:12:44:46 +0000] "GET / HTTP/1.1" 200 1630 "-" "Mozilla/5.0 (compatible; Baiduspider/2.0; +http://www.baidu.com/search/spider.html)"
220.181.108.75 - - [03/Jul/2011:12:45:28 +0000] "GET / HTTP/1.1" 200 1630 "-" "Mozilla/5.0 (compatible; Baiduspider/2.0; +http://www.baidu.com/search/spider.html)"
66.249.67.50 - - [03/Jul/2011:13:00:30 +0000] "GET /robots.txt HTTP/1.1" 404 505 "-" "Mozilla/5.0 (compatible; Googlebot/2.1; +http://www.google.com/bot.html)"
66.249.67.50 - - [03/Jul/2011:13:00:30 +0000] "GET / HTTP/1.1" 304 208 "-" "Mozilla/5.0 (compatible; Googlebot/2.1; +http://www.google.com/bot.html)"
123.125.71.27 - - [03/Jul/2011:15:46:08 +0000] "GET / HTTP/1.1" 200 1630 "-" "Mozilla/5.0 (compatible; Baiduspider/2.0; +http://www.baidu.com/search/spider.html)"
220.181.108.92 - - [03/Jul/2011:15:46:52 +0000] "GET / HTTP/1.1" 200 1630 "-" "Mozilla/5.0 (compatible; Baiduspider/2.0; +http://www.baidu.com/search/spider.html)"
124.115.0.100 - - [03/Jul/2011:16:39:18 +0000] "GET / HTTP/1.1" 200 993 "-" "Sosospider+(+http://help.soso.com/webspider.htm)"
66.249.67.42 - - [03/Jul/2011:16:52:57 +0000] "GET /robots.txt HTTP/1.1" 404 509 "-" "Mozilla/5.0 (compatible; Googlebot/2.1; +http://www.google.com/bot.html)"
66.249.67.42 - - [03/Jul/2011:16:52:57 +0000] "GET / HTTP/1.1" 304 208 "-" "Mozilla/5.0 (compatible; Googlebot/2.1; +http://www.google.com/bot.html)"
38.99.96.227 - - [03/Jul/2011:17:00:42 +0000] "GET /robots.txt HTTP/1.1" 404 472 "-" "Mozilla/5.0 (compatible; ScoutJet; +http://www.scoutjet.com/)"
123.125.71.21 - - [03/Jul/2011:17:01:44 +0000] "GET / HTTP/1.1" 200 1630 "-" "Mozilla/5.0 (compatible; Baiduspider/2.0; +http://www.baidu.com/search/spider.html)"
220.181.108.85 - - [03/Jul/2011:17:02:51 +0000] "GET / HTTP/1.1" 200 1630 "-" "Mozilla/5.0 (compatible; Baiduspider/2.0; +http://www.baidu.com/search/spider.html)"
123.125.71.31 - - [03/Jul/2011:17:46:20 +0000] "GET / HTTP/1.1" 200 1630 "-" "Mozilla/5.0 (compatible; Baiduspider/2.0; +http://www.baidu.com/search/spider.html)"
220.181.108.82 - - [03/Jul/2011:17:47:04 +0000] "GET / HTTP/1.1" 200 1630 "-" "Mozilla/5.0 (compatible; Baiduspider/2.0; +http://www.baidu.com/search/spider.html)"
50.19.32.0 - - [03/Jul/2011:17:54:23 +0000] "GET / HTTP/1.0" 200 1630 "-" "Mozilla/5.0 (compatible; NetcraftSurveyAgent/1.0; +info@netcraft.com)"
62.231.141.195 - - [03/Jul/2011:18:17:27 +0000] "GET /robots.txt HTTP/1.0" 404 499 "-" "Mozilla/5.0 (compatible; MJ12bot/v1.4.0; http://www.majestic12.co.uk/bot.php?+)"
62.231.141.195 - - [03/Jul/2011:18:17:30 +0000] "GET / HTTP/1.0" 200 955 "-" "Mozilla/5.0 (compatible; MJ12bot/v1.4.0; http://www.majestic12.co.uk/bot.php?+)"
123.125.71.29 - - [03/Jul/2011:18:45:14 +0000] "GET / HTTP/1.1" 200 1630 "-" "Mozilla/5.0 (compatible; Baiduspider/2.0; +http://www.baidu.com/search/spider.html)"
220.181.108.96 - - [03/Jul/2011:18:45:58 +0000] "GET / HTTP/1.1" 200 1630 "-" "Mozilla/5.0 (compatible; Baiduspider/2.0; +http://www.baidu.com/search/spider.html)"
75.101.200.176 - - [03/Jul/2011:19:35:24 +0000] "GET / HTTP/1.0" 200 1630 "-" "Mozilla/5.0 (compatible; NetcraftSurveyAgent/1.0; +info@netcraft.com)"
66.249.67.43 - - [03/Jul/2011:20:48:12 +0000] "GET /robots.txt HTTP/1.1" 404 508 "-" "Mozilla/5.0 (compatible; Googlebot/2.1; +http://www.google.com/bot.html)"
66.249.67.43 - - [03/Jul/2011:20:48:12 +0000] "GET / HTTP/1.1" 304 208 "-" "Mozilla/5.0 (compatible; Googlebot/2.1; +http://www.google.com/bot.html)"
184.73.128.51 - - [03/Jul/2011:21:21:00 +0000] "GET / HTTP/1.0" 200 1630 "-" "Mozilla/5.0 (compatible; NetcraftSurveyAgent/1.0; +info@netcraft.com)"
93.158.147.8 - - [03/Jul/2011:21:21:18 +0000] "GET /robots.txt HTTP/1.1" 404 533 "-" "Mozilla/5.0 (compatible; YandexBot/3.0; MirrorDetector; +http://yandex.com/bots)"
93.158.147.8 - - [03/Jul/2011:21:21:18 +0000] "GET /robots.txt HTTP/1.1" 404 537 "-" "Mozilla/5.0 (compatible; YandexBot/3.0; MirrorDetector; +http://yandex.com/bots)"
93.158.147.8 - - [03/Jul/2011:21:21:19 +0000] "GET / HTTP/1.1" 200 992 "-" "Mozilla/5.0 (compatible; YandexBot/3.0; MirrorDetector; +http://yandex.com/bots)"
93.158.147.8 - - [03/Jul/2011:21:21:19 +0000] "GET / HTTP/1.1" 200 992 "-" "Mozilla/5.0 (compatible; YandexBot/3.0; MirrorDetector; +http://yandex.com/bots)"
93.158.147.8 - - [03/Jul/2011:21:21:20 +0000] "GET / HTTP/1.1" 200 992 "-" "Mozilla/5.0 (compatible; YandexBot/3.0; MirrorDetector; +http://yandex.com/bots)"
93.158.147.8 - - [03/Jul/2011:21:21:20 +0000] "GET / HTTP/1.1" 200 992 "-" "Mozilla/5.0 (compatible; YandexBot/3.0; MirrorDetector; +http://yandex.com/bots)"
123.125.71.22 - - [03/Jul/2011:22:44:57 +0000] "GET / HTTP/1.1" 200 1630 "-" "Mozilla/5.0 (compatible; Baiduspider/2.0; +http://www.baidu.com/search/spider.html)"
220.181.108.82 - - [03/Jul/2011:22:45:39 +0000] "GET / HTTP/1.1" 200 1630 "-" "Mozilla/5.0 (compatible; Baiduspider/2.0; +http://www.baidu.com/search/spider.html)"
184.73.109.120 - - [03/Jul/2011:22:49:59 +0000] "GET / HTTP/1.0" 200 1630 "-" "Mozilla/5.0 (compatible; NetcraftSurveyAgent/1.0; +info@netcraft.com)"
123.125.71.14 - - [03/Jul/2011:23:44:52 +0000] "GET / HTTP/1.1" 200 1630 "-" "Mozilla/5.0 (compatible; Baiduspider/2.0; +http://www.baidu.com/search/spider.html)"
220.181.108.77 - - [03/Jul/2011:23:45:35 +0000] "GET / HTTP/1.1" 200 1630 "-" "Mozilla/5.0 (compatible; Baiduspider/2.0; +http://www.baidu.com/search/spider.html)"
50.19.161.72 - - [04/Jul/2011:00:41:28 +0000] "GET / HTTP/1.0" 200 1630 "-" "Mozilla/5.0 (compatible; NetcraftSurveyAgent/1.0; +info@netcraft.com)"
66.249.68.43 - - [04/Jul/2011:00:43:34 +0000] "GET /robots.txt HTTP/1.1" 404 506 "-" "Mozilla/5.0 (compatible; Googlebot/2.1; +http://www.google.com/bot.html)"
66.249.68.43 - - [04/Jul/2011:00:43:34 +0000] "GET / HTTP/1.1" 304 208 "-" "Mozilla/5.0 (compatible; Googlebot/2.1; +http://www.google.com/bot.html)"
123.125.71.34 - - [04/Jul/2011:00:45:10 +0000] "GET / HTTP/1.1" 200 1630 "-" "Mozilla/5.0 (compatible; Baiduspider/2.0; +http://www.baidu.com/search/spider.html)"
220.181.108.94 - - [04/Jul/2011:00:45:54 +0000] "GET / HTTP/1.1" 200 1630 "-" "Mozilla/5.0 (compatible; Baiduspider/2.0; +http://www.baidu.com/search/spider.html)"
123.125.71.20 - - [04/Jul/2011:01:45:40 +0000] "GET / HTTP/1.1" 200 1630 "-" "Mozilla/5.0 (compatible; Baiduspider/2.0; +http://www.baidu.com/search/spider.html)"
220.181.108.80 - - [04/Jul/2011:01:46:22 +0000] "GET / HTTP/1.1" 200 1630 "-" "Mozilla/5.0 (compatible; Baiduspider/2.0; +http://www.baidu.com/search/spider.html)"
123.125.71.23 - - [04/Jul/2011:02:45:07 +0000] "GET / HTTP/1.1" 200 1630 "-" "Mozilla/5.0 (compatible; Baiduspider/2.0; +http://www.baidu.com/search/spider.html)"
220.181.108.83 - - [04/Jul/2011:02:45:49 +0000] "GET / HTTP/1.1" 200 1630 "-" "Mozilla/5.0 (compatible; Baiduspider/2.0; +http://www.baidu.com/search/spider.html)"
66.249.68.177 - - [04/Jul/2011:04:38:54 +0000] "GET /robots.txt HTTP/1.1" 404 508 "-" "Mozilla/5.0 (compatible; Googlebot/2.1; +http://www.google.com/bot.html)"
66.249.68.177 - - [04/Jul/2011:04:38:54 +0000] "GET /?feed=rss2&p=1 HTTP/1.1" 304 208 "-" "Mozilla/5.0 (compatible; Googlebot/2.1; +http://www.google.com/bot.html)"
123.125.71.30 - - [04/Jul/2011:04:45:24 +0000] "GET / HTTP/1.1" 200 1630 "-" "Mozilla/5.0 (compatible; Baiduspider/2.0; +http://www.baidu.com/search/spider.html)"
220.181.108.81 - - [04/Jul/2011:04:46:09 +0000] "GET / HTTP/1.1" 200 1630 "-" "Mozilla/5.0 (compatible; Baiduspider/2.0; +http://www.baidu.com/search/spider.html)"
123.125.71.36 - - [04/Jul/2011:06:43:57 +0000] "GET / HTTP/1.1" 200 1630 "-" "Mozilla/5.0 (compatible; Baiduspider/2.0; +http://www.baidu.com/search/spider.html)"
220.181.108.78 - - [04/Jul/2011:06:44:44 +0000] "GET / HTTP/1.1" 200 1630 "-" "Mozilla/5.0 (compatible; Baiduspider/2.0; +http://www.baidu.com/search/spider.html)"
173.212.204.226 - - [04/Jul/2011:08:48:24 +0000] "GET / HTTP/1.0" 200 1630 "-" "Mozilla/4.0 (compatible; MSIE 6.0; Windows NT 5.0; .NET CLR 1.0.3705; .NET CLR 1.1.4322)"
174.129.117.237 - - [04/Jul/2011:09:44:52 +0000] "HEAD / HTTP/1.1" 200 280 "-" "Mozilla/5.0 (Windows; U; Windows NT 5.1; en-US) AppleWebKit/525.13 (KHTML, like Gecko) Chrome/0.A.B.C Safari/525.13"
77.88.31.248 - - [04/Jul/2011:10:17:26 +0000] "GET /robots.txt HTTP/1.1" 404 537 "-" "Mozilla/5.0 (compatible; YandexBot/3.0; +http://yandex.com/bots)"
123.125.71.27 - - [04/Jul/2011:10:44:38 +0000] "GET / HTTP/1.1" 200 1630 "-" "Mozilla/5.0 (compatible; Baiduspider/2.0; +http://www.baidu.com/search/spider.html)"
220.181.108.77 - - [04/Jul/2011:10:45:22 +0000] "GET / HTTP/1.1" 200 1630 "-" "Mozilla/5.0 (compatible; Baiduspider/2.0; +http://www.baidu.com/search/spider.html)"
124.115.6.13 - - [04/Jul/2011:10:56:37 +0000] "GET /robots.txt HTTP/1.1" 404 508 "-" "Sosospider+(+http://help.soso.com/webspider.htm)"
123.125.71.35 - - [04/Jul/2011:11:11:06 +0000] "GET / HTTP/1.1" 200 955 "-" "Mozilla/5.0 (compatible; Baiduspider/2.0; +http://www.baidu.com/search/spider.html)"
124.115.0.163 - - [04/Jul/2011:11:47:11 +0000] "GET / HTTP/1.1" 200 993 "-" "Sosospider+(+http://help.soso.com/webspider.htm)"
66.249.71.198 - - [04/Jul/2011:12:43:43 +0000] "GET /robots.txt HTTP/1.1" 404 508 "-" "Mozilla/5.0 (compatible; Googlebot/2.1; +http://www.google.com/bot.html)"
66.249.71.198 - - [04/Jul/2011:12:43:43 +0000] "GET /?feed=rss2&p=1 HTTP/1.1" 304 208 "-" "Mozilla/5.0 (compatible; Googlebot/2.1; +http://www.google.com/bot.html)"
77.88.31.248 - - [04/Jul/2011:13:25:08 +0000] "GET / HTTP/1.1" 200 993 "-" "Mozilla/5.0 (compatible; YandexBot/3.0; +http://yandex.com/bots)"
93.158.147.8 - - [04/Jul/2011:14:22:15 +0000] "GET /robots.txt HTTP/1.1" 404 533 "-" "Mozilla/5.0 (compatible; YandexBot/3.0; +http://yandex.com/bots)"
93.158.147.8 - - [04/Jul/2011:14:22:16 +0000] "GET /robots.txt HTTP/1.1" 404 537 "-" "Mozilla/5.0 (compatible; YandexBot/3.0; +http://yandex.com/bots)"
93.158.147.8 - - [04/Jul/2011:14:22:18 +0000] "GET / HTTP/1.1" 200 992 "-" "Mozilla/5.0 (compatible; YandexBot/3.0; +http://yandex.com/bots)"
93.158.147.8 - - [04/Jul/2011:14:22:18 +0000] "GET / HTTP/1.1" 200 992 "-" "Mozilla/5.0 (compatible; YandexBot/3.0; +http://yandex.com/bots)"
93.158.147.8 - - [04/Jul/2011:14:22:19 +0000] "GET / HTTP/1.1" 200 992 "-" "Mozilla/5.0 (compatible; YandexBot/3.0; +http://yandex.com/bots)"
93.158.147.8 - - [04/Jul/2011:14:22:19 +0000] "GET / HTTP/1.1" 200 992 "-" "Mozilla/5.0 (compatible; YandexBot/3.0; +http://yandex.com/bots)"
200.214.55.50 - - [04/Jul/2011:15:00:49 +0000] "GET /plugins/editors/tinymce/jscripts/tiny_mce/plugins/tinybrowser/upload.php HTTP/1.0" 404 588 "-" "Mozilla/5.0 (Windows; U; Windows NT 6.1; en; rv:1.9.2.13) Gecko/20101203 Firefox/3.6.13"
213.197.182.78 - - [04/Jul/2011:15:00:53 +0000] "GET /plugins/editors/tinymce/jscripts/tiny_mce/plugins/tinybrowser/upload.php HTTP/1.0" 404 591 "-" "Mozilla/5.0 (Windows; U; Windows NT 6.1; en; rv:1.9.2.13) Gecko/20101203 Firefox/3.6.13"
187.115.68.226 - - [04/Jul/2011:15:01:06 +0000] "GET /wp-content/plugins/simple-forum/editors/tinymce/plugins/tinybrowser/upload.php HTTP/1.0" 404 556 "-" "Mozilla/5.0 (Windows; U; Windows NT 6.1; en; rv:1.9.2.13) Gecko/20101203 Firefox/3.6.13"
123.125.71.16 - - [04/Jul/2011:15:45:53 +0000] "GET / HTTP/1.1" 200 1630 "-" "Mozilla/5.0 (compatible; Baiduspider/2.0; +http://www.baidu.com/search/spider.html)"
220.181.108.89 - - [04/Jul/2011:15:46:37 +0000] "GET / HTTP/1.1" 200 1630 "-" "Mozilla/5.0 (compatible; Baiduspider/2.0; +http://www.baidu.com/search/spider.html)"
123.125.71.20 - - [04/Jul/2011:17:00:35 +0000] "GET / HTTP/1.1" 200 1630 "-" "Mozilla/5.0 (compatible; Baiduspider/2.0; +http://www.baidu.com/search/spider.html)"
220.181.108.81 - - [04/Jul/2011:17:01:42 +0000] "GET / HTTP/1.1" 200 1630 "-" "Mozilla/5.0 (compatible; Baiduspider/2.0; +http://www.baidu.com/search/spider.html)"
123.125.71.30 - - [04/Jul/2011:17:47:49 +0000] "GET / HTTP/1.1" 200 1630 "-" "Mozilla/5.0 (compatible; Baiduspider/2.0; +http://www.baidu.com/search/spider.html)"
220.181.108.96 - - [04/Jul/2011:17:48:34 +0000] "GET / HTTP/1.1" 200 1630 "-" "Mozilla/5.0 (compatible; Baiduspider/2.0; +http://www.baidu.com/search/spider.html)"
123.125.71.14 - - [04/Jul/2011:19:44:51 +0000] "GET / HTTP/1.1" 200 1630 "-" "Mozilla/5.0 (compatible; Baiduspider/2.0; +http://www.baidu.com/search/spider.html)"
220.181.108.96 - - [04/Jul/2011:19:45:33 +0000] "GET / HTTP/1.1" 200 1630 "-" "Mozilla/5.0 (compatible; Baiduspider/2.0; +http://www.baidu.com/search/spider.html)"
124.115.4.197 - - [04/Jul/2011:20:05:14 +0000] "GET / HTTP/1.1" 200 993 "-" "Sosospider+(+http://help.soso.com/webspider.htm)"
123.125.71.30 - - [04/Jul/2011:20:44:38 +0000] "GET / HTTP/1.1" 200 1630 "-" "Mozilla/5.0 (compatible; Baiduspider/2.0; +http://www.baidu.com/search/spider.html)"
220.181.108.88 - - [04/Jul/2011:20:45:21 +0000] "GET / HTTP/1.1" 200 1630 "-" "Mozilla/5.0 (compatible; Baiduspider/2.0; +http://www.baidu.com/search/spider.html)"
123.125.71.13 - - [04/Jul/2011:23:45:09 +0000] "GET / HTTP/1.1" 200 1630 "-" "Mozilla/5.0 (compatible; Baiduspider/2.0; +http://www.baidu.com/search/spider.html)"
220.181.108.90 - - [04/Jul/2011:23:45:55 +0000] "GET / HTTP/1.1" 200 1630 "-" "Mozilla/5.0 (compatible; Baiduspider/2.0; +http://www.baidu.com/search/spider.html)"
123.125.71.18 - - [05/Jul/2011:00:45:44 +0000] "GET / HTTP/1.1" 200 1630 "-" "Mozilla/5.0 (compatible; Baiduspider/2.0; +http://www.baidu.com/search/spider.html)"
220.181.108.86 - - [05/Jul/2011:00:46:28 +0000] "GET / HTTP/1.1" 200 1630 "-" "Mozilla/5.0 (compatible; Baiduspider/2.0; +http://www.baidu.com/search/spider.html)"
208.80.194.28 - - [05/Jul/2011:01:50:36 +0000] "GET / HTTP/1.0" 200 1630 "-" "Mozilla/4.0 (compatible; MSIE 7.0; Windows NT 5.1; .NET CLR 1.0.3705; .NET CLR 1.1.4322; Media Center PC 4.0; .NET CLR 2.0.50727; InfoPath.1; Media Center PC 3.0; .NET CLR 3.0.04506.30)"
38.100.21.19 - - [05/Jul/2011:02:33:01 +0000] "GET / HTTP/1.1" 200 1668 "-" "Mozilla/4.0 (compatible; MSIE 7.0; Windows NT 5.2)"
124.115.4.197 - - [05/Jul/2011:04:41:45 +0000] "GET / HTTP/1.1" 200 993 "-" "Sosospider+(+http://help.soso.com/webspider.htm)"
123.125.71.23 - - [05/Jul/2011:04:45:04 +0000] "GET / HTTP/1.1" 200 1630 "-" "Mozilla/5.0 (compatible; Baiduspider/2.0; +http://www.baidu.com/search/spider.html)"
220.181.108.86 - - [05/Jul/2011:04:45:39 +0000] "GET / HTTP/1.1" 200 1630 "-" "Mozilla/5.0 (compatible; Baiduspider/2.0; +http://www.baidu.com/search/spider.html)"
174.129.117.237 - - [05/Jul/2011:04:50:03 +0000] "HEAD / HTTP/1.1" 200 280 "-" "Mozilla/5.0 (Windows; U; Windows NT 5.1; en-US) AppleWebKit/525.13 (KHTML, like Gecko) Chrome/0.A.B.C Safari/525.13"
123.125.71.28 - - [05/Jul/2011:10:45:13 +0000] "GET / HTTP/1.1" 200 1630 "-" "Mozilla/5.0 (compatible; Baiduspider/2.0; +http://www.baidu.com/search/spider.html)"
220.181.108.95 - - [05/Jul/2011:10:45:54 +0000] "GET / HTTP/1.1" 200 1630 "-" "Mozilla/5.0 (compatible; Baiduspider/2.0; +http://www.baidu.com/search/spider.html)"
64.246.165.50 - - [05/Jul/2011:11:41:02 +0000] "GET /robots.txt HTTP/1.0" 404 492 "-" "Mozilla/5.0 (Windows; U; Windows NT 5.1; en; rv:1.9.0.13) Gecko/2009073022 Firefox/3.5.2 (.NET CLR 3.5.30729) SurveyBot/2.3 (DomainTools)"
64.246.165.50 - - [05/Jul/2011:11:41:02 +0000] "GET / HTTP/1.1" 200 955 "http://whois.domaintools.com/cafink.name" "Mozilla/5.0 (Windows; U; Windows NT 5.1; en; rv:1.9.0.13) Gecko/2009073022 Firefox/3.5.2 (.NET CLR 3.5.30729) SurveyBot/2.3 (DomainTools)"
66.249.71.27 - - [05/Jul/2011:11:53:26 +0000] "GET /robots.txt HTTP/1.1" 404 503 "-" "Mozilla/5.0 (compatible; Googlebot/2.1; +http://www.google.com/bot.html)"
66.249.71.27 - - [05/Jul/2011:11:53:26 +0000] "GET / HTTP/1.1" 304 208 "-" "Mozilla/5.0 (compatible; Googlebot/2.1; +http://www.google.com/bot.html)"
95.108.150.235 - - [05/Jul/2011:12:30:08 +0000] "GET /robots.txt HTTP/1.1" 404 533 "-" "Mozilla/5.0 (compatible; YandexBot/3.0; +http://yandex.com/bots)"
95.108.150.235 - - [05/Jul/2011:12:30:08 +0000] "GET /robots.txt HTTP/1.1" 404 537 "-" "Mozilla/5.0 (compatible; YandexBot/3.0; +http://yandex.com/bots)"
95.108.150.235 - - [05/Jul/2011:12:30:09 +0000] "GET / HTTP/1.1" 200 992 "-" "Mozilla/5.0 (compatible; YandexBot/3.0; +http://yandex.com/bots)"
95.108.150.235 - - [05/Jul/2011:12:30:09 +0000] "GET / HTTP/1.1" 200 992 "-" "Mozilla/5.0 (compatible; YandexBot/3.0; +http://yandex.com/bots)"
95.108.150.235 - - [05/Jul/2011:12:30:10 +0000] "GET / HTTP/1.1" 200 992 "-" "Mozilla/5.0 (compatible; YandexBot/3.0; +http://yandex.com/bots)"
95.108.150.235 - - [05/Jul/2011:12:30:10 +0000] "GET / HTTP/1.1" 200 992 "-" "Mozilla/5.0 (compatible; YandexBot/3.0; +http://yandex.com/bots)"
123.125.71.35 - - [05/Jul/2011:12:44:24 +0000] "GET / HTTP/1.1" 200 1630 "-" "Mozilla/5.0 (compatible; Baiduspider/2.0; +http://www.baidu.com/search/spider.html)"
220.181.108.90 - - [05/Jul/2011:12:45:08 +0000] "GET / HTTP/1.1" 200 1630 "-" "Mozilla/5.0 (compatible; Baiduspider/2.0; +http://www.baidu.com/search/spider.html)"
64.246.187.42 - - [05/Jul/2011:13:35:04 +0000] "GET /robots.txt HTTP/1.0" 404 494 "-" "Mozilla/5.0 (Windows; U; Windows NT 5.1; en; rv:1.9.0.13) Gecko/2009073022 Firefox/3.5.2 (.NET CLR 3.5.30729) SurveyBot/2.3 (DomainTools)"
64.246.187.42 - - [05/Jul/2011:13:35:04 +0000] "GET / HTTP/1.1" 200 955 "http://whois.domaintools.com/carlfink.name" "Mozilla/5.0 (Windows; U; Windows NT 5.1; en; rv:1.9.0.13) Gecko/2009073022 Firefox/3.5.2 (.NET CLR 3.5.30729) SurveyBot/2.3 (DomainTools)"
220.181.108.89 - - [05/Jul/2011:13:44:41 +0000] "GET / HTTP/1.1" 200 1630 "-" "Mozilla/5.0 (compatible; Baiduspider/2.0; +http://www.baidu.com/search/spider.html)"
124.115.6.13 - - [05/Jul/2011:13:53:17 +0000] "GET /robots.txt HTTP/1.1" 404 508 "-" "Sosospider+(+http://help.soso.com/webspider.htm)"
64.246.165.210 - - [05/Jul/2011:14:10:57 +0000] "GET /robots.txt HTTP/1.0" 404 495 "-" "Mozilla/5.0 (Windows; U; Windows NT 5.1; en; rv:1.9.0.13) Gecko/2009073022 Firefox/3.5.2 (.NET CLR 3.5.30729) SurveyBot/2.3 (DomainTools)"
64.246.165.210 - - [05/Jul/2011:14:10:57 +0000] "GET / HTTP/1.1" 200 955 "http://whois.domaintools.com/carl-fink.name" "Mozilla/5.0 (Windows; U; Windows NT 5.1; en; rv:1.9.0.13) Gecko/2009073022 Firefox/3.5.2 (.NET CLR 3.5.30729) SurveyBot/2.3 (DomainTools)"
123.125.71.24 - - [05/Jul/2011:17:01:46 +0000] "GET / HTTP/1.1" 200 1630 "-" "Mozilla/5.0 (compatible; Baiduspider/2.0; +http://www.baidu.com/search/spider.html)"
220.181.108.81 - - [05/Jul/2011:17:02:53 +0000] "GET / HTTP/1.1" 200 1630 "-" "Mozilla/5.0 (compatible; Baiduspider/2.0; +http://www.baidu.com/search/spider.html)"
124.115.0.163 - - [05/Jul/2011:17:42:35 +0000] "GET / HTTP/1.1" 200 993 "-" "Sosospider+(+http://help.soso.com/webspider.htm)"
66.249.71.5 - - [05/Jul/2011:17:44:40 +0000] "GET /robots.txt HTTP/1.1" 404 511 "-" "Mozilla/5.0 (compatible; Googlebot/2.1; +http://www.google.com/bot.html)"
66.249.71.5 - - [05/Jul/2011:17:44:40 +0000] "GET / HTTP/1.1" 304 208 "-" "Mozilla/5.0 (compatible; Googlebot/2.1; +http://www.google.com/bot.html)"
123.125.71.19 - - [05/Jul/2011:18:46:10 +0000] "GET / HTTP/1.1" 200 1630 "-" "Mozilla/5.0 (compatible; Baiduspider/2.0; +http://www.baidu.com/search/spider.html)"
220.181.108.77 - - [05/Jul/2011:18:46:55 +0000] "GET / HTTP/1.1" 200 1630 "-" "Mozilla/5.0 (compatible; Baiduspider/2.0; +http://www.baidu.com/search/spider.html)"
123.125.71.35 - - [05/Jul/2011:20:44:04 +0000] "GET / HTTP/1.1" 200 1630 "-" "Mozilla/5.0 (compatible; Baiduspider/2.0; +http://www.baidu.com/search/spider.html)"
220.181.108.93 - - [05/Jul/2011:20:44:48 +0000] "GET / HTTP/1.1" 200 1630 "-" "Mozilla/5.0 (compatible; Baiduspider/2.0; +http://www.baidu.com/search/spider.html)"
123.125.71.20 - - [05/Jul/2011:22:45:01 +0000] "GET / HTTP/1.1" 200 1630 "-" "Mozilla/5.0 (compatible; Baiduspider/2.0; +http://www.baidu.com/search/spider.html)"
220.181.108.81 - - [05/Jul/2011:22:45:45 +0000] "GET / HTTP/1.1" 200 1630 "-" "Mozilla/5.0 (compatible; Baiduspider/2.0; +http://www.baidu.com/search/spider.html)"
81.52.143.16 - - [05/Jul/2011:22:58:57 +0000] "GET /robots.txt HTTP/1.1" 404 472 "-" "Mozilla/5.0 (Windows; U; Windows NT 5.1; fr; rv:1.8.1) VoilaBot BETA 1.2 (support.voilabot@orange-ftgroup.com)"
81.52.143.16 - - [05/Jul/2011:22:59:08 +0000] "GET / HTTP/1.1" 200 955 "-" "Mozilla/5.0 (Windows; U; Windows NT 5.1; fr; rv:1.8.1) VoilaBot BETA 1.2 (support.voilabot@orange-ftgroup.com)"
66.249.71.198 - - [05/Jul/2011:23:39:43 +0000] "GET /robots.txt HTTP/1.1" 404 508 "-" "Mozilla/5.0 (compatible; Googlebot/2.1; +http://www.google.com/bot.html)"
66.249.71.198 - - [05/Jul/2011:23:39:43 +0000] "GET / HTTP/1.1" 200 992 "-" "Mozilla/5.0 (compatible; Googlebot/2.1; +http://www.google.com/bot.html)"
123.125.71.25 - - [06/Jul/2011:00:45:25 +0000] "GET / HTTP/1.1" 200 1630 "-" "Mozilla/5.0 (compatible; Baiduspider/2.0; +http://www.baidu.com/search/spider.html)"
220.181.108.83 - - [06/Jul/2011:00:46:09 +0000] "GET / HTTP/1.1" 200 1630 "-" "Mozilla/5.0 (compatible; Baiduspider/2.0; +http://www.baidu.com/search/spider.html)"
124.115.0.28 - - [06/Jul/2011:02:12:31 +0000] "GET / HTTP/1.1" 200 993 "-" "Sosospider+(+http://help.soso.com/webspider.htm)"
123.125.71.17 - - [06/Jul/2011:02:45:03 +0000] "GET / HTTP/1.1" 200 1630 "-" "Mozilla/5.0 (compatible; Baiduspider/2.0; +http://www.baidu.com/search/spider.html)"
220.181.108.84 - - [06/Jul/2011:02:45:45 +0000] "GET / HTTP/1.1" 200 1630 "-" "Mozilla/5.0 (compatible; Baiduspider/2.0; +http://www.baidu.com/search/spider.html)"
123.125.71.30 - - [06/Jul/2011:04:02:06 +0000] "GET / HTTP/1.1" 200 955 "-" "Mozilla/5.0 (compatible; Baiduspider/2.0; +http://www.baidu.com/search/spider.html)"
66.249.71.198 - - [06/Jul/2011:05:35:18 +0000] "GET /?feed=rss2&p=3 HTTP/1.1" 304 209 "-" "Mozilla/5.0 (compatible; Googlebot/2.1; +http://www.google.com/bot.html)"
38.101.148.126 - - [06/Jul/2011:06:06:21 +0000] "GET /robots.txt HTTP/1.1" 404 472 "-" "Mozilla/5.0 (compatible; discobot/1.1; +http://discoveryengine.com/discobot.html)"
69.58.178.56 - - [06/Jul/2011:06:36:45 +0000] "GET /robots.txt HTTP/1.1" 404 480 "-" "Mozilla/5.0 (X11; U; Linux i686; en-US; rv:1.9.1.3; ips-agent) Gecko/20090824 Fedora/1.0.7-1.1.fc4 Firefox/3.5.3"
69.58.178.56 - - [06/Jul/2011:06:36:47 +0000] "GET / HTTP/1.1" 200 1637 "-" "Mozilla/5.0 (X11; U; Linux i686; en-US; rv:1.9.1.3; ips-agent) Gecko/20090824 Fedora/1.0.7-1.1.fc4 Firefox/3.5.3"
69.58.178.56 - - [06/Jul/2011:06:40:34 +0000] "GET / HTTP/1.1" 200 1637 "-" "Mozilla/5.0 (X11; U; Linux i686; en-US; rv:1.9.1.3; ips-agent) Gecko/20090824 Fedora/1.0.7-1.1.fc4 Firefox/3.5.3"
123.125.71.30 - - [06/Jul/2011:06:43:53 +0000] "GET / HTTP/1.1" 200 1630 "-" "Mozilla/5.0 (compatible; Baiduspider/2.0; +http://www.baidu.com/search/spider.html)"
220.181.108.76 - - [06/Jul/2011:06:44:38 +0000] "GET / HTTP/1.1" 200 1630 "-" "Mozilla/5.0 (compatible; Baiduspider/2.0; +http://www.baidu.com/search/spider.html)"
123.125.71.35 - - [06/Jul/2011:07:44:03 +0000] "GET / HTTP/1.1" 200 1630 "-" "Mozilla/5.0 (compatible; Baiduspider/2.0; +http://www.baidu.com/search/spider.html)"
220.181.108.80 - - [06/Jul/2011:07:44:45 +0000] "GET / HTTP/1.1" 200 1630 "-" "Mozilla/5.0 (compatible; Baiduspider/2.0; +http://www.baidu.com/search/spider.html)"
123.125.71.32 - - [06/Jul/2011:08:44:38 +0000] "GET / HTTP/1.1" 200 1630 "-" "Mozilla/5.0 (compatible; Baiduspider/2.0; +http://www.baidu.com/search/spider.html)"
220.181.108.94 - - [06/Jul/2011:08:45:22 +0000] "GET / HTTP/1.1" 200 1630 "-" "Mozilla/5.0 (compatible; Baiduspider/2.0; +http://www.baidu.com/search/spider.html)"
123.125.71.21 - - [06/Jul/2011:09:44:57 +0000] "GET / HTTP/1.1" 200 1630 "-" "Mozilla/5.0 (compatible; Baiduspider/2.0; +http://www.baidu.com/search/spider.html)"
220.181.108.75 - - [06/Jul/2011:09:45:41 +0000] "GET / HTTP/1.1" 200 1630 "-" "Mozilla/5.0 (compatible; Baiduspider/2.0; +http://www.baidu.com/search/spider.html)"
123.125.71.29 - - [06/Jul/2011:10:44:40 +0000] "GET / HTTP/1.1" 200 1630 "-" "Mozilla/5.0 (compatible; Baiduspider/2.0; +http://www.baidu.com/search/spider.html)"
220.181.108.82 - - [06/Jul/2011:10:45:23 +0000] "GET / HTTP/1.1" 200 1630 "-" "Mozilla/5.0 (compatible; Baiduspider/2.0; +http://www.baidu.com/search/spider.html)"
66.249.71.198 - - [06/Jul/2011:11:26:40 +0000] "GET /?feed=rss2&p=1 HTTP/1.1" 304 209 "-" "Mozilla/5.0 (compatible; Googlebot/2.1; +http://www.google.com/bot.html)"
124.115.0.163 - - [06/Jul/2011:11:30:38 +0000] "GET / HTTP/1.1" 200 993 "-" "Sosospider+(+http://help.soso.com/webspider.htm)"
123.125.71.31 - - [06/Jul/2011:12:44:37 +0000] "GET / HTTP/1.1" 200 1630 "-" "Mozilla/5.0 (compatible; Baiduspider/2.0; +http://www.baidu.com/search/spider.html)"
220.181.108.82 - - [06/Jul/2011:12:45:18 +0000] "GET / HTTP/1.1" 200 1630 "-" "Mozilla/5.0 (compatible; Baiduspider/2.0; +http://www.baidu.com/search/spider.html)"
123.125.71.27 - - [06/Jul/2011:14:44:53 +0000] "GET / HTTP/1.1" 200 1630 "-" "Mozilla/5.0 (compatible; Baiduspider/2.0; +http://www.baidu.com/search/spider.html)"
220.181.108.94 - - [06/Jul/2011:14:45:32 +0000] "GET / HTTP/1.1" 200 1630 "-" "Mozilla/5.0 (compatible; Baiduspider/2.0; +http://www.baidu.com/search/spider.html)"
124.115.6.13 - - [06/Jul/2011:16:50:58 +0000] "GET /robots.txt HTTP/1.1" 404 508 "-" "Sosospider+(+http://help.soso.com/webspider.htm)"
123.125.71.35 - - [06/Jul/2011:17:02:07 +0000] "GET / HTTP/1.1" 200 1630 "-" "Mozilla/5.0 (compatible; Baiduspider/2.0; +http://www.baidu.com/search/spider.html)"
220.181.108.89 - - [06/Jul/2011:17:03:14 +0000] "GET / HTTP/1.1" 200 1630 "-" "Mozilla/5.0 (compatible; Baiduspider/2.0; +http://www.baidu.com/search/spider.html)"
208.80.194.26 - - [06/Jul/2011:17:26:32 +0000] "GET / HTTP/1.0" 200 1630 "-" "Mozilla/4.0 (compatible; MSIE 6.0; Windows NT 5.1; SV1; MSN 6.1; MSNbMSFT; MSNmen-us; MSNc22)"
123.125.71.26 - - [06/Jul/2011:19:44:52 +0000] "GET / HTTP/1.1" 200 1630 "-" "Mozilla/5.0 (compatible; Baiduspider/2.0; +http://www.baidu.com/search/spider.html)"
220.181.108.77 - - [06/Jul/2011:19:45:36 +0000] "GET / HTTP/1.1" 200 1630 "-" "Mozilla/5.0 (compatible; Baiduspider/2.0; +http://www.baidu.com/search/spider.html)"
124.115.0.163 - - [06/Jul/2011:19:55:17 +0000] "GET / HTTP/1.1" 200 993 "-" "Sosospider+(+http://help.soso.com/webspider.htm)"
208.80.194.28 - - [06/Jul/2011:22:43:07 +0000] "GET / HTTP/1.0" 200 1630 "-" "Mozilla/4.0 (compatible; MSIE 6.0; Windows NT 5.1; {D6EDF7C4-84F1-45C8-885B-28F5F48B27C5}; SV1; .NET CLR 1.1.4322)"
77.88.31.248 - - [06/Jul/2011:23:26:59 +0000] "GET /robots.txt HTTP/1.1" 404 533 "-" "Mozilla/5.0 (compatible; YandexBot/3.0; +http://yandex.com/bots)"
123.125.71.25 - - [06/Jul/2011:23:44:08 +0000] "GET / HTTP/1.1" 200 1630 "-" "Mozilla/5.0 (compatible; Baiduspider/2.0; +http://www.baidu.com/search/spider.html)"
220.181.108.92 - - [06/Jul/2011:23:44:50 +0000] "GET / HTTP/1.1" 200 1630 "-" "Mozilla/5.0 (compatible; Baiduspider/2.0; +http://www.baidu.com/search/spider.html)"
123.125.71.36 - - [07/Jul/2011:00:45:12 +0000] "GET / HTTP/1.1" 200 1630 "-" "Mozilla/5.0 (compatible; Baiduspider/2.0; +http://www.baidu.com/search/spider.html)"
220.181.108.87 - - [07/Jul/2011:00:45:56 +0000] "GET / HTTP/1.1" 200 1630 "-" "Mozilla/5.0 (compatible; Baiduspider/2.0; +http://www.baidu.com/search/spider.html)"
207.46.204.197 - - [07/Jul/2011:02:07:26 +0000] "GET /robots.txt HTTP/1.1" 404 534 "-" "Mozilla/5.0 (compatible; bingbot/2.0; +http://www.bing.com/bingbot.htm)"
207.46.204.197 - - [07/Jul/2011:02:09:43 +0000] "GET / HTTP/1.1" 304 209 "-" "Mozilla/5.0 (compatible; bingbot/2.0; +http://www.bing.com/bingbot.htm)"
123.125.71.24 - - [07/Jul/2011:02:44:18 +0000] "GET / HTTP/1.1" 200 1630 "-" "Mozilla/5.0 (compatible; Baiduspider/2.0; +http://www.baidu.com/search/spider.html)"
220.181.108.95 - - [07/Jul/2011:02:44:58 +0000] "GET / HTTP/1.1" 200 1630 "-" "Mozilla/5.0 (compatible; Baiduspider/2.0; +http://www.baidu.com/search/spider.html)"
123.125.71.20 - - [07/Jul/2011:03:44:46 +0000] "GET / HTTP/1.1" 200 1630 "-" "Mozilla/5.0 (compatible; Baiduspider/2.0; +http://www.baidu.com/search/spider.html)"
220.181.108.78 - - [07/Jul/2011:03:45:30 +0000] "GET / HTTP/1.1" 200 1630 "-" "Mozilla/5.0 (compatible; Baiduspider/2.0; +http://www.baidu.com/search/spider.html)"
123.125.71.19 - - [07/Jul/2011:04:44:39 +0000] "GET / HTTP/1.1" 200 1630 "-" "Mozilla/5.0 (compatible; Baiduspider/2.0; +http://www.baidu.com/search/spider.html)"
220.181.108.92 - - [07/Jul/2011:04:45:21 +0000] "GET / HTTP/1.1" 200 1630 "-" "Mozilla/5.0 (compatible; Baiduspider/2.0; +http://www.baidu.com/search/spider.html)"
124.115.0.163 - - [07/Jul/2011:05:08:12 +0000] "GET / HTTP/1.1" 200 993 "-" "Sosospider+(+http://help.soso.com/webspider.htm)"
220.181.108.86 - - [07/Jul/2011:06:45:19 +0000] "GET / HTTP/1.1" 200 1630 "-" "Mozilla/5.0 (compatible; Baiduspider/2.0; +http://www.baidu.com/search/spider.html)"
123.125.71.20 - - [07/Jul/2011:08:44:44 +0000] "GET / HTTP/1.1" 200 1630 "-" "Mozilla/5.0 (compatible; Baiduspider/2.0; +http://www.baidu.com/search/spider.html)"
220.181.108.92 - - [07/Jul/2011:08:45:28 +0000] "GET / HTTP/1.1" 200 1630 "-" "Mozilla/5.0 (compatible; Baiduspider/2.0; +http://www.baidu.com/search/spider.html)"
123.125.71.30 - - [07/Jul/2011:09:44:49 +0000] "GET / HTTP/1.1" 200 1630 "-" "Mozilla/5.0 (compatible; Baiduspider/2.0; +http://www.baidu.com/search/spider.html)"
220.181.108.95 - - [07/Jul/2011:09:45:32 +0000] "GET / HTTP/1.1" 200 1630 "-" "Mozilla/5.0 (compatible; Baiduspider/2.0; +http://www.baidu.com/search/spider.html)"
123.125.71.36 - - [07/Jul/2011:10:44:38 +0000] "GET / HTTP/1.1" 200 1630 "-" "Mozilla/5.0 (compatible; Baiduspider/2.0; +http://www.baidu.com/search/spider.html)"
220.181.108.78 - - [07/Jul/2011:10:45:22 +0000] "GET / HTTP/1.1" 200 1630 "-" "Mozilla/5.0 (compatible; Baiduspider/2.0; +http://www.baidu.com/search/spider.html)"
66.55.138.243 - - [07/Jul/2011:11:01:15 +0000] "GET / HTTP/1.1" 200 993 "http://www.trafficfaker.com" "Mozilla/5.0 (Windows; U; Windows NT 6.1; en-US; rv:1.9.2.3) Gecko/20100401 Firefox/3.6.3"
123.125.71.30 - - [07/Jul/2011:11:53:37 +0000] "GET / HTTP/1.1" 200 955 "-" "Mozilla/5.0 (compatible; Baiduspider/2.0; +http://www.baidu.com/search/spider.html)"
66.249.71.198 - - [07/Jul/2011:12:15:49 +0000] "GET /robots.txt HTTP/1.1" 404 508 "-" "Mozilla/5.0 (compatible; Googlebot/2.1; +http://www.google.com/bot.html)"
66.249.71.198 - - [07/Jul/2011:12:15:49 +0000] "GET /?feed=rss2&p=1 HTTP/1.1" 304 208 "-" "Mozilla/5.0 (compatible; Googlebot/2.1; +http://www.google.com/bot.html)"
124.115.0.163 - - [07/Jul/2011:12:37:06 +0000] "GET / HTTP/1.1" 200 993 "-" "Sosospider+(+http://help.soso.com/webspider.htm)"
77.88.31.248 - - [07/Jul/2011:13:02:56 +0000] "GET / HTTP/1.1" 200 993 "-" "Mozilla/5.0 (compatible; YandexBot/3.0; +http://yandex.com/bots)"
123.125.71.17 - - [07/Jul/2011:13:43:57 +0000] "GET / HTTP/1.1" 200 1630 "-" "Mozilla/5.0 (compatible; Baiduspider/2.0; +http://www.baidu.com/search/spider.html)"
220.181.108.95 - - [07/Jul/2011:13:44:37 +0000] "GET / HTTP/1.1" 200 1630 "-" "Mozilla/5.0 (compatible; Baiduspider/2.0; +http://www.baidu.com/search/spider.html)"
123.125.71.33 - - [07/Jul/2011:14:45:25 +0000] "GET / HTTP/1.1" 200 1630 "-" "Mozilla/5.0 (compatible; Baiduspider/2.0; +http://www.baidu.com/search/spider.html)"
220.181.108.75 - - [07/Jul/2011:14:46:10 +0000] "GET / HTTP/1.1" 200 1630 "-" "Mozilla/5.0 (compatible; Baiduspider/2.0; +http://www.baidu.com/search/spider.html)"
123.125.71.20 - - [07/Jul/2011:17:02:12 +0000] "GET / HTTP/1.1" 200 1630 "-" "Mozilla/5.0 (compatible; Baiduspider/2.0; +http://www.baidu.com/search/spider.html)"
220.181.108.85 - - [07/Jul/2011:17:03:19 +0000] "GET / HTTP/1.1" 200 1630 "-" "Mozilla/5.0 (compatible; Baiduspider/2.0; +http://www.baidu.com/search/spider.html)"
174.129.117.237 - - [07/Jul/2011:18:32:12 +0000] "HEAD / HTTP/1.1" 200 280 "-" "Mozilla/5.0 (Windows; U; Windows NT 5.1; en-US) AppleWebKit/525.13 (KHTML, like Gecko) Chrome/0.A.B.C Safari/525.13"
123.125.71.22 - - [07/Jul/2011:18:45:31 +0000] "GET / HTTP/1.1" 200 1630 "-" "Mozilla/5.0 (compatible; Baiduspider/2.0; +http://www.baidu.com/search/spider.html)"
