70.180.119.247 - - [21/Feb/2011:21:09:28 +0000] "GET /movies/ HTTP/1.1" 200 798 "-" "Mozilla/5.0 (X11; U; Linux x86_64; en-US) AppleWebKit/534.13 (KHTML, like Gecko) Chrome/9.0.597.98 Safari/534.13"
70.180.119.247 - - [21/Feb/2011:21:09:28 +0000] "GET /icons/blank.gif HTTP/1.1" 304 187 "http://cafink.name/movies/" "Mozilla/5.0 (X11; U; Linux x86_64; en-US) AppleWebKit/534.13 (KHTML, like Gecko) Chrome/9.0.597.98 Safari/534.13"
70.180.119.247 - - [21/Feb/2011:21:09:28 +0000] "GET /icons/back.gif HTTP/1.1" 304 187 "http://cafink.name/movies/" "Mozilla/5.0 (X11; U; Linux x86_64; en-US) AppleWebKit/534.13 (KHTML, like Gecko) Chrome/9.0.597.98 Safari/534.13"
70.180.119.247 - - [21/Feb/2011:21:09:28 +0000] "GET /icons/text.gif HTTP/1.1" 304 187 "http://cafink.name/movies/" "Mozilla/5.0 (X11; U; Linux x86_64; en-US) AppleWebKit/534.13 (KHTML, like Gecko) Chrome/9.0.597.98 Safari/534.13"
70.180.119.247 - - [21/Feb/2011:21:09:28 +0000] "GET /favicon.ico HTTP/1.1" 404 503 "-" "Mozilla/5.0 (X11; U; Linux x86_64; en-US) AppleWebKit/534.13 (KHTML, like Gecko) Chrome/9.0.597.98 Safari/534.13"
70.180.119.247 - - [21/Feb/2011:21:09:28 +0000] "GET /movies/ HTTP/1.1" 200 798 "-" "Mozilla/5.0 (X11; U; Linux x86_64; en-US) AppleWebKit/534.13 (KHTML, like Gecko) Chrome/9.0.597.98 Safari/534.13"
70.180.119.247 - - [21/Feb/2011:21:09:28 +0000] "GET /icons/back.gif HTTP/1.1" 304 188 "http://cafink.name/movies/" "Mozilla/5.0 (X11; U; Linux x86_64; en-US) AppleWebKit/534.13 (KHTML, like Gecko) Chrome/9.0.597.98 Safari/534.13"
70.180.119.247 - - [21/Feb/2011:21:09:28 +0000] "GET /icons/blank.gif HTTP/1.1" 304 187 "http://cafink.name/movies/" "Mozilla/5.0 (X11; U; Linux x86_64; en-US) AppleWebKit/534.13 (KHTML, like Gecko) Chrome/9.0.597.98 Safari/534.13"
70.180.119.247 - - [21/Feb/2011:21:09:28 +0000] "GET /icons/text.gif HTTP/1.1" 304 188 "http://cafink.name/movies/" "Mozilla/5.0 (X11; U; Linux x86_64; en-US) AppleWebKit/534.13 (KHTML, like Gecko) Chrome/9.0.597.98 Safari/534.13"
70.180.119.247 - - [21/Feb/2011:21:09:28 +0000] "GET /favicon.ico HTTP/1.1" 404 503 "-" "Mozilla/5.0 (X11; U; Linux x86_64; en-US) AppleWebKit/534.13 (KHTML, like Gecko) Chrome/9.0.597.98 Safari/534.13"
70.180.119.247 - - [21/Feb/2011:21:09:28 +0000] "GET /favicon.ico HTTP/1.1" 404 503 "-" "Mozilla/5.0 (X11; U; Linux x86_64; en-US) AppleWebKit/534.13 (KHTML, like Gecko) Chrome/9.0.597.98 Safari/534.13"
208.115.111.73 - - [21/Feb/2011:21:51:47 +0000] "GET /robots.txt HTTP/1.1" 404 480 "-" "Mozilla/5.0 (compatible; Ezooms/1.0; ezooms.bot@gmail.com)"
123.125.71.16 - - [21/Feb/2011:22:32:38 +0000] "GET / HTTP/1.1" 200 1630 "-" "Baiduspider+(+http://www.baidu.com/search/spider.htm)"
220.181.108.78 - - [21/Feb/2011:22:33:01 +0000] "GET / HTTP/1.1" 200 1630 "-" "Baiduspider+(+http://www.baidu.com/search/spider.htm)"
70.180.119.247 - - [21/Feb/2011:22:38:57 +0000] "GET /movies/television_dvd.txt HTTP/1.1" 200 1471 "-" "Mozilla/5.0 (X11; U; Linux x86_64; en-US) AppleWebKit/534.13 (KHTML, like Gecko) Chrome/9.0.597.98 Safari/534.13"
70.180.119.247 - - [21/Feb/2011:22:38:57 +0000] "GET /favicon.ico HTTP/1.1" 404 503 "-" "Mozilla/5.0 (X11; U; Linux x86_64; en-US) AppleWebKit/534.13 (KHTML, like Gecko) Chrome/9.0.597.98 Safari/534.13"
208.115.111.73 - - [21/Feb/2011:22:48:34 +0000] "GET / HTTP/1.1" 200 1637 "-" "Mozilla/5.0 (compatible; Ezooms/1.0; ezooms.bot@gmail.com)"
124.115.0.163 - - [21/Feb/2011:23:54:57 +0000] "GET / HTTP/1.1" 200 993 "-" "Sosospider+(+http://help.soso.com/webspider.htm)"
123.125.71.24 - - [22/Feb/2011:00:32:50 +0000] "GET / HTTP/1.1" 200 1630 "-" "Baiduspider+(+http://www.baidu.com/search/spider.htm)"
220.181.108.91 - - [22/Feb/2011:00:33:13 +0000] "GET / HTTP/1.1" 200 1630 "-" "Baiduspider+(+http://www.baidu.com/search/spider.htm)"
123.125.71.21 - - [22/Feb/2011:01:32:03 +0000] "GET / HTTP/1.1" 200 1630 "-" "Baiduspider+(+http://www.baidu.com/search/spider.htm)"
220.181.108.80 - - [22/Feb/2011:01:32:24 +0000] "GET / HTTP/1.1" 200 1630 "-" "Baiduspider+(+http://www.baidu.com/search/spider.htm)"
123.125.71.15 - - [22/Feb/2011:02:33:06 +0000] "GET / HTTP/1.1" 200 1630 "-" "Baiduspider+(+http://www.baidu.com/search/spider.htm)"
220.181.108.92 - - [22/Feb/2011:02:33:30 +0000] "GET / HTTP/1.1" 200 1630 "-" "Baiduspider+(+http://www.baidu.com/search/spider.htm)"
123.125.71.24 - - [22/Feb/2011:02:38:25 +0000] "GET / HTTP/1.1" 304 171 "-" "Baiduspider+(+http://www.baidu.com/search/spider.htm)"
66.249.72.6 - - [22/Feb/2011:02:52:12 +0000] "GET /robots.txt HTTP/1.1" 404 508 "-" "Mozilla/5.0 (compatible; Googlebot/2.1; +http://www.google.com/bot.html)"
66.249.72.6 - - [22/Feb/2011:02:52:12 +0000] "GET / HTTP/1.1" 200 992 "-" "Mozilla/5.0 (compatible; Googlebot/2.1; +http://www.google.com/bot.html)"
69.74.233.66 - - [22/Feb/2011:03:16:19 +0000] "GET /movies/features_blu-ray.txt HTTP/1.1" 304 211 "-" "Mozilla/4.0 (compatible;)"
123.125.71.13 - - [22/Feb/2011:04:33:01 +0000] "GET / HTTP/1.1" 200 1630 "-" "Baiduspider+(+http://www.baidu.com/search/spider.htm)"
69.28.58.10 - - [22/Feb/2011:04:33:13 +0000] "GET / HTTP/1.1" 200 1630 "-" "Wget/1.9+cvs-stable (Red Hat modified)"
220.181.108.91 - - [22/Feb/2011:04:33:25 +0000] "GET / HTTP/1.1" 200 1630 "-" "Baiduspider+(+http://www.baidu.com/search/spider.htm)"
69.28.58.4 - - [22/Feb/2011:04:35:02 +0000] "GET /robots.txt HTTP/1.0" 404 495 "http://insectpolitics.com/robots.txt" "HuaweiSymantecSpider/1.0+DSE-support@huaweisymantec.com+(compatible; MSIE 7.0; Windows NT 5.1; Trident/4.0; .NET CLR 2.0.50727; .NET CLR 3.0.4506.2152; .NET CLR ; http://www.huaweisymantec.com/en/IRL/spider)"
69.28.58.4 - - [22/Feb/2011:04:35:02 +0000] "GET / HTTP/1.0" 200 1630 "http://insectpolitics.com/" "HuaweiSymantecSpider/1.0+DSE-support@huaweisymantec.com+(compatible; MSIE 7.0; Windows NT 5.1; Trident/4.0; .NET CLR 2.0.50727; .NET CLR 3.0.4506.2152; .NET CLR ; http://www.huaweisymantec.com/en/IRL/spider)"
157.55.50.13 - - [22/Feb/2011:05:31:43 +0000] "GET /robots.txt HTTP/1.1" 404 533 "-" "Mozilla/5.0 (compatible; bingbot/2.0; +http://www.bing.com/bingbot.htm)"
124.115.0.163 - - [22/Feb/2011:07:52:11 +0000] "GET / HTTP/1.1" 200 993 "-" "Sosospider+(+http://help.soso.com/webspider.htm)"
65.52.51.180 - - [22/Feb/2011:07:57:17 +0000] "GET /robots.txt HTTP/1.1" 404 533 "-" "Mozilla/5.0 (compatible; bingbot/2.0; +http://www.bing.com/bingbot.htm)"
65.52.51.178 - - [22/Feb/2011:09:17:40 +0000] "GET /robots.txt HTTP/1.1" 404 533 "-" "Mozilla/5.0 (compatible; bingbot/2.0; +http://www.bing.com/bingbot.htm)"
123.125.71.22 - - [22/Feb/2011:09:32:32 +0000] "GET / HTTP/1.1" 200 1630 "-" "Baiduspider+(+http://www.baidu.com/search/spider.htm)"
220.181.108.80 - - [22/Feb/2011:09:32:53 +0000] "GET / HTTP/1.1" 200 1630 "-" "Baiduspider+(+http://www.baidu.com/search/spider.htm)"
123.125.71.25 - - [22/Feb/2011:10:31:19 +0000] "GET / HTTP/1.1" 200 1630 "-" "Baiduspider+(+http://www.baidu.com/search/spider.htm)"
220.181.108.94 - - [22/Feb/2011:10:31:40 +0000] "GET / HTTP/1.1" 200 1630 "-" "Baiduspider+(+http://www.baidu.com/search/spider.htm)"
69.74.233.66 - - [22/Feb/2011:11:13:38 +0000] "GET /movies/ HTTP/1.1" 200 799 "-" "Mozilla/4.0 (compatible;)"
220.181.108.77 - - [22/Feb/2011:12:51:26 +0000] "GET /robots.txt HTTP/1.1" 404 470 "-" "Baiduspider+(+http://www.baidu.com/search/spider.htm)"
66.249.72.6 - - [22/Feb/2011:15:02:46 +0000] "GET /robots.txt HTTP/1.1" 404 508 "-" "Mozilla/5.0 (compatible; Googlebot/2.1; +http://www.google.com/bot.html)"
124.115.6.13 - - [22/Feb/2011:15:32:41 +0000] "GET /robots.txt HTTP/1.1" 404 508 "-" "Sosospider+(+http://help.soso.com/webspider.htm)"
65.52.109.61 - - [22/Feb/2011:15:50:12 +0000] "GET /robots.txt HTTP/1.1" 404 534 "-" "Mozilla/5.0 (compatible; bingbot/2.0; +http://www.bing.com/bingbot.htm)"
65.52.109.61 - - [22/Feb/2011:15:50:51 +0000] "GET / HTTP/1.1" 200 993 "-" "Mozilla/5.0 (compatible; bingbot/2.0; +http://www.bing.com/bingbot.htm)"
67.195.112.241 - - [22/Feb/2011:16:19:38 +0000] "GET /robots.txt HTTP/1.0" 404 472 "-" "Mozilla/5.0 (compatible; Yahoo! Slurp; http://help.yahoo.com/help/us/ysearch/slurp)"
67.195.112.241 - - [22/Feb/2011:16:19:38 +0000] "GET /welcome.htm HTTP/1.0" 404 471 "-" "Mozilla/5.0 (compatible; Yahoo! Slurp; http://help.yahoo.com/help/us/ysearch/slurp)"
123.125.71.19 - - [22/Feb/2011:16:45:33 +0000] "GET / HTTP/1.1" 200 1630 "-" "Baiduspider+(+http://www.baidu.com/search/spider.htm)"
220.181.108.87 - - [22/Feb/2011:16:46:09 +0000] "GET / HTTP/1.1" 200 1630 "-" "Baiduspider+(+http://www.baidu.com/search/spider.htm)"
123.125.71.27 - - [22/Feb/2011:17:34:00 +0000] "GET / HTTP/1.1" 200 1630 "-" "Baiduspider+(+http://www.baidu.com/search/spider.htm)"
220.181.108.87 - - [22/Feb/2011:17:34:25 +0000] "GET / HTTP/1.1" 200 1630 "-" "Baiduspider+(+http://www.baidu.com/search/spider.htm)"
123.125.71.12 - - [22/Feb/2011:18:32:51 +0000] "GET / HTTP/1.1" 200 1630 "-" "Baiduspider+(+http://www.baidu.com/search/spider.htm)"
220.181.108.81 - - [22/Feb/2011:18:33:14 +0000] "GET / HTTP/1.1" 200 1630 "-" "Baiduspider+(+http://www.baidu.com/search/spider.htm)"
208.80.194.37 - - [22/Feb/2011:19:38:55 +0000] "GET / HTTP/1.0" 200 1630 "-" "Mozilla/4.0 (compatible; MSIE 6.0; Windows 98; Win 9x 4.90; isp1057; Hotbar 4.1.8.0; FunWebProducts)"
124.115.0.163 - - [22/Feb/2011:20:56:02 +0000] "GET / HTTP/1.1" 200 993 "-" "Sosospider+(+http://help.soso.com/webspider.htm)"
65.52.51.178 - - [22/Feb/2011:21:11:43 +0000] "GET /robots.txt HTTP/1.1" 404 533 "-" "Mozilla/5.0 (compatible; bingbot/2.0; +http://www.bing.com/bingbot.htm)"
123.125.71.13 - - [22/Feb/2011:21:32:30 +0000] "GET / HTTP/1.1" 200 1630 "-" "Baiduspider+(+http://www.baidu.com/search/spider.htm)"
220.181.108.93 - - [22/Feb/2011:21:32:52 +0000] "GET / HTTP/1.1" 200 1630 "-" "Baiduspider+(+http://www.baidu.com/search/spider.htm)"
123.125.71.24 - - [22/Feb/2011:22:32:45 +0000] "GET / HTTP/1.1" 200 1630 "-" "Baiduspider+(+http://www.baidu.com/search/spider.htm)"
220.181.108.87 - - [22/Feb/2011:22:33:08 +0000] "GET / HTTP/1.1" 200 1630 "-" "Baiduspider+(+http://www.baidu.com/search/spider.htm)"
81.52.143.16 - - [22/Feb/2011:23:16:57 +0000] "GET / HTTP/1.1" 200 955 "-" "Mozilla/5.0 (Windows; U; Windows NT 5.1; fr; rv:1.8.1) VoilaBot BETA 1.2 (support.voilabot@orange-ftgroup.com)"
66.249.71.209 - - [23/Feb/2011:00:26:12 +0000] "GET /robots.txt HTTP/1.1" 404 510 "-" "Mozilla/5.0 (compatible; Googlebot/2.1; +http://www.google.com/bot.html)"
66.249.71.209 - - [23/Feb/2011:00:26:12 +0000] "GET / HTTP/1.1" 304 208 "-" "Mozilla/5.0 (compatible; Googlebot/2.1; +http://www.google.com/bot.html)"
70.180.119.247 - - [23/Feb/2011:01:08:31 +0000] "GET / HTTP/1.1" 200 993 "-" "Mozilla/5.0 (X11; U; Linux x86_64; en-US) AppleWebKit/534.13 (KHTML, like Gecko) Chrome/9.0.597.98 Safari/534.13"
70.180.119.247 - - [23/Feb/2011:01:08:31 +0000] "GET /blogger.png HTTP/1.1" 200 2848 "http://cafink.name/" "Mozilla/5.0 (X11; U; Linux x86_64; en-US) AppleWebKit/534.13 (KHTML, like Gecko) Chrome/9.0.597.98 Safari/534.13"
70.180.119.247 - - [23/Feb/2011:01:08:31 +0000] "GET /facebook.png HTTP/1.1" 200 5275 "http://cafink.name/" "Mozilla/5.0 (X11; U; Linux x86_64; en-US) AppleWebKit/534.13 (KHTML, like Gecko) Chrome/9.0.597.98 Safari/534.13"
70.180.119.247 - - [23/Feb/2011:01:08:31 +0000] "GET /twitter.png HTTP/1.1" 200 3229 "http://cafink.name/" "Mozilla/5.0 (X11; U; Linux x86_64; en-US) AppleWebKit/534.13 (KHTML, like Gecko) Chrome/9.0.597.98 Safari/534.13"
70.180.119.247 - - [23/Feb/2011:01:08:31 +0000] "GET /favicon.ico HTTP/1.1" 404 503 "-" "Mozilla/5.0 (X11; U; Linux x86_64; en-US) AppleWebKit/534.13 (KHTML, like Gecko) Chrome/9.0.597.98 Safari/534.13"
123.125.71.19 - - [23/Feb/2011:01:32:41 +0000] "GET / HTTP/1.1" 200 1630 "-" "Baiduspider+(+http://www.baidu.com/search/spider.htm)"
220.181.108.84 - - [23/Feb/2011:01:33:03 +0000] "GET / HTTP/1.1" 200 1630 "-" "Baiduspider+(+http://www.baidu.com/search/spider.htm)"
66.249.71.209 - - [23/Feb/2011:02:15:55 +0000] "GET / HTTP/1.1" 304 209 "-" "Mozilla/5.0 (compatible; Googlebot/2.1; +http://www.google.com/bot.html)"
66.249.72.6 - - [23/Feb/2011:02:36:34 +0000] "GET / HTTP/1.1" 200 993 "-" "Mozilla/5.0 (compatible; Googlebot/2.1; +http://www.google.com/bot.html)"
70.180.119.247 - - [23/Feb/2011:03:34:57 +0000] "GET /favicon.ico HTTP/1.1" 404 504 "-" "Mozilla/5.0 (X11; U; Linux x86_64; en-US) AppleWebKit/534.13 (KHTML, like Gecko) Chrome/9.0.597.98 Safari/534.13"
70.180.119.247 - - [23/Feb/2011:03:35:08 +0000] "GET / HTTP/1.1" 304 208 "-" "Mozilla/5.0 (X11; U; Linux x86_64; en-US) AppleWebKit/534.13 (KHTML, like Gecko) Chrome/9.0.597.98 Safari/534.13"
70.180.119.247 - - [23/Feb/2011:03:35:09 +0000] "GET /blogger.png HTTP/1.1" 304 185 "http://cafink.name/" "Mozilla/5.0 (X11; U; Linux x86_64; en-US) AppleWebKit/534.13 (KHTML, like Gecko) Chrome/9.0.597.98 Safari/534.13"
70.180.119.247 - - [23/Feb/2011:03:35:09 +0000] "GET /facebook.png HTTP/1.1" 304 186 "http://cafink.name/" "Mozilla/5.0 (X11; U; Linux x86_64; en-US) AppleWebKit/534.13 (KHTML, like Gecko) Chrome/9.0.597.98 Safari/534.13"
70.180.119.247 - - [23/Feb/2011:03:35:09 +0000] "GET /twitter.png HTTP/1.1" 304 186 "http://cafink.name/" "Mozilla/5.0 (X11; U; Linux x86_64; en-US) AppleWebKit/534.13 (KHTML, like Gecko) Chrome/9.0.597.98 Safari/534.13"
70.180.119.247 - - [23/Feb/2011:03:35:09 +0000] "GET /favicon.ico HTTP/1.1" 404 503 "-" "Mozilla/5.0 (X11; U; Linux x86_64; en-US) AppleWebKit/534.13 (KHTML, like Gecko) Chrome/9.0.597.98 Safari/534.13"
70.180.119.247 - - [23/Feb/2011:03:35:15 +0000] "GET /photos HTTP/1.1" 404 499 "-" "Mozilla/5.0 (X11; U; Linux x86_64; en-US) AppleWebKit/534.13 (KHTML, like Gecko) Chrome/9.0.597.98 Safari/534.13"
70.180.119.247 - - [23/Feb/2011:03:35:15 +0000] "GET /favicon.ico HTTP/1.1" 404 503 "-" "Mozilla/5.0 (X11; U; Linux x86_64; en-US) AppleWebKit/534.13 (KHTML, like Gecko) Chrome/9.0.597.98 Safari/534.13"
70.180.119.247 - - [23/Feb/2011:03:35:21 +0000] "GET /photos/misc HTTP/1.1" 404 502 "-" "Mozilla/5.0 (X11; U; Linux x86_64; en-US) AppleWebKit/534.13 (KHTML, like Gecko) Chrome/9.0.597.98 Safari/534.13"
70.180.119.247 - - [23/Feb/2011:03:35:21 +0000] "GET /favicon.ico HTTP/1.1" 404 503 "-" "Mozilla/5.0 (X11; U; Linux x86_64; en-US) AppleWebKit/534.13 (KHTML, like Gecko) Chrome/9.0.597.98 Safari/534.13"
70.180.119.247 - - [23/Feb/2011:03:36:15 +0000] "GET /photos/ HTTP/1.1" 200 716 "-" "Mozilla/5.0 (X11; U; Linux x86_64; en-US) AppleWebKit/534.13 (KHTML, like Gecko) Chrome/9.0.597.98 Safari/534.13"
70.180.119.247 - - [23/Feb/2011:03:36:15 +0000] "GET /icons/image2.gif HTTP/1.1" 200 601 "http://cafink.name/photos/" "Mozilla/5.0 (X11; U; Linux x86_64; en-US) AppleWebKit/534.13 (KHTML, like Gecko) Chrome/9.0.597.98 Safari/534.13"
70.180.119.247 - - [23/Feb/2011:03:36:15 +0000] "GET /favicon.ico HTTP/1.1" 404 503 "-" "Mozilla/5.0 (X11; U; Linux x86_64; en-US) AppleWebKit/534.13 (KHTML, like Gecko) Chrome/9.0.597.98 Safari/534.13"
70.180.119.247 - - [23/Feb/2011:03:36:17 +0000] "GET /photos/gyoza_0.jpg HTTP/1.1" 200 32362 "http://cafink.name/photos/" "Mozilla/5.0 (X11; U; Linux x86_64; en-US) AppleWebKit/534.13 (KHTML, like Gecko) Chrome/9.0.597.98 Safari/534.13"
70.180.119.247 - - [23/Feb/2011:03:36:17 +0000] "GET /favicon.ico HTTP/1.1" 404 503 "-" "Mozilla/5.0 (X11; U; Linux x86_64; en-US) AppleWebKit/534.13 (KHTML, like Gecko) Chrome/9.0.597.98 Safari/534.13"
70.180.119.247 - - [23/Feb/2011:03:36:17 +0000] "GET /photos/gyoza_1.jpg HTTP/1.1" 200 37208 "http://cafink.name/photos/" "Mozilla/5.0 (X11; U; Linux x86_64; en-US) AppleWebKit/534.13 (KHTML, like Gecko) Chrome/9.0.597.98 Safari/534.13"
70.180.119.247 - - [23/Feb/2011:03:36:18 +0000] "GET /favicon.ico HTTP/1.1" 404 503 "-" "Mozilla/5.0 (X11; U; Linux x86_64; en-US) AppleWebKit/534.13 (KHTML, like Gecko) Chrome/9.0.597.98 Safari/534.13"
70.180.119.247 - - [23/Feb/2011:03:41:38 +0000] "GET /photos/gyoza_0.jpg HTTP/1.1" 304 188 "-" "Mozilla/5.0 (X11; U; Linux x86_64; en-US) AppleWebKit/534.13 (KHTML, like Gecko) Chrome/9.0.597.98 Safari/534.13"
70.180.119.247 - - [23/Feb/2011:03:41:38 +0000] "GET /favicon.ico HTTP/1.1" 404 503 "-" "Mozilla/5.0 (X11; U; Linux x86_64; en-US) AppleWebKit/534.13 (KHTML, like Gecko) Chrome/9.0.597.98 Safari/534.13"
128.242.241.122 - - [23/Feb/2011:03:41:46 +0000] "HEAD /photos/gyoza_0.jpg HTTP/1.1" 200 295 "-" "Twitterbot/0.1"
199.59.149.37 - - [23/Feb/2011:03:41:46 +0000] "HEAD /photos/gyoza_0.jpg HTTP/1.1" 200 295 "-" "Twitterbot/0.1"
184.72.6.103 - - [23/Feb/2011:03:41:46 +0000] "HEAD /photos/gyoza_0.jpg HTTP/1.1" 200 283 "-" "JS-Kit URL Resolver, http://js-kit.com/"
38.113.234.180 - - [23/Feb/2011:03:41:47 +0000] "GET /photos/gyoza_0.jpg HTTP/1.1" 200 32306 "-" "Voyager/1.0"
66.249.71.6 - - [23/Feb/2011:03:41:47 +0000] "GET /robots.txt HTTP/1.1" 404 503 "-" "Mozilla/5.0 (compatible; Googlebot/2.1; +http://www.google.com/bot.html)"
66.249.71.6 - - [23/Feb/2011:03:41:47 +0000] "GET /photos/gyoza_0.jpg HTTP/1.1" 200 32362 "-" "Mozilla/5.0 (compatible; Googlebot/2.1; +http://www.google.com/bot.html)"
46.20.47.43 - - [23/Feb/2011:03:41:48 +0000] "GET /photos/gyoza_0.jpg HTTP/1.1" 200 32306 "-" "Mozilla/5.0 (compatible; Windows NT 6.0) Gecko/20090624 Firefox/3.5 NjuiceBot"
65.52.21.120 - - [23/Feb/2011:03:41:50 +0000] "GET /photos/gyoza_0.jpg HTTP/1.1" 200 32363 "-" "Mozilla/4.0 (compatible; MSIE 7.0; Windows NT 6.0)"
72.30.161.249 - - [23/Feb/2011:03:41:54 +0000] "GET /robots.txt HTTP/1.0" 404 465 "-" "Mozilla/5.0 (compatible; Yahoo! Slurp; http://help.yahoo.com/help/us/ysearch/slurp)"
72.30.161.249 - - [23/Feb/2011:03:41:54 +0000] "GET /photos/gyoza_0.jpg HTTP/1.0" 200 32351 "-" "Mozilla/5.0 (compatible; Yahoo! Slurp; http://help.yahoo.com/help/us/ysearch/slurp)"
67.195.112.108 - - [23/Feb/2011:03:41:55 +0000] "GET /robots.txt HTTP/1.0" 404 465 "-" "Mozilla/5.0 (compatible; Yahoo! Slurp; http://help.yahoo.com/help/us/ysearch/slurp)"
67.195.112.108 - - [23/Feb/2011:03:41:55 +0000] "GET /photos/gyoza_0.jpg HTTP/1.0" 200 32351 "-" "Mozilla/5.0 (compatible; Yahoo! Slurp; http://help.yahoo.com/help/us/ysearch/slurp)"
67.202.7.134 - - [23/Feb/2011:03:42:04 +0000] "HEAD /photos/gyoza_0.jpg HTTP/1.1" 200 238 "-" "PycURL/7.18.2"
204.236.254.109 - - [23/Feb/2011:03:42:09 +0000] "HEAD /photos/gyoza_0.jpg HTTP/1.1" 200 238 "-" "PostRank/2.0 (postrank.com)"
65.52.4.133 - - [23/Feb/2011:03:42:18 +0000] "GET /photos/gyoza_0.jpg HTTP/1.1" 200 32363 "-" "Mozilla/4.0 (compatible; MSIE 7.0; Windows NT 6.0)"
89.151.116.52 - - [23/Feb/2011:03:43:44 +0000] "GET /photos/gyoza_0.jpg HTTP/1.1" 200 15928 "-" "Mozilla/5.0 (compatible; MSIE 6.0b; Windows NT 5.0) Gecko/2009011913 Firefox/3.0.6 TweetmemeBot"
89.151.116.52 - - [23/Feb/2011:03:43:45 +0000] "GET /photos/gyoza_0.jpg HTTP/1.1" 200 15928 "-" "Mozilla/5.0 (compatible; MSIE 6.0b; Windows NT 5.0) Gecko/2009011913 Firefox/3.0.6 TweetmemeBot"
174.129.176.172 - - [23/Feb/2011:03:46:29 +0000] "GET /photos/gyoza_0.jpg HTTP/1.1" 200 32351 "-" "Python-urllib/2.6"
123.125.71.22 - - [23/Feb/2011:04:32:40 +0000] "GET / HTTP/1.1" 200 1630 "-" "Baiduspider+(+http://www.baidu.com/search/spider.htm)"
220.181.108.81 - - [23/Feb/2011:04:33:03 +0000] "GET / HTTP/1.1" 200 1630 "-" "Baiduspider+(+http://www.baidu.com/search/spider.htm)"
124.115.0.28 - - [23/Feb/2011:05:02:09 +0000] "GET / HTTP/1.1" 200 993 "-" "Sosospider+(+http://help.soso.com/webspider.htm)"
173.230.150.122 - - [23/Feb/2011:06:20:10 +0000] "GET / HTTP/1.1" 200 1630 "-" "Mozilla/5.0 (Windows; U; Windows NT 6.1; en-US; rv:1.9.2.9) Gecko/20100824 Firefox/3.6.9"
63.148.20.46 - - [23/Feb/2011:06:20:31 +0000] "GET /movies/features_blu-ray.txt HTTP/1.1" 304 211 "-" "Mozilla/4.0 (compatible;)"
65.52.49.141 - - [23/Feb/2011:06:37:31 +0000] "GET /robots.txt HTTP/1.1" 404 533 "-" "Mozilla/5.0 (compatible; bingbot/2.0; +http://www.bing.com/bingbot.htm)"
123.125.71.20 - - [23/Feb/2011:08:32:15 +0000] "GET / HTTP/1.1" 200 1630 "-" "Baiduspider+(+http://www.baidu.com/search/spider.htm)"
220.181.108.90 - - [23/Feb/2011:08:32:38 +0000] "GET / HTTP/1.1" 200 1630 "-" "Baiduspider+(+http://www.baidu.com/search/spider.htm)"
157.55.50.13 - - [23/Feb/2011:08:57:37 +0000] "GET /robots.txt HTTP/1.1" 404 533 "-" "Mozilla/5.0 (compatible; bingbot/2.0; +http://www.bing.com/bingbot.htm)"
123.125.71.14 - - [23/Feb/2011:10:31:13 +0000] "GET / HTTP/1.1" 200 1630 "-" "Baiduspider+(+http://www.baidu.com/search/spider.htm)"
220.181.108.86 - - [23/Feb/2011:10:31:36 +0000] "GET / HTTP/1.1" 200 1630 "-" "Baiduspider+(+http://www.baidu.com/search/spider.htm)"
157.55.50.12 - - [23/Feb/2011:10:51:27 +0000] "GET /robots.txt HTTP/1.1" 404 533 "-" "Mozilla/5.0 (compatible; bingbot/2.0; +http://www.bing.com/bingbot.htm)"
174.129.117.237 - - [23/Feb/2011:11:05:55 +0000] "HEAD / HTTP/1.1" 200 280 "-" "Mozilla/5.0 (Windows; U; Windows NT 5.1; en-US) AppleWebKit/525.13 (KHTML, like Gecko) Chrome/0.A.B.C Safari/525.13"
123.125.71.13 - - [23/Feb/2011:11:32:43 +0000] "GET / HTTP/1.1" 200 1630 "-" "Baiduspider+(+http://www.baidu.com/search/spider.htm)"
220.181.108.81 - - [23/Feb/2011:11:33:07 +0000] "GET / HTTP/1.1" 200 1630 "-" "Baiduspider+(+http://www.baidu.com/search/spider.htm)"
220.181.108.80 - - [23/Feb/2011:12:37:43 +0000] "GET /robots.txt HTTP/1.1" 404 470 "-" "Baiduspider+(+http://www.baidu.com/search/spider.htm)"
124.115.0.100 - - [23/Feb/2011:12:56:39 +0000] "GET / HTTP/1.1" 200 993 "-" "Sosospider+(+http://help.soso.com/webspider.htm)"
123.125.71.33 - - [23/Feb/2011:14:33:37 +0000] "GET / HTTP/1.1" 200 1630 "-" "Baiduspider+(+http://www.baidu.com/search/spider.htm)"
220.181.108.86 - - [23/Feb/2011:14:34:01 +0000] "GET / HTTP/1.1" 200 1630 "-" "Baiduspider+(+http://www.baidu.com/search/spider.htm)"
66.249.71.187 - - [23/Feb/2011:14:41:02 +0000] "GET /robots.txt HTTP/1.1" 404 508 "-" "Mozilla/5.0 (compatible; Googlebot/2.1; +http://www.google.com/bot.html)"
66.249.71.187 - - [23/Feb/2011:14:41:02 +0000] "GET / HTTP/1.1" 200 992 "-" "Mozilla/5.0 (compatible; Googlebot/2.1; +http://www.google.com/bot.html)"
50.17.89.202 - - [23/Feb/2011:19:20:13 +0000] "HEAD / HTTP/1.1" 200 276 "http://www.netcraft.com/survey/" "Mozilla/4.0 (compatible; Netcraft Web Server Survey)"
50.17.76.113 - - [23/Feb/2011:19:28:57 +0000] "HEAD / HTTP/1.1" 200 276 "http://www.netcraft.com/survey/" "Mozilla/4.0 (compatible; Netcraft Web Server Survey)"
208.115.138.254 - - [23/Feb/2011:19:35:04 +0000] "GET /movies/features_blu-ray.txt HTTP/1.1" 200 5113 "-" "Mozilla/4.0 (compatible; MSIE 7.0; Windows NT 5.1; InfoPath.1; .NET CLR 2.0.50727; .NET CLR 1.1.4322; MS-RTC LM 8; .NET CLR 3.0.4506.2152; .NET CLR 3.5.30729)"
69.74.233.66 - - [23/Feb/2011:19:35:05 +0000] "GET /favicon.ico HTTP/1.1" 404 504 "-" "Mozilla/5.0 (Windows; U; Windows NT 6.1; en-US) AppleWebKit/534.13 (KHTML, like Gecko) Chrome/9.0.597.98 Safari/534.13"
69.74.233.66 - - [23/Feb/2011:19:45:35 +0000] "GET /favicon.ico HTTP/1.1" 404 504 "-" "Mozilla/5.0 (Windows; U; Windows NT 6.1; en-US) AppleWebKit/534.13 (KHTML, like Gecko) Chrome/9.0.597.98 Safari/534.13"
50.17.37.185 - - [23/Feb/2011:19:50:43 +0000] "HEAD / HTTP/1.1" 200 276 "http://www.netcraft.com/survey/" "Mozilla/4.0 (compatible; Netcraft Web Server Survey)"
208.115.138.254 - - [23/Feb/2011:20:02:10 +0000] "GET /photos HTTP/1.1" 301 598 "-" "Mozilla/4.0 (compatible; MSIE 7.0; Windows NT 5.1; InfoPath.1; .NET CLR 2.0.50727; .NET CLR 1.1.4322; MS-RTC LM 8; .NET CLR 3.0.4506.2152; .NET CLR 3.5.30729)"
208.115.138.254 - - [23/Feb/2011:20:02:10 +0000] "GET /photos/ HTTP/1.1" 200 1343 "-" "Mozilla/4.0 (compatible; MSIE 7.0; Windows NT 5.1; InfoPath.1; .NET CLR 2.0.50727; .NET CLR 1.1.4322; MS-RTC LM 8; .NET CLR 3.0.4506.2152; .NET CLR 3.5.30729)"
69.74.233.66 - - [23/Feb/2011:20:02:10 +0000] "GET /photos HTTP/1.1" 301 557 "-" "Mozilla/5.0 (Windows; U; Windows NT 6.1; en-US) AppleWebKit/534.13 (KHTML, like Gecko) Chrome/9.0.597.98 Safari/534.13"
69.74.233.66 - - [23/Feb/2011:20:02:11 +0000] "GET /photos/ HTTP/1.1" 200 715 "-" "Mozilla/5.0 (Windows; U; Windows NT 6.1; en-US) AppleWebKit/534.13 (KHTML, like Gecko) Chrome/9.0.597.98 Safari/534.13"
69.74.233.66 - - [23/Feb/2011:20:02:11 +0000] "GET /icons/image2.gif HTTP/1.1" 200 601 "http://cafink.name/photos/" "Mozilla/5.0 (Windows; U; Windows NT 6.1; en-US) AppleWebKit/534.13 (KHTML, like Gecko) Chrome/9.0.597.98 Safari/534.13"
69.74.233.66 - - [23/Feb/2011:20:02:11 +0000] "GET /favicon.ico HTTP/1.1" 404 503 "-" "Mozilla/5.0 (Windows; U; Windows NT 6.1; en-US) AppleWebKit/534.13 (KHTML, like Gecko) Chrome/9.0.597.98 Safari/534.13"
69.74.233.66 - - [23/Feb/2011:20:02:55 +0000] "GET /favicon.ico HTTP/1.1" 404 504 "-" "Mozilla/5.0 (Windows; U; Windows NT 6.1; en-US) AppleWebKit/534.13 (KHTML, like Gecko) Chrome/9.0.597.98 Safari/534.13"
69.74.233.66 - - [23/Feb/2011:20:02:57 +0000] "GET /photos/gyoza_0.jpg HTTP/1.1" 404 511 "http://cafink.name/photos/" "Mozilla/5.0 (Windows; U; Windows NT 6.1; en-US) AppleWebKit/534.13 (KHTML, like Gecko) Chrome/9.0.597.98 Safari/534.13"
69.74.233.66 - - [23/Feb/2011:20:02:57 +0000] "GET /favicon.ico HTTP/1.1" 404 503 "-" "Mozilla/5.0 (Windows; U; Windows NT 6.1; en-US) AppleWebKit/534.13 (KHTML, like Gecko) Chrome/9.0.597.98 Safari/534.13"
69.74.233.66 - - [23/Feb/2011:20:02:59 +0000] "GET /favicon.ico HTTP/1.1" 404 503 "-" "Mozilla/5.0 (Windows; U; Windows NT 6.1; en-US) AppleWebKit/534.13 (KHTML, like Gecko) Chrome/9.0.597.98 Safari/534.13"
69.74.233.66 - - [23/Feb/2011:20:03:00 +0000] "GET /photos/ HTTP/1.1" 404 500 "-" "Mozilla/5.0 (Windows; U; Windows NT 6.1; en-US) AppleWebKit/534.13 (KHTML, like Gecko) Chrome/9.0.597.98 Safari/534.13"
69.74.233.66 - - [23/Feb/2011:20:03:00 +0000] "GET /favicon.ico HTTP/1.1" 404 503 "-" "Mozilla/5.0 (Windows; U; Windows NT 6.1; en-US) AppleWebKit/534.13 (KHTML, like Gecko) Chrome/9.0.597.98 Safari/534.13"
123.125.71.29 - - [23/Feb/2011:20:25:32 +0000] "GET / HTTP/1.1" 304 171 "-" "Baiduspider+(+http://www.baidu.com/search/spider.htm)"
123.125.71.29 - - [23/Feb/2011:20:31:26 +0000] "GET / HTTP/1.1" 200 1630 "-" "Baiduspider+(+http://www.baidu.com/search/spider.htm)"
220.181.108.81 - - [23/Feb/2011:20:31:52 +0000] "GET / HTTP/1.1" 200 1630 "-" "Baiduspider+(+http://www.baidu.com/search/spider.htm)"
69.74.233.66 - - [23/Feb/2011:20:49:35 +0000] "GET /favicon.ico HTTP/1.1" 404 504 "-" "Mozilla/5.0 (Windows; U; Windows NT 6.1; en-US) AppleWebKit/534.13 (KHTML, like Gecko) Chrome/9.0.597.98 Safari/534.13"
124.115.0.100 - - [23/Feb/2011:20:50:12 +0000] "GET / HTTP/1.1" 200 993 "-" "Sosospider+(+http://help.soso.com/webspider.htm)"
72.30.161.217 - - [23/Feb/2011:22:13:46 +0000] "GET /robots.txt HTTP/1.0" 404 472 "-" "Mozilla/5.0 (compatible; Yahoo! Slurp; http://help.yahoo.com/help/us/ysearch/slurp)"
72.30.161.217 - - [23/Feb/2011:22:13:46 +0000] "GET / HTTP/1.0" 200 955 "-" "Mozilla/5.0 (compatible; Yahoo! Slurp; http://help.yahoo.com/help/us/ysearch/slurp)"
65.52.51.178 - - [23/Feb/2011:22:23:49 +0000] "GET /robots.txt HTTP/1.1" 404 533 "-" "Mozilla/5.0 (compatible; bingbot/2.0; +http://www.bing.com/bingbot.htm)"
174.129.117.237 - - [23/Feb/2011:23:20:06 +0000] "HEAD / HTTP/1.1" 200 280 "-" "Mozilla/5.0 (Windows; U; Windows NT 5.1; en-US) AppleWebKit/525.13 (KHTML, like Gecko) Chrome/0.A.B.C Safari/525.13"
124.115.0.28 - - [24/Feb/2011:01:38:46 +0000] "GET / HTTP/1.1" 200 993 "-" "Sosospider+(+http://help.soso.com/webspider.htm)"
123.125.71.24 - - [24/Feb/2011:02:32:02 +0000] "GET / HTTP/1.1" 200 1630 "-" "Baiduspider+(+http://www.baidu.com/search/spider.htm)"
220.181.108.96 - - [24/Feb/2011:02:32:22 +0000] "GET / HTTP/1.1" 200 1630 "-" "Baiduspider+(+http://www.baidu.com/search/spider.htm)"
66.249.71.187 - - [24/Feb/2011:03:07:26 +0000] "GET /robots.txt HTTP/1.1" 404 508 "-" "Mozilla/5.0 (compatible; Googlebot/2.1; +http://www.google.com/bot.html)"
123.125.71.23 - - [24/Feb/2011:03:38:44 +0000] "GET / HTTP/1.1" 200 1630 "-" "Baiduspider+(+http://www.baidu.com/search/spider.htm)"
220.181.108.77 - - [24/Feb/2011:03:39:17 +0000] "GET / HTTP/1.1" 200 1630 "-" "Baiduspider+(+http://www.baidu.com/search/spider.htm)"
207.46.195.232 - - [24/Feb/2011:06:06:14 +0000] "GET /robots.txt HTTP/1.1" 404 533 "-" "Mozilla/5.0 (compatible; bingbot/2.0; +http://www.bing.com/bingbot.htm)"
207.46.195.232 - - [24/Feb/2011:06:06:55 +0000] "GET /?page_id=2 HTTP/1.1" 200 993 "-" "Mozilla/5.0 (compatible; bingbot/2.0; +http://www.bing.com/bingbot.htm)"
123.125.71.29 - - [24/Feb/2011:06:32:22 +0000] "GET / HTTP/1.1" 200 1630 "-" "Baiduspider+(+http://www.baidu.com/search/spider.htm)"
220.181.108.95 - - [24/Feb/2011:06:32:45 +0000] "GET / HTTP/1.1" 200 1630 "-" "Baiduspider+(+http://www.baidu.com/search/spider.htm)"
208.80.194.37 - - [24/Feb/2011:06:40:37 +0000] "GET / HTTP/1.0" 200 1630 "-" "Mozilla/4.0 (compatible; MSIE 6.0; Windows NT 5.1; {24D56F81-5B67-B1EB-F5C9-487AD8A7261E})"
124.115.0.28 - - [24/Feb/2011:06:54:33 +0000] "GET / HTTP/1.1" 200 993 "-" "Sosospider+(+http://help.soso.com/webspider.htm)"
123.125.71.23 - - [24/Feb/2011:07:31:36 +0000] "GET / HTTP/1.1" 200 1630 "-" "Baiduspider+(+http://www.baidu.com/search/spider.htm)"
220.181.108.97 - - [24/Feb/2011:07:31:57 +0000] "GET / HTTP/1.1" 200 1630 "-" "Baiduspider+(+http://www.baidu.com/search/spider.htm)"
123.125.71.19 - - [24/Feb/2011:10:31:16 +0000] "GET / HTTP/1.1" 200 1630 "-" "Baiduspider+(+http://www.baidu.com/search/spider.htm)"
220.181.108.87 - - [24/Feb/2011:10:31:38 +0000] "GET / HTTP/1.1" 200 1630 "-" "Baiduspider+(+http://www.baidu.com/search/spider.htm)"
220.181.108.86 - - [24/Feb/2011:10:33:11 +0000] "GET /robots.txt HTTP/1.1" 404 470 "-" "Baiduspider+(+http://www.baidu.com/search/spider.htm)"
69.28.58.10 - - [24/Feb/2011:10:50:07 +0000] "GET / HTTP/1.1" 200 1630 "-" "Wget/1.9+cvs-stable (Red Hat modified)"
66.249.71.209 - - [24/Feb/2011:11:26:41 +0000] "GET /robots.txt HTTP/1.1" 404 510 "-" "Mozilla/5.0 (compatible; Googlebot/2.1; +http://www.google.com/bot.html)"
66.249.71.209 - - [24/Feb/2011:11:26:41 +0000] "GET / HTTP/1.1" 304 208 "-" "Mozilla/5.0 (compatible; Googlebot/2.1; +http://www.google.com/bot.html)"
123.125.71.25 - - [24/Feb/2011:12:34:12 +0000] "GET / HTTP/1.1" 200 1630 "-" "Baiduspider+(+http://www.baidu.com/search/spider.htm)"
220.181.108.96 - - [24/Feb/2011:12:34:36 +0000] "GET / HTTP/1.1" 200 1630 "-" "Baiduspider+(+http://www.baidu.com/search/spider.htm)"
66.249.71.209 - - [24/Feb/2011:13:48:05 +0000] "GET /facebook.png HTTP/1.1" 200 5275 "http://www.insectpolitics.com/" "Mozilla/5.0 (compatible; Googlebot/2.1; +http://www.google.com/bot.html)"
66.249.71.209 - - [24/Feb/2011:13:48:06 +0000] "GET /twitter.png HTTP/1.1" 200 3229 "http://www.insectpolitics.com/" "Mozilla/5.0 (compatible; Googlebot/2.1; +http://www.google.com/bot.html)"
66.249.71.209 - - [24/Feb/2011:13:48:06 +0000] "GET /blogger.png HTTP/1.1" 200 2848 "http://www.insectpolitics.com/" "Mozilla/5.0 (compatible; Googlebot/2.1; +http://www.google.com/bot.html)"
69.74.233.66 - - [24/Feb/2011:14:44:45 +0000] "GET /movies/features_blu-ray.txt HTTP/1.1" 304 211 "-" "Mozilla/4.0 (compatible;)"
66.249.71.209 - - [24/Feb/2011:15:26:25 +0000] "GET / HTTP/1.1" 304 209 "-" "Mozilla/5.0 (compatible; Googlebot/2.1; +http://www.google.com/bot.html)"
66.249.71.187 - - [24/Feb/2011:15:33:56 +0000] "GET /robots.txt HTTP/1.1" 404 508 "-" "Mozilla/5.0 (compatible; Googlebot/2.1; +http://www.google.com/bot.html)"
66.249.71.187 - - [24/Feb/2011:15:33:56 +0000] "GET / HTTP/1.1" 304 208 "-" "Mozilla/5.0 (compatible; Googlebot/2.1; +http://www.google.com/bot.html)"
124.115.0.28 - - [24/Feb/2011:16:35:57 +0000] "GET / HTTP/1.1" 200 993 "-" "Sosospider+(+http://help.soso.com/webspider.htm)"
123.125.71.21 - - [24/Feb/2011:16:45:30 +0000] "GET / HTTP/1.1" 200 1630 "-" "Baiduspider+(+http://www.baidu.com/search/spider.htm)"
220.181.108.93 - - [24/Feb/2011:16:46:06 +0000] "GET / HTTP/1.1" 200 1630 "-" "Baiduspider+(+http://www.baidu.com/search/spider.htm)"
123.125.71.29 - - [24/Feb/2011:17:33:10 +0000] "GET / HTTP/1.1" 200 1630 "-" "Baiduspider+(+http://www.baidu.com/search/spider.htm)"
220.181.108.96 - - [24/Feb/2011:17:33:32 +0000] "GET / HTTP/1.1" 200 1630 "-" "Baiduspider+(+http://www.baidu.com/search/spider.htm)"
220.181.108.93 - - [24/Feb/2011:18:33:56 +0000] "GET / HTTP/1.1" 200 1630 "-" "Baiduspider+(+http://www.baidu.com/search/spider.htm)"
123.125.71.33 - - [24/Feb/2011:20:33:01 +0000] "GET / HTTP/1.1" 200 1630 "-" "Baiduspider+(+http://www.baidu.com/search/spider.htm)"
220.181.108.83 - - [24/Feb/2011:20:33:29 +0000] "GET / HTTP/1.1" 200 1630 "-" "Baiduspider+(+http://www.baidu.com/search/spider.htm)"
123.125.71.24 - - [24/Feb/2011:22:32:26 +0000] "GET / HTTP/1.1" 200 1630 "-" "Baiduspider+(+http://www.baidu.com/search/spider.htm)"
220.181.108.84 - - [24/Feb/2011:22:32:48 +0000] "GET / HTTP/1.1" 200 1630 "-" "Baiduspider+(+http://www.baidu.com/search/spider.htm)"
70.180.119.247 - - [24/Feb/2011:23:54:32 +0000] "GET /favicon.ico HTTP/1.1" 404 504 "-" "Mozilla/5.0 (X11; U; Linux x86_64; en-US) AppleWebKit/534.13 (KHTML, like Gecko) Chrome/9.0.597.98 Safari/534.13"
123.125.71.20 - - [25/Feb/2011:00:32:39 +0000] "GET / HTTP/1.1" 200 1630 "-" "Baiduspider+(+http://www.baidu.com/search/spider.htm)"
220.181.108.95 - - [25/Feb/2011:00:33:02 +0000] "GET / HTTP/1.1" 200 1630 "-" "Baiduspider+(+http://www.baidu.com/search/spider.htm)"
123.125.71.29 - - [25/Feb/2011:02:36:36 +0000] "GET / HTTP/1.1" 200 1630 "-" "Baiduspider+(+http://www.baidu.com/search/spider.htm)"
220.181.108.86 - - [25/Feb/2011:02:37:07 +0000] "GET / HTTP/1.1" 200 1630 "-" "Baiduspider+(+http://www.baidu.com/search/spider.htm)"
123.125.71.14 - - [25/Feb/2011:03:34:39 +0000] "GET / HTTP/1.1" 200 1630 "-" "Baiduspider+(+http://www.baidu.com/search/spider.htm)"
220.181.108.96 - - [25/Feb/2011:03:35:05 +0000] "GET / HTTP/1.1" 200 1630 "-" "Baiduspider+(+http://www.baidu.com/search/spider.htm)"
123.125.71.28 - - [25/Feb/2011:04:33:22 +0000] "GET / HTTP/1.1" 200 1630 "-" "Baiduspider+(+http://www.baidu.com/search/spider.htm)"
220.181.108.85 - - [25/Feb/2011:04:33:48 +0000] "GET / HTTP/1.1" 200 1630 "-" "Baiduspider+(+http://www.baidu.com/search/spider.htm)"
69.74.233.66 - - [25/Feb/2011:06:12:46 +0000] "GET /movies/ HTTP/1.1" 200 799 "-" "Mozilla/4.0 (compatible;)"
123.125.71.21 - - [25/Feb/2011:06:33:27 +0000] "GET / HTTP/1.1" 200 1630 "-" "Baiduspider+(+http://www.baidu.com/search/spider.htm)"
220.181.108.97 - - [25/Feb/2011:06:33:52 +0000] "GET / HTTP/1.1" 200 1630 "-" "Baiduspider+(+http://www.baidu.com/search/spider.htm)"
123.125.71.26 - - [25/Feb/2011:09:32:03 +0000] "GET / HTTP/1.1" 200 1630 "-" "Baiduspider+(+http://www.baidu.com/search/spider.htm)"
220.181.108.83 - - [25/Feb/2011:09:32:24 +0000] "GET / HTTP/1.1" 200 1630 "-" "Baiduspider+(+http://www.baidu.com/search/spider.htm)"
220.181.108.89 - - [25/Feb/2011:10:05:57 +0000] "GET /robots.txt HTTP/1.1" 404 470 "-" "Baiduspider+(+http://www.baidu.com/search/spider.htm)"
123.125.71.36 - - [25/Feb/2011:10:31:42 +0000] "GET / HTTP/1.1" 200 1630 "-" "Baiduspider+(+http://www.baidu.com/search/spider.htm)"
220.181.108.78 - - [25/Feb/2011:10:32:04 +0000] "GET / HTTP/1.1" 200 1630 "-" "Baiduspider+(+http://www.baidu.com/search/spider.htm)"
123.125.71.34 - - [25/Feb/2011:11:33:16 +0000] "GET / HTTP/1.1" 200 1630 "-" "Baiduspider+(+http://www.baidu.com/search/spider.htm)"
220.181.108.91 - - [25/Feb/2011:11:33:43 +0000] "GET / HTTP/1.1" 200 1630 "-" "Baiduspider+(+http://www.baidu.com/search/spider.htm)"
123.125.71.15 - - [25/Feb/2011:12:34:36 +0000] "GET / HTTP/1.1" 200 1630 "-" "Baiduspider+(+http://www.baidu.com/search/spider.htm)"
220.181.108.80 - - [25/Feb/2011:12:35:01 +0000] "GET / HTTP/1.1" 200 1630 "-" "Baiduspider+(+http://www.baidu.com/search/spider.htm)"
123.125.71.16 - - [25/Feb/2011:14:29:51 +0000] "GET / HTTP/1.1" 200 1630 "-" "Baiduspider+(+http://www.baidu.com/search/spider.htm)"
220.181.108.78 - - [25/Feb/2011:14:30:08 +0000] "GET / HTTP/1.1" 200 1630 "-" "Baiduspider+(+http://www.baidu.com/search/spider.htm)"
123.125.71.21 - - [25/Feb/2011:15:27:29 +0000] "GET / HTTP/1.1" 304 171 "-" "Baiduspider+(+http://www.baidu.com/search/spider.htm)"
208.80.194.31 - - [25/Feb/2011:18:56:51 +0000] "GET / HTTP/1.0" 200 1630 "-" "Mozilla/4.0 (compatible; MSIE 7.0; Windows NT 5.1; .NET CLR 1.0.3705; Media Center PC 4.0; IEMB3; .NET CLR 1.1.4322; IEMB3)"
123.125.71.12 - - [25/Feb/2011:19:32:29 +0000] "GET / HTTP/1.1" 200 1630 "-" "Baiduspider+(+http://www.baidu.com/search/spider.htm)"
220.181.108.89 - - [25/Feb/2011:19:32:51 +0000] "GET / HTTP/1.1" 200 1630 "-" "Baiduspider+(+http://www.baidu.com/search/spider.htm)"
123.125.71.23 - - [25/Feb/2011:20:32:17 +0000] "GET / HTTP/1.1" 200 1630 "-" "Baiduspider+(+http://www.baidu.com/search/spider.htm)"
220.181.108.80 - - [25/Feb/2011:20:32:45 +0000] "GET / HTTP/1.1" 200 1630 "-" "Baiduspider+(+http://www.baidu.com/search/spider.htm)"
64.246.165.150 - - [25/Feb/2011:22:08:07 +0000] "GET /robots.txt HTTP/1.0" 404 492 "-" "Mozilla/5.0 (Windows; U; Windows NT 5.1; en; rv:1.9.0.13) Gecko/2009073022 Firefox/3.5.2 (.NET CLR 3.5.30729) SurveyBot/2.3 (DomainTools)"
64.246.165.150 - - [25/Feb/2011:22:08:07 +0000] "GET / HTTP/1.1" 200 955 "http://whois.domaintools.com/cafink.name" "Mozilla/5.0 (Windows; U; Windows NT 5.1; en; rv:1.9.0.13) Gecko/2009073022 Firefox/3.5.2 (.NET CLR 3.5.30729) SurveyBot/2.3 (DomainTools)"
64.16.187.50 - - [25/Feb/2011:22:14:01 +0000] "GET /movies/features_blu-ray.txt HTTP/1.1" 304 211 "-" "Mozilla/5.0 (Windows; U; Windows NT 6.1; en-US) AppleWebKit/534.13 (KHTML, like Gecko) Chrome/9.0.597.98 Safari/534.13"
64.16.187.50 - - [25/Feb/2011:22:14:01 +0000] "GET /favicon.ico HTTP/1.1" 404 503 "-" "Mozilla/5.0 (Windows; U; Windows NT 6.1; en-US) AppleWebKit/534.13 (KHTML, like Gecko) Chrome/9.0.597.98 Safari/534.13"
64.16.187.50 - - [25/Feb/2011:22:14:09 +0000] "GET /movies/features_dvd.txt HTTP/1.1" 304 210 "-" "Mozilla/5.0 (Windows; U; Windows NT 6.1; en-US) AppleWebKit/534.13 (KHTML, like Gecko) Chrome/9.0.597.98 Safari/534.13"
64.16.187.50 - - [25/Feb/2011:22:14:09 +0000] "GET /favicon.ico HTTP/1.1" 404 503 "-" "Mozilla/5.0 (Windows; U; Windows NT 6.1; en-US) AppleWebKit/534.13 (KHTML, like Gecko) Chrome/9.0.597.98 Safari/534.13"
123.125.71.21 - - [25/Feb/2011:22:31:17 +0000] "GET / HTTP/1.1" 200 1630 "-" "Baiduspider+(+http://www.baidu.com/search/spider.htm)"
220.181.108.84 - - [25/Feb/2011:22:31:39 +0000] "GET / HTTP/1.1" 200 1630 "-" "Baiduspider+(+http://www.baidu.com/search/spider.htm)"
64.246.161.30 - - [25/Feb/2011:23:25:34 +0000] "GET /robots.txt HTTP/1.0" 404 495 "-" "Mozilla/5.0 (Windows; U; Windows NT 5.1; en; rv:1.9.0.13) Gecko/2009073022 Firefox/3.5.2 (.NET CLR 3.5.30729) SurveyBot/2.3 (DomainTools)"
64.246.161.30 - - [25/Feb/2011:23:25:35 +0000] "GET / HTTP/1.1" 200 955 "http://whois.domaintools.com/carl-fink.name" "Mozilla/5.0 (Windows; U; Windows NT 5.1; en; rv:1.9.0.13) Gecko/2009073022 Firefox/3.5.2 (.NET CLR 3.5.30729) SurveyBot/2.3 (DomainTools)"
81.52.143.16 - - [25/Feb/2011:23:38:34 +0000] "GET /robots.txt HTTP/1.1" 404 472 "-" "Mozilla/5.0 (Windows; U; Windows NT 5.1; fr; rv:1.8.1) VoilaBot BETA 1.2 (support.voilabot@orange-ftgroup.com)"
81.52.143.16 - - [25/Feb/2011:23:38:51 +0000] "GET / HTTP/1.1" 200 955 "-" "Mozilla/5.0 (Windows; U; Windows NT 5.1; fr; rv:1.8.1) VoilaBot BETA 1.2 (support.voilabot@orange-ftgroup.com)"
64.246.178.34 - - [25/Feb/2011:23:56:16 +0000] "GET /robots.txt HTTP/1.0" 404 494 "-" "Mozilla/5.0 (Windows; U; Windows NT 5.1; en; rv:1.9.0.13) Gecko/2009073022 Firefox/3.5.2 (.NET CLR 3.5.30729) SurveyBot/2.3 (DomainTools)"
64.246.178.34 - - [25/Feb/2011:23:56:17 +0000] "GET / HTTP/1.1" 200 955 "http://whois.domaintools.com/carlfink.name" "Mozilla/5.0 (Windows; U; Windows NT 5.1; en; rv:1.9.0.13) Gecko/2009073022 Firefox/3.5.2 (.NET CLR 3.5.30729) SurveyBot/2.3 (DomainTools)"
123.125.71.22 - - [26/Feb/2011:00:32:39 +0000] "GET / HTTP/1.1" 200 1630 "-" "Baiduspider+(+http://www.baidu.com/search/spider.htm)"
220.181.108.91 - - [26/Feb/2011:00:33:02 +0000] "GET / HTTP/1.1" 200 1630 "-" "Baiduspider+(+http://www.baidu.com/search/spider.htm)"
195.7.10.56 - - [26/Feb/2011:00:34:26 +0000] "GET //hello/YellowFish.php HTTP/1.1" 404 471 "-" "Mozilla/4.0 (compatible; MSIE 6.0; Windows 98)"
195.7.10.56 - - [26/Feb/2011:00:34:27 +0000] "GET //admin/scripts/setup.php HTTP/1.1" 404 472 "-" "Mozilla/4.0 (compatible; MSIE 6.0; Windows 98)"
195.7.10.56 - - [26/Feb/2011:00:34:27 +0000] "GET //Admin/scripts/setup.php HTTP/1.1" 404 473 "-" "Mozilla/4.0 (compatible; MSIE 6.0; Windows 98)"
195.7.10.56 - - [26/Feb/2011:00:34:28 +0000] "GET //db/scripts/setup.php HTTP/1.1" 404 471 "-" "Mozilla/4.0 (compatible; MSIE 6.0; Windows 98)"
195.7.10.56 - - [26/Feb/2011:00:34:28 +0000] "GET //dbadmin/scripts/setup.php HTTP/1.1" 404 474 "-" "Mozilla/4.0 (compatible; MSIE 6.0; Windows 98)"
195.7.10.56 - - [26/Feb/2011:00:34:29 +0000] "GET //myadmin/scripts/setup.php HTTP/1.1" 404 474 "-" "Mozilla/4.0 (compatible; MSIE 6.0; Windows 98)"
195.7.10.56 - - [26/Feb/2011:00:34:29 +0000] "GET //mysql/scripts/setup.php HTTP/1.1" 404 473 "-" "Mozilla/4.0 (compatible; MSIE 6.0; Windows 98)"
195.7.10.56 - - [26/Feb/2011:00:34:30 +0000] "GET //mysqladmin/scripts/setup.php HTTP/1.1" 404 477 "-" "Mozilla/4.0 (compatible; MSIE 6.0; Windows 98)"
195.7.10.56 - - [26/Feb/2011:00:34:30 +0000] "GET //mysqlmanager/scripts/setup.php HTTP/1.1" 404 479 "-" "Mozilla/4.0 (compatible; MSIE 6.0; Windows 98)"
195.7.10.56 - - [26/Feb/2011:00:34:30 +0000] "GET //phpMyAdmin/scripts/setup.php HTTP/1.1" 404 477 "-" "Mozilla/4.0 (compatible; MSIE 6.0; Windows 98)"
195.7.10.56 - - [26/Feb/2011:00:34:31 +0000] "GET //phpMyAdmin1/scripts/setup.php HTTP/1.1" 404 478 "-" "Mozilla/4.0 (compatible; MSIE 6.0; Windows 98)"
195.7.10.56 - - [26/Feb/2011:00:34:31 +0000] "GET //phpMyAdmin-2/scripts/setup.php HTTP/1.1" 404 478 "-" "Mozilla/4.0 (compatible; MSIE 6.0; Windows 98)"
195.7.10.56 - - [26/Feb/2011:00:34:32 +0000] "GET //phpadmin/scripts/setup.php HTTP/1.1" 404 475 "-" "Mozilla/4.0 (compatible; MSIE 6.0; Windows 98)"
195.7.10.56 - - [26/Feb/2011:00:34:32 +0000] "GET //phpmyadmin/scripts/setup.php HTTP/1.1" 404 476 "-" "Mozilla/4.0 (compatible; MSIE 6.0; Windows 98)"
195.7.10.56 - - [26/Feb/2011:00:34:33 +0000] "GET //phpmyadmin.old/scripts/setup.php HTTP/1.1" 404 479 "-" "Mozilla/4.0 (compatible; MSIE 6.0; Windows 98)"
195.7.10.56 - - [26/Feb/2011:00:34:33 +0000] "GET //old.phpmyadmin/scripts/setup.php HTTP/1.1" 404 478 "-" "Mozilla/4.0 (compatible; MSIE 6.0; Windows 98)"
195.7.10.56 - - [26/Feb/2011:00:34:34 +0000] "GET //phpmyadmin1/scripts/setup.php HTTP/1.1" 404 477 "-" "Mozilla/4.0 (compatible; MSIE 6.0; Windows 98)"
195.7.10.56 - - [26/Feb/2011:00:34:34 +0000] "GET //phpmyadmin-2/scripts/setup.php HTTP/1.1" 404 478 "-" "Mozilla/4.0 (compatible; MSIE 6.0; Windows 98)"
195.7.10.56 - - [26/Feb/2011:00:34:34 +0000] "GET //phpmyadmin1/scripts/setup.php HTTP/1.1" 404 477 "-" "Mozilla/4.0 (compatible; MSIE 6.0; Windows 98)"
195.7.10.56 - - [26/Feb/2011:00:34:35 +0000] "GET //phpmyadmin2/scripts/setup.php HTTP/1.1" 404 477 "-" "Mozilla/4.0 (compatible; MSIE 6.0; Windows 98)"
195.7.10.56 - - [26/Feb/2011:00:34:35 +0000] "GET //pma/scripts/setup.php HTTP/1.1" 404 472 "-" "Mozilla/4.0 (compatible; MSIE 6.0; Windows 98)"
195.7.10.56 - - [26/Feb/2011:00:34:36 +0000] "GET //PMA/scripts/setup.php HTTP/1.1" 404 473 "-" "Mozilla/4.0 (compatible; MSIE 6.0; Windows 98)"
195.7.10.56 - - [26/Feb/2011:00:34:36 +0000] "GET //scripts/scripts/setup.php HTTP/1.1" 404 470 "-" "Mozilla/4.0 (compatible; MSIE 6.0; Windows 98)"
195.7.10.56 - - [26/Feb/2011:00:34:37 +0000] "GET //webdb/scripts/setup.php HTTP/1.1" 404 473 "-" "Mozilla/4.0 (compatible; MSIE 6.0; Windows 98)"
195.7.10.56 - - [26/Feb/2011:00:34:37 +0000] "GET //websql/scripts/setup.php HTTP/1.1" 404 473 "-" "Mozilla/4.0 (compatible; MSIE 6.0; Windows 98)"
195.7.10.56 - - [26/Feb/2011:00:34:38 +0000] "GET //sql/scripts/setup.php HTTP/1.1" 404 473 "-" "Mozilla/4.0 (compatible; MSIE 6.0; Windows 98)"
123.125.71.15 - - [26/Feb/2011:02:36:28 +0000] "GET / HTTP/1.1" 200 1630 "-" "Baiduspider+(+http://www.baidu.com/search/spider.htm)"
220.181.108.87 - - [26/Feb/2011:02:36:57 +0000] "GET / HTTP/1.1" 200 1630 "-" "Baiduspider+(+http://www.baidu.com/search/spider.htm)"
123.125.71.12 - - [26/Feb/2011:04:33:01 +0000] "GET / HTTP/1.1" 200 1630 "-" "Baiduspider+(+http://www.baidu.com/search/spider.htm)"
220.181.108.78 - - [26/Feb/2011:04:33:24 +0000] "GET / HTTP/1.1" 200 1630 "-" "Baiduspider+(+http://www.baidu.com/search/spider.htm)"
69.74.233.66 - - [26/Feb/2011:05:33:02 +0000] "GET /movies/features_blu-ray.txt HTTP/1.1" 304 211 "-" "Mozilla/4.0 (compatible;)"
123.125.71.35 - - [26/Feb/2011:08:31:42 +0000] "GET / HTTP/1.1" 200 1630 "-" "Baiduspider+(+http://www.baidu.com/search/spider.htm)"
220.181.108.89 - - [26/Feb/2011:08:32:04 +0000] "GET / HTTP/1.1" 200 1630 "-" "Baiduspider+(+http://www.baidu.com/search/spider.htm)"
220.181.108.84 - - [26/Feb/2011:09:52:10 +0000] "GET /robots.txt HTTP/1.1" 404 470 "-" "Baiduspider+(+http://www.baidu.com/search/spider.htm)"
123.125.71.36 - - [26/Feb/2011:10:32:01 +0000] "GET / HTTP/1.1" 200 1630 "-" "Baiduspider+(+http://www.baidu.com/search/spider.htm)"
220.181.108.83 - - [26/Feb/2011:10:32:23 +0000] "GET / HTTP/1.1" 200 1630 "-" "Baiduspider+(+http://www.baidu.com/search/spider.htm)"
207.46.204.243 - - [26/Feb/2011:12:29:58 +0000] "GET /robots.txt HTTP/1.1" 404 533 "-" "Mozilla/5.0 (compatible; bingbot/2.0; +http://www.bing.com/bingbot.htm)"
207.46.204.243 - - [26/Feb/2011:12:30:55 +0000] "GET /?m=200802 HTTP/1.1" 200 993 "-" "Mozilla/5.0 (compatible; bingbot/2.0; +http://www.bing.com/bingbot.htm)"
123.125.71.36 - - [26/Feb/2011:12:33:27 +0000] "GET / HTTP/1.1" 200 1630 "-" "Baiduspider+(+http://www.baidu.com/search/spider.htm)"
220.181.108.87 - - [26/Feb/2011:12:33:52 +0000] "GET / HTTP/1.1" 200 1630 "-" "Baiduspider+(+http://www.baidu.com/search/spider.htm)"
123.125.71.18 - - [26/Feb/2011:14:29:42 +0000] "GET / HTTP/1.1" 200 1630 "-" "Baiduspider+(+http://www.baidu.com/search/spider.htm)"
220.181.108.77 - - [26/Feb/2011:14:29:58 +0000] "GET / HTTP/1.1" 200 1630 "-" "Baiduspider+(+http://www.baidu.com/search/spider.htm)"
124.115.0.163 - - [26/Feb/2011:16:43:22 +0000] "GET / HTTP/1.1" 304 209 "-" "Sosospider+(+http://help.soso.com/webspider.htm)"
123.125.71.18 - - [26/Feb/2011:16:45:41 +0000] "GET / HTTP/1.1" 200 1630 "-" "Baiduspider+(+http://www.baidu.com/search/spider.htm)"
220.181.108.96 - - [26/Feb/2011:16:46:19 +0000] "GET / HTTP/1.1" 200 1630 "-" "Baiduspider+(+http://www.baidu.com/search/spider.htm)"
46.4.50.141 - - [26/Feb/2011:17:05:14 +0000] "GET //lists/admin/index.php?_SERVER[ConfigFile]=../../../../../../../../../../../../../../../../../../../../../../../etc/passwd HTTP/1.1" 404 473 "-" "Mozilla/4.0 (compatible; MSIE 6.0; Windows 98)"
46.4.50.141 - - [26/Feb/2011:17:05:14 +0000] "GET //newsletter/admin/index.php?_SERVER[ConfigFile]=../../../../../../../../../../../../../../../../../../../../../../../etc/passwd HTTP/1.1" 404 475 "-" "Mozilla/4.0 (compatible; MSIE 6.0; Windows 98)"
46.4.50.141 - - [26/Feb/2011:17:05:14 +0000] "GET //news/admin/index.php?_SERVER[ConfigFile]=../../../../../../../../../../../../../../../../../../../../../../../etc/passwd HTTP/1.1" 404 472 "-" "Mozilla/4.0 (compatible; MSIE 6.0; Windows 98)"
46.4.50.141 - - [26/Feb/2011:17:05:15 +0000] "GET //phplist/admin/index.php?_SERVER[ConfigFile]=../../../../../../../../../../../../../../../../../../../../../../../etc/passwd HTTP/1.1" 404 474 "-" "Mozilla/4.0 (compatible; MSIE 6.0; Windows 98)"
46.4.50.141 - - [26/Feb/2011:17:05:15 +0000] "GET //phpList/admin/index.php?_SERVER[ConfigFile]=../../../../../../../../../../../../../../../../../../../../../../../etc/passwd HTTP/1.1" 404 473 "-" "Mozilla/4.0 (compatible; MSIE 6.0; Windows 98)"
46.4.50.141 - - [26/Feb/2011:17:05:15 +0000] "GET //admin/index.php?_SERVER[ConfigFile]=../../../../../../../../../../../../../../../../../../../../../../../etc/passwd HTTP/1.1" 404 469 "-" "Mozilla/4.0 (compatible; MSIE 6.0; Windows 98)"
46.4.50.141 - - [26/Feb/2011:17:05:15 +0000] "GET //phplist/lsts/admin/index.php?_SERVER[ConfigFile]=../../../../../../../../../../../../../../../../../../../../../../../etc/passwd HTTP/1.1" 404 476 "-" "Mozilla/4.0 (compatible; MSIE 6.0; Windows 98)"
46.4.50.141 - - [26/Feb/2011:17:05:16 +0000] "GET //phplists/admin/index.php?_SERVER[ConfigFile]=../../../../../../../../../../../../../../../../../../../../../../../etc/passwd HTTP/1.1" 404 474 "-" "Mozilla/4.0 (compatible; MSIE 6.0; Windows 98)"
46.4.50.141 - - [26/Feb/2011:17:05:16 +0000] "GET //list/index.php?_SERVER[ConfigFile]=../../../../../../../../../../../../../../../../../../../../../../../etc/passwd HTTP/1.1" 404 468 "-" "Mozilla/4.0 (compatible; MSIE 6.0; Windows 98)"
46.4.50.141 - - [26/Feb/2011:17:05:16 +0000] "GET / HTTP/1.1" 200 955 "-" "Mozilla/4.0 (compatible; MSIE 6.0; Windows 98)"
174.129.117.237 - - [26/Feb/2011:18:15:10 +0000] "HEAD / HTTP/1.1" 200 280 "-" "Mozilla/5.0 (Windows; U; Windows NT 5.1; en-US) AppleWebKit/525.13 (KHTML, like Gecko) Chrome/0.A.B.C Safari/525.13"
123.125.71.31 - - [26/Feb/2011:18:33:06 +0000] "GET / HTTP/1.1" 200 1630 "-" "Baiduspider+(+http://www.baidu.com/search/spider.htm)"
220.181.108.89 - - [26/Feb/2011:18:33:30 +0000] "GET / HTTP/1.1" 200 1630 "-" "Baiduspider+(+http://www.baidu.com/search/spider.htm)"
123.125.71.24 - - [26/Feb/2011:19:32:33 +0000] "GET / HTTP/1.1" 200 1630 "-" "Baiduspider+(+http://www.baidu.com/search/spider.htm)"
220.181.108.81 - - [26/Feb/2011:19:32:55 +0000] "GET / HTTP/1.1" 200 1630 "-" "Baiduspider+(+http://www.baidu.com/search/spider.htm)"
123.125.71.30 - - [26/Feb/2011:20:31:44 +0000] "GET / HTTP/1.1" 200 1630 "-" "Baiduspider+(+http://www.baidu.com/search/spider.htm)"
220.181.108.91 - - [26/Feb/2011:20:32:13 +0000] "GET / HTTP/1.1" 200 1630 "-" "Baiduspider+(+http://www.baidu.com/search/spider.htm)"
72.30.161.217 - - [26/Feb/2011:22:14:24 +0000] "GET /robots.txt HTTP/1.0" 404 472 "-" "Mozilla/5.0 (compatible; Yahoo! Slurp; http://help.yahoo.com/help/us/ysearch/slurp)"
