220.181.108.82 - - [21/Aug/2011:05:35:28 +0000] "GET / HTTP/1.1" 200 1630 "-" "Mozilla/5.0 (compatible; Baiduspider/2.0; +http://www.baidu.com/search/spider.html)"
38.101.148.126 - - [21/Aug/2011:07:21:51 +0000] "GET /robots.txt HTTP/1.1" 404 472 "-" "Mozilla/5.0 (compatible; discobot/1.1; +http://discoveryengine.com/discobot.html)"
123.125.71.28 - - [21/Aug/2011:07:34:59 +0000] "GET / HTTP/1.1" 200 1630 "-" "Mozilla/5.0 (compatible; Baiduspider/2.0; +http://www.baidu.com/search/spider.html)"
220.181.108.90 - - [21/Aug/2011:07:35:05 +0000] "GET / HTTP/1.1" 200 1630 "-" "Mozilla/5.0 (compatible; Baiduspider/2.0; +http://www.baidu.com/search/spider.html)"
123.125.71.32 - - [21/Aug/2011:09:35:52 +0000] "GET / HTTP/1.1" 200 1630 "-" "Mozilla/5.0 (compatible; Baiduspider/2.0; +http://www.baidu.com/search/spider.html)"
220.181.108.94 - - [21/Aug/2011:09:36:09 +0000] "GET / HTTP/1.1" 200 1630 "-" "Mozilla/5.0 (compatible; Baiduspider/2.0; +http://www.baidu.com/search/spider.html)"
220.181.108.80 - - [21/Aug/2011:10:52:53 +0000] "GET /robots.txt HTTP/1.1" 404 470 "-" "Baiduspider+(+http://www.baidu.com/search/spider.htm)"
220.181.108.76 - - [21/Aug/2011:12:35:23 +0000] "GET / HTTP/1.1" 200 1630 "-" "Mozilla/5.0 (compatible; Baiduspider/2.0; +http://www.baidu.com/search/spider.html)"
123.125.71.33 - - [21/Aug/2011:12:36:12 +0000] "GET / HTTP/1.1" 200 1630 "-" "Mozilla/5.0 (compatible; Baiduspider/2.0; +http://www.baidu.com/search/spider.html)"
38.101.148.126 - - [21/Aug/2011:12:38:34 +0000] "GET /robots.txt HTTP/1.1" 404 472 "-" "Mozilla/5.0 (compatible; discobot/1.1; +http://discoveryengine.com/discobot.html)"
123.125.71.18 - - [21/Aug/2011:13:34:12 +0000] "GET / HTTP/1.1" 200 1630 "-" "Mozilla/5.0 (compatible; Baiduspider/2.0; +http://www.baidu.com/search/spider.html)"
220.181.108.80 - - [21/Aug/2011:13:34:26 +0000] "GET / HTTP/1.1" 200 1630 "-" "Mozilla/5.0 (compatible; Baiduspider/2.0; +http://www.baidu.com/search/spider.html)"
124.115.0.163 - - [21/Aug/2011:14:26:44 +0000] "GET / HTTP/1.1" 200 993 "-" "Sosospider+(+http://help.soso.com/webspider.htm)"
123.125.71.27 - - [21/Aug/2011:15:37:06 +0000] "GET / HTTP/1.1" 200 1630 "-" "Mozilla/5.0 (compatible; Baiduspider/2.0; +http://www.baidu.com/search/spider.html)"
220.181.108.86 - - [21/Aug/2011:15:37:27 +0000] "GET / HTTP/1.1" 200 1630 "-" "Mozilla/5.0 (compatible; Baiduspider/2.0; +http://www.baidu.com/search/spider.html)"
124.115.10.68 - - [21/Aug/2011:16:36:36 +0000] "GET / HTTP/1.1" 200 993 "-" "Mozilla/4.0 (compatible; MSIE 6.0; Windows NT 5.1)"
123.125.71.20 - - [21/Aug/2011:16:43:42 +0000] "GET / HTTP/1.1" 200 1630 "-" "Mozilla/5.0 (compatible; Baiduspider/2.0; +http://www.baidu.com/search/spider.html)"
220.181.108.82 - - [21/Aug/2011:16:44:05 +0000] "GET / HTTP/1.1" 200 1630 "-" "Mozilla/5.0 (compatible; Baiduspider/2.0; +http://www.baidu.com/search/spider.html)"
38.101.148.126 - - [21/Aug/2011:17:44:12 +0000] "GET /robots.txt HTTP/1.1" 404 472 "-" "Mozilla/5.0 (compatible; discobot/1.1; +http://discoveryengine.com/discobot.html)"
208.80.194.29 - - [21/Aug/2011:18:49:22 +0000] "GET / HTTP/1.0" 200 1630 "-" "Mozilla/4.0 (compatible; MSIE 6.0; Windows NT 5.1; SV1; FunWebProducts; SIMBAR Enabled; SIMBAR={2D8224FB-E5D4-4ed6-8DAC-509E92BD3514})"
123.125.71.30 - - [21/Aug/2011:19:35:01 +0000] "GET / HTTP/1.1" 200 1630 "-" "Mozilla/5.0 (compatible; Baiduspider/2.0; +http://www.baidu.com/search/spider.html)"
220.181.108.97 - - [21/Aug/2011:19:35:16 +0000] "GET / HTTP/1.1" 200 1630 "-" "Mozilla/5.0 (compatible; Baiduspider/2.0; +http://www.baidu.com/search/spider.html)"
124.115.0.28 - - [21/Aug/2011:20:39:35 +0000] "GET / HTTP/1.1" 200 993 "-" "Sosospider+(+http://help.soso.com/webspider.htm)"
123.125.71.17 - - [21/Aug/2011:21:35:19 +0000] "GET / HTTP/1.1" 200 1630 "-" "Mozilla/5.0 (compatible; Baiduspider/2.0; +http://www.baidu.com/search/spider.html)"
220.181.108.88 - - [21/Aug/2011:21:35:35 +0000] "GET / HTTP/1.1" 200 1630 "-" "Mozilla/5.0 (compatible; Baiduspider/2.0; +http://www.baidu.com/search/spider.html)"
38.101.148.126 - - [21/Aug/2011:22:55:47 +0000] "GET /robots.txt HTTP/1.1" 404 472 "-" "Mozilla/5.0 (compatible; discobot/1.1; +http://discoveryengine.com/discobot.html)"
123.125.71.30 - - [21/Aug/2011:23:35:07 +0000] "GET / HTTP/1.1" 200 1630 "-" "Mozilla/5.0 (compatible; Baiduspider/2.0; +http://www.baidu.com/search/spider.html)"
220.181.108.87 - - [21/Aug/2011:23:35:23 +0000] "GET / HTTP/1.1" 200 1630 "-" "Mozilla/5.0 (compatible; Baiduspider/2.0; +http://www.baidu.com/search/spider.html)"
220.181.108.76 - - [22/Aug/2011:00:00:28 +0000] "GET /robots.txt HTTP/1.1" 404 470 "-" "Baiduspider+(+http://www.baidu.com/search/spider.htm)"
65.52.110.73 - - [22/Aug/2011:00:47:55 +0000] "GET /robots.txt HTTP/1.1" 404 537 "-" "Mozilla/5.0 (compatible; bingbot/2.0; +http://www.bing.com/bingbot.htm)"
65.52.110.73 - - [22/Aug/2011:00:54:38 +0000] "GET /?cat=1 HTTP/1.1" 304 209 "-" "Mozilla/5.0 (compatible; bingbot/2.0; +http://www.bing.com/bingbot.htm)"
123.125.71.20 - - [22/Aug/2011:03:20:40 +0000] "GET / HTTP/1.1" 200 955 "-" "Mozilla/5.0 (compatible; Baiduspider/2.0; +http://www.baidu.com/search/spider.html)"
123.125.71.36 - - [22/Aug/2011:03:35:43 +0000] "GET / HTTP/1.1" 200 1630 "-" "Mozilla/5.0 (compatible; Baiduspider/2.0; +http://www.baidu.com/search/spider.html)"
220.181.108.78 - - [22/Aug/2011:03:36:00 +0000] "GET / HTTP/1.1" 200 1630 "-" "Mozilla/5.0 (compatible; Baiduspider/2.0; +http://www.baidu.com/search/spider.html)"
66.249.72.27 - - [22/Aug/2011:03:55:27 +0000] "GET /robots.txt HTTP/1.1" 404 508 "-" "Mozilla/5.0 (compatible; Googlebot/2.1; +http://www.google.com/bot.html)"
66.249.72.27 - - [22/Aug/2011:03:55:27 +0000] "GET / HTTP/1.1" 304 208 "-" "Mozilla/5.0 (compatible; Googlebot/2.1; +http://www.google.com/bot.html)"
38.101.148.126 - - [22/Aug/2011:04:14:42 +0000] "GET /robots.txt HTTP/1.1" 404 472 "-" "Mozilla/5.0 (compatible; discobot/1.1; +http://discoveryengine.com/discobot.html)"
124.115.6.13 - - [22/Aug/2011:06:11:26 +0000] "GET /robots.txt HTTP/1.1" 404 508 "-" "Sosospider+(+http://help.soso.com/webspider.htm)"
124.115.0.100 - - [22/Aug/2011:06:19:09 +0000] "GET / HTTP/1.1" 200 993 "-" "Sosospider+(+http://help.soso.com/webspider.htm)"
91.212.12.60 - - [22/Aug/2011:06:43:26 +0000] "GET /robots.txt HTTP/1.1" 404 476 "-" "Comodo-Certificates-Spider"
91.212.12.60 - - [22/Aug/2011:06:43:38 +0000] "GET /robots.txt HTTP/1.1" 404 477 "-" "Comodo-Certificates-Spider"
123.125.71.16 - - [22/Aug/2011:07:35:56 +0000] "GET / HTTP/1.1" 200 1630 "-" "Mozilla/5.0 (compatible; Baiduspider/2.0; +http://www.baidu.com/search/spider.html)"
220.181.108.83 - - [22/Aug/2011:07:36:15 +0000] "GET / HTTP/1.1" 200 1630 "-" "Mozilla/5.0 (compatible; Baiduspider/2.0; +http://www.baidu.com/search/spider.html)"
66.249.72.25 - - [22/Aug/2011:08:38:49 +0000] "GET /robots.txt HTTP/1.1" 404 509 "-" "Mozilla/5.0 (compatible; Googlebot/2.1; +http://www.google.com/bot.html)"
66.249.72.25 - - [22/Aug/2011:08:38:49 +0000] "GET / HTTP/1.1" 304 208 "-" "Mozilla/5.0 (compatible; Googlebot/2.1; +http://www.google.com/bot.html)"
38.101.148.126 - - [22/Aug/2011:09:33:50 +0000] "GET /robots.txt HTTP/1.1" 404 472 "-" "Mozilla/5.0 (compatible; discobot/1.1; +http://discoveryengine.com/discobot.html)"
123.125.71.33 - - [22/Aug/2011:09:37:08 +0000] "GET / HTTP/1.1" 200 1630 "-" "Mozilla/5.0 (compatible; Baiduspider/2.0; +http://www.baidu.com/search/spider.html)"
220.181.108.82 - - [22/Aug/2011:09:37:27 +0000] "GET / HTTP/1.1" 200 1630 "-" "Mozilla/5.0 (compatible; Baiduspider/2.0; +http://www.baidu.com/search/spider.html)"
119.63.196.39 - - [22/Aug/2011:11:02:46 +0000] "GET /robots.txt HTTP/1.1" 404 472 "-" "Baiduspider+(+http://www.baidu.com/search/spider.htm)"
123.125.71.18 - - [22/Aug/2011:11:36:07 +0000] "GET / HTTP/1.1" 200 1630 "-" "Mozilla/5.0 (compatible; Baiduspider/2.0; +http://www.baidu.com/search/spider.html)"
220.181.108.93 - - [22/Aug/2011:11:36:25 +0000] "GET / HTTP/1.1" 200 1630 "-" "Mozilla/5.0 (compatible; Baiduspider/2.0; +http://www.baidu.com/search/spider.html)"
124.115.0.28 - - [22/Aug/2011:13:04:17 +0000] "GET / HTTP/1.1" 200 993 "-" "Sosospider+(+http://help.soso.com/webspider.htm)"
66.249.72.26 - - [22/Aug/2011:13:26:08 +0000] "GET /robots.txt HTTP/1.1" 404 506 "-" "Mozilla/5.0 (compatible; Googlebot/2.1; +http://www.google.com/bot.html)"
66.249.72.26 - - [22/Aug/2011:13:26:08 +0000] "GET / HTTP/1.1" 200 992 "-" "Mozilla/5.0 (compatible; Googlebot/2.1; +http://www.google.com/bot.html)"
123.125.71.34 - - [22/Aug/2011:13:35:30 +0000] "GET / HTTP/1.1" 200 1630 "-" "Mozilla/5.0 (compatible; Baiduspider/2.0; +http://www.baidu.com/search/spider.html)"
220.181.108.93 - - [22/Aug/2011:13:35:46 +0000] "GET / HTTP/1.1" 200 1630 "-" "Mozilla/5.0 (compatible; Baiduspider/2.0; +http://www.baidu.com/search/spider.html)"
38.101.148.126 - - [22/Aug/2011:14:38:40 +0000] "GET /robots.txt HTTP/1.1" 404 472 "-" "Mozilla/5.0 (compatible; discobot/1.1; +http://discoveryengine.com/discobot.html)"
123.125.71.24 - - [22/Aug/2011:17:36:02 +0000] "GET / HTTP/1.1" 200 1630 "-" "Mozilla/5.0 (compatible; Baiduspider/2.0; +http://www.baidu.com/search/spider.html)"
220.181.108.97 - - [22/Aug/2011:17:36:18 +0000] "GET / HTTP/1.1" 200 1630 "-" "Mozilla/5.0 (compatible; Baiduspider/2.0; +http://www.baidu.com/search/spider.html)"
66.249.72.144 - - [22/Aug/2011:18:12:52 +0000] "GET /robots.txt HTTP/1.1" 404 505 "-" "Mozilla/5.0 (compatible; Googlebot/2.1; +http://www.google.com/bot.html)"
66.249.72.144 - - [22/Aug/2011:18:12:52 +0000] "GET / HTTP/1.1" 304 208 "-" "Mozilla/5.0 (compatible; Googlebot/2.1; +http://www.google.com/bot.html)"
123.125.71.25 - - [22/Aug/2011:18:35:32 +0000] "GET / HTTP/1.1" 200 1630 "-" "Mozilla/5.0 (compatible; Baiduspider/2.0; +http://www.baidu.com/search/spider.html)"
220.181.108.95 - - [22/Aug/2011:18:35:48 +0000] "GET / HTTP/1.1" 200 1630 "-" "Mozilla/5.0 (compatible; Baiduspider/2.0; +http://www.baidu.com/search/spider.html)"
123.125.71.30 - - [22/Aug/2011:19:35:26 +0000] "GET / HTTP/1.1" 200 1630 "-" "Mozilla/5.0 (compatible; Baiduspider/2.0; +http://www.baidu.com/search/spider.html)"
220.181.108.96 - - [22/Aug/2011:19:35:42 +0000] "GET / HTTP/1.1" 200 1630 "-" "Mozilla/5.0 (compatible; Baiduspider/2.0; +http://www.baidu.com/search/spider.html)"
119.63.196.48 - - [22/Aug/2011:19:42:50 +0000] "GET /robots.txt HTTP/1.1" 404 472 "-" "Baiduspider+(+http://www.baidu.com/search/spider.htm)"
38.101.148.126 - - [22/Aug/2011:20:00:55 +0000] "GET /robots.txt HTTP/1.1" 404 472 "-" "Mozilla/5.0 (compatible; discobot/1.1; +http://discoveryengine.com/discobot.html)"
207.46.204.196 - - [22/Aug/2011:20:17:33 +0000] "GET /robots.txt HTTP/1.1" 404 533 "-" "Mozilla/5.0 (compatible; bingbot/2.0; +http://www.bing.com/bingbot.htm)"
207.46.204.196 - - [22/Aug/2011:20:31:13 +0000] "GET /?m=200802 HTTP/1.1" 304 209 "-" "Mozilla/5.0 (compatible; bingbot/2.0; +http://www.bing.com/bingbot.htm)"
123.125.71.28 - - [22/Aug/2011:21:35:52 +0000] "GET / HTTP/1.1" 200 1630 "-" "Mozilla/5.0 (compatible; Baiduspider/2.0; +http://www.baidu.com/search/spider.html)"
220.181.108.87 - - [22/Aug/2011:21:36:05 +0000] "GET / HTTP/1.1" 200 1630 "-" "Mozilla/5.0 (compatible; Baiduspider/2.0; +http://www.baidu.com/search/spider.html)"
124.115.4.197 - - [22/Aug/2011:22:35:35 +0000] "GET / HTTP/1.1" 200 993 "-" "Sosospider+(+http://help.soso.com/webspider.htm)"
81.52.143.16 - - [22/Aug/2011:22:40:02 +0000] "GET /robots.txt HTTP/1.1" 404 472 "-" "Mozilla/5.0 (Windows; U; Windows NT 5.1; fr; rv:1.8.1) VoilaBot BETA 1.2 (support.voilabot@orange-ftgroup.com)"
81.52.143.16 - - [22/Aug/2011:22:40:09 +0000] "GET / HTTP/1.1" 200 955 "-" "Mozilla/5.0 (Windows; U; Windows NT 5.1; fr; rv:1.8.1) VoilaBot BETA 1.2 (support.voilabot@orange-ftgroup.com)"
123.125.71.26 - - [22/Aug/2011:23:34:37 +0000] "GET / HTTP/1.1" 200 1630 "-" "Mozilla/5.0 (compatible; Baiduspider/2.0; +http://www.baidu.com/search/spider.html)"
220.181.108.83 - - [22/Aug/2011:23:34:52 +0000] "GET / HTTP/1.1" 200 1630 "-" "Mozilla/5.0 (compatible; Baiduspider/2.0; +http://www.baidu.com/search/spider.html)"
123.125.71.34 - - [23/Aug/2011:00:13:09 +0000] "GET / HTTP/1.1" 200 955 "-" "Mozilla/5.0 (compatible; Baiduspider/2.0; +http://www.baidu.com/search/spider.html)"
67.195.111.52 - - [23/Aug/2011:00:44:48 +0000] "GET /robots.txt HTTP/1.0" 404 472 "-" "Mozilla/5.0 (compatible; Yahoo! Slurp; http://help.yahoo.com/help/us/ysearch/slurp)"
67.195.111.52 - - [23/Aug/2011:00:44:48 +0000] "GET /welcome.htm HTTP/1.0" 404 471 "-" "Mozilla/5.0 (compatible; Yahoo! Slurp; http://help.yahoo.com/help/us/ysearch/slurp)"
38.101.148.126 - - [23/Aug/2011:01:16:59 +0000] "GET /robots.txt HTTP/1.1" 404 472 "-" "Mozilla/5.0 (compatible; discobot/1.1; +http://discoveryengine.com/discobot.html)"
123.125.71.18 - - [23/Aug/2011:01:35:20 +0000] "GET / HTTP/1.1" 200 1630 "-" "Mozilla/5.0 (compatible; Baiduspider/2.0; +http://www.baidu.com/search/spider.html)"
220.181.108.81 - - [23/Aug/2011:01:35:35 +0000] "GET / HTTP/1.1" 200 1630 "-" "Mozilla/5.0 (compatible; Baiduspider/2.0; +http://www.baidu.com/search/spider.html)"
123.125.71.25 - - [23/Aug/2011:03:40:01 +0000] "GET / HTTP/1.1" 200 1630 "-" "Mozilla/5.0 (compatible; Baiduspider/2.0; +http://www.baidu.com/search/spider.html)"
220.181.108.91 - - [23/Aug/2011:03:40:27 +0000] "GET / HTTP/1.1" 200 1630 "-" "Mozilla/5.0 (compatible; Baiduspider/2.0; +http://www.baidu.com/search/spider.html)"
124.115.0.28 - - [23/Aug/2011:03:51:38 +0000] "GET / HTTP/1.1" 200 993 "-" "Sosospider+(+http://help.soso.com/webspider.htm)"
220.181.108.86 - - [23/Aug/2011:04:40:49 +0000] "GET / HTTP/1.1" 200 1630 "-" "Mozilla/5.0 (compatible; Baiduspider/2.0; +http://www.baidu.com/search/spider.html)"
123.125.71.33 - - [23/Aug/2011:04:41:26 +0000] "GET / HTTP/1.1" 200 1630 "-" "Mozilla/5.0 (compatible; Baiduspider/2.0; +http://www.baidu.com/search/spider.html)"
123.125.71.36 - - [23/Aug/2011:05:37:40 +0000] "GET / HTTP/1.1" 200 1630 "-" "Mozilla/5.0 (compatible; Baiduspider/2.0; +http://www.baidu.com/search/spider.html)"
220.181.108.76 - - [23/Aug/2011:05:37:58 +0000] "GET / HTTP/1.1" 200 1630 "-" "Mozilla/5.0 (compatible; Baiduspider/2.0; +http://www.baidu.com/search/spider.html)"
67.195.111.52 - - [23/Aug/2011:05:50:19 +0000] "GET /robots.txt HTTP/1.0" 404 472 "-" "Mozilla/5.0 (compatible; Yahoo! Slurp; http://help.yahoo.com/help/us/ysearch/slurp)"
67.195.111.52 - - [23/Aug/2011:05:50:19 +0000] "GET / HTTP/1.0" 200 955 "-" "Mozilla/5.0 (compatible; Yahoo! Slurp; http://help.yahoo.com/help/us/ysearch/slurp)"
38.101.148.126 - - [23/Aug/2011:06:50:56 +0000] "GET /robots.txt HTTP/1.1" 404 472 "-" "Mozilla/5.0 (compatible; discobot/1.1; +http://discoveryengine.com/discobot.html)"
123.125.71.29 - - [23/Aug/2011:07:35:44 +0000] "GET / HTTP/1.1" 200 1630 "-" "Mozilla/5.0 (compatible; Baiduspider/2.0; +http://www.baidu.com/search/spider.html)"
220.181.108.93 - - [23/Aug/2011:07:36:01 +0000] "GET / HTTP/1.1" 200 1630 "-" "Mozilla/5.0 (compatible; Baiduspider/2.0; +http://www.baidu.com/search/spider.html)"
123.125.71.25 - - [23/Aug/2011:08:36:10 +0000] "GET / HTTP/1.1" 200 1630 "-" "Mozilla/5.0 (compatible; Baiduspider/2.0; +http://www.baidu.com/search/spider.html)"
220.181.108.97 - - [23/Aug/2011:08:36:28 +0000] "GET / HTTP/1.1" 200 1630 "-" "Mozilla/5.0 (compatible; Baiduspider/2.0; +http://www.baidu.com/search/spider.html)"
123.125.71.34 - - [23/Aug/2011:09:37:13 +0000] "GET / HTTP/1.1" 200 1630 "-" "Mozilla/5.0 (compatible; Baiduspider/2.0; +http://www.baidu.com/search/spider.html)"
220.181.108.87 - - [23/Aug/2011:09:37:29 +0000] "GET / HTTP/1.1" 200 1630 "-" "Mozilla/5.0 (compatible; Baiduspider/2.0; +http://www.baidu.com/search/spider.html)"
124.115.4.197 - - [23/Aug/2011:11:20:46 +0000] "GET / HTTP/1.1" 200 993 "-" "Sosospider+(+http://help.soso.com/webspider.htm)"
123.125.71.33 - - [23/Aug/2011:11:35:59 +0000] "GET / HTTP/1.1" 200 1630 "-" "Mozilla/5.0 (compatible; Baiduspider/2.0; +http://www.baidu.com/search/spider.html)"
220.181.108.76 - - [23/Aug/2011:11:36:17 +0000] "GET / HTTP/1.1" 200 1630 "-" "Mozilla/5.0 (compatible; Baiduspider/2.0; +http://www.baidu.com/search/spider.html)"
65.52.110.72 - - [23/Aug/2011:11:45:57 +0000] "GET /robots.txt HTTP/1.1" 404 533 "-" "Mozilla/5.0 (compatible; bingbot/2.0; +http://www.bing.com/bingbot.htm)"
65.52.110.72 - - [23/Aug/2011:11:47:09 +0000] "GET / HTTP/1.1" 304 209 "-" "Mozilla/5.0 (compatible; bingbot/2.0; +http://www.bing.com/bingbot.htm)"
38.101.148.126 - - [23/Aug/2011:11:59:13 +0000] "GET /robots.txt HTTP/1.1" 404 472 "-" "Mozilla/5.0 (compatible; discobot/1.1; +http://discoveryengine.com/discobot.html)"
123.125.71.20 - - [23/Aug/2011:12:36:27 +0000] "GET / HTTP/1.1" 200 1630 "-" "Mozilla/5.0 (compatible; Baiduspider/2.0; +http://www.baidu.com/search/spider.html)"
220.181.108.76 - - [23/Aug/2011:12:36:42 +0000] "GET / HTTP/1.1" 200 1630 "-" "Mozilla/5.0 (compatible; Baiduspider/2.0; +http://www.baidu.com/search/spider.html)"
123.125.71.28 - - [23/Aug/2011:13:35:38 +0000] "GET / HTTP/1.1" 200 1630 "-" "Mozilla/5.0 (compatible; Baiduspider/2.0; +http://www.baidu.com/search/spider.html)"
220.181.108.96 - - [23/Aug/2011:13:35:52 +0000] "GET / HTTP/1.1" 200 1630 "-" "Mozilla/5.0 (compatible; Baiduspider/2.0; +http://www.baidu.com/search/spider.html)"
220.181.108.84 - - [23/Aug/2011:14:23:31 +0000] "GET /robots.txt HTTP/1.1" 404 470 "-" "Baiduspider+(+http://www.baidu.com/search/spider.htm)"
38.101.148.126 - - [23/Aug/2011:17:07:00 +0000] "GET /robots.txt HTTP/1.1" 404 472 "-" "Mozilla/5.0 (compatible; discobot/1.1; +http://discoveryengine.com/discobot.html)"
124.115.4.197 - - [23/Aug/2011:17:24:46 +0000] "GET / HTTP/1.1" 200 993 "-" "Sosospider+(+http://help.soso.com/webspider.htm)"
123.125.71.25 - - [23/Aug/2011:17:34:20 +0000] "GET / HTTP/1.1" 200 1630 "-" "Mozilla/5.0 (compatible; Baiduspider/2.0; +http://www.baidu.com/search/spider.html)"
220.181.108.84 - - [23/Aug/2011:17:34:31 +0000] "GET / HTTP/1.1" 200 1630 "-" "Mozilla/5.0 (compatible; Baiduspider/2.0; +http://www.baidu.com/search/spider.html)"
208.80.194.31 - - [23/Aug/2011:18:33:59 +0000] "GET / HTTP/1.0" 200 1630 "-" "Mozilla/4.0 (compatible; MSIE 6.0; Windows NT 5.1; SV1; FunWebProducts; SIMBAR={E7DEA2F5-588C-48d1-8B00-B23D41EC0A42}; HbTools 4.7.1)"
123.125.71.23 - - [23/Aug/2011:19:36:38 +0000] "GET / HTTP/1.1" 200 1630 "-" "Mozilla/5.0 (compatible; Baiduspider/2.0; +http://www.baidu.com/search/spider.html)"
220.181.108.87 - - [23/Aug/2011:19:36:56 +0000] "GET / HTTP/1.1" 200 1630 "-" "Mozilla/5.0 (compatible; Baiduspider/2.0; +http://www.baidu.com/search/spider.html)"
67.202.53.131 - - [23/Aug/2011:20:08:35 +0000] "HEAD / HTTP/1.1" 200 276 "http://www.netcraft.com/survey/" "Mozilla/4.0 (compatible; Netcraft Web Server Survey)"
123.125.71.32 - - [23/Aug/2011:20:35:24 +0000] "GET / HTTP/1.1" 200 1630 "-" "Mozilla/5.0 (compatible; Baiduspider/2.0; +http://www.baidu.com/search/spider.html)"
220.181.108.87 - - [23/Aug/2011:20:35:39 +0000] "GET / HTTP/1.1" 200 1630 "-" "Mozilla/5.0 (compatible; Baiduspider/2.0; +http://www.baidu.com/search/spider.html)"
66.249.71.145 - - [23/Aug/2011:20:57:34 +0000] "GET /robots.txt HTTP/1.1" 404 510 "-" "Mozilla/5.0 (compatible; Googlebot/2.1; +http://www.google.com/bot.html)"
66.249.71.145 - - [23/Aug/2011:20:57:34 +0000] "GET / HTTP/1.1" 200 992 "-" "Mozilla/5.0 (compatible; Googlebot/2.1; +http://www.google.com/bot.html)"
123.125.71.18 - - [23/Aug/2011:20:59:35 +0000] "GET / HTTP/1.1" 200 955 "-" "Mozilla/5.0 (compatible; Baiduspider/2.0; +http://www.baidu.com/search/spider.html)"
75.101.179.100 - - [23/Aug/2011:21:05:20 +0000] "HEAD / HTTP/1.1" 200 276 "http://www.netcraft.com/survey/" "Mozilla/4.0 (compatible; Netcraft Web Server Survey)"
123.125.71.24 - - [23/Aug/2011:21:35:31 +0000] "GET / HTTP/1.1" 200 1630 "-" "Mozilla/5.0 (compatible; Baiduspider/2.0; +http://www.baidu.com/search/spider.html)"
220.181.108.77 - - [23/Aug/2011:21:35:47 +0000] "GET / HTTP/1.1" 200 1630 "-" "Mozilla/5.0 (compatible; Baiduspider/2.0; +http://www.baidu.com/search/spider.html)"
124.115.6.13 - - [23/Aug/2011:22:37:36 +0000] "GET /robots.txt HTTP/1.1" 404 508 "-" "Sosospider+(+http://help.soso.com/webspider.htm)"
38.101.148.126 - - [23/Aug/2011:22:38:07 +0000] "GET /robots.txt HTTP/1.1" 404 472 "-" "Mozilla/5.0 (compatible; discobot/1.1; +http://discoveryengine.com/discobot.html)"
124.115.4.197 - - [23/Aug/2011:23:10:52 +0000] "GET / HTTP/1.1" 200 993 "-" "Sosospider+(+http://help.soso.com/webspider.htm)"
123.125.71.24 - - [23/Aug/2011:23:34:58 +0000] "GET / HTTP/1.1" 200 1630 "-" "Mozilla/5.0 (compatible; Baiduspider/2.0; +http://www.baidu.com/search/spider.html)"
220.181.108.92 - - [23/Aug/2011:23:35:13 +0000] "GET / HTTP/1.1" 200 1630 "-" "Mozilla/5.0 (compatible; Baiduspider/2.0; +http://www.baidu.com/search/spider.html)"
123.125.71.27 - - [24/Aug/2011:01:36:08 +0000] "GET / HTTP/1.1" 200 1630 "-" "Mozilla/5.0 (compatible; Baiduspider/2.0; +http://www.baidu.com/search/spider.html)"
220.181.108.81 - - [24/Aug/2011:01:36:23 +0000] "GET / HTTP/1.1" 200 1630 "-" "Mozilla/5.0 (compatible; Baiduspider/2.0; +http://www.baidu.com/search/spider.html)"
220.181.108.77 - - [24/Aug/2011:02:19:27 +0000] "GET /robots.txt HTTP/1.1" 404 470 "-" "Baiduspider+(+http://www.baidu.com/search/spider.htm)"
66.249.71.113 - - [24/Aug/2011:03:05:15 +0000] "GET /robots.txt HTTP/1.1" 404 511 "-" "Mozilla/5.0 (compatible; Googlebot/2.1; +http://www.google.com/bot.html)"
66.249.71.113 - - [24/Aug/2011:03:05:16 +0000] "GET / HTTP/1.1" 200 992 "-" "Mozilla/5.0 (compatible; Googlebot/2.1; +http://www.google.com/bot.html)"
123.125.71.33 - - [24/Aug/2011:03:38:25 +0000] "GET / HTTP/1.1" 200 1630 "-" "Mozilla/5.0 (compatible; Baiduspider/2.0; +http://www.baidu.com/search/spider.html)"
220.181.108.78 - - [24/Aug/2011:03:38:47 +0000] "GET / HTTP/1.1" 200 1630 "-" "Mozilla/5.0 (compatible; Baiduspider/2.0; +http://www.baidu.com/search/spider.html)"
38.101.148.126 - - [24/Aug/2011:03:57:57 +0000] "GET /robots.txt HTTP/1.1" 404 472 "-" "Mozilla/5.0 (compatible; discobot/1.1; +http://discoveryengine.com/discobot.html)"
124.115.0.100 - - [24/Aug/2011:04:41:14 +0000] "GET / HTTP/1.1" 200 993 "-" "Sosospider+(+http://help.soso.com/webspider.htm)"
65.52.109.66 - - [24/Aug/2011:04:57:56 +0000] "GET /robots.txt HTTP/1.1" 404 534 "-" "Mozilla/5.0 (compatible; bingbot/2.0; +http://www.bing.com/bingbot.htm)"
65.52.109.66 - - [24/Aug/2011:04:59:02 +0000] "GET / HTTP/1.1" 304 209 "-" "Mozilla/5.0 (compatible; bingbot/2.0; +http://www.bing.com/bingbot.htm)"
123.125.71.23 - - [24/Aug/2011:05:34:43 +0000] "GET / HTTP/1.1" 200 1630 "-" "Mozilla/5.0 (compatible; Baiduspider/2.0; +http://www.baidu.com/search/spider.html)"
220.181.108.88 - - [24/Aug/2011:05:34:59 +0000] "GET / HTTP/1.1" 200 1630 "-" "Mozilla/5.0 (compatible; Baiduspider/2.0; +http://www.baidu.com/search/spider.html)"
95.108.158.241 - - [24/Aug/2011:05:56:06 +0000] "GET /robots.txt HTTP/1.1" 404 533 "-" "Mozilla/5.0 (compatible; YandexImages/3.0; +http://yandex.com/bots)"
123.125.71.33 - - [24/Aug/2011:06:36:54 +0000] "GET / HTTP/1.1" 200 1630 "-" "Mozilla/5.0 (compatible; Baiduspider/2.0; +http://www.baidu.com/search/spider.html)"
220.181.108.76 - - [24/Aug/2011:06:37:11 +0000] "GET / HTTP/1.1" 200 1630 "-" "Mozilla/5.0 (compatible; Baiduspider/2.0; +http://www.baidu.com/search/spider.html)"
66.249.71.145 - - [24/Aug/2011:07:07:17 +0000] "GET /welcome.htm HTTP/1.1" 404 509 "-" "Mozilla/5.0 (compatible; Googlebot/2.1; +http://www.google.com/bot.html)"
123.125.71.35 - - [24/Aug/2011:07:37:48 +0000] "GET / HTTP/1.1" 200 1630 "-" "Mozilla/5.0 (compatible; Baiduspider/2.0; +http://www.baidu.com/search/spider.html)"
220.181.108.82 - - [24/Aug/2011:07:38:08 +0000] "GET / HTTP/1.1" 200 1630 "-" "Mozilla/5.0 (compatible; Baiduspider/2.0; +http://www.baidu.com/search/spider.html)"
95.108.158.241 - - [24/Aug/2011:08:32:26 +0000] "GET /blogger.png HTTP/1.1" 304 186 "-" "Mozilla/5.0 (compatible; YandexImages/3.0; +http://yandex.com/bots)"
66.249.71.181 - - [24/Aug/2011:09:03:02 +0000] "GET /robots.txt HTTP/1.1" 404 508 "-" "Mozilla/5.0 (compatible; Googlebot/2.1; +http://www.google.com/bot.html)"
66.249.71.181 - - [24/Aug/2011:09:03:02 +0000] "GET / HTTP/1.1" 304 208 "-" "Mozilla/5.0 (compatible; Googlebot/2.1; +http://www.google.com/bot.html)"
38.101.148.126 - - [24/Aug/2011:09:20:01 +0000] "GET /robots.txt HTTP/1.1" 404 472 "-" "Mozilla/5.0 (compatible; discobot/1.1; +http://discoveryengine.com/discobot.html)"
119.63.196.105 - - [24/Aug/2011:09:27:13 +0000] "GET /robots.txt HTTP/1.1" 404 472 "-" "Baiduspider+(+http://www.baidu.com/search/spider.htm)"
178.154.200.158 - - [24/Aug/2011:10:55:35 +0000] "GET /robots.txt HTTP/1.1" 404 533 "-" "Mozilla/5.0 (compatible; YandexBot/3.0; +http://yandex.com/bots)"
178.154.200.158 - - [24/Aug/2011:10:55:35 +0000] "GET /robots.txt HTTP/1.1" 404 537 "-" "Mozilla/5.0 (compatible; YandexBot/3.0; +http://yandex.com/bots)"
178.154.200.158 - - [24/Aug/2011:10:55:36 +0000] "GET / HTTP/1.1" 200 992 "-" "Mozilla/5.0 (compatible; YandexBot/3.0; +http://yandex.com/bots)"
178.154.200.158 - - [24/Aug/2011:10:55:36 +0000] "GET / HTTP/1.1" 200 992 "-" "Mozilla/5.0 (compatible; YandexBot/3.0; +http://yandex.com/bots)"
178.154.200.158 - - [24/Aug/2011:10:55:37 +0000] "GET / HTTP/1.1" 200 992 "-" "Mozilla/5.0 (compatible; YandexBot/3.0; +http://yandex.com/bots)"
178.154.200.158 - - [24/Aug/2011:10:55:37 +0000] "GET / HTTP/1.1" 200 992 "-" "Mozilla/5.0 (compatible; YandexBot/3.0; +http://yandex.com/bots)"
123.125.71.28 - - [24/Aug/2011:12:35:23 +0000] "GET / HTTP/1.1" 200 1630 "-" "Mozilla/5.0 (compatible; Baiduspider/2.0; +http://www.baidu.com/search/spider.html)"
220.181.108.82 - - [24/Aug/2011:12:35:39 +0000] "GET / HTTP/1.1" 200 1630 "-" "Mozilla/5.0 (compatible; Baiduspider/2.0; +http://www.baidu.com/search/spider.html)"
119.63.196.19 - - [24/Aug/2011:13:27:17 +0000] "GET / HTTP/1.1" 200 955 "-" "Mozilla/5.0 (compatible; Baiduspider/2.0; +http://www.baidu.com/search/spider.html)"
77.8.210.201 - - [24/Aug/2011:13:54:49 +0000] "GET /robots.txt HTTP/1.0" 404 499 "-" "Mozilla/5.0 (compatible; MJ12bot/v1.4.0; http://www.majestic12.co.uk/bot.php?+)"
77.8.210.201 - - [24/Aug/2011:13:54:51 +0000] "GET / HTTP/1.1" 200 1637 "-" "Mozilla/5.0 (compatible; MJ12bot/v1.4.0; http://www.majestic12.co.uk/bot.php?+)"
38.101.148.126 - - [24/Aug/2011:14:31:14 +0000] "GET /robots.txt HTTP/1.1" 404 472 "-" "Mozilla/5.0 (compatible; discobot/1.1; +http://discoveryengine.com/discobot.html)"
124.115.0.28 - - [24/Aug/2011:14:42:17 +0000] "GET / HTTP/1.1" 200 993 "-" "Sosospider+(+http://help.soso.com/webspider.htm)"
66.249.68.38 - - [24/Aug/2011:15:02:48 +0000] "GET /robots.txt HTTP/1.1" 404 503 "-" "Mozilla/5.0 (compatible; Googlebot/2.1; +http://www.google.com/bot.html)"
66.249.68.38 - - [24/Aug/2011:15:02:48 +0000] "GET / HTTP/1.1" 200 992 "-" "Mozilla/5.0 (compatible; Googlebot/2.1; +http://www.google.com/bot.html)"
66.249.68.38 - - [24/Aug/2011:15:11:55 +0000] "GET /facebook.png HTTP/1.1" 200 5275 "-" "Googlebot-Image/1.0"
66.249.68.38 - - [24/Aug/2011:15:19:50 +0000] "GET /twitter.png HTTP/1.1" 200 3230 "-" "Googlebot-Image/1.0"
66.249.68.38 - - [24/Aug/2011:15:30:25 +0000] "GET /blogger.png HTTP/1.1" 200 2849 "-" "Googlebot-Image/1.0"
123.125.71.22 - - [24/Aug/2011:15:34:29 +0000] "GET / HTTP/1.1" 200 1630 "-" "Mozilla/5.0 (compatible; Baiduspider/2.0; +http://www.baidu.com/search/spider.html)"
220.181.108.90 - - [24/Aug/2011:15:34:43 +0000] "GET / HTTP/1.1" 200 1630 "-" "Mozilla/5.0 (compatible; Baiduspider/2.0; +http://www.baidu.com/search/spider.html)"
123.125.71.16 - - [24/Aug/2011:17:35:46 +0000] "GET / HTTP/1.1" 200 1630 "-" "Mozilla/5.0 (compatible; Baiduspider/2.0; +http://www.baidu.com/search/spider.html)"
220.181.108.95 - - [24/Aug/2011:17:36:00 +0000] "GET / HTTP/1.1" 200 1630 "-" "Mozilla/5.0 (compatible; Baiduspider/2.0; +http://www.baidu.com/search/spider.html)"
95.108.158.241 - - [24/Aug/2011:17:49:09 +0000] "GET /twitter.png HTTP/1.1" 304 186 "-" "Mozilla/5.0 (compatible; YandexImages/3.0; +http://yandex.com/bots)"
123.125.71.15 - - [24/Aug/2011:18:36:02 +0000] "GET / HTTP/1.1" 200 1630 "-" "Mozilla/5.0 (compatible; Baiduspider/2.0; +http://www.baidu.com/search/spider.html)"
220.181.108.75 - - [24/Aug/2011:18:36:19 +0000] "GET / HTTP/1.1" 200 1630 "-" "Mozilla/5.0 (compatible; Baiduspider/2.0; +http://www.baidu.com/search/spider.html)"
220.181.108.82 - - [24/Aug/2011:19:08:29 +0000] "GET / HTTP/1.1" 200 955 "-" "Mozilla/5.0 (compatible; Baiduspider/2.0; +http://www.baidu.com/search/spider.html)"
38.101.148.126 - - [24/Aug/2011:19:42:26 +0000] "GET /robots.txt HTTP/1.1" 404 472 "-" "Mozilla/5.0 (compatible; discobot/1.1; +http://discoveryengine.com/discobot.html)"
123.125.71.21 - - [24/Aug/2011:21:35:19 +0000] "GET / HTTP/1.1" 200 1630 "-" "Mozilla/5.0 (compatible; Baiduspider/2.0; +http://www.baidu.com/search/spider.html)"
220.181.108.88 - - [24/Aug/2011:21:35:35 +0000] "GET / HTTP/1.1" 200 1630 "-" "Mozilla/5.0 (compatible; Baiduspider/2.0; +http://www.baidu.com/search/spider.html)"
184.105.140.157 - - [24/Aug/2011:22:36:18 +0000] "HEAD / HTTP/1.1" 200 283 "-" "curl/7.15.5 (x86_64-redhat-linux-gnu) libcurl/7.15.5 OpenSSL/0.9.8b zlib/1.2.3 libidn/0.6.5"
124.115.0.28 - - [24/Aug/2011:23:23:10 +0000] "GET / HTTP/1.1" 200 993 "-" "Sosospider+(+http://help.soso.com/webspider.htm)"
123.125.71.14 - - [24/Aug/2011:23:34:40 +0000] "GET / HTTP/1.1" 200 1630 "-" "Mozilla/5.0 (compatible; Baiduspider/2.0; +http://www.baidu.com/search/spider.html)"
220.181.108.87 - - [24/Aug/2011:23:34:42 +0000] "GET / HTTP/1.1" 200 1630 "-" "Mozilla/5.0 (compatible; Baiduspider/2.0; +http://www.baidu.com/search/spider.html)"
50.16.102.186 - - [24/Aug/2011:23:36:35 +0000] "GET / HTTP/1.0" 200 1630 "-" "Mozilla/5.0 (compatible; NetcraftSurveyAgent/1.0; +info@netcraft.com)"
216.145.14.142 - - [25/Aug/2011:00:27:04 +0000] "GET /robots.txt HTTP/1.0" 404 492 "-" "Mozilla/5.0 (Windows; U; Windows NT 5.1; en; rv:1.9.0.13) Gecko/2009073022 Firefox/3.5.2 (.NET CLR 3.5.30729) SurveyBot/2.3 (DomainTools)"
216.145.14.142 - - [25/Aug/2011:00:27:04 +0000] "GET / HTTP/1.1" 200 955 "http://whois.domaintools.com/cafink.name" "Mozilla/5.0 (Windows; U; Windows NT 5.1; en; rv:1.9.0.13) Gecko/2009073022 Firefox/3.5.2 (.NET CLR 3.5.30729) SurveyBot/2.3 (DomainTools)"
77.88.31.248 - - [25/Aug/2011:00:41:02 +0000] "GET /robots.txt HTTP/1.1" 404 533 "-" "Mozilla/5.0 (compatible; YandexBot/3.0; +http://yandex.com/bots)"
174.129.174.13 - - [25/Aug/2011:01:26:54 +0000] "GET / HTTP/1.0" 200 1630 "-" "Mozilla/5.0 (compatible; NetcraftSurveyAgent/1.0; +info@netcraft.com)"
123.125.71.36 - - [25/Aug/2011:01:35:05 +0000] "GET / HTTP/1.1" 200 1630 "-" "Mozilla/5.0 (compatible; Baiduspider/2.0; +http://www.baidu.com/search/spider.html)"
220.181.108.90 - - [25/Aug/2011:01:35:20 +0000] "GET / HTTP/1.1" 200 1630 "-" "Mozilla/5.0 (compatible; Baiduspider/2.0; +http://www.baidu.com/search/spider.html)"
38.101.148.126 - - [25/Aug/2011:01:44:46 +0000] "GET /robots.txt HTTP/1.1" 404 472 "-" "Mozilla/5.0 (compatible; discobot/1.1; +http://discoveryengine.com/discobot.html)"
64.246.161.190 - - [25/Aug/2011:02:32:40 +0000] "GET /robots.txt HTTP/1.0" 404 495 "-" "Mozilla/5.0 (Windows; U; Windows NT 5.1; en; rv:1.9.0.13) Gecko/2009073022 Firefox/3.5.2 (.NET CLR 3.5.30729) SurveyBot/2.3 (DomainTools)"
64.246.161.190 - - [25/Aug/2011:02:32:40 +0000] "GET / HTTP/1.1" 200 955 "http://whois.domaintools.com/carl-fink.name" "Mozilla/5.0 (Windows; U; Windows NT 5.1; en; rv:1.9.0.13) Gecko/2009073022 Firefox/3.5.2 (.NET CLR 3.5.30729) SurveyBot/2.3 (DomainTools)"
64.246.165.200 - - [25/Aug/2011:02:38:48 +0000] "GET /robots.txt HTTP/1.0" 404 494 "-" "Mozilla/5.0 (Windows; U; Windows NT 5.1; en; rv:1.9.0.13) Gecko/2009073022 Firefox/3.5.2 (.NET CLR 3.5.30729) SurveyBot/2.3 (DomainTools)"
64.246.165.200 - - [25/Aug/2011:02:38:48 +0000] "GET / HTTP/1.1" 200 955 "http://whois.domaintools.com/carlfink.name" "Mozilla/5.0 (Windows; U; Windows NT 5.1; en; rv:1.9.0.13) Gecko/2009073022 Firefox/3.5.2 (.NET CLR 3.5.30729) SurveyBot/2.3 (DomainTools)"
75.101.210.81 - - [25/Aug/2011:03:08:13 +0000] "GET / HTTP/1.0" 200 1630 "-" "Mozilla/5.0 (compatible; NetcraftSurveyAgent/1.0; +info@netcraft.com)"
123.125.71.28 - - [25/Aug/2011:03:36:14 +0000] "GET / HTTP/1.1" 200 1630 "-" "Mozilla/5.0 (compatible; Baiduspider/2.0; +http://www.baidu.com/search/spider.html)"
220.181.108.82 - - [25/Aug/2011:03:36:32 +0000] "GET / HTTP/1.1" 200 1630 "-" "Mozilla/5.0 (compatible; Baiduspider/2.0; +http://www.baidu.com/search/spider.html)"
50.16.162.69 - - [25/Aug/2011:05:32:25 +0000] "GET / HTTP/1.0" 200 1630 "-" "Mozilla/5.0 (compatible; NetcraftSurveyAgent/1.0; +info@netcraft.com)"
220.181.108.77 - - [25/Aug/2011:05:35:00 +0000] "GET / HTTP/1.1" 200 1630 "-" "Mozilla/5.0 (compatible; Baiduspider/2.0; +http://www.baidu.com/search/spider.html)"
123.125.71.13 - - [25/Aug/2011:05:35:10 +0000] "GET / HTTP/1.1" 200 1630 "-" "Mozilla/5.0 (compatible; Baiduspider/2.0; +http://www.baidu.com/search/spider.html)"
208.80.194.28 - - [25/Aug/2011:05:49:07 +0000] "GET / HTTP/1.0" 200 1630 "-" "Mozilla/4.0 (compatible; MSIE 6.0; Windows NT 5.1; SV1; Maxthon; (R1 1.3))"
38.101.148.126 - - [25/Aug/2011:06:24:19 +0000] "GET /robots.txt HTTP/1.1" 404 472 "-" "Mozilla/5.0 (compatible; discobot/1.1; +http://discoveryengine.com/discobot.html)"
192.114.71.13 - - [25/Aug/2011:06:37:58 +0000] "GET / HTTP/1.1" 200 993 "-" "Mozilla/4.0 (compatible; MSIE 7.0; Windows NT 5.1; .NET CLR 1.1.4322; InfoPath.1; .NET CLR 2.0.50727)"
75.101.171.57 - - [25/Aug/2011:08:02:45 +0000] "GET / HTTP/1.0" 200 1630 "-" "Mozilla/5.0 (compatible; NetcraftSurveyAgent/1.0; +info@netcraft.com)"
124.115.0.100 - - [25/Aug/2011:08:12:02 +0000] "GET / HTTP/1.1" 200 993 "-" "Sosospider+(+http://help.soso.com/webspider.htm)"
38.101.148.126 - - [25/Aug/2011:11:09:11 +0000] "GET /robots.txt HTTP/1.1" 404 472 "-" "Mozilla/5.0 (compatible; discobot/1.1; +http://discoveryengine.com/discobot.html)"
123.125.71.21 - - [25/Aug/2011:11:35:55 +0000] "GET / HTTP/1.1" 200 1630 "-" "Mozilla/5.0 (compatible; Baiduspider/2.0; +http://www.baidu.com/search/spider.html)"
220.181.108.97 - - [25/Aug/2011:11:36:12 +0000] "GET / HTTP/1.1" 200 1630 "-" "Mozilla/5.0 (compatible; Baiduspider/2.0; +http://www.baidu.com/search/spider.html)"
77.88.31.248 - - [25/Aug/2011:11:37:45 +0000] "GET / HTTP/1.1" 200 993 "-" "Mozilla/5.0 (compatible; YandexBot/3.0; +http://yandex.com/bots)"
119.63.196.16 - - [25/Aug/2011:11:53:09 +0000] "GET /robots.txt HTTP/1.1" 404 472 "-" "Baiduspider+(+http://www.baidu.com/search/spider.htm)"
123.125.71.16 - - [25/Aug/2011:12:34:55 +0000] "GET / HTTP/1.1" 200 1630 "-" "Mozilla/5.0 (compatible; Baiduspider/2.0; +http://www.baidu.com/search/spider.html)"
220.181.108.84 - - [25/Aug/2011:12:35:12 +0000] "GET / HTTP/1.1" 200 1630 "-" "Mozilla/5.0 (compatible; Baiduspider/2.0; +http://www.baidu.com/search/spider.html)"
220.181.108.94 - - [25/Aug/2011:14:19:58 +0000] "GET /robots.txt HTTP/1.1" 404 470 "-" "Baiduspider+(+http://www.baidu.com/search/spider.htm)"
123.125.71.18 - - [25/Aug/2011:14:38:19 +0000] "GET / HTTP/1.1" 200 1630 "-" "Mozilla/5.0 (compatible; Baiduspider/2.0; +http://www.baidu.com/search/spider.html)"
220.181.108.89 - - [25/Aug/2011:14:38:40 +0000] "GET / HTTP/1.1" 200 1630 "-" "Mozilla/5.0 (compatible; Baiduspider/2.0; +http://www.baidu.com/search/spider.html)"
123.125.71.21 - - [25/Aug/2011:15:36:54 +0000] "GET / HTTP/1.1" 200 1630 "-" "Mozilla/5.0 (compatible; Baiduspider/2.0; +http://www.baidu.com/search/spider.html)"
220.181.108.93 - - [25/Aug/2011:15:37:13 +0000] "GET / HTTP/1.1" 200 1630 "-" "Mozilla/5.0 (compatible; Baiduspider/2.0; +http://www.baidu.com/search/spider.html)"
38.101.148.126 - - [25/Aug/2011:15:44:05 +0000] "GET /robots.txt HTTP/1.1" 404 472 "-" "Mozilla/5.0 (compatible; discobot/1.1; +http://discoveryengine.com/discobot.html)"
124.115.6.13 - - [25/Aug/2011:15:48:57 +0000] "GET /robots.txt HTTP/1.1" 404 508 "-" "Sosospider+(+http://help.soso.com/webspider.htm)"
220.181.108.75 - - [25/Aug/2011:16:44:22 +0000] "GET / HTTP/1.1" 200 1630 "-" "Mozilla/5.0 (compatible; Baiduspider/2.0; +http://www.baidu.com/search/spider.html)"
123.125.71.34 - - [25/Aug/2011:16:46:55 +0000] "GET / HTTP/1.1" 200 1630 "-" "Mozilla/5.0 (compatible; Baiduspider/2.0; +http://www.baidu.com/search/spider.html)"
124.115.0.28 - - [25/Aug/2011:17:52:43 +0000] "GET / HTTP/1.1" 200 993 "-" "Sosospider+(+http://help.soso.com/webspider.htm)"
220.181.108.109 - - [25/Aug/2011:19:03:27 +0000] "GET / HTTP/1.1" 200 955 "-" "Mozilla/5.0 (compatible; Baiduspider/2.0; +http://www.baidu.com/search/spider.html)"
123.125.71.31 - - [25/Aug/2011:19:34:37 +0000] "GET / HTTP/1.1" 200 1630 "-" "Mozilla/5.0 (compatible; Baiduspider/2.0; +http://www.baidu.com/search/spider.html)"
220.181.108.89 - - [25/Aug/2011:19:34:51 +0000] "GET / HTTP/1.1" 200 1630 "-" "Mozilla/5.0 (compatible; Baiduspider/2.0; +http://www.baidu.com/search/spider.html)"
192.114.71.13 - - [25/Aug/2011:20:08:06 +0000] "GET / HTTP/1.1" 200 993 "-" "Mozilla/5.0 (Windows; U; Windows NT 5.1; en-US; rv:1.8.1.4) Gecko/20070515 Firefox/3.5.9"
38.101.148.126 - - [25/Aug/2011:20:19:07 +0000] "GET /robots.txt HTTP/1.1" 404 472 "-" "Mozilla/5.0 (compatible; discobot/1.1; +http://discoveryengine.com/discobot.html)"
192.114.71.13 - - [25/Aug/2011:21:06:24 +0000] "GET /twitter.png HTTP/1.1" 200 3230 "-" "-"
192.114.71.13 - - [25/Aug/2011:21:06:36 +0000] "GET /blogger.png HTTP/1.1" 200 2849 "-" "-"
192.114.71.13 - - [25/Aug/2011:21:07:23 +0000] "GET /blogger.png HTTP/1.1" 200 2849 "-" "-"
192.114.71.13 - - [25/Aug/2011:21:07:24 +0000] "GET /twitter.png HTTP/1.1" 200 3230 "-" "-"
123.125.71.12 - - [25/Aug/2011:21:35:03 +0000] "GET / HTTP/1.1" 200 1630 "-" "Mozilla/5.0 (compatible; Baiduspider/2.0; +http://www.baidu.com/search/spider.html)"
220.181.108.81 - - [25/Aug/2011:21:35:20 +0000] "GET / HTTP/1.1" 200 1630 "-" "Mozilla/5.0 (compatible; Baiduspider/2.0; +http://www.baidu.com/search/spider.html)"
81.52.143.16 - - [25/Aug/2011:22:41:32 +0000] "GET / HTTP/1.1" 200 955 "-" "Mozilla/5.0 (Windows; U; Windows NT 5.1; fr; rv:1.8.1) VoilaBot BETA 1.2 (support.voilabot@orange-ftgroup.com)"
123.125.71.15 - - [26/Aug/2011:01:35:14 +0000] "GET / HTTP/1.1" 200 1630 "-" "Mozilla/5.0 (compatible; Baiduspider/2.0; +http://www.baidu.com/search/spider.html)"
220.181.108.76 - - [26/Aug/2011:01:35:29 +0000] "GET / HTTP/1.1" 200 1630 "-" "Mozilla/5.0 (compatible; Baiduspider/2.0; +http://www.baidu.com/search/spider.html)"
119.63.196.112 - - [26/Aug/2011:03:17:37 +0000] "GET /robots.txt HTTP/1.1" 404 472 "-" "Baiduspider+(+http://www.baidu.com/search/spider.htm)"
123.125.71.36 - - [26/Aug/2011:03:34:00 +0000] "GET / HTTP/1.1" 200 1630 "-" "Mozilla/5.0 (compatible; Baiduspider/2.0; +http://www.baidu.com/search/spider.html)"
220.181.108.83 - - [26/Aug/2011:03:34:16 +0000] "GET / HTTP/1.1" 200 1630 "-" "Mozilla/5.0 (compatible; Baiduspider/2.0; +http://www.baidu.com/search/spider.html)"
124.115.0.28 - - [26/Aug/2011:03:46:45 +0000] "GET / HTTP/1.1" 200 993 "-" "Sosospider+(+http://help.soso.com/webspider.htm)"
38.101.148.126 - - [26/Aug/2011:04:16:49 +0000] "GET /robots.txt HTTP/1.1" 404 472 "-" "Mozilla/5.0 (compatible; discobot/1.1; +http://discoveryengine.com/discobot.html)"
123.125.71.26 - - [26/Aug/2011:08:35:50 +0000] "GET / HTTP/1.1" 200 1630 "-" "Mozilla/5.0 (compatible; Baiduspider/2.0; +http://www.baidu.com/search/spider.html)"
220.181.108.91 - - [26/Aug/2011:08:36:08 +0000] "GET / HTTP/1.1" 200 1630 "-" "Mozilla/5.0 (compatible; Baiduspider/2.0; +http://www.baidu.com/search/spider.html)"
38.101.148.126 - - [26/Aug/2011:09:19:46 +0000] "GET /robots.txt HTTP/1.1" 404 472 "-" "Mozilla/5.0 (compatible; discobot/1.1; +http://discoveryengine.com/discobot.html)"
123.125.71.97 - - [26/Aug/2011:09:25:15 +0000] "GET /robots.txt HTTP/1.1" 404 470 "-" "Baiduspider+(+http://www.baidu.com/search/spider.htm)"
123.125.71.35 - - [26/Aug/2011:11:35:56 +0000] "GET / HTTP/1.1" 200 1630 "-" "Mozilla/5.0 (compatible; Baiduspider/2.0; +http://www.baidu.com/search/spider.html)"
220.181.108.83 - - [26/Aug/2011:11:36:13 +0000] "GET / HTTP/1.1" 200 1630 "-" "Mozilla/5.0 (compatible; Baiduspider/2.0; +http://www.baidu.com/search/spider.html)"
124.115.0.163 - - [26/Aug/2011:13:12:37 +0000] "GET / HTTP/1.1" 200 993 "-" "Sosospider+(+http://help.soso.com/webspider.htm)"
38.101.148.126 - - [26/Aug/2011:14:02:54 +0000] "GET /robots.txt HTTP/1.1" 404 472 "-" "Mozilla/5.0 (compatible; discobot/1.1; +http://discoveryengine.com/discobot.html)"
220.181.108.77 - - [26/Aug/2011:15:35:27 +0000] "GET / HTTP/1.1" 200 1630 "-" "Mozilla/5.0 (compatible; Baiduspider/2.0; +http://www.baidu.com/search/spider.html)"
123.125.71.13 - - [26/Aug/2011:15:35:30 +0000] "GET / HTTP/1.1" 200 1630 "-" "Mozilla/5.0 (compatible; Baiduspider/2.0; +http://www.baidu.com/search/spider.html)"
123.125.71.19 - - [26/Aug/2011:16:43:49 +0000] "GET / HTTP/1.1" 200 1630 "-" "Mozilla/5.0 (compatible; Baiduspider/2.0; +http://www.baidu.com/search/spider.html)"
220.181.108.77 - - [26/Aug/2011:16:44:10 +0000] "GET / HTTP/1.1" 200 1630 "-" "Mozilla/5.0 (compatible; Baiduspider/2.0; +http://www.baidu.com/search/spider.html)"
123.125.71.21 - - [26/Aug/2011:17:35:15 +0000] "GET / HTTP/1.1" 200 1630 "-" "Mozilla/5.0 (compatible; Baiduspider/2.0; +http://www.baidu.com/search/spider.html)"
220.181.108.86 - - [26/Aug/2011:17:35:28 +0000] "GET / HTTP/1.1" 200 1630 "-" "Mozilla/5.0 (compatible; Baiduspider/2.0; +http://www.baidu.com/search/spider.html)"
38.101.148.126 - - [26/Aug/2011:18:43:42 +0000] "GET /robots.txt HTTP/1.1" 404 472 "-" "Mozilla/5.0 (compatible; discobot/1.1; +http://discoveryengine.com/discobot.html)"
123.125.71.25 - - [26/Aug/2011:19:35:34 +0000] "GET / HTTP/1.1" 200 1630 "-" "Mozilla/5.0 (compatible; Baiduspider/2.0; +http://www.baidu.com/search/spider.html)"
220.181.108.85 - - [26/Aug/2011:19:35:50 +0000] "GET / HTTP/1.1" 200 1630 "-" "Mozilla/5.0 (compatible; Baiduspider/2.0; +http://www.baidu.com/search/spider.html)"
220.181.108.184 - - [26/Aug/2011:21:08:51 +0000] "GET / HTTP/1.1" 200 955 "-" "Mozilla/5.0 (compatible; Baiduspider/2.0; +http://www.baidu.com/search/spider.html)"
123.125.71.36 - - [26/Aug/2011:21:35:31 +0000] "GET / HTTP/1.1" 200 1630 "-" "Mozilla/5.0 (compatible; Baiduspider/2.0; +http://www.baidu.com/search/spider.html)"
220.181.108.80 - - [26/Aug/2011:21:35:48 +0000] "GET / HTTP/1.1" 200 1630 "-" "Mozilla/5.0 (compatible; Baiduspider/2.0; +http://www.baidu.com/search/spider.html)"
124.115.0.28 - - [26/Aug/2011:21:58:34 +0000] "GET / HTTP/1.1" 200 993 "-" "Sosospider+(+http://help.soso.com/webspider.htm)"
123.125.71.28 - - [26/Aug/2011:23:35:02 +0000] "GET / HTTP/1.1" 200 1630 "-" "Mozilla/5.0 (compatible; Baiduspider/2.0; +http://www.baidu.com/search/spider.html)"
220.181.108.94 - - [26/Aug/2011:23:35:17 +0000] "GET / HTTP/1.1" 200 1630 "-" "Mozilla/5.0 (compatible; Baiduspider/2.0; +http://www.baidu.com/search/spider.html)"
38.101.148.126 - - [27/Aug/2011:00:15:35 +0000] "GET /robots.txt HTTP/1.1" 404 472 "-" "Mozilla/5.0 (compatible; discobot/1.1; +http://discoveryengine.com/discobot.html)"
208.80.194.26 - - [27/Aug/2011:02:00:17 +0000] "GET / HTTP/1.0" 200 1630 "-" "Mozilla/4.0 (compatible; MSIE 6.0; Windows NT 5.1; SV1; FunWebProducts; .NET CLR 1.1.4322; HbTools 4.8.2; ZangoToolbar 4.8.2; yplus 5.1.02b)"
220.181.108.78 - - [27/Aug/2011:02:37:17 +0000] "GET / HTTP/1.1" 200 1630 "-" "Mozilla/5.0 (compatible; Baiduspider/2.0; +http://www.baidu.com/search/spider.html)"
123.125.71.28 - - [27/Aug/2011:02:37:48 +0000] "GET / HTTP/1.1" 200 1630 "-" "Mozilla/5.0 (compatible; Baiduspider/2.0; +http://www.baidu.com/search/spider.html)"
123.125.71.34 - - [27/Aug/2011:03:36:27 +0000] "GET / HTTP/1.1" 200 1630 "-" "Mozilla/5.0 (compatible; Baiduspider/2.0; +http://www.baidu.com/search/spider.html)"
220.181.108.78 - - [27/Aug/2011:03:36:37 +0000] "GET / HTTP/1.1" 200 1630 "-" "Mozilla/5.0 (compatible; Baiduspider/2.0; +http://www.baidu.com/search/spider.html)"
123.125.71.21 - - [27/Aug/2011:04:35:28 +0000] "GET / HTTP/1.1" 200 1630 "-" "Mozilla/5.0 (compatible; Baiduspider/2.0; +http://www.baidu.com/search/spider.html)"
220.181.108.90 - - [27/Aug/2011:04:35:43 +0000] "GET / HTTP/1.1" 200 1630 "-" "Mozilla/5.0 (compatible; Baiduspider/2.0; +http://www.baidu.com/search/spider.html)"
38.101.148.126 - - [27/Aug/2011:06:00:38 +0000] "GET /robots.txt HTTP/1.1" 404 472 "-" "Mozilla/5.0 (compatible; discobot/1.1; +http://discoveryengine.com/discobot.html)"
124.115.4.197 - - [27/Aug/2011:06:33:02 +0000] "GET / HTTP/1.1" 200 993 "-" "Sosospider+(+http://help.soso.com/webspider.htm)"
124.115.6.13 - - [27/Aug/2011:08:52:35 +0000] "GET /robots.txt HTTP/1.1" 404 508 "-" "Sosospider+(+http://help.soso.com/webspider.htm)"
123.125.71.23 - - [27/Aug/2011:09:37:06 +0000] "GET / HTTP/1.1" 200 1630 "-" "Mozilla/5.0 (compatible; Baiduspider/2.0; +http://www.baidu.com/search/spider.html)"
220.181.108.83 - - [27/Aug/2011:09:37:24 +0000] "GET / HTTP/1.1" 200 1630 "-" "Mozilla/5.0 (compatible; Baiduspider/2.0; +http://www.baidu.com/search/spider.html)"
38.101.148.126 - - [27/Aug/2011:10:57:18 +0000] "GET /robots.txt HTTP/1.1" 404 472 "-" "Mozilla/5.0 (compatible; discobot/1.1; +http://discoveryengine.com/discobot.html)"
69.71.222.186 - - [27/Aug/2011:11:22:14 +0000] "GET / HTTP/1.0" 200 1630 "http://www.sitedossier.com/site/insect-politics.com" "-"
123.125.71.28 - - [27/Aug/2011:11:35:51 +0000] "GET / HTTP/1.1" 200 1630 "-" "Mozilla/5.0 (compatible; Baiduspider/2.0; +http://www.baidu.com/search/spider.html)"
220.181.108.84 - - [27/Aug/2011:11:36:08 +0000] "GET / HTTP/1.1" 200 1630 "-" "Mozilla/5.0 (compatible; Baiduspider/2.0; +http://www.baidu.com/search/spider.html)"
119.63.196.19 - - [27/Aug/2011:11:40:09 +0000] "GET /robots.txt HTTP/1.1" 404 472 "-" "Baiduspider+(+http://www.baidu.com/search/spider.htm)"
124.115.0.100 - - [27/Aug/2011:11:53:07 +0000] "GET / HTTP/1.1" 200 993 "-" "Sosospider+(+http://help.soso.com/webspider.htm)"
123.125.71.32 - - [27/Aug/2011:12:35:10 +0000] "GET / HTTP/1.1" 200 1630 "-" "Mozilla/5.0 (compatible; Baiduspider/2.0; +http://www.baidu.com/search/spider.html)"
220.181.108.78 - - [27/Aug/2011:12:35:26 +0000] "GET / HTTP/1.1" 200 1630 "-" "Mozilla/5.0 (compatible; Baiduspider/2.0; +http://www.baidu.com/search/spider.html)"
119.63.196.13 - - [27/Aug/2011:13:31:30 +0000] "GET /robots.txt HTTP/1.1" 404 470 "-" "Baiduspider+(+http://www.baidu.com/search/spider.htm)"
123.125.71.23 - - [27/Aug/2011:13:35:45 +0000] "GET / HTTP/1.1" 200 1630 "-" "Mozilla/5.0 (compatible; Baiduspider/2.0; +http://www.baidu.com/search/spider.html)"
220.181.108.95 - - [27/Aug/2011:13:36:01 +0000] "GET / HTTP/1.1" 200 1630 "-" "Mozilla/5.0 (compatible; Baiduspider/2.0; +http://www.baidu.com/search/spider.html)"
38.101.148.126 - - [27/Aug/2011:15:39:14 +0000] "GET /robots.txt HTTP/1.1" 404 472 "-" "Mozilla/5.0 (compatible; discobot/1.1; +http://discoveryengine.com/discobot.html)"
220.181.108.82 - - [27/Aug/2011:16:34:03 +0000] "GET /robots.txt HTTP/1.1" 404 470 "-" "Baiduspider+(+http://www.baidu.com/search/spider.htm)"
123.125.71.25 - - [27/Aug/2011:17:35:21 +0000] "GET / HTTP/1.1" 200 1630 "-" "Mozilla/5.0 (compatible; Baiduspider/2.0; +http://www.baidu.com/search/spider.html)"
220.181.108.90 - - [27/Aug/2011:17:35:34 +0000] "GET / HTTP/1.1" 200 1630 "-" "Mozilla/5.0 (compatible; Baiduspider/2.0; +http://www.baidu.com/search/spider.html)"
220.181.108.180 - - [27/Aug/2011:17:48:29 +0000] "GET / HTTP/1.1" 200 955 "-" "Mozilla/5.0 (compatible; Baiduspider/2.0; +http://www.baidu.com/search/spider.html)"
124.115.0.100 - - [27/Aug/2011:17:53:48 +0000] "GET / HTTP/1.1" 200 993 "-" "Sosospider+(+http://help.soso.com/webspider.htm)"
38.101.148.126 - - [27/Aug/2011:20:20:21 +0000] "GET /robots.txt HTTP/1.1" 404 472 "-" "Mozilla/5.0 (compatible; discobot/1.1; +http://discoveryengine.com/discobot.html)"
216.145.5.42 - - [27/Aug/2011:20:38:48 +0000] "GET /robots.txt HTTP/1.0" 404 499 "-" "Mozilla/5.0 (Windows; U; Windows NT 5.1; en; rv:1.9.0.13) Gecko/2009073022 Firefox/3.5.2 (.NET CLR 3.5.30729) SurveyBot/2.3 (DomainTools)"
216.145.5.42 - - [27/Aug/2011:20:38:48 +0000] "GET / HTTP/1.1" 200 955 "http://whois.domaintools.com/insectpolitics.com" "Mozilla/5.0 (Windows; U; Windows NT 5.1; en; rv:1.9.0.13) Gecko/2009073022 Firefox/3.5.2 (.NET CLR 3.5.30729) SurveyBot/2.3 (DomainTools)"
64.246.165.190 - - [27/Aug/2011:21:14:30 +0000] "GET /robots.txt HTTP/1.0" 404 500 "-" "Mozilla/5.0 (Windows; U; Windows NT 5.1; en; rv:1.9.0.13) Gecko/2009073022 Firefox/3.5.2 (.NET CLR 3.5.30729) SurveyBot/2.3 (DomainTools)"
64.246.165.190 - - [27/Aug/2011:21:14:30 +0000] "GET / HTTP/1.1" 200 955 "http://whois.domaintools.com/insect-politics.com" "Mozilla/5.0 (Windows; U; Windows NT 5.1; en; rv:1.9.0.13) Gecko/2009073022 Firefox/3.5.2 (.NET CLR 3.5.30729) SurveyBot/2.3 (DomainTools)"
123.125.71.32 - - [27/Aug/2011:21:35:51 +0000] "GET / HTTP/1.1" 200 1630 "-" "Mozilla/5.0 (compatible; Baiduspider/2.0; +http://www.baidu.com/search/spider.html)"
220.181.108.78 - - [27/Aug/2011:21:36:08 +0000] "GET / HTTP/1.1" 200 1630 "-" "Mozilla/5.0 (compatible; Baiduspider/2.0; +http://www.baidu.com/search/spider.html)"
119.63.196.105 - - [27/Aug/2011:21:55:05 +0000] "GET /robots.txt HTTP/1.1" 404 470 "-" "Baiduspider+(+http://www.baidu.com/search/spider.htm)"
123.125.71.36 - - [27/Aug/2011:23:35:01 +0000] "GET / HTTP/1.1" 200 1630 "-" "Mozilla/5.0 (compatible; Baiduspider/2.0; +http://www.baidu.com/search/spider.html)"
220.181.108.94 - - [27/Aug/2011:23:35:15 +0000] "GET / HTTP/1.1" 200 1630 "-" "Mozilla/5.0 (compatible; Baiduspider/2.0; +http://www.baidu.com/search/spider.html)"
38.101.148.126 - - [28/Aug/2011:01:00:05 +0000] "GET /robots.txt HTTP/1.1" 404 472 "-" "Mozilla/5.0 (compatible; discobot/1.1; +http://discoveryengine.com/discobot.html)"
123.125.71.13 - - [28/Aug/2011:01:37:37 +0000] "GET / HTTP/1.1" 200 1630 "-" "Mozilla/5.0 (compatible; Baiduspider/2.0; +http://www.baidu.com/search/spider.html)"
