217.253.215.46 - - [25/Mar/2011:08:23:22 +0000] "GET /robots.txt HTTP/1.0" 404 499 "-" "Mozilla/5.0 (compatible; MJ12bot/v1.3.3; http://www.majestic12.co.uk/bot.php?+)"
217.253.215.46 - - [25/Mar/2011:08:23:23 +0000] "GET / HTTP/1.1" 200 1637 "-" "Mozilla/5.0 (compatible; MJ12bot/v1.3.3; http://www.majestic12.co.uk/bot.php?+)"
123.125.71.21 - - [25/Mar/2011:09:34:53 +0000] "GET / HTTP/1.1" 200 1630 "-" "Baiduspider+(+http://www.baidu.com/search/spider.htm)"
220.181.108.91 - - [25/Mar/2011:09:35:15 +0000] "GET / HTTP/1.1" 200 1630 "-" "Baiduspider+(+http://www.baidu.com/search/spider.htm)"
174.129.117.237 - - [25/Mar/2011:09:58:41 +0000] "HEAD / HTTP/1.1" 200 280 "-" "Mozilla/5.0 (Windows; U; Windows NT 5.1; en-US) AppleWebKit/525.13 (KHTML, like Gecko) Chrome/0.A.B.C Safari/525.13"
123.125.71.13 - - [25/Mar/2011:10:35:05 +0000] "GET / HTTP/1.1" 200 1630 "-" "Baiduspider+(+http://www.baidu.com/search/spider.htm)"
220.181.108.96 - - [25/Mar/2011:10:35:28 +0000] "GET / HTTP/1.1" 200 1630 "-" "Baiduspider+(+http://www.baidu.com/search/spider.htm)"
208.80.194.29 - - [25/Mar/2011:10:37:21 +0000] "GET / HTTP/1.0" 200 1630 "-" "Mozilla/4.0 (compatible; MSIE 6.0; Windows NT 5.1; SV1; .NET CLR 2.0.50727; .NET CLR 1.1.4322; .NET CLR 3.0.04506.30; InfoPath.1)"
124.115.0.100 - - [25/Mar/2011:10:43:52 +0000] "GET / HTTP/1.1" 304 209 "-" "Sosospider+(+http://help.soso.com/webspider.htm)"
69.28.58.20 - - [25/Mar/2011:11:26:09 +0000] "GET /robots.txt HTTP/1.0" 404 499 "-" "Mozilla/4.0 (compatible; MSIE 6.0; Windows NT 5.0) (larbin2.6.3@unspecified.mail)"
69.28.58.20 - - [25/Mar/2011:11:26:09 +0000] "GET / HTTP/1.0" 200 1630 "-" "Mozilla/4.0 (compatible; MSIE 6.0; Windows NT 5.0) larbin2.6.3@unspecified.mail"
123.125.71.23 - - [25/Mar/2011:11:34:27 +0000] "GET / HTTP/1.1" 200 1630 "-" "Baiduspider+(+http://www.baidu.com/search/spider.htm)"
65.52.49.141 - - [25/Mar/2011:11:34:34 +0000] "GET /robots.txt HTTP/1.1" 404 533 "-" "Mozilla/5.0 (compatible; bingbot/2.0; +http://www.bing.com/bingbot.htm)"
220.181.108.96 - - [25/Mar/2011:11:34:48 +0000] "GET / HTTP/1.1" 200 1630 "-" "Baiduspider+(+http://www.baidu.com/search/spider.htm)"
124.115.4.197 - - [25/Mar/2011:16:16:44 +0000] "GET / HTTP/1.1" 304 209 "-" "Sosospider+(+http://help.soso.com/webspider.htm)"
123.125.71.24 - - [25/Mar/2011:16:49:53 +0000] "GET / HTTP/1.1" 200 1630 "-" "Baiduspider+(+http://www.baidu.com/search/spider.htm)"
220.181.108.91 - - [25/Mar/2011:16:50:31 +0000] "GET / HTTP/1.1" 200 1630 "-" "Baiduspider+(+http://www.baidu.com/search/spider.htm)"
207.46.195.231 - - [25/Mar/2011:17:00:20 +0000] "GET /robots.txt HTTP/1.1" 404 533 "-" "Mozilla/5.0 (compatible; bingbot/2.0; +http://www.bing.com/bingbot.htm)"
207.46.195.231 - - [25/Mar/2011:17:01:11 +0000] "GET / HTTP/1.1" 304 209 "-" "Mozilla/5.0 (compatible; bingbot/2.0; +http://www.bing.com/bingbot.htm)"
123.125.71.21 - - [25/Mar/2011:17:36:31 +0000] "GET / HTTP/1.1" 200 1630 "-" "Baiduspider+(+http://www.baidu.com/search/spider.htm)"
220.181.108.88 - - [25/Mar/2011:17:36:55 +0000] "GET / HTTP/1.1" 200 1630 "-" "Baiduspider+(+http://www.baidu.com/search/spider.htm)"
66.249.72.49 - - [25/Mar/2011:18:41:53 +0000] "GET /robots.txt HTTP/1.1" 404 511 "-" "Mozilla/5.0 (compatible; Googlebot/2.1; +http://www.google.com/bot.html)"
66.249.72.49 - - [25/Mar/2011:18:41:53 +0000] "GET / HTTP/1.1" 304 208 "-" "Mozilla/5.0 (compatible; Googlebot/2.1; +http://www.google.com/bot.html)"
123.125.71.27 - - [25/Mar/2011:19:15:55 +0000] "GET / HTTP/1.1" 304 171 "-" "Baiduspider+(+http://www.baidu.com/search/spider.htm)"
123.125.71.29 - - [25/Mar/2011:19:35:36 +0000] "GET / HTTP/1.1" 200 1630 "-" "Baiduspider+(+http://www.baidu.com/search/spider.htm)"
220.181.108.86 - - [25/Mar/2011:19:35:58 +0000] "GET / HTTP/1.1" 200 1630 "-" "Baiduspider+(+http://www.baidu.com/search/spider.htm)"
178.156.136.218 - - [25/Mar/2011:20:02:22 +0000] "GET / HTTP/1.1" 200 993 "http://www.google.ro/search?hl=ro&source=hp&q=insect+politics&aq=f&aqi=g1&aql=&oq=" "Mozilla/4.0 (compatible; MSIE 7.0; Windows NT 5.1; .NET CLR 2.0.50727)"
178.156.136.218 - - [25/Mar/2011:20:02:23 +0000] "GET /blogger.png HTTP/1.1" 200 2848 "http://www.insectpolitics.com/" "Mozilla/4.0 (compatible; MSIE 7.0; Windows NT 5.1; .NET CLR 2.0.50727)"
178.156.136.218 - - [25/Mar/2011:20:02:23 +0000] "GET /facebook.png HTTP/1.1" 200 5275 "http://www.insectpolitics.com/" "Mozilla/4.0 (compatible; MSIE 7.0; Windows NT 5.1; .NET CLR 2.0.50727)"
178.156.136.218 - - [25/Mar/2011:20:02:23 +0000] "GET /twitter.png HTTP/1.1" 200 3229 "http://www.insectpolitics.com/" "Mozilla/4.0 (compatible; MSIE 7.0; Windows NT 5.1; .NET CLR 2.0.50727)"
178.156.136.218 - - [25/Mar/2011:20:09:05 +0000] "GET / HTTP/1.1" 304 209 "http://www.google.ro/search?hl=ro&source=hp&q=insect+politics&aq=f&aqi=g1&aql=&oq=" "Mozilla/4.0 (compatible; MSIE 7.0; Windows NT 5.1; .NET CLR 2.0.50727)"
178.156.136.218 - - [25/Mar/2011:20:09:05 +0000] "GET /blogger.png HTTP/1.1" 304 185 "http://www.insectpolitics.com/" "Mozilla/4.0 (compatible; MSIE 7.0; Windows NT 5.1; .NET CLR 2.0.50727)"
178.156.136.218 - - [25/Mar/2011:20:09:05 +0000] "GET /facebook.png HTTP/1.1" 304 187 "http://www.insectpolitics.com/" "Mozilla/4.0 (compatible; MSIE 7.0; Windows NT 5.1; .NET CLR 2.0.50727)"
178.156.136.218 - - [25/Mar/2011:20:09:05 +0000] "GET /twitter.png HTTP/1.1" 304 185 "http://www.insectpolitics.com/" "Mozilla/4.0 (compatible; MSIE 7.0; Windows NT 5.1; .NET CLR 2.0.50727)"
38.99.97.3 - - [25/Mar/2011:20:32:52 +0000] "GET /robots.txt HTTP/1.1" 404 472 "-" "Mozilla/5.0 (compatible; ScoutJet; +http://www.scoutjet.com/)"
38.99.97.3 - - [25/Mar/2011:20:32:52 +0000] "GET /welcome.htm HTTP/1.1" 404 471 "-" "Mozilla/5.0 (compatible; ScoutJet; +http://www.scoutjet.com/)"
38.99.97.3 - - [25/Mar/2011:20:32:53 +0000] "GET /welcome_1e23b93de3f5421454d9bb56e4979d2a.htm HTTP/1.1" 404 500 "-" "Mozilla/5.0 (compatible; ScoutJet; +http://www.scoutjet.com/)"
123.125.71.29 - - [25/Mar/2011:22:35:33 +0000] "GET / HTTP/1.1" 200 1630 "-" "Baiduspider+(+http://www.baidu.com/search/spider.htm)"
220.181.108.84 - - [25/Mar/2011:22:35:56 +0000] "GET / HTTP/1.1" 200 1630 "-" "Baiduspider+(+http://www.baidu.com/search/spider.htm)"
72.30.161.217 - - [25/Mar/2011:23:15:14 +0000] "GET /robots.txt HTTP/1.0" 404 472 "-" "Mozilla/5.0 (compatible; Yahoo! Slurp; http://help.yahoo.com/help/us/ysearch/slurp)"
72.30.161.217 - - [25/Mar/2011:23:15:14 +0000] "GET / HTTP/1.0" 200 955 "-" "Mozilla/5.0 (compatible; Yahoo! Slurp; http://help.yahoo.com/help/us/ysearch/slurp)"
124.115.4.197 - - [26/Mar/2011:00:25:14 +0000] "GET / HTTP/1.1" 304 209 "-" "Sosospider+(+http://help.soso.com/webspider.htm)"
123.125.71.20 - - [26/Mar/2011:00:35:56 +0000] "GET / HTTP/1.1" 200 1630 "-" "Baiduspider+(+http://www.baidu.com/search/spider.htm)"
220.181.108.92 - - [26/Mar/2011:00:36:19 +0000] "GET / HTTP/1.1" 200 1630 "-" "Baiduspider+(+http://www.baidu.com/search/spider.htm)"
157.55.50.13 - - [26/Mar/2011:01:52:51 +0000] "GET /robots.txt HTTP/1.1" 404 533 "-" "Mozilla/5.0 (compatible; bingbot/2.0; +http://www.bing.com/bingbot.htm)"
74.58.171.167 - - [26/Mar/2011:03:17:04 +0000] "GET /favicon.ico HTTP/1.1" 404 508 "http://query.us.kikin.com/query-server/K/Query/?ksu=http%3A//www.init.com/&returnType=html" "Mozilla/5.0 (Windows; U; Windows NT 6.1; fr; rv:1.9.2.16) Gecko/20110319 Firefox/3.6.16"
50.16.136.126 - - [26/Mar/2011:03:17:04 +0000] "GET / HTTP/1.1" 200 1630 "-" "Mozilla/5.0 (Windows; U; Windows NT 6.1; en-US; rv:1.9.2.13) Gecko/20101203 Firefox/3.6.13"
50.16.136.126 - - [26/Mar/2011:03:17:04 +0000] "GET /favicon.ico HTTP/1.1" 404 496 "-" "Mozilla/5.0 (Windows; U; Windows NT 6.1; en-US; rv:1.9.2.13) Gecko/20101203 Firefox/3.6.13"
123.125.71.18 - - [26/Mar/2011:04:35:30 +0000] "GET / HTTP/1.1" 200 1630 "-" "Baiduspider+(+http://www.baidu.com/search/spider.htm)"
220.181.108.92 - - [26/Mar/2011:04:35:54 +0000] "GET / HTTP/1.1" 200 1630 "-" "Baiduspider+(+http://www.baidu.com/search/spider.htm)"
123.125.71.23 - - [26/Mar/2011:06:36:21 +0000] "GET / HTTP/1.1" 200 1630 "-" "Baiduspider+(+http://www.baidu.com/search/spider.htm)"
220.181.108.84 - - [26/Mar/2011:06:36:48 +0000] "GET / HTTP/1.1" 200 1630 "-" "Baiduspider+(+http://www.baidu.com/search/spider.htm)"
123.125.71.22 - - [26/Mar/2011:07:35:07 +0000] "GET / HTTP/1.1" 200 1630 "-" "Baiduspider+(+http://www.baidu.com/search/spider.htm)"
220.181.108.96 - - [26/Mar/2011:07:35:33 +0000] "GET / HTTP/1.1" 200 1630 "-" "Baiduspider+(+http://www.baidu.com/search/spider.htm)"
124.115.0.100 - - [26/Mar/2011:08:21:04 +0000] "GET / HTTP/1.1" 304 209 "-" "Sosospider+(+http://help.soso.com/webspider.htm)"
78.144.176.95 - - [26/Mar/2011:08:27:17 +0000] "GET /welcome.htm HTTP/1.1" 404 500 "-" "Mozilla/4.0 (compatible; MSIE 6.0; Windows NT 5.0; T312461; Q312461; Maxthon)"
123.125.71.33 - - [26/Mar/2011:09:36:42 +0000] "GET / HTTP/1.1" 200 1630 "-" "Baiduspider+(+http://www.baidu.com/search/spider.htm)"
220.181.108.96 - - [26/Mar/2011:09:37:11 +0000] "GET / HTTP/1.1" 200 1630 "-" "Baiduspider+(+http://www.baidu.com/search/spider.htm)"
123.125.71.22 - - [26/Mar/2011:10:35:58 +0000] "GET / HTTP/1.1" 200 1630 "-" "Baiduspider+(+http://www.baidu.com/search/spider.htm)"
220.181.108.89 - - [26/Mar/2011:10:36:21 +0000] "GET / HTTP/1.1" 200 1630 "-" "Baiduspider+(+http://www.baidu.com/search/spider.htm)"
157.55.50.75 - - [26/Mar/2011:13:22:40 +0000] "GET /robots.txt HTTP/1.1" 404 533 "-" "Mozilla/5.0 (compatible; bingbot/2.0; +http://www.bing.com/bingbot.htm)"
123.125.71.20 - - [26/Mar/2011:14:34:12 +0000] "GET / HTTP/1.1" 200 1630 "-" "Baiduspider+(+http://www.baidu.com/search/spider.htm)"
220.181.108.85 - - [26/Mar/2011:14:34:33 +0000] "GET / HTTP/1.1" 200 1630 "-" "Baiduspider+(+http://www.baidu.com/search/spider.htm)"
124.115.4.197 - - [26/Mar/2011:16:49:31 +0000] "GET / HTTP/1.1" 304 209 "-" "Sosospider+(+http://help.soso.com/webspider.htm)"
65.52.51.180 - - [26/Mar/2011:20:03:33 +0000] "GET /robots.txt HTTP/1.1" 404 533 "-" "Mozilla/5.0 (compatible; bingbot/2.0; +http://www.bing.com/bingbot.htm)"
123.125.71.34 - - [26/Mar/2011:20:35:12 +0000] "GET / HTTP/1.1" 200 1630 "-" "Baiduspider+(+http://www.baidu.com/search/spider.htm)"
220.181.108.93 - - [26/Mar/2011:20:35:36 +0000] "GET / HTTP/1.1" 200 1630 "-" "Baiduspider+(+http://www.baidu.com/search/spider.htm)"
69.28.58.20 - - [26/Mar/2011:21:11:30 +0000] "GET /robots.txt HTTP/1.0" 404 499 "-" "Mozilla/4.0 (compatible; MSIE 6.0; Windows NT 5.0) (larbin2.6.3@unspecified.mail)"
69.28.58.20 - - [26/Mar/2011:21:11:30 +0000] "GET / HTTP/1.0" 200 1630 "-" "Mozilla/4.0 (compatible; MSIE 6.0; Windows NT 5.0) larbin2.6.3@unspecified.mail"
124.115.0.28 - - [26/Mar/2011:21:35:15 +0000] "GET / HTTP/1.1" 304 209 "-" "Sosospider+(+http://help.soso.com/webspider.htm)"
123.125.71.21 - - [26/Mar/2011:22:34:04 +0000] "GET / HTTP/1.1" 200 1630 "-" "Baiduspider+(+http://www.baidu.com/search/spider.htm)"
220.181.108.89 - - [26/Mar/2011:22:34:24 +0000] "GET / HTTP/1.1" 200 1630 "-" "Baiduspider+(+http://www.baidu.com/search/spider.htm)"
123.125.71.35 - - [26/Mar/2011:23:34:37 +0000] "GET / HTTP/1.1" 200 1630 "-" "Baiduspider+(+http://www.baidu.com/search/spider.htm)"
220.181.108.85 - - [26/Mar/2011:23:35:01 +0000] "GET / HTTP/1.1" 200 1630 "-" "Baiduspider+(+http://www.baidu.com/search/spider.htm)"
123.125.71.31 - - [27/Mar/2011:00:34:04 +0000] "GET / HTTP/1.1" 200 1630 "-" "Baiduspider+(+http://www.baidu.com/search/spider.htm)"
220.181.108.83 - - [27/Mar/2011:00:34:29 +0000] "GET / HTTP/1.1" 200 1630 "-" "Baiduspider+(+http://www.baidu.com/search/spider.htm)"
12.189.3.82 - - [27/Mar/2011:01:29:55 +0000] "GET /movies/features_blu-ray.txt HTTP/1.1" 200 2968 "-" "Mozilla/5.0 (iPhone; U; CPU iPhone OS 4_3 like Mac OS X; en-us) AppleWebKit/533.17.9 (KHTML, like Gecko) Version/5.0.2 Mobile/8F190 Safari/6533.18.5"
123.125.71.27 - - [27/Mar/2011:02:35:56 +0000] "GET / HTTP/1.1" 200 1630 "-" "Baiduspider+(+http://www.baidu.com/search/spider.htm)"
220.181.108.78 - - [27/Mar/2011:02:36:17 +0000] "GET / HTTP/1.1" 200 1630 "-" "Baiduspider+(+http://www.baidu.com/search/spider.htm)"
66.249.68.199 - - [27/Mar/2011:02:41:15 +0000] "GET /robots.txt HTTP/1.1" 404 510 "-" "Mozilla/5.0 (compatible; Googlebot/2.1; +http://www.google.com/bot.html)"
66.249.68.199 - - [27/Mar/2011:02:41:15 +0000] "GET /welcome.htm HTTP/1.1" 404 508 "-" "Mozilla/5.0 (compatible; Googlebot/2.1; +http://www.google.com/bot.html)"
123.125.71.32 - - [27/Mar/2011:03:36:10 +0000] "GET / HTTP/1.1" 200 1630 "-" "Baiduspider+(+http://www.baidu.com/search/spider.htm)"
220.181.108.94 - - [27/Mar/2011:03:36:35 +0000] "GET / HTTP/1.1" 200 1630 "-" "Baiduspider+(+http://www.baidu.com/search/spider.htm)"
123.125.71.28 - - [27/Mar/2011:04:36:22 +0000] "GET / HTTP/1.1" 200 1630 "-" "Baiduspider+(+http://www.baidu.com/search/spider.htm)"
220.181.108.77 - - [27/Mar/2011:04:36:45 +0000] "GET / HTTP/1.1" 200 1630 "-" "Baiduspider+(+http://www.baidu.com/search/spider.htm)"
124.115.0.163 - - [27/Mar/2011:04:38:05 +0000] "GET / HTTP/1.1" 304 209 "-" "Sosospider+(+http://help.soso.com/webspider.htm)"
123.125.71.26 - - [27/Mar/2011:06:35:41 +0000] "GET / HTTP/1.1" 200 1630 "-" "Baiduspider+(+http://www.baidu.com/search/spider.htm)"
220.181.108.83 - - [27/Mar/2011:06:36:04 +0000] "GET / HTTP/1.1" 200 1630 "-" "Baiduspider+(+http://www.baidu.com/search/spider.htm)"
123.125.71.32 - - [27/Mar/2011:07:35:38 +0000] "GET / HTTP/1.1" 200 1630 "-" "Baiduspider+(+http://www.baidu.com/search/spider.htm)"
220.181.108.80 - - [27/Mar/2011:07:36:00 +0000] "GET / HTTP/1.1" 200 1630 "-" "Baiduspider+(+http://www.baidu.com/search/spider.htm)"
65.52.110.87 - - [27/Mar/2011:08:23:37 +0000] "GET /robots.txt HTTP/1.1" 404 537 "-" "Mozilla/5.0 (compatible; bingbot/2.0; +http://www.bing.com/bingbot.htm)"
65.52.110.87 - - [27/Mar/2011:08:24:34 +0000] "GET /?cat=1 HTTP/1.1" 304 209 "-" "Mozilla/5.0 (compatible; bingbot/2.0; +http://www.bing.com/bingbot.htm)"
123.125.71.25 - - [27/Mar/2011:08:36:02 +0000] "GET / HTTP/1.1" 200 1630 "-" "Baiduspider+(+http://www.baidu.com/search/spider.htm)"
220.181.108.82 - - [27/Mar/2011:08:36:22 +0000] "GET / HTTP/1.1" 200 1630 "-" "Baiduspider+(+http://www.baidu.com/search/spider.htm)"
69.28.58.5 - - [27/Mar/2011:08:36:46 +0000] "GET /robots.txt HTTP/1.0" 404 495 "http://insectpolitics.com/robots.txt" "Huaweisymantecspider (compatible; MSIE 8.0; DSE-support@huaweisymantec.com)"
69.28.58.5 - - [27/Mar/2011:08:36:46 +0000] "GET / HTTP/1.0" 200 1630 "http://insectpolitics.com/" "Huaweisymantecspider (compatible; MSIE 8.0; DSE-support@huaweisymantec.com)"
69.28.58.35 - - [27/Mar/2011:08:40:25 +0000] "GET / HTTP/1.1" 200 1630 "-" "Wget/1.9+cvs-stable (Red Hat modified)"
65.52.51.180 - - [27/Mar/2011:08:53:59 +0000] "GET /robots.txt HTTP/1.1" 404 533 "-" "Mozilla/5.0 (compatible; bingbot/2.0; +http://www.bing.com/bingbot.htm)"
123.125.71.34 - - [27/Mar/2011:09:35:39 +0000] "GET / HTTP/1.1" 200 1630 "-" "Baiduspider+(+http://www.baidu.com/search/spider.htm)"
220.181.108.96 - - [27/Mar/2011:09:36:02 +0000] "GET / HTTP/1.1" 200 1630 "-" "Baiduspider+(+http://www.baidu.com/search/spider.htm)"
123.125.71.25 - - [27/Mar/2011:11:36:43 +0000] "GET / HTTP/1.1" 200 1630 "-" "Baiduspider+(+http://www.baidu.com/search/spider.htm)"
220.181.108.90 - - [27/Mar/2011:11:37:04 +0000] "GET / HTTP/1.1" 200 1630 "-" "Baiduspider+(+http://www.baidu.com/search/spider.htm)"
124.115.0.28 - - [27/Mar/2011:13:29:05 +0000] "GET / HTTP/1.1" 304 209 "-" "Sosospider+(+http://help.soso.com/webspider.htm)"
123.125.71.36 - - [27/Mar/2011:13:32:06 +0000] "GET / HTTP/1.1" 200 1630 "-" "Baiduspider+(+http://www.baidu.com/search/spider.htm)"
220.181.108.82 - - [27/Mar/2011:13:32:25 +0000] "GET / HTTP/1.1" 200 1630 "-" "Baiduspider+(+http://www.baidu.com/search/spider.htm)"
123.125.71.15 - - [27/Mar/2011:16:49:14 +0000] "GET / HTTP/1.1" 200 1630 "-" "Baiduspider+(+http://www.baidu.com/search/spider.htm)"
220.181.108.85 - - [27/Mar/2011:16:49:52 +0000] "GET / HTTP/1.1" 200 1630 "-" "Baiduspider+(+http://www.baidu.com/search/spider.htm)"
123.125.71.19 - - [27/Mar/2011:17:38:58 +0000] "GET / HTTP/1.1" 200 1630 "-" "Baiduspider+(+http://www.baidu.com/search/spider.htm)"
220.181.108.84 - - [27/Mar/2011:17:39:25 +0000] "GET / HTTP/1.1" 200 1630 "-" "Baiduspider+(+http://www.baidu.com/search/spider.htm)"
66.249.68.47 - - [27/Mar/2011:17:55:03 +0000] "GET /robots.txt HTTP/1.1" 404 503 "-" "Mozilla/5.0 (compatible; Googlebot/2.1; +http://www.google.com/bot.html)"
66.249.68.47 - - [27/Mar/2011:17:55:04 +0000] "GET / HTTP/1.1" 200 992 "-" "Mozilla/5.0 (compatible; Googlebot/2.1; +http://www.google.com/bot.html)"
66.249.68.47 - - [27/Mar/2011:19:47:34 +0000] "GET /blogger.png HTTP/1.1" 200 2849 "-" "Googlebot-Image/1.0"
66.249.68.47 - - [27/Mar/2011:19:57:37 +0000] "GET /twitter.png HTTP/1.1" 200 3230 "-" "Googlebot-Image/1.0"
66.249.68.47 - - [27/Mar/2011:20:12:24 +0000] "GET /facebook.png HTTP/1.1" 200 5275 "-" "Googlebot-Image/1.0"
157.55.50.75 - - [27/Mar/2011:20:24:54 +0000] "GET /robots.txt HTTP/1.1" 404 533 "-" "Mozilla/5.0 (compatible; bingbot/2.0; +http://www.bing.com/bingbot.htm)"
123.125.71.16 - - [27/Mar/2011:20:35:22 +0000] "GET / HTTP/1.1" 200 1630 "-" "Baiduspider+(+http://www.baidu.com/search/spider.htm)"
220.181.108.97 - - [27/Mar/2011:20:35:47 +0000] "GET / HTTP/1.1" 200 1630 "-" "Baiduspider+(+http://www.baidu.com/search/spider.htm)"
123.125.71.34 - - [27/Mar/2011:21:42:52 +0000] "GET / HTTP/1.1" 304 171 "-" "Baiduspider+(+http://www.baidu.com/search/spider.htm)"
124.115.0.28 - - [27/Mar/2011:22:13:04 +0000] "GET / HTTP/1.1" 304 209 "-" "Sosospider+(+http://help.soso.com/webspider.htm)"
81.52.143.16 - - [27/Mar/2011:23:16:32 +0000] "GET /robots.txt HTTP/1.1" 404 472 "-" "Mozilla/5.0 (Windows; U; Windows NT 5.1; fr; rv:1.8.1) VoilaBot BETA 1.2 (support.voilabot@orange-ftgroup.com)"
81.52.143.16 - - [27/Mar/2011:23:16:48 +0000] "GET / HTTP/1.1" 200 955 "-" "Mozilla/5.0 (Windows; U; Windows NT 5.1; fr; rv:1.8.1) VoilaBot BETA 1.2 (support.voilabot@orange-ftgroup.com)"
123.125.71.20 - - [27/Mar/2011:23:35:50 +0000] "GET / HTTP/1.1" 200 1630 "-" "Baiduspider+(+http://www.baidu.com/search/spider.htm)"
220.181.108.89 - - [27/Mar/2011:23:36:13 +0000] "GET / HTTP/1.1" 200 1630 "-" "Baiduspider+(+http://www.baidu.com/search/spider.htm)"
174.129.117.237 - - [28/Mar/2011:01:06:25 +0000] "HEAD / HTTP/1.1" 200 280 "-" "Mozilla/5.0 (Windows; U; Windows NT 5.1; en-US) AppleWebKit/525.13 (KHTML, like Gecko) Chrome/0.A.B.C Safari/525.13"
123.125.71.29 - - [28/Mar/2011:02:34:41 +0000] "GET / HTTP/1.1" 200 1630 "-" "Baiduspider+(+http://www.baidu.com/search/spider.htm)"
220.181.108.90 - - [28/Mar/2011:02:35:04 +0000] "GET / HTTP/1.1" 200 1630 "-" "Baiduspider+(+http://www.baidu.com/search/spider.htm)"
123.125.71.33 - - [28/Mar/2011:03:34:22 +0000] "GET / HTTP/1.1" 200 1630 "-" "Baiduspider+(+http://www.baidu.com/search/spider.htm)"
220.181.108.92 - - [28/Mar/2011:03:34:45 +0000] "GET / HTTP/1.1" 200 1630 "-" "Baiduspider+(+http://www.baidu.com/search/spider.htm)"
69.28.58.21 - - [28/Mar/2011:04:37:37 +0000] "GET /robots.txt HTTP/1.0" 404 499 "-" "Mozilla/4.0 (compatible; MSIE 6.0; Windows NT 5.0) (larbin2.6.3@unspecified.mail)"
69.28.58.21 - - [28/Mar/2011:04:37:37 +0000] "GET / HTTP/1.0" 200 1630 "-" "Mozilla/4.0 (compatible; MSIE 6.0; Windows NT 5.0) larbin2.6.3@unspecified.mail"
222.216.28.22 - - [28/Mar/2011:05:15:37 +0000] "GET / HTTP/1.0" 200 955 "http://g7.in/11B6.html" "example/1.0"
124.115.0.28 - - [28/Mar/2011:05:50:22 +0000] "GET / HTTP/1.1" 304 209 "-" "Sosospider+(+http://help.soso.com/webspider.htm)"
124.115.6.13 - - [28/Mar/2011:06:09:09 +0000] "GET /robots.txt HTTP/1.1" 404 508 "-" "Sosospider+(+http://help.soso.com/webspider.htm)"
123.125.71.18 - - [28/Mar/2011:08:35:28 +0000] "GET / HTTP/1.1" 200 1630 "-" "Baiduspider+(+http://www.baidu.com/search/spider.htm)"
220.181.108.88 - - [28/Mar/2011:08:35:51 +0000] "GET / HTTP/1.1" 200 1630 "-" "Baiduspider+(+http://www.baidu.com/search/spider.htm)"
65.52.51.179 - - [28/Mar/2011:12:11:07 +0000] "GET /robots.txt HTTP/1.1" 404 533 "-" "Mozilla/5.0 (compatible; bingbot/2.0; +http://www.bing.com/bingbot.htm)"
123.125.71.19 - - [28/Mar/2011:12:36:25 +0000] "GET / HTTP/1.1" 200 1630 "-" "Baiduspider+(+http://www.baidu.com/search/spider.htm)"
220.181.108.78 - - [28/Mar/2011:12:36:53 +0000] "GET / HTTP/1.1" 200 1630 "-" "Baiduspider+(+http://www.baidu.com/search/spider.htm)"
123.125.71.12 - - [28/Mar/2011:13:34:01 +0000] "GET / HTTP/1.1" 200 1630 "-" "Baiduspider+(+http://www.baidu.com/search/spider.htm)"
220.181.108.87 - - [28/Mar/2011:13:34:21 +0000] "GET / HTTP/1.1" 200 1630 "-" "Baiduspider+(+http://www.baidu.com/search/spider.htm)"
78.129.201.71 - - [28/Mar/2011:14:01:05 +0000] "GET /robots.txt HTTP/1.0" 404 499 "-" "Mozilla/5.0 (compatible; MJ12bot/v1.3.3; http://www.majestic12.co.uk/bot.php?+)"
78.129.201.71 - - [28/Mar/2011:14:01:06 +0000] "GET / HTTP/1.0" 200 955 "-" "Mozilla/5.0 (compatible; MJ12bot/v1.3.3; http://www.majestic12.co.uk/bot.php?+)"
124.115.0.100 - - [28/Mar/2011:14:22:33 +0000] "GET / HTTP/1.1" 304 209 "-" "Sosospider+(+http://help.soso.com/webspider.htm)"
123.125.71.23 - - [28/Mar/2011:14:34:51 +0000] "GET / HTTP/1.1" 200 1630 "-" "Baiduspider+(+http://www.baidu.com/search/spider.htm)"
220.181.108.85 - - [28/Mar/2011:14:35:12 +0000] "GET / HTTP/1.1" 200 1630 "-" "Baiduspider+(+http://www.baidu.com/search/spider.htm)"
174.129.117.237 - - [28/Mar/2011:15:07:57 +0000] "HEAD / HTTP/1.1" 200 280 "-" "Mozilla/5.0 (Windows; U; Windows NT 5.1; en-US) AppleWebKit/525.13 (KHTML, like Gecko) Chrome/0.A.B.C Safari/525.13"
123.125.71.26 - - [28/Mar/2011:15:37:14 +0000] "GET / HTTP/1.1" 200 1630 "-" "Baiduspider+(+http://www.baidu.com/search/spider.htm)"
220.181.108.83 - - [28/Mar/2011:15:37:39 +0000] "GET / HTTP/1.1" 200 1630 "-" "Baiduspider+(+http://www.baidu.com/search/spider.htm)"
123.125.71.12 - - [28/Mar/2011:16:48:59 +0000] "GET / HTTP/1.1" 200 1630 "-" "Baiduspider+(+http://www.baidu.com/search/spider.htm)"
220.181.108.87 - - [28/Mar/2011:16:49:38 +0000] "GET / HTTP/1.1" 200 1630 "-" "Baiduspider+(+http://www.baidu.com/search/spider.htm)"
50.17.70.115 - - [28/Mar/2011:18:26:34 +0000] "GET / HTTP/1.0" 200 1630 "-" "Mozilla/5.0 (compatible; NetcraftSurveyAgent/1.0; +info@netcraft.com)"
50.17.147.88 - - [28/Mar/2011:20:10:30 +0000] "GET / HTTP/1.0" 200 1630 "-" "Mozilla/5.0 (compatible; NetcraftSurveyAgent/1.0; +info@netcraft.com)"
50.17.148.20 - - [28/Mar/2011:20:18:03 +0000] "GET / HTTP/1.0" 200 1630 "-" "Mozilla/5.0 (compatible; NetcraftSurveyAgent/1.0; +info@netcraft.com)"
222.216.28.52 - - [28/Mar/2011:20:35:29 +0000] "GET / HTTP/1.0" 200 955 "http://g7.in/3912.html" "example/1.0"
50.16.51.126 - - [28/Mar/2011:21:43:26 +0000] "GET / HTTP/1.0" 200 1630 "-" "Mozilla/5.0 (compatible; NetcraftSurveyAgent/1.0; +info@netcraft.com)"
65.52.51.179 - - [28/Mar/2011:22:09:53 +0000] "GET /robots.txt HTTP/1.1" 404 533 "-" "Mozilla/5.0 (compatible; bingbot/2.0; +http://www.bing.com/bingbot.htm)"
124.115.0.163 - - [28/Mar/2011:22:33:41 +0000] "GET / HTTP/1.1" 304 209 "-" "Sosospider+(+http://help.soso.com/webspider.htm)"
50.17.122.32 - - [28/Mar/2011:23:11:15 +0000] "GET / HTTP/1.0" 200 1630 "-" "Mozilla/5.0 (compatible; NetcraftSurveyAgent/1.0; +info@netcraft.com)"
72.30.161.217 - - [28/Mar/2011:23:19:31 +0000] "GET /robots.txt HTTP/1.0" 404 472 "-" "Mozilla/5.0 (compatible; Yahoo! Slurp; http://help.yahoo.com/help/us/ysearch/slurp)"
72.30.161.217 - - [28/Mar/2011:23:19:31 +0000] "GET / HTTP/1.0" 200 955 "-" "Mozilla/5.0 (compatible; Yahoo! Slurp; http://help.yahoo.com/help/us/ysearch/slurp)"
123.125.71.20 - - [29/Mar/2011:00:34:35 +0000] "GET / HTTP/1.1" 200 1630 "-" "Baiduspider+(+http://www.baidu.com/search/spider.htm)"
220.181.108.78 - - [29/Mar/2011:00:35:00 +0000] "GET / HTTP/1.1" 200 1630 "-" "Baiduspider+(+http://www.baidu.com/search/spider.htm)"
212.113.35.162 - - [29/Mar/2011:02:08:08 +0000] "GET /robots.txt HTTP/1.1" 404 453 "-" "Mozilla/5.0 (compatible; SiteBot/0.1; +http://www.sitebot.org/robot/)"
212.113.35.162 - - [29/Mar/2011:02:08:08 +0000] "GET /welcome.htm HTTP/1.1" 404 452 "-" "Mozilla/5.0 (compatible; SiteBot/0.1; +http://www.sitebot.org/robot/)"
124.115.0.100 - - [29/Mar/2011:03:31:02 +0000] "GET / HTTP/1.1" 304 209 "-" "Sosospider+(+http://help.soso.com/webspider.htm)"
207.46.195.225 - - [29/Mar/2011:05:45:33 +0000] "GET /robots.txt HTTP/1.1" 404 534 "-" "Mozilla/5.0 (compatible; bingbot/2.0; +http://www.bing.com/bingbot.htm)"
207.46.195.225 - - [29/Mar/2011:05:46:30 +0000] "GET / HTTP/1.1" 304 209 "-" "Mozilla/5.0 (compatible; bingbot/2.0; +http://www.bing.com/bingbot.htm)"
123.125.71.12 - - [29/Mar/2011:06:35:56 +0000] "GET / HTTP/1.1" 200 1630 "-" "Baiduspider+(+http://www.baidu.com/search/spider.htm)"
220.181.108.93 - - [29/Mar/2011:06:36:21 +0000] "GET / HTTP/1.1" 200 1630 "-" "Baiduspider+(+http://www.baidu.com/search/spider.htm)"
195.54.162.34 - - [29/Mar/2011:07:03:27 +0000] "GET / HTTP/1.0" 200 1630 "http://www.insectpolitics.com/" "Mozilla/4.0 (compatible; MSIE 4.01; Digital AlphaServer 1000A 4/233; Windows NT; Powered By 64-Bit Alpha Processor)"
195.54.162.34 - - [29/Mar/2011:07:03:30 +0000] "GET / HTTP/1.0" 200 1630 "http://www.insect-politics.com/" "Mozilla/4.0 (compatible; MSIE 6.0; Windows NT 5.1; SV1; InfoPath.1"
123.125.71.15 - - [29/Mar/2011:08:35:32 +0000] "GET / HTTP/1.1" 200 1630 "-" "Baiduspider+(+http://www.baidu.com/search/spider.htm)"
220.181.108.96 - - [29/Mar/2011:08:35:54 +0000] "GET / HTTP/1.1" 200 1630 "-" "Baiduspider+(+http://www.baidu.com/search/spider.htm)"
195.54.163.28 - - [29/Mar/2011:08:50:21 +0000] "GET / HTTP/1.0" 200 1630 "http://www.insectpolitics.com/" "Mozilla/4.0 (compatible; MSIE 6.0; Windows NT 5.1; SV1; FunWebProducts; .NET CLR 1.1.4322; PeoplePal 6.2)"
195.54.163.28 - - [29/Mar/2011:08:50:24 +0000] "GET / HTTP/1.0" 200 1630 "http://www.insect-politics.com/" "Mozilla/4.0 (compatible; MSIE 5.0; Windows NT; DigExt)"
220.181.108.81 - - [29/Mar/2011:09:44:03 +0000] "GET / HTTP/1.1" 200 1630 "-" "Baiduspider+(+http://www.baidu.com/search/spider.htm)"
123.125.71.33 - - [29/Mar/2011:09:44:33 +0000] "GET / HTTP/1.1" 200 1630 "-" "Baiduspider+(+http://www.baidu.com/search/spider.htm)"
157.55.50.77 - - [29/Mar/2011:12:07:33 +0000] "GET /robots.txt HTTP/1.1" 404 533 "-" "Mozilla/5.0 (compatible; bingbot/2.0; +http://www.bing.com/bingbot.htm)"
123.125.71.18 - - [29/Mar/2011:12:36:20 +0000] "GET / HTTP/1.1" 200 1630 "-" "Baiduspider+(+http://www.baidu.com/search/spider.htm)"
220.181.108.75 - - [29/Mar/2011:12:36:46 +0000] "GET / HTTP/1.1" 200 1630 "-" "Baiduspider+(+http://www.baidu.com/search/spider.htm)"
124.115.0.163 - - [29/Mar/2011:13:30:41 +0000] "GET / HTTP/1.1" 304 209 "-" "Sosospider+(+http://help.soso.com/webspider.htm)"
67.195.115.107 - - [29/Mar/2011:14:11:27 +0000] "GET /robots.txt HTTP/1.0" 404 472 "-" "Mozilla/5.0 (compatible; Yahoo! Slurp; http://help.yahoo.com/help/us/ysearch/slurp)"
67.195.115.107 - - [29/Mar/2011:14:11:27 +0000] "GET /welcome.htm HTTP/1.0" 404 471 "-" "Mozilla/5.0 (compatible; Yahoo! Slurp; http://help.yahoo.com/help/us/ysearch/slurp)"
124.115.0.163 - - [29/Mar/2011:18:45:13 +0000] "GET / HTTP/1.1" 304 209 "-" "Sosospider+(+http://help.soso.com/webspider.htm)"
123.125.71.34 - - [29/Mar/2011:19:34:51 +0000] "GET / HTTP/1.1" 200 1630 "-" "Baiduspider+(+http://www.baidu.com/search/spider.htm)"
220.181.108.91 - - [29/Mar/2011:19:35:13 +0000] "GET / HTTP/1.1" 200 1630 "-" "Baiduspider+(+http://www.baidu.com/search/spider.htm)"
123.125.71.27 - - [29/Mar/2011:20:35:15 +0000] "GET / HTTP/1.1" 200 1630 "-" "Baiduspider+(+http://www.baidu.com/search/spider.htm)"
220.181.108.92 - - [29/Mar/2011:20:35:37 +0000] "GET / HTTP/1.1" 200 1630 "-" "Baiduspider+(+http://www.baidu.com/search/spider.htm)"
123.125.71.23 - - [29/Mar/2011:21:41:11 +0000] "GET / HTTP/1.1" 304 171 "-" "Baiduspider+(+http://www.baidu.com/search/spider.htm)"
12.29.64.90 - - [29/Mar/2011:22:20:44 +0000] "GET /movies/features_blu-ray.txt HTTP/1.1" 200 2968 "-" "Mozilla/5.0 (iPhone; U; CPU iPhone OS 4_3 like Mac OS X; en-us) AppleWebKit/533.17.9 (KHTML, like Gecko) Version/5.0.2 Mobile/8F190 Safari/6533.18.5"
12.29.64.90 - - [29/Mar/2011:22:23:08 +0000] "GET /movies/television_dvd.txt HTTP/1.1" 200 1483 "-" "Mozilla/5.0 (iPhone; U; CPU iPhone OS 4_3 like Mac OS X; en-us) AppleWebKit/533.17.9 (KHTML, like Gecko) Version/5.0.2 Mobile/8F190 Safari/6533.18.5"
70.180.119.247 - - [29/Mar/2011:23:07:13 +0000] "GET /movies/ HTTP/1.1" 200 808 "-" "Mozilla/5.0 (X11; U; Linux x86_64; en-US) AppleWebKit/534.16 (KHTML, like Gecko) Chrome/10.0.648.204 Safari/534.16"
70.180.119.247 - - [29/Mar/2011:23:07:14 +0000] "GET /favicon.ico HTTP/1.1" 404 503 "-" "Mozilla/5.0 (X11; U; Linux x86_64; en-US) AppleWebKit/534.16 (KHTML, like Gecko) Chrome/10.0.648.204 Safari/534.16"
70.180.119.247 - - [29/Mar/2011:23:07:16 +0000] "GET /movies/features_blu-ray.txt HTTP/1.1" 304 210 "http://cafink.name/movies/" "Mozilla/5.0 (X11; U; Linux x86_64; en-US) AppleWebKit/534.16 (KHTML, like Gecko) Chrome/10.0.648.204 Safari/534.16"
70.180.119.247 - - [29/Mar/2011:23:07:16 +0000] "GET /favicon.ico HTTP/1.1" 404 503 "-" "Mozilla/5.0 (X11; U; Linux x86_64; en-US) AppleWebKit/534.16 (KHTML, like Gecko) Chrome/10.0.648.204 Safari/534.16"
70.180.119.247 - - [29/Mar/2011:23:07:17 +0000] "GET /movies/television_blu-ray.txt HTTP/1.1" 304 209 "http://cafink.name/movies/" "Mozilla/5.0 (X11; U; Linux x86_64; en-US) AppleWebKit/534.16 (KHTML, like Gecko) Chrome/10.0.648.204 Safari/534.16"
70.180.119.247 - - [29/Mar/2011:23:07:18 +0000] "GET /favicon.ico HTTP/1.1" 404 503 "-" "Mozilla/5.0 (X11; U; Linux x86_64; en-US) AppleWebKit/534.16 (KHTML, like Gecko) Chrome/10.0.648.204 Safari/534.16"
70.180.119.247 - - [29/Mar/2011:23:07:18 +0000] "GET /movies/television_dvd.txt HTTP/1.1" 304 209 "http://cafink.name/movies/" "Mozilla/5.0 (X11; U; Linux x86_64; en-US) AppleWebKit/534.16 (KHTML, like Gecko) Chrome/10.0.648.204 Safari/534.16"
70.180.119.247 - - [29/Mar/2011:23:07:18 +0000] "GET /favicon.ico HTTP/1.1" 404 503 "-" "Mozilla/5.0 (X11; U; Linux x86_64; en-US) AppleWebKit/534.16 (KHTML, like Gecko) Chrome/10.0.648.204 Safari/534.16"
70.180.119.247 - - [29/Mar/2011:23:08:42 +0000] "GET /movies/television_blu-ray.txt HTTP/1.1" 200 515 "http://cafink.name/movies/" "Mozilla/5.0 (X11; U; Linux x86_64; en-US) AppleWebKit/534.16 (KHTML, like Gecko) Chrome/10.0.648.204 Safari/534.16"
70.180.119.247 - - [29/Mar/2011:23:08:42 +0000] "GET /favicon.ico HTTP/1.1" 404 503 "-" "Mozilla/5.0 (X11; U; Linux x86_64; en-US) AppleWebKit/534.16 (KHTML, like Gecko) Chrome/10.0.648.204 Safari/534.16"
70.180.119.247 - - [29/Mar/2011:23:08:43 +0000] "GET /movies/television_blu-ray.txt HTTP/1.1" 304 209 "http://cafink.name/movies/" "Mozilla/5.0 (X11; U; Linux x86_64; en-US) AppleWebKit/534.16 (KHTML, like Gecko) Chrome/10.0.648.204 Safari/534.16"
70.180.119.247 - - [29/Mar/2011:23:08:43 +0000] "GET /movies/television_blu-ray.txt HTTP/1.1" 200 515 "http://cafink.name/movies/" "Mozilla/5.0 (X11; U; Linux x86_64; en-US) AppleWebKit/534.16 (KHTML, like Gecko) Chrome/10.0.648.204 Safari/534.16"
70.180.119.247 - - [29/Mar/2011:23:08:43 +0000] "GET /favicon.ico HTTP/1.1" 404 503 "-" "Mozilla/5.0 (X11; U; Linux x86_64; en-US) AppleWebKit/534.16 (KHTML, like Gecko) Chrome/10.0.648.204 Safari/534.16"
70.180.119.247 - - [29/Mar/2011:23:08:43 +0000] "GET /movies/television_blu-ray.txt HTTP/1.1" 304 209 "http://cafink.name/movies/" "Mozilla/5.0 (X11; U; Linux x86_64; en-US) AppleWebKit/534.16 (KHTML, like Gecko) Chrome/10.0.648.204 Safari/534.16"
70.180.119.247 - - [29/Mar/2011:23:08:43 +0000] "GET /favicon.ico HTTP/1.1" 404 503 "-" "Mozilla/5.0 (X11; U; Linux x86_64; en-US) AppleWebKit/534.16 (KHTML, like Gecko) Chrome/10.0.648.204 Safari/534.16"
70.180.119.247 - - [29/Mar/2011:23:08:44 +0000] "GET /movies/television_blu-ray.txt HTTP/1.1" 304 209 "http://cafink.name/movies/" "Mozilla/5.0 (X11; U; Linux x86_64; en-US) AppleWebKit/534.16 (KHTML, like Gecko) Chrome/10.0.648.204 Safari/534.16"
70.180.119.247 - - [29/Mar/2011:23:08:44 +0000] "GET /favicon.ico HTTP/1.1" 404 503 "-" "Mozilla/5.0 (X11; U; Linux x86_64; en-US) AppleWebKit/534.16 (KHTML, like Gecko) Chrome/10.0.648.204 Safari/534.16"
70.180.119.247 - - [29/Mar/2011:23:08:44 +0000] "GET /movies/television_blu-ray.txt HTTP/1.1" 200 515 "http://cafink.name/movies/" "Mozilla/5.0 (X11; U; Linux x86_64; en-US) AppleWebKit/534.16 (KHTML, like Gecko) Chrome/10.0.648.204 Safari/534.16"
70.180.119.247 - - [29/Mar/2011:23:08:45 +0000] "GET /favicon.ico HTTP/1.1" 404 503 "-" "Mozilla/5.0 (X11; U; Linux x86_64; en-US) AppleWebKit/534.16 (KHTML, like Gecko) Chrome/10.0.648.204 Safari/534.16"
70.180.119.247 - - [29/Mar/2011:23:08:45 +0000] "GET /movies/television_blu-ray.txt HTTP/1.1" 304 209 "http://cafink.name/movies/" "Mozilla/5.0 (X11; U; Linux x86_64; en-US) AppleWebKit/534.16 (KHTML, like Gecko) Chrome/10.0.648.204 Safari/534.16"
70.180.119.247 - - [29/Mar/2011:23:08:45 +0000] "GET /movies/television_blu-ray.txt HTTP/1.1" 304 209 "http://cafink.name/movies/" "Mozilla/5.0 (X11; U; Linux x86_64; en-US) AppleWebKit/534.16 (KHTML, like Gecko) Chrome/10.0.648.204 Safari/534.16"
70.180.119.247 - - [29/Mar/2011:23:08:45 +0000] "GET /favicon.ico HTTP/1.1" 404 503 "-" "Mozilla/5.0 (X11; U; Linux x86_64; en-US) AppleWebKit/534.16 (KHTML, like Gecko) Chrome/10.0.648.204 Safari/534.16"
70.180.119.247 - - [29/Mar/2011:23:08:45 +0000] "GET /movies/television_blu-ray.txt HTTP/1.1" 304 209 "http://cafink.name/movies/" "Mozilla/5.0 (X11; U; Linux x86_64; en-US) AppleWebKit/534.16 (KHTML, like Gecko) Chrome/10.0.648.204 Safari/534.16"
70.180.119.247 - - [29/Mar/2011:23:08:45 +0000] "GET /favicon.ico HTTP/1.1" 404 503 "-" "Mozilla/5.0 (X11; U; Linux x86_64; en-US) AppleWebKit/534.16 (KHTML, like Gecko) Chrome/10.0.648.204 Safari/534.16"
70.180.119.247 - - [29/Mar/2011:23:08:46 +0000] "GET /movies/television_blu-ray.txt HTTP/1.1" 304 209 "http://cafink.name/movies/" "Mozilla/5.0 (X11; U; Linux x86_64; en-US) AppleWebKit/534.16 (KHTML, like Gecko) Chrome/10.0.648.204 Safari/534.16"
70.180.119.247 - - [29/Mar/2011:23:08:46 +0000] "GET /favicon.ico HTTP/1.1" 404 503 "-" "Mozilla/5.0 (X11; U; Linux x86_64; en-US) AppleWebKit/534.16 (KHTML, like Gecko) Chrome/10.0.648.204 Safari/534.16"
70.180.119.247 - - [29/Mar/2011:23:08:46 +0000] "GET /movies/television_blu-ray.txt HTTP/1.1" 304 209 "http://cafink.name/movies/" "Mozilla/5.0 (X11; U; Linux x86_64; en-US) AppleWebKit/534.16 (KHTML, like Gecko) Chrome/10.0.648.204 Safari/534.16"
70.180.119.247 - - [29/Mar/2011:23:08:46 +0000] "GET /favicon.ico HTTP/1.1" 404 503 "-" "Mozilla/5.0 (X11; U; Linux x86_64; en-US) AppleWebKit/534.16 (KHTML, like Gecko) Chrome/10.0.648.204 Safari/534.16"
70.180.119.247 - - [29/Mar/2011:23:14:47 +0000] "GET /favicon.ico HTTP/1.1" 404 504 "-" "Mozilla/5.0 (X11; U; Linux x86_64; en-US) AppleWebKit/534.16 (KHTML, like Gecko) Chrome/10.0.648.204 Safari/534.16"
70.180.119.247 - - [29/Mar/2011:23:15:09 +0000] "GET /movies/features_blu-ray.txt HTTP/1.1" 200 3082 "-" "Mozilla/5.0 (X11; U; Linux x86_64; en-US) AppleWebKit/534.16 (KHTML, like Gecko) Chrome/10.0.648.204 Safari/534.16"
70.180.119.247 - - [29/Mar/2011:23:15:09 +0000] "GET /favicon.ico HTTP/1.1" 404 503 "-" "Mozilla/5.0 (X11; U; Linux x86_64; en-US) AppleWebKit/534.16 (KHTML, like Gecko) Chrome/10.0.648.204 Safari/534.16"
70.180.119.247 - - [29/Mar/2011:23:15:19 +0000] "GET /movies/features_blu-ray.txt HTTP/1.1" 200 3081 "-" "Mozilla/5.0 (X11; U; Linux x86_64; en-US) AppleWebKit/534.16 (KHTML, like Gecko) Chrome/10.0.648.204 Safari/534.16"
70.180.119.247 - - [29/Mar/2011:23:15:19 +0000] "GET /movies/features_blu-ray.txt HTTP/1.1" 200 3081 "-" "Mozilla/5.0 (X11; U; Linux x86_64; en-US) AppleWebKit/534.16 (KHTML, like Gecko) Chrome/10.0.648.204 Safari/534.16"
70.180.119.247 - - [29/Mar/2011:23:15:20 +0000] "GET /favicon.ico HTTP/1.1" 404 503 "-" "Mozilla/5.0 (X11; U; Linux x86_64; en-US) AppleWebKit/534.16 (KHTML, like Gecko) Chrome/10.0.648.204 Safari/534.16"
70.180.119.247 - - [29/Mar/2011:23:15:40 +0000] "GET /movies/features_blu-ray.txt HTTP/1.1" 304 211 "http://cafink.name/movies/" "Mozilla/5.0 (X11; U; Linux x86_64; en-US) AppleWebKit/534.16 (KHTML, like Gecko) Chrome/10.0.648.204 Safari/534.16"
70.180.119.247 - - [29/Mar/2011:23:15:40 +0000] "GET /favicon.ico HTTP/1.1" 404 503 "-" "Mozilla/5.0 (X11; U; Linux x86_64; en-US) AppleWebKit/534.16 (KHTML, like Gecko) Chrome/10.0.648.204 Safari/534.16"
70.180.119.247 - - [29/Mar/2011:23:15:40 +0000] "GET /favicon.ico HTTP/1.1" 404 503 "-" "Mozilla/5.0 (X11; U; Linux x86_64; en-US) AppleWebKit/534.16 (KHTML, like Gecko) Chrome/10.0.648.204 Safari/534.16"
70.180.119.247 - - [29/Mar/2011:23:20:43 +0000] "GET /favicon.ico HTTP/1.1" 404 504 "-" "Mozilla/5.0 (X11; U; Linux x86_64; en-US) AppleWebKit/534.16 (KHTML, like Gecko) Chrome/10.0.648.204 Safari/534.16"
70.180.119.247 - - [29/Mar/2011:23:20:46 +0000] "GET /movies/television_dvd.txt HTTP/1.1" 200 1480 "-" "Mozilla/5.0 (X11; U; Linux x86_64; en-US) AppleWebKit/534.16 (KHTML, like Gecko) Chrome/10.0.648.204 Safari/534.16"
70.180.119.247 - - [29/Mar/2011:23:20:46 +0000] "GET /favicon.ico HTTP/1.1" 404 503 "-" "Mozilla/5.0 (X11; U; Linux x86_64; en-US) AppleWebKit/534.16 (KHTML, like Gecko) Chrome/10.0.648.204 Safari/534.16"
70.180.119.247 - - [29/Mar/2011:23:21:14 +0000] "GET /movies/television_dvd.txt HTTP/1.1" 200 1481 "-" "Mozilla/5.0 (X11; U; Linux x86_64; en-US) AppleWebKit/534.16 (KHTML, like Gecko) Chrome/10.0.648.204 Safari/534.16"
70.180.119.247 - - [29/Mar/2011:23:21:14 +0000] "GET /favicon.ico HTTP/1.1" 404 503 "-" "Mozilla/5.0 (X11; U; Linux x86_64; en-US) AppleWebKit/534.16 (KHTML, like Gecko) Chrome/10.0.648.204 Safari/534.16"
123.125.71.20 - - [29/Mar/2011:23:35:24 +0000] "GET / HTTP/1.1" 200 1630 "-" "Baiduspider+(+http://www.baidu.com/search/spider.htm)"
220.181.108.94 - - [29/Mar/2011:23:35:45 +0000] "GET / HTTP/1.1" 200 1630 "-" "Baiduspider+(+http://www.baidu.com/search/spider.htm)"
123.125.71.36 - - [30/Mar/2011:00:35:13 +0000] "GET / HTTP/1.1" 200 1630 "-" "Baiduspider+(+http://www.baidu.com/search/spider.htm)"
69.28.58.10 - - [30/Mar/2011:00:35:19 +0000] "GET / HTTP/1.1" 200 1630 "-" "Wget/1.9+cvs-stable (Red Hat modified)"
220.181.108.77 - - [30/Mar/2011:00:35:35 +0000] "GET / HTTP/1.1" 200 1630 "-" "Baiduspider+(+http://www.baidu.com/search/spider.htm)"
65.52.51.178 - - [30/Mar/2011:01:23:11 +0000] "GET /robots.txt HTTP/1.1" 404 533 "-" "Mozilla/5.0 (compatible; bingbot/2.0; +http://www.bing.com/bingbot.htm)"
205.178.190.236 - - [30/Mar/2011:01:51:48 +0000] "HEAD / HTTP/1.1" 200 276 "-" "Mozilla/5.0 (Windows; U; Windows NT 5.1; en-US; rv:1.8.1.16) Gecko/20080702 Firefox/2.0.0.16"
205.178.190.236 - - [30/Mar/2011:01:51:48 +0000] "GET / HTTP/1.1" 200 1630 "-" "Mozilla/5.0 (Windows; U; Windows NT 5.1; en-US; rv:1.8.1.12) Gecko/20080201 Firefox/2.0.0.12"
207.46.199.51 - - [30/Mar/2011:02:33:16 +0000] "GET /robots.txt HTTP/1.1" 404 533 "-" "Mozilla/5.0 (compatible; bingbot/2.0; +http://www.bing.com/bingbot.htm)"
207.46.199.51 - - [30/Mar/2011:02:33:55 +0000] "GET /?page_id=2 HTTP/1.1" 304 209 "-" "Mozilla/5.0 (compatible; bingbot/2.0; +http://www.bing.com/bingbot.htm)"
123.125.71.31 - - [30/Mar/2011:02:36:03 +0000] "GET / HTTP/1.1" 200 1630 "-" "Baiduspider+(+http://www.baidu.com/search/spider.htm)"
220.181.108.96 - - [30/Mar/2011:02:36:27 +0000] "GET / HTTP/1.1" 200 1630 "-" "Baiduspider+(+http://www.baidu.com/search/spider.htm)"
123.125.71.20 - - [30/Mar/2011:04:35:37 +0000] "GET / HTTP/1.1" 200 1630 "-" "Baiduspider+(+http://www.baidu.com/search/spider.htm)"
220.181.108.86 - - [30/Mar/2011:04:36:01 +0000] "GET / HTTP/1.1" 200 1630 "-" "Baiduspider+(+http://www.baidu.com/search/spider.htm)"
123.125.71.29 - - [30/Mar/2011:06:36:37 +0000] "GET / HTTP/1.1" 200 1630 "-" "Baiduspider+(+http://www.baidu.com/search/spider.htm)"
220.181.108.84 - - [30/Mar/2011:06:37:01 +0000] "GET / HTTP/1.1" 200 1630 "-" "Baiduspider+(+http://www.baidu.com/search/spider.htm)"
65.52.49.140 - - [30/Mar/2011:08:04:08 +0000] "GET /robots.txt HTTP/1.1" 404 533 "-" "Mozilla/5.0 (compatible; bingbot/2.0; +http://www.bing.com/bingbot.htm)"
123.125.71.26 - - [30/Mar/2011:08:36:15 +0000] "GET / HTTP/1.1" 200 1630 "-" "Baiduspider+(+http://www.baidu.com/search/spider.htm)"
220.181.108.87 - - [30/Mar/2011:08:36:38 +0000] "GET / HTTP/1.1" 200 1630 "-" "Baiduspider+(+http://www.baidu.com/search/spider.htm)"
195.54.163.28 - - [30/Mar/2011:10:57:24 +0000] "GET / HTTP/1.0" 200 1630 "http://www.insectpolitics.com/" "Mozilla/4.0 (compatible; MSIE 6.0; Windows NT 5.1; MyIE2; Deepnet Explorer)"
195.54.163.28 - - [30/Mar/2011:10:57:28 +0000] "GET / HTTP/1.0" 200 1630 "http://www.insect-politics.com/" "Mozilla/5.0 (Windows NT 5.1; U; en) Opera 8.00"
195.54.162.34 - - [30/Mar/2011:10:57:28 +0000] "GET / HTTP/1.0" 200 1630 "http://www.insectpolitics.com/" "Mozilla/4.0 (compatible; MSIE 6.0; Windows NT 5.1; .NET CLR 1.0.3705)"
195.54.162.34 - - [30/Mar/2011:10:57:33 +0000] "GET / HTTP/1.0" 200 1630 "http://www.insect-politics.com/" "Mozilla/4.0 (compatible; MSIE 6.0; Windows NT 5.1; SV1; FunWebProducts; .NET CLR 1.1.4322; PeoplePal 6.2)"
123.125.71.33 - - [30/Mar/2011:12:37:15 +0000] "GET / HTTP/1.1" 200 1630 "-" "Baiduspider+(+http://www.baidu.com/search/spider.htm)"
220.181.108.82 - - [30/Mar/2011:12:37:41 +0000] "GET / HTTP/1.1" 200 1630 "-" "Baiduspider+(+http://www.baidu.com/search/spider.htm)"
123.125.71.21 - - [30/Mar/2011:13:34:28 +0000] "GET / HTTP/1.1" 200 1630 "-" "Baiduspider+(+http://www.baidu.com/search/spider.htm)"
220.181.108.89 - - [30/Mar/2011:13:34:47 +0000] "GET / HTTP/1.1" 200 1630 "-" "Baiduspider+(+http://www.baidu.com/search/spider.htm)"
124.115.0.28 - - [30/Mar/2011:14:07:25 +0000] "GET / HTTP/1.1" 200 993 "-" "Sosospider+(+http://help.soso.com/webspider.htm)"
123.125.71.30 - - [30/Mar/2011:16:50:17 +0000] "GET / HTTP/1.1" 200 1630 "-" "Baiduspider+(+http://www.baidu.com/search/spider.htm)"
69.28.58.33 - - [30/Mar/2011:16:50:29 +0000] "GET / HTTP/1.1" 200 1630 "-" "Wget/1.9+cvs-stable (Red Hat modified)"
220.181.108.77 - - [30/Mar/2011:16:50:55 +0000] "GET / HTTP/1.1" 200 1630 "-" "Baiduspider+(+http://www.baidu.com/search/spider.htm)"
46.4.145.242 - - [30/Mar/2011:17:13:51 +0000] "GET /wp-login.php HTTP/1.0" 404 498 "-" "-"
46.4.145.242 - - [30/Mar/2011:17:13:54 +0000] "GET /wp-login.php HTTP/1.0" 404 497 "-" "-"
123.125.71.20 - - [30/Mar/2011:18:37:05 +0000] "GET / HTTP/1.1" 200 1630 "-" "Baiduspider+(+http://www.baidu.com/search/spider.htm)"
220.181.108.86 - - [30/Mar/2011:18:37:29 +0000] "GET / HTTP/1.1" 200 1630 "-" "Baiduspider+(+http://www.baidu.com/search/spider.htm)"
64.16.187.50 - - [30/Mar/2011:19:17:14 +0000] "GET / HTTP/1.1" 200 993 "-" "Mozilla/5.0 (Windows; U; Windows NT 6.1; en-US) AppleWebKit/534.16 (KHTML, like Gecko) Chrome/10.0.648.204 Safari/534.16"
64.16.187.50 - - [30/Mar/2011:19:17:14 +0000] "GET /blogger.png HTTP/1.1" 200 2848 "http://insectpolitics.com/" "Mozilla/5.0 (Windows; U; Windows NT 6.1; en-US) AppleWebKit/534.16 (KHTML, like Gecko) Chrome/10.0.648.204 Safari/534.16"
64.16.187.50 - - [30/Mar/2011:19:17:14 +0000] "GET /facebook.png HTTP/1.1" 200 5274 "http://insectpolitics.com/" "Mozilla/5.0 (Windows; U; Windows NT 6.1; en-US) AppleWebKit/534.16 (KHTML, like Gecko) Chrome/10.0.648.204 Safari/534.16"
64.16.187.50 - - [30/Mar/2011:19:17:14 +0000] "GET /twitter.png HTTP/1.1" 200 3230 "http://insectpolitics.com/" "Mozilla/5.0 (Windows; U; Windows NT 6.1; en-US) AppleWebKit/534.16 (KHTML, like Gecko) Chrome/10.0.648.204 Safari/534.16"
123.125.71.19 - - [30/Mar/2011:20:35:32 +0000] "GET / HTTP/1.1" 200 1630 "-" "Baiduspider+(+http://www.baidu.com/search/spider.htm)"
220.181.108.77 - - [30/Mar/2011:20:35:55 +0000] "GET / HTTP/1.1" 200 1630 "-" "Baiduspider+(+http://www.baidu.com/search/spider.htm)"
123.125.71.36 - - [30/Mar/2011:21:36:31 +0000] "GET / HTTP/1.1" 200 1630 "-" "Baiduspider+(+http://www.baidu.com/search/spider.htm)"
220.181.108.91 - - [30/Mar/2011:21:36:54 +0000] "GET / HTTP/1.1" 200 1630 "-" "Baiduspider+(+http://www.baidu.com/search/spider.htm)"
124.115.0.163 - - [30/Mar/2011:22:12:42 +0000] "GET / HTTP/1.1" 304 209 "-" "Sosospider+(+http://help.soso.com/webspider.htm)"
123.125.71.14 - - [30/Mar/2011:22:36:16 +0000] "GET / HTTP/1.1" 200 1630 "-" "Baiduspider+(+http://www.baidu.com/search/spider.htm)"
220.181.108.84 - - [30/Mar/2011:22:36:39 +0000] "GET / HTTP/1.1" 200 1630 "-" "Baiduspider+(+http://www.baidu.com/search/spider.htm)"
123.125.71.23 - - [31/Mar/2011:00:36:08 +0000] "GET / HTTP/1.1" 200 1630 "-" "Baiduspider+(+http://www.baidu.com/search/spider.htm)"
220.181.108.83 - - [31/Mar/2011:00:36:33 +0000] "GET / HTTP/1.1" 200 1630 "-" "Baiduspider+(+http://www.baidu.com/search/spider.htm)"
65.52.110.90 - - [31/Mar/2011:00:39:19 +0000] "GET /robots.txt HTTP/1.1" 404 533 "-" "Mozilla/5.0 (compatible; bingbot/2.0; +http://www.bing.com/bingbot.htm)"
65.52.110.90 - - [31/Mar/2011:00:39:58 +0000] "GET / HTTP/1.1" 304 209 "-" "Mozilla/5.0 (compatible; bingbot/2.0; +http://www.bing.com/bingbot.htm)"
123.125.71.15 - - [31/Mar/2011:01:36:32 +0000] "GET / HTTP/1.1" 200 1630 "-" "Baiduspider+(+http://www.baidu.com/search/spider.htm)"
220.181.108.77 - - [31/Mar/2011:01:36:56 +0000] "GET / HTTP/1.1" 200 1630 "-" "Baiduspider+(+http://www.baidu.com/search/spider.htm)"
123.125.71.18 - - [31/Mar/2011:02:35:37 +0000] "GET / HTTP/1.1" 200 1630 "-" "Baiduspider+(+http://www.baidu.com/search/spider.htm)"
220.181.108.85 - - [31/Mar/2011:02:36:02 +0000] "GET / HTTP/1.1" 200 1630 "-" "Baiduspider+(+http://www.baidu.com/search/spider.htm)"
124.115.4.197 - - [31/Mar/2011:03:19:01 +0000] "GET / HTTP/1.1" 304 209 "-" "Sosospider+(+http://help.soso.com/webspider.htm)"
123.125.71.19 - - [31/Mar/2011:04:35:36 +0000] "GET / HTTP/1.1" 200 1630 "-" "Baiduspider+(+http://www.baidu.com/search/spider.htm)"
220.181.108.92 - - [31/Mar/2011:04:36:03 +0000] "GET / HTTP/1.1" 200 1630 "-" "Baiduspider+(+http://www.baidu.com/search/spider.htm)"
123.125.71.19 - - [31/Mar/2011:05:36:57 +0000] "GET / HTTP/1.1" 200 1630 "-" "Baiduspider+(+http://www.baidu.com/search/spider.htm)"
220.181.108.84 - - [31/Mar/2011:05:37:24 +0000] "GET / HTTP/1.1" 200 1630 "-" "Baiduspider+(+http://www.baidu.com/search/spider.htm)"
81.52.143.16 - - [31/Mar/2011:07:41:11 +0000] "GET / HTTP/1.1" 200 955 "-" "Mozilla/5.0 (Windows; U; Windows NT 5.1; fr; rv:1.8.1) VoilaBot BETA 1.2 (support.voilabot@orange-ftgroup.com)"
123.125.71.18 - - [31/Mar/2011:08:35:52 +0000] "GET / HTTP/1.1" 200 1630 "-" "Baiduspider+(+http://www.baidu.com/search/spider.htm)"
220.181.108.76 - - [31/Mar/2011:08:36:19 +0000] "GET / HTTP/1.1" 200 1630 "-" "Baiduspider+(+http://www.baidu.com/search/spider.htm)"
123.125.71.27 - - [31/Mar/2011:10:35:49 +0000] "GET / HTTP/1.1" 200 1630 "-" "Baiduspider+(+http://www.baidu.com/search/spider.htm)"
220.181.108.90 - - [31/Mar/2011:10:36:12 +0000] "GET / HTTP/1.1" 200 1630 "-" "Baiduspider+(+http://www.baidu.com/search/spider.htm)"
157.55.50.75 - - [31/Mar/2011:11:33:12 +0000] "GET /robots.txt HTTP/1.1" 404 533 "-" "Mozilla/5.0 (compatible; bingbot/2.0; +http://www.bing.com/bingbot.htm)"
124.115.0.28 - - [31/Mar/2011:11:41:59 +0000] "GET / HTTP/1.1" 304 209 "-" "Sosospider+(+http://help.soso.com/webspider.htm)"
174.129.117.237 - - [31/Mar/2011:12:06:38 +0000] "HEAD / HTTP/1.1" 200 280 "-" "Mozilla/5.0 (Windows; U; Windows NT 5.1; en-US) AppleWebKit/525.13 (KHTML, like Gecko) Chrome/0.A.B.C Safari/525.13"
123.125.71.28 - - [31/Mar/2011:13:33:50 +0000] "GET / HTTP/1.1" 200 1630 "-" "Baiduspider+(+http://www.baidu.com/search/spider.htm)"
220.181.108.89 - - [31/Mar/2011:13:34:16 +0000] "GET / HTTP/1.1" 200 1630 "-" "Baiduspider+(+http://www.baidu.com/search/spider.htm)"
123.125.71.36 - - [31/Mar/2011:14:35:00 +0000] "GET / HTTP/1.1" 200 1630 "-" "Baiduspider+(+http://www.baidu.com/search/spider.htm)"
220.181.108.77 - - [31/Mar/2011:14:35:21 +0000] "GET / HTTP/1.1" 200 1630 "-" "Baiduspider+(+http://www.baidu.com/search/spider.htm)"
123.125.71.12 - - [31/Mar/2011:15:37:12 +0000] "GET / HTTP/1.1" 200 1630 "-" "Baiduspider+(+http://www.baidu.com/search/spider.htm)"
220.181.108.84 - - [31/Mar/2011:15:37:33 +0000] "GET / HTTP/1.1" 200 1630 "-" "Baiduspider+(+http://www.baidu.com/search/spider.htm)"
123.125.71.12 - - [31/Mar/2011:16:50:30 +0000] "GET / HTTP/1.1" 200 1630 "-" "Baiduspider+(+http://www.baidu.com/search/spider.htm)"
220.181.108.96 - - [31/Mar/2011:16:51:08 +0000] "GET / HTTP/1.1" 200 1630 "-" "Baiduspider+(+http://www.baidu.com/search/spider.htm)"
216.145.11.94 - - [31/Mar/2011:17:04:36 +0000] "GET /robots.txt HTTP/1.0" 404 492 "-" "Mozilla/5.0 (Windows; U; Windows NT 5.1; en; rv:1.9.0.13) Gecko/2009073022 Firefox/3.5.2 (.NET CLR 3.5.30729) SurveyBot/2.3 (DomainTools)"
216.145.11.94 - - [31/Mar/2011:17:04:36 +0000] "GET / HTTP/1.1" 200 955 "http://whois.domaintools.com/cafink.name" "Mozilla/5.0 (Windows; U; Windows NT 5.1; en; rv:1.9.0.13) Gecko/2009073022 Firefox/3.5.2 (.NET CLR 3.5.30729) SurveyBot/2.3 (DomainTools)"
38.99.82.246 - - [31/Mar/2011:17:47:06 +0000] "GET /robots.txt HTTP/1.1" 404 509 "-" "Mozilla/5.0 (X11; U; Linux; en-US) AppleWebKit/532.4 (KHTML, like Gecko) Qt/4.6.2 Safari/532.4"
38.99.82.246 - - [31/Mar/2011:17:47:06 +0000] "GET / HTTP/1.1" 200 993 "-" "Mozilla/5.0 (X11; U; Linux; en-US) AppleWebKit/532.4 (KHTML, like Gecko) Qt/4.6.2 Safari/532.4"
216.145.5.42 - - [31/Mar/2011:17:59:24 +0000] "GET /robots.txt HTTP/1.0" 404 494 "-" "Mozilla/5.0 (Windows; U; Windows NT 5.1; en; rv:1.9.0.13) Gecko/2009073022 Firefox/3.5.2 (.NET CLR 3.5.30729) SurveyBot/2.3 (DomainTools)"
216.145.5.42 - - [31/Mar/2011:17:59:24 +0000] "GET / HTTP/1.1" 200 955 "http://whois.domaintools.com/carlfink.name" "Mozilla/5.0 (Windows; U; Windows NT 5.1; en; rv:1.9.0.13) Gecko/2009073022 Firefox/3.5.2 (.NET CLR 3.5.30729) SurveyBot/2.3 (DomainTools)"
184.154.7.186 - - [31/Mar/2011:18:24:43 +0000] "GET /robots.txt HTTP/1.0" 404 499 "-" "Mozilla/5.0 (compatible; MJ12bot/v1.3.3; http://www.majestic12.co.uk/bot.php?+)"
