220.181.108.87 - - [28/Aug/2011:01:37:57 +0000] "GET / HTTP/1.1" 200 1630 "-" "Mozilla/5.0 (compatible; Baiduspider/2.0; +http://www.baidu.com/search/spider.html)"
173.236.21.106 - - [28/Aug/2011:02:14:29 +0000] "GET /robots.txt HTTP/1.0" 404 499 "-" "Mozilla/5.0 (compatible; MJ12bot/v1.4.0; http://www.majestic12.co.uk/bot.php?+)"
173.236.21.106 - - [28/Aug/2011:02:14:30 +0000] "GET / HTTP/1.0" 200 955 "-" "Mozilla/5.0 (compatible; MJ12bot/v1.4.0; http://www.majestic12.co.uk/bot.php?+)"
123.125.71.16 - - [28/Aug/2011:02:37:12 +0000] "GET / HTTP/1.1" 200 1630 "-" "Mozilla/5.0 (compatible; Baiduspider/2.0; +http://www.baidu.com/search/spider.html)"
220.181.108.75 - - [28/Aug/2011:02:37:31 +0000] "GET / HTTP/1.1" 200 1630 "-" "Mozilla/5.0 (compatible; Baiduspider/2.0; +http://www.baidu.com/search/spider.html)"
124.115.0.100 - - [28/Aug/2011:03:07:35 +0000] "GET / HTTP/1.1" 200 993 "-" "Sosospider+(+http://help.soso.com/webspider.htm)"
123.125.71.12 - - [28/Aug/2011:03:36:31 +0000] "GET / HTTP/1.1" 200 1630 "-" "Mozilla/5.0 (compatible; Baiduspider/2.0; +http://www.baidu.com/search/spider.html)"
220.181.108.77 - - [28/Aug/2011:03:36:48 +0000] "GET / HTTP/1.1" 200 1630 "-" "Mozilla/5.0 (compatible; Baiduspider/2.0; +http://www.baidu.com/search/spider.html)"
123.125.71.13 - - [28/Aug/2011:04:34:42 +0000] "GET / HTTP/1.1" 200 1630 "-" "Mozilla/5.0 (compatible; Baiduspider/2.0; +http://www.baidu.com/search/spider.html)"
220.181.108.86 - - [28/Aug/2011:04:34:56 +0000] "GET / HTTP/1.1" 200 1630 "-" "Mozilla/5.0 (compatible; Baiduspider/2.0; +http://www.baidu.com/search/spider.html)"
123.125.71.24 - - [28/Aug/2011:05:34:07 +0000] "GET / HTTP/1.1" 200 1630 "-" "Mozilla/5.0 (compatible; Baiduspider/2.0; +http://www.baidu.com/search/spider.html)"
220.181.108.78 - - [28/Aug/2011:05:34:20 +0000] "GET / HTTP/1.1" 200 1630 "-" "Mozilla/5.0 (compatible; Baiduspider/2.0; +http://www.baidu.com/search/spider.html)"
38.101.148.126 - - [28/Aug/2011:05:38:46 +0000] "GET /robots.txt HTTP/1.1" 404 472 "-" "Mozilla/5.0 (compatible; discobot/1.1; +http://discoveryengine.com/discobot.html)"
66.249.67.234 - - [28/Aug/2011:08:54:11 +0000] "GET /robots.txt HTTP/1.1" 404 510 "-" "Mozilla/5.0 (compatible; Googlebot/2.1; +http://www.google.com/bot.html)"
66.249.67.234 - - [28/Aug/2011:08:54:11 +0000] "GET / HTTP/1.1" 304 208 "-" "Mozilla/5.0 (compatible; Googlebot/2.1; +http://www.google.com/bot.html)"
207.46.199.24 - - [28/Aug/2011:09:17:15 +0000] "GET / HTTP/1.1" 200 993 "-" "Mozilla/4.0 (compatible; MSIE 6.0; Windows NT 5.2; SLCC1; .NET CLR 1.1.4322; .NET CLR 2.0.40607; .NET CLR 3.0.04506.648)"
123.125.71.21 - - [28/Aug/2011:09:37:12 +0000] "GET / HTTP/1.1" 200 1630 "-" "Mozilla/5.0 (compatible; Baiduspider/2.0; +http://www.baidu.com/search/spider.html)"
220.181.108.86 - - [28/Aug/2011:09:37:20 +0000] "GET / HTTP/1.1" 200 1630 "-" "Mozilla/5.0 (compatible; Baiduspider/2.0; +http://www.baidu.com/search/spider.html)"
119.63.196.14 - - [28/Aug/2011:09:59:46 +0000] "GET /robots.txt HTTP/1.1" 404 472 "-" "Baiduspider+(+http://www.baidu.com/search/spider.htm)"
38.101.148.126 - - [28/Aug/2011:10:14:27 +0000] "GET /robots.txt HTTP/1.1" 404 472 "-" "Mozilla/5.0 (compatible; discobot/1.1; +http://discoveryengine.com/discobot.html)"
220.181.108.80 - - [28/Aug/2011:10:36:45 +0000] "GET / HTTP/1.1" 200 1630 "-" "Mozilla/5.0 (compatible; Baiduspider/2.0; +http://www.baidu.com/search/spider.html)"
123.125.71.22 - - [28/Aug/2011:10:38:06 +0000] "GET / HTTP/1.1" 200 1630 "-" "Mozilla/5.0 (compatible; Baiduspider/2.0; +http://www.baidu.com/search/spider.html)"
124.115.0.163 - - [28/Aug/2011:12:55:34 +0000] "GET / HTTP/1.1" 200 993 "-" "Sosospider+(+http://help.soso.com/webspider.htm)"
123.125.71.36 - - [28/Aug/2011:13:34:56 +0000] "GET / HTTP/1.1" 200 1630 "-" "Mozilla/5.0 (compatible; Baiduspider/2.0; +http://www.baidu.com/search/spider.html)"
220.181.108.81 - - [28/Aug/2011:13:35:07 +0000] "GET / HTTP/1.1" 200 1630 "-" "Mozilla/5.0 (compatible; Baiduspider/2.0; +http://www.baidu.com/search/spider.html)"
38.101.148.126 - - [28/Aug/2011:14:50:15 +0000] "GET /robots.txt HTTP/1.1" 404 472 "-" "Mozilla/5.0 (compatible; discobot/1.1; +http://discoveryengine.com/discobot.html)"
208.80.194.30 - - [28/Aug/2011:15:34:36 +0000] "GET / HTTP/1.0" 200 1630 "-" "Mozilla/4.0 (compatible; MSIE 7.0; Windows NT 5.1; YComp 5.0.0.0; YPC 3.2.0; (R1 1.5))"
220.181.108.94 - - [28/Aug/2011:15:35:21 +0000] "GET / HTTP/1.1" 200 1630 "-" "Mozilla/5.0 (compatible; Baiduspider/2.0; +http://www.baidu.com/search/spider.html)"
123.125.71.20 - - [28/Aug/2011:15:36:27 +0000] "GET / HTTP/1.1" 200 1630 "-" "Mozilla/5.0 (compatible; Baiduspider/2.0; +http://www.baidu.com/search/spider.html)"
123.125.71.88 - - [28/Aug/2011:16:20:19 +0000] "GET /robots.txt HTTP/1.1" 404 470 "-" "Baiduspider+(+http://www.baidu.com/search/spider.htm)"
123.125.71.13 - - [28/Aug/2011:16:44:39 +0000] "GET / HTTP/1.1" 200 1630 "-" "Mozilla/5.0 (compatible; Baiduspider/2.0; +http://www.baidu.com/search/spider.html)"
220.181.108.97 - - [28/Aug/2011:16:44:51 +0000] "GET / HTTP/1.1" 200 1630 "-" "Mozilla/5.0 (compatible; Baiduspider/2.0; +http://www.baidu.com/search/spider.html)"
220.181.108.83 - - [28/Aug/2011:17:36:53 +0000] "GET / HTTP/1.1" 200 1630 "-" "Mozilla/5.0 (compatible; Baiduspider/2.0; +http://www.baidu.com/search/spider.html)"
123.125.71.28 - - [28/Aug/2011:17:37:45 +0000] "GET / HTTP/1.1" 200 1630 "-" "Mozilla/5.0 (compatible; Baiduspider/2.0; +http://www.baidu.com/search/spider.html)"
38.101.148.126 - - [28/Aug/2011:19:25:29 +0000] "GET /robots.txt HTTP/1.1" 404 472 "-" "Mozilla/5.0 (compatible; discobot/1.1; +http://discoveryengine.com/discobot.html)"
124.115.0.100 - - [28/Aug/2011:20:35:18 +0000] "GET / HTTP/1.1" 200 993 "-" "Sosospider+(+http://help.soso.com/webspider.htm)"
123.125.71.14 - - [28/Aug/2011:20:36:29 +0000] "GET / HTTP/1.1" 200 1630 "-" "Mozilla/5.0 (compatible; Baiduspider/2.0; +http://www.baidu.com/search/spider.html)"
220.181.108.93 - - [28/Aug/2011:20:36:39 +0000] "GET / HTTP/1.1" 200 1630 "-" "Mozilla/5.0 (compatible; Baiduspider/2.0; +http://www.baidu.com/search/spider.html)"
123.125.71.18 - - [28/Aug/2011:21:36:10 +0000] "GET / HTTP/1.1" 200 1630 "-" "Mozilla/5.0 (compatible; Baiduspider/2.0; +http://www.baidu.com/search/spider.html)"
220.181.108.75 - - [28/Aug/2011:21:36:22 +0000] "GET / HTTP/1.1" 200 1630 "-" "Mozilla/5.0 (compatible; Baiduspider/2.0; +http://www.baidu.com/search/spider.html)"
220.181.108.178 - - [28/Aug/2011:22:22:36 +0000] "GET / HTTP/1.1" 200 955 "-" "Mozilla/5.0 (compatible; Baiduspider/2.0; +http://www.baidu.com/search/spider.html)"
81.52.143.16 - - [28/Aug/2011:23:05:33 +0000] "GET /robots.txt HTTP/1.1" 404 472 "-" "Mozilla/5.0 (Windows; U; Windows NT 5.1; fr; rv:1.8.1) VoilaBot BETA 1.2 (support.voilabot@orange-ftgroup.com)"
81.52.143.16 - - [28/Aug/2011:23:05:35 +0000] "GET / HTTP/1.1" 200 955 "-" "Mozilla/5.0 (Windows; U; Windows NT 5.1; fr; rv:1.8.1) VoilaBot BETA 1.2 (support.voilabot@orange-ftgroup.com)"
38.101.148.126 - - [29/Aug/2011:00:00:58 +0000] "GET /robots.txt HTTP/1.1" 404 472 "-" "Mozilla/5.0 (compatible; discobot/1.1; +http://discoveryengine.com/discobot.html)"
124.115.6.13 - - [29/Aug/2011:02:30:17 +0000] "GET /robots.txt HTTP/1.1" 404 508 "-" "Sosospider+(+http://help.soso.com/webspider.htm)"
38.101.148.126 - - [29/Aug/2011:04:36:28 +0000] "GET /robots.txt HTTP/1.1" 404 472 "-" "Mozilla/5.0 (compatible; discobot/1.1; +http://discoveryengine.com/discobot.html)"
124.115.0.28 - - [29/Aug/2011:05:26:22 +0000] "GET / HTTP/1.1" 200 993 "-" "Sosospider+(+http://help.soso.com/webspider.htm)"
123.125.71.35 - - [29/Aug/2011:05:35:43 +0000] "GET / HTTP/1.1" 200 1630 "-" "Mozilla/5.0 (compatible; Baiduspider/2.0; +http://www.baidu.com/search/spider.html)"
220.181.108.90 - - [29/Aug/2011:05:35:48 +0000] "GET / HTTP/1.1" 200 1630 "-" "Mozilla/5.0 (compatible; Baiduspider/2.0; +http://www.baidu.com/search/spider.html)"
220.181.108.96 - - [29/Aug/2011:07:36:54 +0000] "GET / HTTP/1.1" 200 1630 "-" "Mozilla/5.0 (compatible; Baiduspider/2.0; +http://www.baidu.com/search/spider.html)"
123.125.71.32 - - [29/Aug/2011:07:37:06 +0000] "GET / HTTP/1.1" 200 1630 "-" "Mozilla/5.0 (compatible; Baiduspider/2.0; +http://www.baidu.com/search/spider.html)"
119.63.196.109 - - [29/Aug/2011:07:44:49 +0000] "GET / HTTP/1.1" 200 955 "-" "Mozilla/5.0 (compatible; Baiduspider/2.0; +http://www.baidu.com/search/spider.html)"
119.63.196.81 - - [29/Aug/2011:08:13:22 +0000] "GET /robots.txt HTTP/1.1" 404 472 "-" "Baiduspider+(+http://www.baidu.com/search/spider.htm)"
123.125.71.22 - - [29/Aug/2011:08:37:32 +0000] "GET / HTTP/1.1" 200 1630 "-" "Mozilla/5.0 (compatible; Baiduspider/2.0; +http://www.baidu.com/search/spider.html)"
220.181.108.78 - - [29/Aug/2011:08:37:50 +0000] "GET / HTTP/1.1" 200 1630 "-" "Mozilla/5.0 (compatible; Baiduspider/2.0; +http://www.baidu.com/search/spider.html)"
38.101.148.126 - - [29/Aug/2011:09:11:39 +0000] "GET /robots.txt HTTP/1.1" 404 472 "-" "Mozilla/5.0 (compatible; discobot/1.1; +http://discoveryengine.com/discobot.html)"
123.125.71.16 - - [29/Aug/2011:09:37:53 +0000] "GET / HTTP/1.1" 200 1630 "-" "Mozilla/5.0 (compatible; Baiduspider/2.0; +http://www.baidu.com/search/spider.html)"
220.181.108.78 - - [29/Aug/2011:09:38:12 +0000] "GET / HTTP/1.1" 200 1630 "-" "Mozilla/5.0 (compatible; Baiduspider/2.0; +http://www.baidu.com/search/spider.html)"
220.181.108.93 - - [29/Aug/2011:11:37:01 +0000] "GET / HTTP/1.1" 200 1630 "-" "Mozilla/5.0 (compatible; Baiduspider/2.0; +http://www.baidu.com/search/spider.html)"
123.125.71.21 - - [29/Aug/2011:11:37:31 +0000] "GET / HTTP/1.1" 200 1630 "-" "Mozilla/5.0 (compatible; Baiduspider/2.0; +http://www.baidu.com/search/spider.html)"
38.101.148.126 - - [29/Aug/2011:13:45:54 +0000] "GET /robots.txt HTTP/1.1" 404 472 "-" "Mozilla/5.0 (compatible; discobot/1.1; +http://discoveryengine.com/discobot.html)"
124.115.0.28 - - [29/Aug/2011:14:30:59 +0000] "GET / HTTP/1.1" 200 993 "-" "Sosospider+(+http://help.soso.com/webspider.htm)"
95.108.150.235 - - [29/Aug/2011:15:05:06 +0000] "GET /robots.txt HTTP/1.1" 404 533 "-" "Mozilla/5.0 (compatible; YandexBot/3.0; +http://yandex.com/bots)"
95.108.150.235 - - [29/Aug/2011:15:05:06 +0000] "GET /robots.txt HTTP/1.1" 404 537 "-" "Mozilla/5.0 (compatible; YandexBot/3.0; +http://yandex.com/bots)"
95.108.150.235 - - [29/Aug/2011:15:05:07 +0000] "GET / HTTP/1.1" 200 992 "-" "Mozilla/5.0 (compatible; YandexBot/3.0; +http://yandex.com/bots)"
95.108.150.235 - - [29/Aug/2011:15:05:07 +0000] "GET / HTTP/1.1" 200 992 "-" "Mozilla/5.0 (compatible; YandexBot/3.0; +http://yandex.com/bots)"
95.108.150.235 - - [29/Aug/2011:15:05:08 +0000] "GET / HTTP/1.1" 200 992 "-" "Mozilla/5.0 (compatible; YandexBot/3.0; +http://yandex.com/bots)"
95.108.150.235 - - [29/Aug/2011:15:05:08 +0000] "GET / HTTP/1.1" 200 992 "-" "Mozilla/5.0 (compatible; YandexBot/3.0; +http://yandex.com/bots)"
119.63.196.84 - - [29/Aug/2011:16:23:37 +0000] "GET /robots.txt HTTP/1.1" 404 470 "-" "Baiduspider+(+http://www.baidu.com/search/spider.htm)"
123.125.71.14 - - [29/Aug/2011:16:45:22 +0000] "GET / HTTP/1.1" 200 1630 "-" "Mozilla/5.0 (compatible; Baiduspider/2.0; +http://www.baidu.com/search/spider.html)"
220.181.108.87 - - [29/Aug/2011:16:45:45 +0000] "GET / HTTP/1.1" 200 1630 "-" "Mozilla/5.0 (compatible; Baiduspider/2.0; +http://www.baidu.com/search/spider.html)"
38.101.148.126 - - [29/Aug/2011:18:20:05 +0000] "GET /robots.txt HTTP/1.1" 404 472 "-" "Mozilla/5.0 (compatible; discobot/1.1; +http://discoveryengine.com/discobot.html)"
123.125.71.15 - - [29/Aug/2011:19:35:57 +0000] "GET / HTTP/1.1" 200 1630 "-" "Mozilla/5.0 (compatible; Baiduspider/2.0; +http://www.baidu.com/search/spider.html)"
220.181.108.75 - - [29/Aug/2011:19:36:13 +0000] "GET / HTTP/1.1" 200 1630 "-" "Mozilla/5.0 (compatible; Baiduspider/2.0; +http://www.baidu.com/search/spider.html)"
123.125.71.19 - - [29/Aug/2011:21:36:23 +0000] "GET / HTTP/1.1" 200 1630 "-" "Mozilla/5.0 (compatible; Baiduspider/2.0; +http://www.baidu.com/search/spider.html)"
220.181.108.75 - - [29/Aug/2011:21:36:39 +0000] "GET / HTTP/1.1" 200 1630 "-" "Mozilla/5.0 (compatible; Baiduspider/2.0; +http://www.baidu.com/search/spider.html)"
124.115.0.28 - - [29/Aug/2011:22:07:18 +0000] "GET / HTTP/1.1" 200 993 "-" "Sosospider+(+http://help.soso.com/webspider.htm)"
123.125.71.17 - - [29/Aug/2011:22:36:35 +0000] "GET / HTTP/1.1" 200 1630 "-" "Mozilla/5.0 (compatible; Baiduspider/2.0; +http://www.baidu.com/search/spider.html)"
220.181.108.92 - - [29/Aug/2011:22:36:49 +0000] "GET / HTTP/1.1" 200 1630 "-" "Mozilla/5.0 (compatible; Baiduspider/2.0; +http://www.baidu.com/search/spider.html)"
38.101.148.126 - - [29/Aug/2011:23:01:31 +0000] "GET /robots.txt HTTP/1.1" 404 472 "-" "Mozilla/5.0 (compatible; discobot/1.1; +http://discoveryengine.com/discobot.html)"
212.113.35.162 - - [29/Aug/2011:23:03:52 +0000] "GET /robots.txt HTTP/1.1" 404 453 "-" "Mozilla/5.0 (compatible; AhrefsBot/1.0; +http://ahrefs.com/robot/)"
212.113.35.162 - - [29/Aug/2011:23:03:53 +0000] "GET /welcome.htm HTTP/1.1" 404 452 "-" "Mozilla/5.0 (compatible; AhrefsBot/1.0; +http://ahrefs.com/robot/)"
220.181.108.85 - - [29/Aug/2011:23:34:30 +0000] "GET / HTTP/1.1" 200 955 "-" "Mozilla/5.0 (compatible; Baiduspider/2.0; +http://www.baidu.com/search/spider.html)"
123.125.71.27 - - [29/Aug/2011:23:35:18 +0000] "GET / HTTP/1.1" 200 1630 "-" "Mozilla/5.0 (compatible; Baiduspider/2.0; +http://www.baidu.com/search/spider.html)"
220.181.108.92 - - [29/Aug/2011:23:35:32 +0000] "GET / HTTP/1.1" 200 1630 "-" "Mozilla/5.0 (compatible; Baiduspider/2.0; +http://www.baidu.com/search/spider.html)"
70.180.119.247 - - [29/Aug/2011:23:47:19 +0000] "GET /movies HTTP/1.1" 301 557 "-" "Mozilla/5.0 (iPhone; U; CPU iPhone OS 4_3_3 like Mac OS X; en-us) AppleWebKit/533.17.9 (KHTML, like Gecko) Version/5.0.2 Mobile/8J2 Safari/6533.18.5"
70.180.119.247 - - [29/Aug/2011:23:47:19 +0000] "GET /movies/ HTTP/1.1" 200 809 "-" "Mozilla/5.0 (iPhone; U; CPU iPhone OS 4_3_3 like Mac OS X; en-us) AppleWebKit/533.17.9 (KHTML, like Gecko) Version/5.0.2 Mobile/8J2 Safari/6533.18.5"
70.180.119.247 - - [29/Aug/2011:23:47:19 +0000] "GET /icons/blank.gif HTTP/1.1" 200 439 "http://cafink.name/movies/" "Mozilla/5.0 (iPhone; U; CPU iPhone OS 4_3_3 like Mac OS X; en-us) AppleWebKit/533.17.9 (KHTML, like Gecko) Version/5.0.2 Mobile/8J2 Safari/6533.18.5"
70.180.119.247 - - [29/Aug/2011:23:47:19 +0000] "GET /icons/back.gif HTTP/1.1" 200 508 "http://cafink.name/movies/" "Mozilla/5.0 (iPhone; U; CPU iPhone OS 4_3_3 like Mac OS X; en-us) AppleWebKit/533.17.9 (KHTML, like Gecko) Version/5.0.2 Mobile/8J2 Safari/6533.18.5"
70.180.119.247 - - [29/Aug/2011:23:47:19 +0000] "GET /icons/text.gif HTTP/1.1" 200 521 "http://cafink.name/movies/" "Mozilla/5.0 (iPhone; U; CPU iPhone OS 4_3_3 like Mac OS X; en-us) AppleWebKit/533.17.9 (KHTML, like Gecko) Version/5.0.2 Mobile/8J2 Safari/6533.18.5"
70.180.119.247 - - [29/Aug/2011:23:47:27 +0000] "GET /movies/television_blu-ray.txt HTTP/1.1" 200 515 "http://cafink.name/movies/" "Mozilla/5.0 (iPhone; U; CPU iPhone OS 4_3_3 like Mac OS X; en-us) AppleWebKit/533.17.9 (KHTML, like Gecko) Version/5.0.2 Mobile/8J2 Safari/6533.18.5"
70.180.119.247 - - [29/Aug/2011:23:47:37 +0000] "GET /movies/television_dvd.txt HTTP/1.1" 200 1522 "http://cafink.name/movies/" "Mozilla/5.0 (iPhone; U; CPU iPhone OS 4_3_3 like Mac OS X; en-us) AppleWebKit/533.17.9 (KHTML, like Gecko) Version/5.0.2 Mobile/8J2 Safari/6533.18.5"
208.80.194.29 - - [30/Aug/2011:02:02:33 +0000] "GET / HTTP/1.0" 200 1630 "-" "Mozilla/4.0 (compatible; MSIE 7.0; Windows NT 5.1; IE5.x/Winxx/EZN/xx; .NET CLR 1.1.4322)"
119.63.196.115 - - [30/Aug/2011:02:18:32 +0000] "GET /robots.txt HTTP/1.1" 404 472 "-" "Baiduspider+(+http://www.baidu.com/search/spider.htm)"
123.125.71.26 - - [30/Aug/2011:02:37:45 +0000] "GET / HTTP/1.1" 200 1630 "-" "Mozilla/5.0 (compatible; Baiduspider/2.0; +http://www.baidu.com/search/spider.html)"
220.181.108.86 - - [30/Aug/2011:02:38:05 +0000] "GET / HTTP/1.1" 200 1630 "-" "Mozilla/5.0 (compatible; Baiduspider/2.0; +http://www.baidu.com/search/spider.html)"
123.125.71.20 - - [30/Aug/2011:03:37:31 +0000] "GET / HTTP/1.1" 200 1630 "-" "Mozilla/5.0 (compatible; Baiduspider/2.0; +http://www.baidu.com/search/spider.html)"
220.181.108.92 - - [30/Aug/2011:03:37:55 +0000] "GET / HTTP/1.1" 200 1630 "-" "Mozilla/5.0 (compatible; Baiduspider/2.0; +http://www.baidu.com/search/spider.html)"
38.101.148.126 - - [30/Aug/2011:03:56:27 +0000] "GET /robots.txt HTTP/1.1" 404 472 "-" "Mozilla/5.0 (compatible; discobot/1.1; +http://discoveryengine.com/discobot.html)"
124.115.0.28 - - [30/Aug/2011:07:33:50 +0000] "GET / HTTP/1.1" 200 993 "-" "Sosospider+(+http://help.soso.com/webspider.htm)"
123.125.71.15 - - [30/Aug/2011:07:36:22 +0000] "GET / HTTP/1.1" 200 1630 "-" "Mozilla/5.0 (compatible; Baiduspider/2.0; +http://www.baidu.com/search/spider.html)"
220.181.108.86 - - [30/Aug/2011:07:36:40 +0000] "GET / HTTP/1.1" 200 1630 "-" "Mozilla/5.0 (compatible; Baiduspider/2.0; +http://www.baidu.com/search/spider.html)"
218.213.130.141 - - [30/Aug/2011:08:50:43 +0000] "GET /robots.txt HTTP/1.1" 404 499 "-" "DoCoMo/2.0 P900i(c100;TB;W24H11) (compatible; ichiro/mobile goo; +http://help.goo.ne.jp/help/article/1142/)"
218.213.130.141 - - [30/Aug/2011:08:50:46 +0000] "GET /welcome.htm HTTP/1.1" 404 500 "-" "DoCoMo/2.0 P900i(c100;TB;W24H11) (compatible; ichiro/mobile goo; +http://help.goo.ne.jp/help/article/1142/)"
38.101.148.126 - - [30/Aug/2011:09:13:26 +0000] "GET /robots.txt HTTP/1.1" 404 472 "-" "Mozilla/5.0 (compatible; discobot/1.1; +http://discoveryengine.com/discobot.html)"
123.125.71.16 - - [30/Aug/2011:11:36:12 +0000] "GET / HTTP/1.1" 200 1630 "-" "Mozilla/5.0 (compatible; Baiduspider/2.0; +http://www.baidu.com/search/spider.html)"
220.181.108.86 - - [30/Aug/2011:11:36:27 +0000] "GET / HTTP/1.1" 200 1630 "-" "Mozilla/5.0 (compatible; Baiduspider/2.0; +http://www.baidu.com/search/spider.html)"
67.195.111.52 - - [30/Aug/2011:11:59:34 +0000] "GET /robots.txt HTTP/1.0" 404 472 "-" "Mozilla/5.0 (compatible; Yahoo! Slurp; http://help.yahoo.com/help/us/ysearch/slurp)"
67.195.111.52 - - [30/Aug/2011:11:59:34 +0000] "GET /welcome.htm HTTP/1.0" 404 471 "-" "Mozilla/5.0 (compatible; Yahoo! Slurp; http://help.yahoo.com/help/us/ysearch/slurp)"
123.125.71.36 - - [30/Aug/2011:13:38:35 +0000] "GET / HTTP/1.1" 200 1630 "-" "Mozilla/5.0 (compatible; Baiduspider/2.0; +http://www.baidu.com/search/spider.html)"
220.181.108.81 - - [30/Aug/2011:13:38:55 +0000] "GET / HTTP/1.1" 200 1630 "-" "Mozilla/5.0 (compatible; Baiduspider/2.0; +http://www.baidu.com/search/spider.html)"
38.101.148.126 - - [30/Aug/2011:13:48:25 +0000] "GET /robots.txt HTTP/1.1" 404 472 "-" "Mozilla/5.0 (compatible; discobot/1.1; +http://discoveryengine.com/discobot.html)"
119.63.196.12 - - [30/Aug/2011:14:33:17 +0000] "GET /robots.txt HTTP/1.1" 404 470 "-" "Baiduspider+(+http://www.baidu.com/search/spider.htm)"
123.125.71.28 - - [30/Aug/2011:14:38:41 +0000] "GET / HTTP/1.1" 200 1630 "-" "Mozilla/5.0 (compatible; Baiduspider/2.0; +http://www.baidu.com/search/spider.html)"
220.181.108.84 - - [30/Aug/2011:14:38:48 +0000] "GET / HTTP/1.1" 200 1630 "-" "Mozilla/5.0 (compatible; Baiduspider/2.0; +http://www.baidu.com/search/spider.html)"
220.181.108.76 - - [30/Aug/2011:15:36:32 +0000] "GET / HTTP/1.1" 200 1630 "-" "Mozilla/5.0 (compatible; Baiduspider/2.0; +http://www.baidu.com/search/spider.html)"
123.125.71.33 - - [30/Aug/2011:15:39:05 +0000] "GET / HTTP/1.1" 200 1630 "-" "Mozilla/5.0 (compatible; Baiduspider/2.0; +http://www.baidu.com/search/spider.html)"
124.115.0.163 - - [30/Aug/2011:16:51:27 +0000] "GET / HTTP/1.1" 200 993 "-" "Sosospider+(+http://help.soso.com/webspider.htm)"
66.249.67.65 - - [30/Aug/2011:17:27:15 +0000] "GET /robots.txt HTTP/1.1" 404 509 "-" "Mozilla/5.0 (compatible; Googlebot/2.1; +http://www.google.com/bot.html)"
66.249.67.65 - - [30/Aug/2011:17:27:15 +0000] "GET / HTTP/1.1" 200 992 "-" "Mozilla/5.0 (compatible; Googlebot/2.1; +http://www.google.com/bot.html)"
220.181.108.88 - - [30/Aug/2011:17:34:21 +0000] "GET /robots.txt HTTP/1.1" 404 470 "-" "Baiduspider+(+http://www.baidu.com/search/spider.htm)"
123.125.71.35 - - [30/Aug/2011:17:36:23 +0000] "GET / HTTP/1.1" 200 1630 "-" "Mozilla/5.0 (compatible; Baiduspider/2.0; +http://www.baidu.com/search/spider.html)"
220.181.108.90 - - [30/Aug/2011:17:36:38 +0000] "GET / HTTP/1.1" 200 1630 "-" "Mozilla/5.0 (compatible; Baiduspider/2.0; +http://www.baidu.com/search/spider.html)"
38.101.148.126 - - [30/Aug/2011:18:22:56 +0000] "GET /robots.txt HTTP/1.1" 404 472 "-" "Mozilla/5.0 (compatible; discobot/1.1; +http://discoveryengine.com/discobot.html)"
119.63.196.20 - - [30/Aug/2011:18:32:03 +0000] "GET / HTTP/1.1" 200 955 "-" "Mozilla/5.0 (compatible; Baiduspider/2.0; +http://www.baidu.com/search/spider.html)"
123.125.71.24 - - [30/Aug/2011:19:35:56 +0000] "GET / HTTP/1.1" 200 1630 "-" "Mozilla/5.0 (compatible; Baiduspider/2.0; +http://www.baidu.com/search/spider.html)"
220.181.108.97 - - [30/Aug/2011:19:36:12 +0000] "GET / HTTP/1.1" 200 1630 "-" "Mozilla/5.0 (compatible; Baiduspider/2.0; +http://www.baidu.com/search/spider.html)"
123.125.71.13 - - [30/Aug/2011:20:37:06 +0000] "GET / HTTP/1.1" 200 1630 "-" "Mozilla/5.0 (compatible; Baiduspider/2.0; +http://www.baidu.com/search/spider.html)"
220.181.108.96 - - [30/Aug/2011:20:37:24 +0000] "GET / HTTP/1.1" 200 1630 "-" "Mozilla/5.0 (compatible; Baiduspider/2.0; +http://www.baidu.com/search/spider.html)"
124.115.6.13 - - [30/Aug/2011:21:05:48 +0000] "GET /robots.txt HTTP/1.1" 404 508 "-" "Sosospider+(+http://help.soso.com/webspider.htm)"
124.115.0.28 - - [30/Aug/2011:22:27:19 +0000] "GET / HTTP/1.1" 200 993 "-" "Sosospider+(+http://help.soso.com/webspider.htm)"
38.101.148.126 - - [30/Aug/2011:23:06:14 +0000] "GET /robots.txt HTTP/1.1" 404 472 "-" "Mozilla/5.0 (compatible; discobot/1.1; +http://discoveryengine.com/discobot.html)"
220.181.108.75 - - [31/Aug/2011:00:36:42 +0000] "GET / HTTP/1.1" 200 1630 "-" "Mozilla/5.0 (compatible; Baiduspider/2.0; +http://www.baidu.com/search/spider.html)"
123.125.71.21 - - [31/Aug/2011:00:37:12 +0000] "GET / HTTP/1.1" 200 1630 "-" "Mozilla/5.0 (compatible; Baiduspider/2.0; +http://www.baidu.com/search/spider.html)"
220.181.108.118 - - [31/Aug/2011:00:44:31 +0000] "GET / HTTP/1.1" 200 955 "-" "Mozilla/5.0 (compatible; Baiduspider/2.0; +http://www.baidu.com/search/spider.html)"
157.55.112.234 - - [31/Aug/2011:00:58:07 +0000] "GET / HTTP/1.1" 200 993 "-" "Mozilla/4.0 (compatible; MSIE 6.0; Windows NT 5.1; SV1; .NET CLR 1.1.4325; .NET CLR 2.0.50727; .NET CLR 3.0.30729; .NET CLR 3.5.30729)"
220.181.108.88 - - [31/Aug/2011:01:36:45 +0000] "GET / HTTP/1.1" 200 1630 "-" "Mozilla/5.0 (compatible; Baiduspider/2.0; +http://www.baidu.com/search/spider.html)"
123.125.71.30 - - [31/Aug/2011:01:40:09 +0000] "GET / HTTP/1.1" 200 1630 "-" "Mozilla/5.0 (compatible; Baiduspider/2.0; +http://www.baidu.com/search/spider.html)"
70.180.119.247 - - [31/Aug/2011:02:38:58 +0000] "GET /movies/television_dvd.txt HTTP/1.1" 200 1522 "-" "Mozilla/5.0 (iPhone; U; CPU iPhone OS 4_3_3 like Mac OS X; en-us) AppleWebKit/533.17.9 (KHTML, like Gecko) Version/5.0.2 Mobile/8J2 Safari/6533.18.5"
123.125.71.31 - - [31/Aug/2011:03:37:39 +0000] "GET / HTTP/1.1" 200 1630 "-" "Mozilla/5.0 (compatible; Baiduspider/2.0; +http://www.baidu.com/search/spider.html)"
220.181.108.93 - - [31/Aug/2011:03:37:58 +0000] "GET / HTTP/1.1" 200 1630 "-" "Mozilla/5.0 (compatible; Baiduspider/2.0; +http://www.baidu.com/search/spider.html)"
38.101.148.126 - - [31/Aug/2011:04:24:50 +0000] "GET /robots.txt HTTP/1.1" 404 472 "-" "Mozilla/5.0 (compatible; discobot/1.1; +http://discoveryengine.com/discobot.html)"
70.180.119.247 - - [31/Aug/2011:04:37:46 +0000] "GET /photos/2011-08-27 HTTP/1.1" 301 578 "-" "Mozilla/5.0 (X11; Linux x86_64) AppleWebKit/535.1 (KHTML, like Gecko) Chrome/13.0.782.218 Safari/535.1"
70.180.119.247 - - [31/Aug/2011:04:37:51 +0000] "GET /photos/2011-08-27/ HTTP/1.1" 200 841 "-" "Mozilla/5.0 (X11; Linux x86_64) AppleWebKit/535.1 (KHTML, like Gecko) Chrome/13.0.782.218 Safari/535.1"
70.180.119.247 - - [31/Aug/2011:04:37:52 +0000] "GET /icons/back.gif HTTP/1.1" 200 508 "http://cafink.name/photos/2011-08-27/" "Mozilla/5.0 (X11; Linux x86_64) AppleWebKit/535.1 (KHTML, like Gecko) Chrome/13.0.782.218 Safari/535.1"
70.180.119.247 - - [31/Aug/2011:04:37:52 +0000] "GET /icons/blank.gif HTTP/1.1" 200 439 "http://cafink.name/photos/2011-08-27/" "Mozilla/5.0 (X11; Linux x86_64) AppleWebKit/535.1 (KHTML, like Gecko) Chrome/13.0.782.218 Safari/535.1"
70.180.119.247 - - [31/Aug/2011:04:37:52 +0000] "GET /icons/image2.gif HTTP/1.1" 200 602 "http://cafink.name/photos/2011-08-27/" "Mozilla/5.0 (X11; Linux x86_64) AppleWebKit/535.1 (KHTML, like Gecko) Chrome/13.0.782.218 Safari/535.1"
70.180.119.247 - - [31/Aug/2011:04:37:53 +0000] "GET /favicon.ico HTTP/1.1" 404 503 "-" "Mozilla/5.0 (X11; Linux x86_64) AppleWebKit/535.1 (KHTML, like Gecko) Chrome/13.0.782.218 Safari/535.1"
70.180.119.247 - - [31/Aug/2011:04:45:46 +0000] "GET /photos/2011-08-27/ HTTP/1.1" 401 693 "-" "Mozilla/5.0 (X11; Linux x86_64) AppleWebKit/535.1 (KHTML, like Gecko) Chrome/13.0.782.218 Safari/535.1"
70.180.119.247 - "" [31/Aug/2011:04:45:49 +0000] "GET /photos/2011-08-27/ HTTP/1.1" 401 692 "-" "Mozilla/5.0 (X11; Linux x86_64) AppleWebKit/535.1 (KHTML, like Gecko) Chrome/13.0.782.218 Safari/535.1"
70.180.119.247 - "" [31/Aug/2011:04:45:50 +0000] "GET /photos/2011-08-27/ HTTP/1.1" 401 692 "-" "Mozilla/5.0 (X11; Linux x86_64) AppleWebKit/535.1 (KHTML, like Gecko) Chrome/13.0.782.218 Safari/535.1"
70.180.119.247 - blab [31/Aug/2011:04:45:52 +0000] "GET /photos/2011-08-27/ HTTP/1.1" 401 692 "-" "Mozilla/5.0 (X11; Linux x86_64) AppleWebKit/535.1 (KHTML, like Gecko) Chrome/13.0.782.218 Safari/535.1"
70.180.119.247 - family [31/Aug/2011:04:46:10 +0000] "GET /photos/2011-08-27/ HTTP/1.1" 200 842 "-" "Mozilla/5.0 (X11; Linux x86_64) AppleWebKit/535.1 (KHTML, like Gecko) Chrome/13.0.782.218 Safari/535.1"
70.180.119.247 - - [31/Aug/2011:04:46:11 +0000] "GET /favicon.ico HTTP/1.1" 404 503 "-" "Mozilla/5.0 (X11; Linux x86_64) AppleWebKit/535.1 (KHTML, like Gecko) Chrome/13.0.782.218 Safari/535.1"
70.180.119.247 - family [31/Aug/2011:04:46:16 +0000] "GET /photos/2011-08-27/IMG_0836.JPG HTTP/1.1" 200 2027472 "http://cafink.name/photos/2011-08-27/" "Mozilla/5.0 (X11; Linux x86_64) AppleWebKit/535.1 (KHTML, like Gecko) Chrome/13.0.782.218 Safari/535.1"
70.180.119.247 - - [31/Aug/2011:04:46:21 +0000] "GET /favicon.ico HTTP/1.1" 404 503 "-" "Mozilla/5.0 (X11; Linux x86_64) AppleWebKit/535.1 (KHTML, like Gecko) Chrome/13.0.782.218 Safari/535.1"
70.180.119.247 - family [31/Aug/2011:04:46:16 +0000] "GET /photos/2011-08-27/IMG_0835.JPG HTTP/1.1" 200 2032616 "http://cafink.name/photos/2011-08-27/" "Mozilla/5.0 (X11; Linux x86_64) AppleWebKit/535.1 (KHTML, like Gecko) Chrome/13.0.782.218 Safari/535.1"
70.180.119.247 - - [31/Aug/2011:04:46:23 +0000] "GET /favicon.ico HTTP/1.1" 404 503 "-" "Mozilla/5.0 (X11; Linux x86_64) AppleWebKit/535.1 (KHTML, like Gecko) Chrome/13.0.782.218 Safari/535.1"
70.180.119.247 - family [31/Aug/2011:04:51:20 +0000] "GET /photos/2011-08-27/ HTTP/1.1" 200 842 "-" "Mozilla/5.0 (X11; Linux x86_64) AppleWebKit/535.1 (KHTML, like Gecko) Chrome/13.0.782.218 Safari/535.1"
70.180.119.247 - - [31/Aug/2011:04:51:20 +0000] "GET /favicon.ico HTTP/1.1" 404 503 "-" "Mozilla/5.0 (X11; Linux x86_64) AppleWebKit/535.1 (KHTML, like Gecko) Chrome/13.0.782.218 Safari/535.1"
70.180.119.247 - family [31/Aug/2011:04:51:22 +0000] "GET /photos/2011-08-27/IMG_0845.JPG HTTP/1.1" 200 2050973 "http://cafink.name/photos/2011-08-27/" "Mozilla/5.0 (X11; Linux x86_64) AppleWebKit/535.1 (KHTML, like Gecko) Chrome/13.0.782.218 Safari/535.1"
70.180.119.247 - - [31/Aug/2011:04:51:32 +0000] "GET /favicon.ico HTTP/1.1" 404 503 "-" "Mozilla/5.0 (X11; Linux x86_64) AppleWebKit/535.1 (KHTML, like Gecko) Chrome/13.0.782.218 Safari/535.1"
70.180.119.247 - family [31/Aug/2011:04:54:08 +0000] "GET /photos/2011-08-27/ HTTP/1.1" 200 842 "-" "Mozilla/5.0 (X11; Linux x86_64) AppleWebKit/535.1 (KHTML, like Gecko) Chrome/13.0.782.218 Safari/535.1"
70.180.119.247 - - [31/Aug/2011:04:54:08 +0000] "GET /favicon.ico HTTP/1.1" 404 503 "-" "Mozilla/5.0 (X11; Linux x86_64) AppleWebKit/535.1 (KHTML, like Gecko) Chrome/13.0.782.218 Safari/535.1"
70.180.119.247 - - [31/Aug/2011:04:54:22 +0000] "GET /photos HTTP/1.1" 301 557 "-" "Mozilla/5.0 (X11; Linux x86_64) AppleWebKit/535.1 (KHTML, like Gecko) Chrome/13.0.782.218 Safari/535.1"
70.180.119.247 - - [31/Aug/2011:04:54:22 +0000] "GET /photos/ HTTP/1.1" 200 643 "-" "Mozilla/5.0 (X11; Linux x86_64) AppleWebKit/535.1 (KHTML, like Gecko) Chrome/13.0.782.218 Safari/535.1"
70.180.119.247 - - [31/Aug/2011:04:54:22 +0000] "GET /favicon.ico HTTP/1.1" 404 503 "-" "Mozilla/5.0 (X11; Linux x86_64) AppleWebKit/535.1 (KHTML, like Gecko) Chrome/13.0.782.218 Safari/535.1"
70.180.119.247 - - [31/Aug/2011:04:54:29 +0000] "GET / HTTP/1.1" 200 992 "http://cafink.name/photos/" "Mozilla/5.0 (X11; Linux x86_64) AppleWebKit/535.1 (KHTML, like Gecko) Chrome/13.0.782.218 Safari/535.1"
70.180.119.247 - - [31/Aug/2011:04:54:29 +0000] "GET /blogger.png HTTP/1.1" 200 2848 "http://cafink.name/" "Mozilla/5.0 (X11; Linux x86_64) AppleWebKit/535.1 (KHTML, like Gecko) Chrome/13.0.782.218 Safari/535.1"
70.180.119.247 - - [31/Aug/2011:04:54:29 +0000] "GET /facebook.png HTTP/1.1" 200 5275 "http://cafink.name/" "Mozilla/5.0 (X11; Linux x86_64) AppleWebKit/535.1 (KHTML, like Gecko) Chrome/13.0.782.218 Safari/535.1"
70.180.119.247 - - [31/Aug/2011:04:54:29 +0000] "GET /twitter.png HTTP/1.1" 200 3230 "http://cafink.name/" "Mozilla/5.0 (X11; Linux x86_64) AppleWebKit/535.1 (KHTML, like Gecko) Chrome/13.0.782.218 Safari/535.1"
70.180.119.247 - - [31/Aug/2011:04:54:29 +0000] "GET /favicon.ico HTTP/1.1" 404 503 "-" "Mozilla/5.0 (X11; Linux x86_64) AppleWebKit/535.1 (KHTML, like Gecko) Chrome/13.0.782.218 Safari/535.1"
70.180.119.247 - - [31/Aug/2011:04:54:31 +0000] "GET /favicon.ico HTTP/1.1" 404 503 "-" "Mozilla/5.0 (X11; Linux x86_64) AppleWebKit/535.1 (KHTML, like Gecko) Chrome/13.0.782.218 Safari/535.1"
70.180.119.247 - - [31/Aug/2011:04:54:35 +0000] "GET /photos/2011-08-27/ HTTP/1.1" 401 692 "-" "Mozilla/5.0 (X11; Linux x86_64) AppleWebKit/535.1 (KHTML, like Gecko) Chrome/13.0.782.218 Safari/535.1"
70.180.119.247 - "" [31/Aug/2011:04:54:37 +0000] "GET /photos/2011-08-27/ HTTP/1.1" 401 692 "-" "Mozilla/5.0 (X11; Linux x86_64) AppleWebKit/535.1 (KHTML, like Gecko) Chrome/13.0.782.218 Safari/535.1"
70.180.119.247 - "" [31/Aug/2011:04:54:37 +0000] "GET /photos/2011-08-27/ HTTP/1.1" 401 692 "-" "Mozilla/5.0 (X11; Linux x86_64) AppleWebKit/535.1 (KHTML, like Gecko) Chrome/13.0.782.218 Safari/535.1"
70.180.119.247 - "" [31/Aug/2011:04:54:38 +0000] "GET /photos/2011-08-27/ HTTP/1.1" 401 692 "-" "Mozilla/5.0 (X11; Linux x86_64) AppleWebKit/535.1 (KHTML, like Gecko) Chrome/13.0.782.218 Safari/535.1"
70.180.119.247 - family [31/Aug/2011:04:54:43 +0000] "GET /photos/2011-08-27/ HTTP/1.1" 401 692 "-" "Mozilla/5.0 (X11; Linux x86_64) AppleWebKit/535.1 (KHTML, like Gecko) Chrome/13.0.782.218 Safari/535.1"
70.180.119.247 - family [31/Aug/2011:04:54:46 +0000] "GET /photos/2011-08-27/ HTTP/1.1" 401 692 "-" "Mozilla/5.0 (X11; Linux x86_64) AppleWebKit/535.1 (KHTML, like Gecko) Chrome/13.0.782.218 Safari/535.1"
70.180.119.247 - family [31/Aug/2011:04:55:40 +0000] "GET /photos/2011-08-27/ HTTP/1.1" 200 842 "-" "Mozilla/5.0 (X11; Linux x86_64) AppleWebKit/535.1 (KHTML, like Gecko) Chrome/13.0.782.218 Safari/535.1"
70.180.119.247 - - [31/Aug/2011:04:55:40 +0000] "GET /favicon.ico HTTP/1.1" 404 503 "-" "Mozilla/5.0 (X11; Linux x86_64) AppleWebKit/535.1 (KHTML, like Gecko) Chrome/13.0.782.218 Safari/535.1"
70.180.119.247 - family [31/Aug/2011:04:55:42 +0000] "GET /photos/2011-08-27/IMG_0839.JPG HTTP/1.1" 200 2040997 "http://cafink.name/photos/2011-08-27/" "Mozilla/5.0 (X11; Linux x86_64) AppleWebKit/535.1 (KHTML, like Gecko) Chrome/13.0.782.218 Safari/535.1"
70.180.119.247 - - [31/Aug/2011:04:55:45 +0000] "GET /favicon.ico HTTP/1.1" 404 503 "-" "Mozilla/5.0 (X11; Linux x86_64) AppleWebKit/535.1 (KHTML, like Gecko) Chrome/13.0.782.218 Safari/535.1"
70.180.119.247 - - [31/Aug/2011:04:55:46 +0000] "GET /photos/ HTTP/1.1" 200 369 "-" "Mozilla/5.0 (X11; Linux x86_64) AppleWebKit/535.1 (KHTML, like Gecko) Chrome/13.0.782.218 Safari/535.1"
70.180.119.247 - - [31/Aug/2011:04:55:46 +0000] "GET /favicon.ico HTTP/1.1" 404 503 "-" "Mozilla/5.0 (X11; Linux x86_64) AppleWebKit/535.1 (KHTML, like Gecko) Chrome/13.0.782.218 Safari/535.1"
70.180.119.247 - - [31/Aug/2011:04:55:49 +0000] "GET /photos/ HTTP/1.1" 304 207 "-" "Mozilla/5.0 (X11; Linux x86_64) AppleWebKit/535.1 (KHTML, like Gecko) Chrome/13.0.782.218 Safari/535.1"
70.180.119.247 - - [31/Aug/2011:04:55:49 +0000] "GET /favicon.ico HTTP/1.1" 404 503 "-" "Mozilla/5.0 (X11; Linux x86_64) AppleWebKit/535.1 (KHTML, like Gecko) Chrome/13.0.782.218 Safari/535.1"
70.180.119.247 - - [31/Aug/2011:04:55:51 +0000] "GET /photos HTTP/1.1" 301 556 "-" "Mozilla/5.0 (X11; Linux x86_64) AppleWebKit/535.1 (KHTML, like Gecko) Chrome/13.0.782.218 Safari/535.1"
70.180.119.247 - - [31/Aug/2011:04:55:51 +0000] "GET /photos/ HTTP/1.1" 304 207 "-" "Mozilla/5.0 (X11; Linux x86_64) AppleWebKit/535.1 (KHTML, like Gecko) Chrome/13.0.782.218 Safari/535.1"
70.180.119.247 - - [31/Aug/2011:04:55:51 +0000] "GET /favicon.ico HTTP/1.1" 404 503 "-" "Mozilla/5.0 (X11; Linux x86_64) AppleWebKit/535.1 (KHTML, like Gecko) Chrome/13.0.782.218 Safari/535.1"
70.180.119.247 - family [31/Aug/2011:04:55:53 +0000] "GET /photos/2011-08-27/ HTTP/1.1" 200 841 "-" "Mozilla/5.0 (X11; Linux x86_64) AppleWebKit/535.1 (KHTML, like Gecko) Chrome/13.0.782.218 Safari/535.1"
70.180.119.247 - - [31/Aug/2011:04:55:53 +0000] "GET /favicon.ico HTTP/1.1" 404 503 "-" "Mozilla/5.0 (X11; Linux x86_64) AppleWebKit/535.1 (KHTML, like Gecko) Chrome/13.0.782.218 Safari/535.1"
70.180.119.247 - family [31/Aug/2011:04:55:55 +0000] "GET /photos/2011-08-27/IMG_0843.JPG HTTP/1.1" 200 2269910 "http://cafink.name/photos/2011-08-27/" "Mozilla/5.0 (X11; Linux x86_64) AppleWebKit/535.1 (KHTML, like Gecko) Chrome/13.0.782.218 Safari/535.1"
70.180.119.247 - - [31/Aug/2011:04:56:01 +0000] "GET /favicon.ico HTTP/1.1" 404 503 "-" "Mozilla/5.0 (X11; Linux x86_64) AppleWebKit/535.1 (KHTML, like Gecko) Chrome/13.0.782.218 Safari/535.1"
123.125.71.24 - - [31/Aug/2011:05:35:36 +0000] "GET / HTTP/1.1" 200 1630 "-" "Mozilla/5.0 (compatible; Baiduspider/2.0; +http://www.baidu.com/search/spider.html)"
220.181.108.78 - - [31/Aug/2011:05:35:50 +0000] "GET / HTTP/1.1" 200 1630 "-" "Mozilla/5.0 (compatible; Baiduspider/2.0; +http://www.baidu.com/search/spider.html)"
124.115.0.100 - - [31/Aug/2011:07:00:51 +0000] "GET / HTTP/1.1" 200 993 "-" "Sosospider+(+http://help.soso.com/webspider.htm)"
220.181.108.95 - - [31/Aug/2011:07:37:17 +0000] "GET / HTTP/1.1" 200 1630 "-" "Mozilla/5.0 (compatible; Baiduspider/2.0; +http://www.baidu.com/search/spider.html)"
123.125.71.26 - - [31/Aug/2011:07:41:10 +0000] "GET / HTTP/1.1" 200 1630 "-" "Mozilla/5.0 (compatible; Baiduspider/2.0; +http://www.baidu.com/search/spider.html)"
77.88.31.248 - - [31/Aug/2011:08:57:01 +0000] "GET /robots.txt HTTP/1.1" 404 533 "-" "Mozilla/5.0 (compatible; YandexBot/3.0; +http://yandex.com/bots)"
38.101.148.126 - - [31/Aug/2011:09:14:25 +0000] "GET /robots.txt HTTP/1.1" 404 472 "-" "Mozilla/5.0 (compatible; discobot/1.1; +http://discoveryengine.com/discobot.html)"
119.63.196.79 - - [31/Aug/2011:09:42:38 +0000] "GET /robots.txt HTTP/1.1" 404 470 "-" "Baiduspider+(+http://www.baidu.com/search/spider.htm)"
220.181.108.92 - - [31/Aug/2011:11:36:37 +0000] "GET / HTTP/1.1" 200 1630 "-" "Mozilla/5.0 (compatible; Baiduspider/2.0; +http://www.baidu.com/search/spider.html)"
123.125.71.19 - - [31/Aug/2011:11:36:45 +0000] "GET / HTTP/1.1" 200 1630 "-" "Mozilla/5.0 (compatible; Baiduspider/2.0; +http://www.baidu.com/search/spider.html)"
124.115.4.197 - - [31/Aug/2011:12:29:47 +0000] "GET / HTTP/1.1" 200 993 "-" "Sosospider+(+http://help.soso.com/webspider.htm)"
77.88.31.248 - - [31/Aug/2011:12:43:46 +0000] "GET / HTTP/1.1" 200 993 "-" "Mozilla/5.0 (compatible; YandexBot/3.0; +http://yandex.com/bots)"
220.181.108.91 - - [31/Aug/2011:13:35:38 +0000] "GET / HTTP/1.1" 200 1630 "-" "Mozilla/5.0 (compatible; Baiduspider/2.0; +http://www.baidu.com/search/spider.html)"
123.125.71.27 - - [31/Aug/2011:13:35:52 +0000] "GET / HTTP/1.1" 200 1630 "-" "Mozilla/5.0 (compatible; Baiduspider/2.0; +http://www.baidu.com/search/spider.html)"
64.16.187.50 - - [31/Aug/2011:14:00:28 +0000] "GET /movies HTTP/1.1" 301 557 "-" "Mozilla/5.0 (Windows NT 6.1; WOW64) AppleWebKit/535.1 (KHTML, like Gecko) Chrome/13.0.782.215 Safari/535.1"
64.16.187.50 - - [31/Aug/2011:14:00:28 +0000] "GET /movies/ HTTP/1.1" 200 809 "-" "Mozilla/5.0 (Windows NT 6.1; WOW64) AppleWebKit/535.1 (KHTML, like Gecko) Chrome/13.0.782.215 Safari/535.1"
64.16.187.50 - - [31/Aug/2011:14:00:28 +0000] "GET /icons/blank.gif HTTP/1.1" 200 439 "http://cafink.name/movies/" "Mozilla/5.0 (Windows NT 6.1; WOW64) AppleWebKit/535.1 (KHTML, like Gecko) Chrome/13.0.782.215 Safari/535.1"
69.17.126.74 - - [31/Aug/2011:14:00:28 +0000] "GET /icons/back.gif HTTP/1.1" 200 508 "http://cafink.name/movies/" "Mozilla/5.0 (Windows NT 6.1; WOW64) AppleWebKit/535.1 (KHTML, like Gecko) Chrome/13.0.782.215 Safari/535.1"
64.16.187.50 - - [31/Aug/2011:14:00:28 +0000] "GET /icons/text.gif HTTP/1.1" 200 520 "http://cafink.name/movies/" "Mozilla/5.0 (Windows NT 6.1; WOW64) AppleWebKit/535.1 (KHTML, like Gecko) Chrome/13.0.782.215 Safari/535.1"
64.16.187.50 - - [31/Aug/2011:14:00:29 +0000] "GET /favicon.ico HTTP/1.1" 404 503 "-" "Mozilla/5.0 (Windows NT 6.1; WOW64) AppleWebKit/535.1 (KHTML, like Gecko) Chrome/13.0.782.215 Safari/535.1"
64.16.187.50 - - [31/Aug/2011:14:00:30 +0000] "GET /movies/features_blu-ray.txt HTTP/1.1" 200 3481 "-" "Mozilla/5.0 (Windows NT 6.1; WOW64) AppleWebKit/535.1 (KHTML, like Gecko) Chrome/13.0.782.215 Safari/535.1"
64.16.187.50 - - [31/Aug/2011:14:00:30 +0000] "GET /favicon.ico HTTP/1.1" 404 503 "-" "Mozilla/5.0 (Windows NT 6.1; WOW64) AppleWebKit/535.1 (KHTML, like Gecko) Chrome/13.0.782.215 Safari/535.1"
38.101.148.126 - - [31/Aug/2011:14:02:01 +0000] "GET /robots.txt HTTP/1.1" 404 472 "-" "Mozilla/5.0 (compatible; discobot/1.1; +http://discoveryengine.com/discobot.html)"
220.181.108.88 - - [31/Aug/2011:14:39:01 +0000] "GET / HTTP/1.1" 200 1630 "-" "Mozilla/5.0 (compatible; Baiduspider/2.0; +http://www.baidu.com/search/spider.html)"
123.125.71.19 - - [31/Aug/2011:14:39:21 +0000] "GET / HTTP/1.1" 200 1630 "-" "Mozilla/5.0 (compatible; Baiduspider/2.0; +http://www.baidu.com/search/spider.html)"
119.63.196.109 - - [31/Aug/2011:14:40:40 +0000] "GET /robots.txt HTTP/1.1" 404 472 "-" "Baiduspider+(+http://www.baidu.com/search/spider.htm)"
173.236.21.106 - - [31/Aug/2011:15:01:22 +0000] "GET /robots.txt HTTP/1.0" 404 499 "-" "Mozilla/5.0 (compatible; MJ12bot/v1.4.0; http://www.majestic12.co.uk/bot.php?+)"
173.236.21.106 - - [31/Aug/2011:15:01:23 +0000] "GET / HTTP/1.0" 200 955 "-" "Mozilla/5.0 (compatible; MJ12bot/v1.4.0; http://www.majestic12.co.uk/bot.php?+)"
220.181.108.96 - - [31/Aug/2011:15:38:46 +0000] "GET / HTTP/1.1" 200 1630 "-" "Mozilla/5.0 (compatible; Baiduspider/2.0; +http://www.baidu.com/search/spider.html)"
123.125.71.31 - - [31/Aug/2011:15:40:22 +0000] "GET / HTTP/1.1" 200 1630 "-" "Mozilla/5.0 (compatible; Baiduspider/2.0; +http://www.baidu.com/search/spider.html)"
220.181.108.88 - - [31/Aug/2011:15:43:17 +0000] "GET /robots.txt HTTP/1.1" 404 470 "-" "Baiduspider+(+http://www.baidu.com/search/spider.htm)"
123.125.71.26 - - [31/Aug/2011:17:38:47 +0000] "GET / HTTP/1.1" 200 1630 "-" "Mozilla/5.0 (compatible; Baiduspider/2.0; +http://www.baidu.com/search/spider.html)"
220.181.108.92 - - [31/Aug/2011:17:39:04 +0000] "GET / HTTP/1.1" 200 1630 "-" "Mozilla/5.0 (compatible; Baiduspider/2.0; +http://www.baidu.com/search/spider.html)"
124.115.0.28 - - [31/Aug/2011:17:54:57 +0000] "GET / HTTP/1.1" 200 993 "-" "Sosospider+(+http://help.soso.com/webspider.htm)"
38.101.148.126 - - [31/Aug/2011:18:46:07 +0000] "GET /robots.txt HTTP/1.1" 404 472 "-" "Mozilla/5.0 (compatible; discobot/1.1; +http://discoveryengine.com/discobot.html)"
66.179.255.11 - - [31/Aug/2011:20:17:02 +0000] "GET /photos/2011-08-27/ HTTP/1.1" 401 805 "-" "Mozilla/5.0 (Windows NT 6.1; WOW64) AppleWebKit/535.1 (KHTML, like Gecko) Chrome/14.0.835.122 Safari/535.1"
66.179.255.11 - family [31/Aug/2011:20:17:28 +0000] "GET /photos/2011-08-27/ HTTP/1.1" 200 3631 "-" "Mozilla/5.0 (Windows NT 6.1; WOW64) AppleWebKit/535.1 (KHTML, like Gecko) Chrome/14.0.835.122 Safari/535.1"
66.179.255.11 - - [31/Aug/2011:20:17:28 +0000] "GET /icons/blank.gif HTTP/1.1" 200 439 "http://cafink.name/photos/2011-08-27/" "Mozilla/5.0 (Windows NT 6.1; WOW64) AppleWebKit/535.1 (KHTML, like Gecko) Chrome/14.0.835.122 Safari/535.1"
66.179.255.11 - - [31/Aug/2011:20:17:28 +0000] "GET /icons/image2.gif HTTP/1.1" 200 602 "http://cafink.name/photos/2011-08-27/" "Mozilla/5.0 (Windows NT 6.1; WOW64) AppleWebKit/535.1 (KHTML, like Gecko) Chrome/14.0.835.122 Safari/535.1"
66.179.255.11 - - [31/Aug/2011:20:17:28 +0000] "GET /icons/back.gif HTTP/1.1" 200 508 "http://cafink.name/photos/2011-08-27/" "Mozilla/5.0 (Windows NT 6.1; WOW64) AppleWebKit/535.1 (KHTML, like Gecko) Chrome/14.0.835.122 Safari/535.1"
66.179.255.11 - - [31/Aug/2011:20:17:28 +0000] "GET /favicon.ico HTTP/1.1" 404 526 "-" "Mozilla/5.0 (Windows NT 6.1; WOW64) AppleWebKit/535.1 (KHTML, like Gecko) Chrome/14.0.835.122 Safari/535.1"
66.179.255.11 - family [31/Aug/2011:20:17:30 +0000] "GET /photos/2011-08-27/IMG_0835.JPG HTTP/1.1" 200 2032616 "http://cafink.name/photos/2011-08-27/" "Mozilla/5.0 (Windows NT 6.1; WOW64) AppleWebKit/535.1 (KHTML, like Gecko) Chrome/14.0.835.122 Safari/535.1"
66.179.255.11 - - [31/Aug/2011:20:17:32 +0000] "GET /favicon.ico HTTP/1.1" 404 526 "-" "Mozilla/5.0 (Windows NT 6.1; WOW64) AppleWebKit/535.1 (KHTML, like Gecko) Chrome/14.0.835.122 Safari/535.1"
66.179.255.11 - - [31/Aug/2011:20:17:33 +0000] "GET /favicon.ico HTTP/1.1" 404 526 "-" "Mozilla/5.0 (Windows NT 6.1; WOW64) AppleWebKit/535.1 (KHTML, like Gecko) Chrome/14.0.835.122 Safari/535.1"
66.179.255.11 - family [31/Aug/2011:20:17:34 +0000] "GET /photos/2011-08-27/IMG_0836.JPG HTTP/1.1" 200 2027471 "http://cafink.name/photos/2011-08-27/" "Mozilla/5.0 (Windows NT 6.1; WOW64) AppleWebKit/535.1 (KHTML, like Gecko) Chrome/14.0.835.122 Safari/535.1"
66.179.255.11 - - [31/Aug/2011:20:17:36 +0000] "GET /favicon.ico HTTP/1.1" 404 526 "-" "Mozilla/5.0 (Windows NT 6.1; WOW64) AppleWebKit/535.1 (KHTML, like Gecko) Chrome/14.0.835.122 Safari/535.1"
66.179.255.11 - - [31/Aug/2011:20:17:37 +0000] "GET /favicon.ico HTTP/1.1" 404 526 "-" "Mozilla/5.0 (Windows NT 6.1; WOW64) AppleWebKit/535.1 (KHTML, like Gecko) Chrome/14.0.835.122 Safari/535.1"
66.179.255.11 - family [31/Aug/2011:20:17:38 +0000] "GET /photos/2011-08-27/IMG_0837.JPG HTTP/1.1" 200 2051888 "http://cafink.name/photos/2011-08-27/" "Mozilla/5.0 (Windows NT 6.1; WOW64) AppleWebKit/535.1 (KHTML, like Gecko) Chrome/14.0.835.122 Safari/535.1"
66.179.255.11 - - [31/Aug/2011:20:17:40 +0000] "GET /favicon.ico HTTP/1.1" 404 526 "-" "Mozilla/5.0 (Windows NT 6.1; WOW64) AppleWebKit/535.1 (KHTML, like Gecko) Chrome/14.0.835.122 Safari/535.1"
66.179.255.11 - - [31/Aug/2011:20:17:41 +0000] "GET /favicon.ico HTTP/1.1" 404 526 "-" "Mozilla/5.0 (Windows NT 6.1; WOW64) AppleWebKit/535.1 (KHTML, like Gecko) Chrome/14.0.835.122 Safari/535.1"
66.179.255.11 - family [31/Aug/2011:20:18:11 +0000] "GET /photos/2011-08-27/IMG_0838.JPG HTTP/1.1" 200 2015397 "http://cafink.name/photos/2011-08-27/" "Mozilla/5.0 (Windows NT 6.1; WOW64) AppleWebKit/535.1 (KHTML, like Gecko) Chrome/14.0.835.122 Safari/535.1"
66.179.255.11 - family [31/Aug/2011:20:18:14 +0000] "GET /photos/2011-08-27/IMG_0839.JPG HTTP/1.1" 200 2040997 "http://cafink.name/photos/2011-08-27/" "Mozilla/5.0 (Windows NT 6.1; WOW64) AppleWebKit/535.1 (KHTML, like Gecko) Chrome/14.0.835.122 Safari/535.1"
66.179.255.11 - family [31/Aug/2011:20:18:16 +0000] "GET /photos/2011-08-27/IMG_0840.JPG HTTP/1.1" 200 2154119 "http://cafink.name/photos/2011-08-27/" "Mozilla/5.0 (Windows NT 6.1; WOW64) AppleWebKit/535.1 (KHTML, like Gecko) Chrome/14.0.835.122 Safari/535.1"
66.179.255.11 - family [31/Aug/2011:20:18:20 +0000] "GET /photos/2011-08-27/IMG_0841.JPG HTTP/1.1" 200 2195303 "http://cafink.name/photos/2011-08-27/" "Mozilla/5.0 (Windows NT 6.1; WOW64) AppleWebKit/535.1 (KHTML, like Gecko) Chrome/14.0.835.122 Safari/535.1"
66.179.255.11 - family [31/Aug/2011:20:18:23 +0000] "GET /photos/2011-08-27/IMG_0842.JPG HTTP/1.1" 200 2229474 "http://cafink.name/photos/2011-08-27/" "Mozilla/5.0 (Windows NT 6.1; WOW64) AppleWebKit/535.1 (KHTML, like Gecko) Chrome/14.0.835.122 Safari/535.1"
66.179.255.11 - family [31/Aug/2011:20:18:25 +0000] "GET /photos/2011-08-27/IMG_0843.JPG HTTP/1.1" 200 2269910 "http://cafink.name/photos/2011-08-27/" "Mozilla/5.0 (Windows NT 6.1; WOW64) AppleWebKit/535.1 (KHTML, like Gecko) Chrome/14.0.835.122 Safari/535.1"
66.179.255.11 - family [31/Aug/2011:20:18:28 +0000] "GET /photos/2011-08-27/IMG_0844.JPG HTTP/1.1" 200 2247243 "http://cafink.name/photos/2011-08-27/" "Mozilla/5.0 (Windows NT 6.1; WOW64) AppleWebKit/535.1 (KHTML, like Gecko) Chrome/14.0.835.122 Safari/535.1"
66.179.255.11 - family [31/Aug/2011:20:18:31 +0000] "GET /photos/2011-08-27/IMG_0845.JPG HTTP/1.1" 200 2050973 "http://cafink.name/photos/2011-08-27/" "Mozilla/5.0 (Windows NT 6.1; WOW64) AppleWebKit/535.1 (KHTML, like Gecko) Chrome/14.0.835.122 Safari/535.1"
66.179.255.11 - family [31/Aug/2011:20:18:34 +0000] "GET /photos/2011-08-27/IMG_0846.JPG HTTP/1.1" 200 2057248 "http://cafink.name/photos/2011-08-27/" "Mozilla/5.0 (Windows NT 6.1; WOW64) AppleWebKit/535.1 (KHTML, like Gecko) Chrome/14.0.835.122 Safari/535.1"
66.179.255.11 - family [31/Aug/2011:20:18:37 +0000] "GET /photos/2011-08-27/IMG_0847.JPG HTTP/1.1" 200 2161876 "http://cafink.name/photos/2011-08-27/" "Mozilla/5.0 (Windows NT 6.1; WOW64) AppleWebKit/535.1 (KHTML, like Gecko) Chrome/14.0.835.122 Safari/535.1"
123.125.71.14 - - [31/Aug/2011:20:37:39 +0000] "GET / HTTP/1.1" 200 1630 "-" "Mozilla/5.0 (compatible; Baiduspider/2.0; +http://www.baidu.com/search/spider.html)"
220.181.108.82 - - [31/Aug/2011:20:37:54 +0000] "GET / HTTP/1.1" 200 1630 "-" "Mozilla/5.0 (compatible; Baiduspider/2.0; +http://www.baidu.com/search/spider.html)"
123.125.71.20 - - [31/Aug/2011:21:37:29 +0000] "GET / HTTP/1.1" 200 1630 "-" "Mozilla/5.0 (compatible; Baiduspider/2.0; +http://www.baidu.com/search/spider.html)"
220.181.108.84 - - [31/Aug/2011:21:37:47 +0000] "GET / HTTP/1.1" 200 1630 "-" "Mozilla/5.0 (compatible; Baiduspider/2.0; +http://www.baidu.com/search/spider.html)"
119.63.196.88 - - [31/Aug/2011:22:00:11 +0000] "GET /robots.txt HTTP/1.1" 404 472 "-" "Baiduspider+(+http://www.baidu.com/search/spider.htm)"
81.52.143.16 - - [31/Aug/2011:23:16:42 +0000] "GET / HTTP/1.1" 200 955 "-" "Mozilla/5.0 (Windows; U; Windows NT 5.1; fr; rv:1.8.1) VoilaBot BETA 1.2 (support.voilabot@orange-ftgroup.com)"
123.125.71.17 - - [31/Aug/2011:23:37:02 +0000] "GET / HTTP/1.1" 200 1630 "-" "Mozilla/5.0 (compatible; Baiduspider/2.0; +http://www.baidu.com/search/spider.html)"
220.181.108.77 - - [31/Aug/2011:23:37:16 +0000] "GET / HTTP/1.1" 200 1630 "-" "Mozilla/5.0 (compatible; Baiduspider/2.0; +http://www.baidu.com/search/spider.html)"
208.80.194.26 - - [01/Sep/2011:01:16:49 +0000] "GET / HTTP/1.0" 200 1630 "-" "Mozilla/4.0 (compatible; MSIE 7.0; Windows NT 6.0; Mailinfo [867753]; SLCC1; .NET CLR 2.0.50727; Media Center PC 5.0; .NET CLR 3.0.04506; .NET CLR 1.1.4322)"
124.115.4.197 - - [01/Sep/2011:02:36:14 +0000] "GET / HTTP/1.1" 200 993 "-" "Sosospider+(+http://help.soso.com/webspider.htm)"
123.125.71.22 - - [01/Sep/2011:03:35:59 +0000] "GET / HTTP/1.1" 200 1630 "-" "Mozilla/5.0 (compatible; Baiduspider/2.0; +http://www.baidu.com/search/spider.html)"
220.181.108.87 - - [01/Sep/2011:03:36:11 +0000] "GET / HTTP/1.1" 200 1630 "-" "Mozilla/5.0 (compatible; Baiduspider/2.0; +http://www.baidu.com/search/spider.html)"
220.181.108.80 - - [01/Sep/2011:03:36:32 +0000] "GET / HTTP/1.1" 200 955 "-" "Mozilla/5.0 (compatible; Baiduspider/2.0; +http://www.baidu.com/search/spider.html)"
123.125.71.35 - - [01/Sep/2011:04:35:40 +0000] "GET / HTTP/1.1" 200 1630 "-" "Mozilla/5.0 (compatible; Baiduspider/2.0; +http://www.baidu.com/search/spider.html)"
220.181.108.87 - - [01/Sep/2011:04:35:53 +0000] "GET / HTTP/1.1" 200 1630 "-" "Mozilla/5.0 (compatible; Baiduspider/2.0; +http://www.baidu.com/search/spider.html)"
123.125.71.36 - - [01/Sep/2011:07:38:09 +0000] "GET / HTTP/1.1" 200 1630 "-" "Mozilla/5.0 (compatible; Baiduspider/2.0; +http://www.baidu.com/search/spider.html)"
220.181.108.94 - - [01/Sep/2011:07:38:28 +0000] "GET / HTTP/1.1" 200 1630 "-" "Mozilla/5.0 (compatible; Baiduspider/2.0; +http://www.baidu.com/search/spider.html)"
124.115.0.28 - - [01/Sep/2011:08:03:05 +0000] "GET / HTTP/1.1" 200 993 "-" "Sosospider+(+http://help.soso.com/webspider.htm)"
123.125.71.13 - - [01/Sep/2011:10:38:55 +0000] "GET / HTTP/1.1" 200 1630 "-" "Mozilla/5.0 (compatible; Baiduspider/2.0; +http://www.baidu.com/search/spider.html)"
220.181.108.90 - - [01/Sep/2011:10:39:14 +0000] "GET / HTTP/1.1" 200 1630 "-" "Mozilla/5.0 (compatible; Baiduspider/2.0; +http://www.baidu.com/search/spider.html)"
119.63.196.115 - - [01/Sep/2011:10:46:36 +0000] "GET /robots.txt HTTP/1.1" 404 470 "-" "Baiduspider+(+http://www.baidu.com/search/spider.htm)"
220.181.108.75 - - [01/Sep/2011:11:08:27 +0000] "GET /robots.txt HTTP/1.1" 404 470 "-" "Baiduspider+(+http://www.baidu.com/search/spider.htm)"
220.181.108.83 - - [01/Sep/2011:11:38:10 +0000] "GET / HTTP/1.1" 200 1630 "-" "Mozilla/5.0 (compatible; Baiduspider/2.0; +http://www.baidu.com/search/spider.html)"
123.125.71.36 - - [01/Sep/2011:11:39:01 +0000] "GET / HTTP/1.1" 200 1630 "-" "Mozilla/5.0 (compatible; Baiduspider/2.0; +http://www.baidu.com/search/spider.html)"
