123.125.71.19 - - [26/Apr/2011:08:42:03 +0000] "GET / HTTP/1.1" 200 1630 "-" "Baiduspider+(+http://www.baidu.com/search/spider.htm)"
220.181.108.91 - - [26/Apr/2011:08:42:40 +0000] "GET / HTTP/1.1" 200 1630 "-" "Baiduspider+(+http://www.baidu.com/search/spider.htm)"
119.63.196.109 - - [26/Apr/2011:09:37:00 +0000] "GET /robots.txt HTTP/1.1" 404 472 "-" "Baiduspider+(+http://www.baidu.com/search/spider.htm)"
123.125.71.23 - - [26/Apr/2011:09:42:05 +0000] "GET / HTTP/1.1" 200 1630 "-" "Baiduspider+(+http://www.baidu.com/search/spider.htm)"
220.181.108.96 - - [26/Apr/2011:09:42:38 +0000] "GET / HTTP/1.1" 200 1630 "-" "Baiduspider+(+http://www.baidu.com/search/spider.htm)"
123.125.71.20 - - [26/Apr/2011:10:41:15 +0000] "GET / HTTP/1.1" 200 1630 "-" "Baiduspider+(+http://www.baidu.com/search/spider.htm)"
220.181.108.81 - - [26/Apr/2011:10:41:50 +0000] "GET / HTTP/1.1" 200 1630 "-" "Baiduspider+(+http://www.baidu.com/search/spider.htm)"
124.115.0.28 - - [26/Apr/2011:12:03:59 +0000] "GET / HTTP/1.1" 200 993 "-" "Sosospider+(+http://help.soso.com/webspider.htm)"
123.125.71.30 - - [26/Apr/2011:12:42:33 +0000] "GET / HTTP/1.1" 200 1630 "-" "Baiduspider+(+http://www.baidu.com/search/spider.htm)"
220.181.108.81 - - [26/Apr/2011:12:42:50 +0000] "GET / HTTP/1.1" 200 1630 "-" "Baiduspider+(+http://www.baidu.com/search/spider.htm)"
123.125.71.33 - - [26/Apr/2011:14:44:11 +0000] "GET / HTTP/1.1" 200 1630 "-" "Baiduspider+(+http://www.baidu.com/search/spider.htm)"
69.17.126.74 - - [26/Apr/2011:15:05:20 +0000] "GET /movies/ HTTP/1.1" 200 811 "-" "Mozilla/5.0 (Windows; U; Windows NT 6.1; en-US) AppleWebKit/534.16 (KHTML, like Gecko) Chrome/10.0.648.205 Safari/534.16"
69.17.126.74 - - [26/Apr/2011:15:05:20 +0000] "GET / HTTP/1.1" 200 992 "-" "Mozilla/5.0 (Windows; U; Windows NT 6.1; en-US) AppleWebKit/534.16 (KHTML, like Gecko) Chrome/10.0.648.205 Safari/534.16"
69.17.126.74 - - [26/Apr/2011:15:05:20 +0000] "GET /blogger.png HTTP/1.1" 200 2848 "http://cafink.name/" "Mozilla/5.0 (Windows; U; Windows NT 6.1; en-US) AppleWebKit/534.16 (KHTML, like Gecko) Chrome/10.0.648.205 Safari/534.16"
64.16.187.50 - - [26/Apr/2011:15:05:20 +0000] "GET /facebook.png HTTP/1.1" 200 5275 "http://cafink.name/" "Mozilla/5.0 (Windows; U; Windows NT 6.1; en-US) AppleWebKit/534.16 (KHTML, like Gecko) Chrome/10.0.648.205 Safari/534.16"
69.17.126.74 - - [26/Apr/2011:15:05:20 +0000] "GET /twitter.png HTTP/1.1" 200 3230 "http://cafink.name/" "Mozilla/5.0 (Windows; U; Windows NT 6.1; en-US) AppleWebKit/534.16 (KHTML, like Gecko) Chrome/10.0.648.205 Safari/534.16"
64.16.187.50 - - [26/Apr/2011:15:05:21 +0000] "GET /cs10 HTTP/1.1" 301 553 "-" "Mozilla/5.0 (Windows; U; Windows NT 6.1; en-US) AppleWebKit/534.16 (KHTML, like Gecko) Chrome/10.0.648.205 Safari/534.16"
69.17.126.74 - - [26/Apr/2011:15:05:21 +0000] "GET /cs10 HTTP/1.1" 301 553 "-" "Mozilla/5.0 (Windows; U; Windows NT 6.1; en-US) AppleWebKit/534.16 (KHTML, like Gecko) Chrome/10.0.648.205 Safari/534.16"
64.16.187.50 - - [26/Apr/2011:15:05:21 +0000] "GET /cs10/ HTTP/1.1" 200 715 "-" "Mozilla/5.0 (Windows; U; Windows NT 6.1; en-US) AppleWebKit/534.16 (KHTML, like Gecko) Chrome/10.0.648.205 Safari/534.16"
64.16.187.50 - - [26/Apr/2011:15:05:21 +0000] "GET /favicon.ico HTTP/1.1" 404 503 "-" "Mozilla/5.0 (Windows; U; Windows NT 6.1; en-US) AppleWebKit/534.16 (KHTML, like Gecko) Chrome/10.0.648.205 Safari/534.16"
220.181.108.81 - - [26/Apr/2011:16:04:11 +0000] "GET /robots.txt HTTP/1.1" 404 470 "-" "Baiduspider+(+http://www.baidu.com/search/spider.htm)"
62.231.141.193 - - [26/Apr/2011:16:32:13 +0000] "GET /robots.txt HTTP/1.0" 404 499 "-" "Mozilla/5.0 (compatible; MJ12bot/v1.3.3; http://www.majestic12.co.uk/bot.php?+)"
62.231.141.193 - - [26/Apr/2011:16:32:15 +0000] "GET / HTTP/1.0" 200 955 "-" "Mozilla/5.0 (compatible; MJ12bot/v1.3.3; http://www.majestic12.co.uk/bot.php?+)"
174.129.117.237 - - [26/Apr/2011:16:34:26 +0000] "HEAD / HTTP/1.1" 200 280 "-" "Mozilla/5.0 (Windows; U; Windows NT 5.1; en-US) AppleWebKit/525.13 (KHTML, like Gecko) Chrome/0.A.B.C Safari/525.13"
119.63.196.5 - - [26/Apr/2011:16:36:25 +0000] "GET / HTTP/1.1" 200 955 "-" "Mozilla/5.0 (compatible; Baiduspider/2.0; +http://www.baidu.com/search/spider.html)"
220.181.108.88 - - [26/Apr/2011:17:00:50 +0000] "GET / HTTP/1.1" 200 1630 "-" "Baiduspider+(+http://www.baidu.com/search/spider.htm)"
123.125.71.32 - - [26/Apr/2011:18:44:15 +0000] "GET / HTTP/1.1" 200 1630 "-" "Baiduspider+(+http://www.baidu.com/search/spider.htm)"
50.17.90.76 - - [26/Apr/2011:20:19:08 +0000] "HEAD / HTTP/1.1" 200 276 "http://www.netcraft.com/survey/" "Mozilla/4.0 (compatible; Netcraft Web Server Survey)"
124.115.0.100 - - [26/Apr/2011:20:22:32 +0000] "GET / HTTP/1.1" 200 993 "-" "Sosospider+(+http://help.soso.com/webspider.htm)"
50.17.174.142 - - [26/Apr/2011:20:24:16 +0000] "HEAD / HTTP/1.1" 200 276 "http://www.netcraft.com/survey/" "Mozilla/4.0 (compatible; Netcraft Web Server Survey)"
123.125.71.35 - - [26/Apr/2011:20:42:24 +0000] "GET / HTTP/1.1" 200 1630 "-" "Baiduspider+(+http://www.baidu.com/search/spider.htm)"
220.181.108.77 - - [26/Apr/2011:20:43:03 +0000] "GET / HTTP/1.1" 200 1630 "-" "Baiduspider+(+http://www.baidu.com/search/spider.htm)"
50.19.40.157 - - [26/Apr/2011:20:52:08 +0000] "HEAD / HTTP/1.1" 200 276 "http://www.netcraft.com/survey/" "Mozilla/4.0 (compatible; Netcraft Web Server Survey)"
65.52.51.180 - - [26/Apr/2011:21:18:03 +0000] "GET /robots.txt HTTP/1.1" 404 533 "-" "Mozilla/5.0 (compatible; bingbot/2.0; +http://www.bing.com/bingbot.htm)"
69.28.58.23 - - [26/Apr/2011:21:24:23 +0000] "GET /robots.txt HTTP/1.0" 404 499 "-" "Mozilla/4.0 (compatible; MSIE 6.0; Windows NT 5.0) (larbin2.6.3@unspecified.mail)"
69.28.58.23 - - [26/Apr/2011:21:24:23 +0000] "GET / HTTP/1.0" 200 1630 "-" "Mozilla/4.0 (compatible; MSIE 6.0; Windows NT 5.0) larbin2.6.3@unspecified.mail"
123.125.71.28 - - [26/Apr/2011:22:16:51 +0000] "GET / HTTP/1.1" 304 171 "-" "Baiduspider+(+http://www.baidu.com/search/spider.htm)"
123.125.71.17 - - [26/Apr/2011:22:41:23 +0000] "GET / HTTP/1.1" 200 1630 "-" "Baiduspider+(+http://www.baidu.com/search/spider.htm)"
220.181.108.89 - - [26/Apr/2011:22:41:57 +0000] "GET / HTTP/1.1" 200 1630 "-" "Baiduspider+(+http://www.baidu.com/search/spider.htm)"
70.180.119.247 - - [26/Apr/2011:22:59:47 +0000] "GET /movies/ HTTP/1.1" 200 811 "-" "Mozilla/5.0 (X11; U; Linux x86_64; en-US) AppleWebKit/534.16 (KHTML, like Gecko) Chrome/10.0.648.205 Safari/534.16"
70.180.119.247 - - [26/Apr/2011:22:59:48 +0000] "GET /movies/television_dvd.txt HTTP/1.1" 304 209 "http://cafink.name/movies/" "Mozilla/5.0 (X11; U; Linux x86_64; en-US) AppleWebKit/534.16 (KHTML, like Gecko) Chrome/10.0.648.205 Safari/534.16"
70.180.119.247 - - [26/Apr/2011:23:00:01 +0000] "GET /favicon.ico HTTP/1.1" 404 503 "-" "Mozilla/5.0 (X11; U; Linux x86_64; en-US) AppleWebKit/534.16 (KHTML, like Gecko) Chrome/10.0.648.205 Safari/534.16"
70.180.119.247 - - [26/Apr/2011:23:00:25 +0000] "GET /movies/television_dvd.txt HTTP/1.1" 200 1515 "http://cafink.name/movies/" "Mozilla/5.0 (X11; U; Linux x86_64; en-US) AppleWebKit/534.16 (KHTML, like Gecko) Chrome/10.0.648.205 Safari/534.16"
70.180.119.247 - - [26/Apr/2011:23:00:25 +0000] "GET /favicon.ico HTTP/1.1" 404 503 "-" "Mozilla/5.0 (X11; U; Linux x86_64; en-US) AppleWebKit/534.16 (KHTML, like Gecko) Chrome/10.0.648.205 Safari/534.16"
65.52.49.141 - - [26/Apr/2011:23:09:56 +0000] "GET /robots.txt HTTP/1.1" 404 533 "-" "Mozilla/5.0 (compatible; bingbot/2.0; +http://www.bing.com/bingbot.htm)"
123.125.71.35 - - [27/Apr/2011:00:42:38 +0000] "GET / HTTP/1.1" 200 1630 "-" "Baiduspider+(+http://www.baidu.com/search/spider.htm)"
220.181.108.84 - - [27/Apr/2011:00:43:13 +0000] "GET / HTTP/1.1" 200 1630 "-" "Baiduspider+(+http://www.baidu.com/search/spider.htm)"
124.115.0.28 - - [27/Apr/2011:01:18:48 +0000] "GET / HTTP/1.1" 200 993 "-" "Sosospider+(+http://help.soso.com/webspider.htm)"
123.125.71.26 - - [27/Apr/2011:01:42:40 +0000] "GET / HTTP/1.1" 200 1630 "-" "Baiduspider+(+http://www.baidu.com/search/spider.htm)"
220.181.108.87 - - [27/Apr/2011:01:43:17 +0000] "GET / HTTP/1.1" 200 1630 "-" "Baiduspider+(+http://www.baidu.com/search/spider.htm)"
123.125.71.29 - - [27/Apr/2011:03:42:50 +0000] "GET / HTTP/1.1" 200 1630 "-" "Baiduspider+(+http://www.baidu.com/search/spider.htm)"
220.181.108.93 - - [27/Apr/2011:03:42:58 +0000] "GET / HTTP/1.1" 200 1630 "-" "Baiduspider+(+http://www.baidu.com/search/spider.htm)"
123.125.71.12 - - [27/Apr/2011:04:41:07 +0000] "GET / HTTP/1.1" 200 1630 "-" "Baiduspider+(+http://www.baidu.com/search/spider.htm)"
220.181.108.84 - - [27/Apr/2011:04:41:42 +0000] "GET / HTTP/1.1" 200 1630 "-" "Baiduspider+(+http://www.baidu.com/search/spider.htm)"
123.125.71.19 - - [27/Apr/2011:06:42:27 +0000] "GET / HTTP/1.1" 200 1630 "-" "Baiduspider+(+http://www.baidu.com/search/spider.htm)"
69.28.58.9 - - [27/Apr/2011:06:42:36 +0000] "GET / HTTP/1.1" 200 1630 "-" "Wget/1.9+cvs-stable (Red Hat modified)"
220.181.108.81 - - [27/Apr/2011:06:43:06 +0000] "GET / HTTP/1.1" 200 1630 "-" "Baiduspider+(+http://www.baidu.com/search/spider.htm)"
123.125.71.30 - - [27/Apr/2011:07:42:21 +0000] "GET / HTTP/1.1" 200 1630 "-" "Baiduspider+(+http://www.baidu.com/search/spider.htm)"
220.181.108.87 - - [27/Apr/2011:07:42:57 +0000] "GET / HTTP/1.1" 200 1630 "-" "Baiduspider+(+http://www.baidu.com/search/spider.htm)"
65.52.51.180 - - [27/Apr/2011:07:49:24 +0000] "GET /robots.txt HTTP/1.1" 404 533 "-" "Mozilla/5.0 (compatible; bingbot/2.0; +http://www.bing.com/bingbot.htm)"
174.129.117.237 - - [27/Apr/2011:07:55:12 +0000] "HEAD / HTTP/1.1" 200 280 "-" "Mozilla/5.0 (Windows; U; Windows NT 5.1; en-US) AppleWebKit/525.13 (KHTML, like Gecko) Chrome/0.A.B.C Safari/525.13"
123.125.71.35 - - [27/Apr/2011:09:41:23 +0000] "GET / HTTP/1.1" 200 1630 "-" "Baiduspider+(+http://www.baidu.com/search/spider.htm)"
220.181.108.92 - - [27/Apr/2011:09:42:07 +0000] "GET / HTTP/1.1" 200 1630 "-" "Baiduspider+(+http://www.baidu.com/search/spider.htm)"
123.125.71.27 - - [27/Apr/2011:12:41:27 +0000] "GET / HTTP/1.1" 200 1630 "-" "Baiduspider+(+http://www.baidu.com/search/spider.htm)"
220.181.108.88 - - [27/Apr/2011:12:42:04 +0000] "GET / HTTP/1.1" 200 1630 "-" "Baiduspider+(+http://www.baidu.com/search/spider.htm)"
124.115.0.100 - - [27/Apr/2011:13:27:17 +0000] "GET / HTTP/1.1" 200 993 "-" "Sosospider+(+http://help.soso.com/webspider.htm)"
123.125.71.17 - - [27/Apr/2011:13:40:28 +0000] "GET / HTTP/1.1" 200 1630 "-" "Baiduspider+(+http://www.baidu.com/search/spider.htm)"
220.181.108.75 - - [27/Apr/2011:13:40:56 +0000] "GET / HTTP/1.1" 200 1630 "-" "Baiduspider+(+http://www.baidu.com/search/spider.htm)"
123.125.71.24 - - [27/Apr/2011:14:41:01 +0000] "GET / HTTP/1.1" 200 1630 "-" "Baiduspider+(+http://www.baidu.com/search/spider.htm)"
220.181.108.87 - - [27/Apr/2011:14:41:30 +0000] "GET / HTTP/1.1" 200 1630 "-" "Baiduspider+(+http://www.baidu.com/search/spider.htm)"
220.181.108.84 - - [27/Apr/2011:16:01:19 +0000] "GET /robots.txt HTTP/1.1" 404 470 "-" "Baiduspider+(+http://www.baidu.com/search/spider.htm)"
64.16.187.50 - - [27/Apr/2011:16:32:37 +0000] "GET / HTTP/1.1" 200 993 "-" "Mozilla/5.0 (Windows; U; Windows NT 6.1; en-US) AppleWebKit/534.16 (KHTML, like Gecko) Chrome/10.0.648.205 Safari/534.16"
64.16.187.50 - - [27/Apr/2011:16:32:37 +0000] "GET /blogger.png HTTP/1.1" 200 2848 "http://insectpolitics.com/" "Mozilla/5.0 (Windows; U; Windows NT 6.1; en-US) AppleWebKit/534.16 (KHTML, like Gecko) Chrome/10.0.648.205 Safari/534.16"
64.16.187.50 - - [27/Apr/2011:16:32:37 +0000] "GET /facebook.png HTTP/1.1" 200 5275 "http://insectpolitics.com/" "Mozilla/5.0 (Windows; U; Windows NT 6.1; en-US) AppleWebKit/534.16 (KHTML, like Gecko) Chrome/10.0.648.205 Safari/534.16"
64.16.187.50 - - [27/Apr/2011:16:32:37 +0000] "GET /twitter.png HTTP/1.1" 200 3230 "http://insectpolitics.com/" "Mozilla/5.0 (Windows; U; Windows NT 6.1; en-US) AppleWebKit/534.16 (KHTML, like Gecko) Chrome/10.0.648.205 Safari/534.16"
123.125.71.15 - - [27/Apr/2011:16:58:08 +0000] "GET / HTTP/1.1" 200 1630 "-" "Baiduspider+(+http://www.baidu.com/search/spider.htm)"
220.181.108.92 - - [27/Apr/2011:16:59:04 +0000] "GET / HTTP/1.1" 200 1630 "-" "Baiduspider+(+http://www.baidu.com/search/spider.htm)"
64.16.187.50 - - [27/Apr/2011:18:04:01 +0000] "GET /movies/ HTTP/1.1" 200 811 "-" "Mozilla/5.0 (Windows; U; Windows NT 6.1; en-US) AppleWebKit/534.16 (KHTML, like Gecko) Chrome/10.0.648.205 Safari/534.16"
64.16.187.50 - - [27/Apr/2011:18:04:01 +0000] "GET / HTTP/1.1" 200 992 "-" "Mozilla/5.0 (Windows; U; Windows NT 6.1; en-US) AppleWebKit/534.16 (KHTML, like Gecko) Chrome/10.0.648.205 Safari/534.16"
64.16.187.50 - - [27/Apr/2011:18:04:01 +0000] "GET /blogger.png HTTP/1.1" 200 2848 "http://cafink.name/" "Mozilla/5.0 (Windows; U; Windows NT 6.1; en-US) AppleWebKit/534.16 (KHTML, like Gecko) Chrome/10.0.648.205 Safari/534.16"
64.16.187.50 - - [27/Apr/2011:18:04:02 +0000] "GET /facebook.png HTTP/1.1" 200 5275 "http://cafink.name/" "Mozilla/5.0 (Windows; U; Windows NT 6.1; en-US) AppleWebKit/534.16 (KHTML, like Gecko) Chrome/10.0.648.205 Safari/534.16"
64.16.187.50 - - [27/Apr/2011:18:04:02 +0000] "GET /twitter.png HTTP/1.1" 200 3230 "http://cafink.name/" "Mozilla/5.0 (Windows; U; Windows NT 6.1; en-US) AppleWebKit/534.16 (KHTML, like Gecko) Chrome/10.0.648.205 Safari/534.16"
64.16.187.50 - - [27/Apr/2011:18:04:02 +0000] "GET /favicon.ico HTTP/1.1" 404 503 "-" "Mozilla/5.0 (Windows; U; Windows NT 6.1; en-US) AppleWebKit/534.16 (KHTML, like Gecko) Chrome/10.0.648.205 Safari/534.16"
64.16.187.50 - - [27/Apr/2011:18:04:04 +0000] "GET /favicon.ico HTTP/1.1" 404 503 "-" "Mozilla/5.0 (Windows; U; Windows NT 6.1; en-US) AppleWebKit/534.16 (KHTML, like Gecko) Chrome/10.0.648.205 Safari/534.16"
64.16.187.50 - - [27/Apr/2011:18:04:05 +0000] "GET /movies/features_blu-ray.txt HTTP/1.1" 304 210 "-" "Mozilla/5.0 (Windows; U; Windows NT 6.1; en-US) AppleWebKit/534.16 (KHTML, like Gecko) Chrome/10.0.648.205 Safari/534.16"
64.16.187.50 - - [27/Apr/2011:18:04:05 +0000] "GET /favicon.ico HTTP/1.1" 404 503 "-" "Mozilla/5.0 (Windows; U; Windows NT 6.1; en-US) AppleWebKit/534.16 (KHTML, like Gecko) Chrome/10.0.648.205 Safari/534.16"
123.125.71.28 - - [27/Apr/2011:19:41:53 +0000] "GET / HTTP/1.1" 200 1630 "-" "Baiduspider+(+http://www.baidu.com/search/spider.htm)"
123.125.71.12 - - [27/Apr/2011:20:42:01 +0000] "GET / HTTP/1.1" 200 1630 "-" "Baiduspider+(+http://www.baidu.com/search/spider.htm)"
220.181.108.94 - - [27/Apr/2011:20:42:50 +0000] "GET / HTTP/1.1" 200 1630 "-" "Baiduspider+(+http://www.baidu.com/search/spider.htm)"
124.115.0.28 - - [27/Apr/2011:21:34:13 +0000] "GET / HTTP/1.1" 200 993 "-" "Sosospider+(+http://help.soso.com/webspider.htm)"
123.125.71.26 - - [27/Apr/2011:21:42:32 +0000] "GET / HTTP/1.1" 200 1630 "-" "Baiduspider+(+http://www.baidu.com/search/spider.htm)"
220.181.108.93 - - [27/Apr/2011:21:43:07 +0000] "GET / HTTP/1.1" 200 1630 "-" "Baiduspider+(+http://www.baidu.com/search/spider.htm)"
157.55.50.77 - - [27/Apr/2011:21:43:46 +0000] "GET /robots.txt HTTP/1.1" 404 533 "-" "Mozilla/5.0 (compatible; bingbot/2.0; +http://www.bing.com/bingbot.htm)"
81.52.143.16 - - [27/Apr/2011:22:18:13 +0000] "GET / HTTP/1.1" 200 955 "-" "Mozilla/5.0 (Windows; U; Windows NT 5.1; fr; rv:1.8.1) VoilaBot BETA 1.2 (support.voilabot@orange-ftgroup.com)"
123.125.71.23 - - [27/Apr/2011:22:41:58 +0000] "GET / HTTP/1.1" 200 1630 "-" "Baiduspider+(+http://www.baidu.com/search/spider.htm)"
220.181.108.87 - - [27/Apr/2011:22:42:31 +0000] "GET / HTTP/1.1" 200 1630 "-" "Baiduspider+(+http://www.baidu.com/search/spider.htm)"
208.80.194.31 - - [28/Apr/2011:00:43:25 +0000] "GET / HTTP/1.0" 200 1630 "-" "Mozilla/4.0 (compatible; MSIE 7.0; Windows NT 6.0; tmweb; SLCC1; .NET CLR 2.0.50727; Media Center PC 5.0; .NET CLR 3.0.04506)"
123.125.71.29 - - [28/Apr/2011:02:43:43 +0000] "GET / HTTP/1.1" 200 1630 "-" "Baiduspider+(+http://www.baidu.com/search/spider.htm)"
220.181.108.91 - - [28/Apr/2011:02:44:11 +0000] "GET / HTTP/1.1" 200 1630 "-" "Baiduspider+(+http://www.baidu.com/search/spider.htm)"
124.115.0.28 - - [28/Apr/2011:03:12:10 +0000] "GET / HTTP/1.1" 200 993 "-" "Sosospider+(+http://help.soso.com/webspider.htm)"
123.125.71.31 - - [28/Apr/2011:04:41:54 +0000] "GET / HTTP/1.1" 200 1630 "-" "Baiduspider+(+http://www.baidu.com/search/spider.htm)"
220.181.108.78 - - [28/Apr/2011:04:42:29 +0000] "GET / HTTP/1.1" 200 1630 "-" "Baiduspider+(+http://www.baidu.com/search/spider.htm)"
87.106.135.77 - - [28/Apr/2011:09:59:48 +0000] "GET / HTTP/1.1" 200 1637 "-" "Mozilla/4.0 (compatible; MSIE 5.5; Windows NT)"
87.106.135.77 - - [28/Apr/2011:09:59:51 +0000] "GET / HTTP/1.1" 200 1637 "-" "Mozilla/4.0 (compatible; MSIE 5.5; Windows NT)"
123.125.71.36 - - [28/Apr/2011:10:42:00 +0000] "GET / HTTP/1.1" 200 1630 "-" "Baiduspider+(+http://www.baidu.com/search/spider.htm)"
220.181.108.97 - - [28/Apr/2011:10:42:36 +0000] "GET / HTTP/1.1" 200 1630 "-" "Baiduspider+(+http://www.baidu.com/search/spider.htm)"
124.115.0.146 - - [28/Apr/2011:11:06:21 +0000] "GET / HTTP/1.1" 200 993 "-" "Mozilla/4.0 (compatible; MSIE 6.0; Windows NT 5.1)"
124.115.0.28 - - [28/Apr/2011:11:19:28 +0000] "GET / HTTP/1.1" 200 993 "-" "Sosospider+(+http://help.soso.com/webspider.htm)"
157.55.50.11 - - [28/Apr/2011:13:21:49 +0000] "GET /robots.txt HTTP/1.1" 404 533 "-" "Mozilla/5.0 (compatible; bingbot/2.0; +http://www.bing.com/bingbot.htm)"
72.30.161.235 - - [28/Apr/2011:13:23:33 +0000] "GET /robots.txt HTTP/1.0" 404 472 "-" "Mozilla/5.0 (compatible; Yahoo! Slurp; http://help.yahoo.com/help/us/ysearch/slurp)"
72.30.161.235 - - [28/Apr/2011:13:23:34 +0000] "GET / HTTP/1.0" 200 955 "-" "Mozilla/5.0 (compatible; Yahoo! Slurp; http://help.yahoo.com/help/us/ysearch/slurp)"
123.125.71.21 - - [28/Apr/2011:14:41:52 +0000] "GET / HTTP/1.1" 200 1630 "-" "Baiduspider+(+http://www.baidu.com/search/spider.htm)"
220.181.108.97 - - [28/Apr/2011:14:42:26 +0000] "GET / HTTP/1.1" 200 1630 "-" "Baiduspider+(+http://www.baidu.com/search/spider.htm)"
50.17.1.175 - - [28/Apr/2011:15:27:51 +0000] "GET / HTTP/1.0" 200 1630 "-" "Mozilla/5.0 (compatible; NetcraftSurveyAgent/1.0; +info@netcraft.com)"
123.125.71.14 - - [28/Apr/2011:15:41:27 +0000] "GET / HTTP/1.1" 304 171 "-" "Baiduspider+(+http://www.baidu.com/search/spider.htm)"
50.19.13.121 - - [28/Apr/2011:16:27:27 +0000] "GET / HTTP/1.0" 200 1630 "-" "Mozilla/5.0 (compatible; NetcraftSurveyAgent/1.0; +info@netcraft.com)"
50.16.149.64 - - [28/Apr/2011:16:40:42 +0000] "GET / HTTP/1.0" 200 1630 "-" "Mozilla/5.0 (compatible; NetcraftSurveyAgent/1.0; +info@netcraft.com)"
220.181.108.76 - - [28/Apr/2011:17:01:45 +0000] "GET / HTTP/1.1" 200 1630 "-" "Baiduspider+(+http://www.baidu.com/search/spider.htm)"
123.125.71.34 - - [28/Apr/2011:17:02:02 +0000] "GET / HTTP/1.1" 200 1630 "-" "Baiduspider+(+http://www.baidu.com/search/spider.htm)"
50.17.147.150 - - [28/Apr/2011:17:49:28 +0000] "GET / HTTP/1.0" 200 1630 "-" "Mozilla/5.0 (compatible; NetcraftSurveyAgent/1.0; +info@netcraft.com)"
123.125.71.16 - - [28/Apr/2011:18:06:14 +0000] "GET / HTTP/1.1" 200 1630 "-" "Baiduspider+(+http://www.baidu.com/search/spider.htm)"
220.181.108.80 - - [28/Apr/2011:18:10:34 +0000] "GET / HTTP/1.1" 200 1630 "-" "Baiduspider+(+http://www.baidu.com/search/spider.htm)"
123.125.71.20 - - [28/Apr/2011:18:58:28 +0000] "GET / HTTP/1.1" 200 1630 "-" "Baiduspider+(+http://www.baidu.com/search/spider.htm)"
220.181.108.92 - - [28/Apr/2011:18:59:07 +0000] "GET / HTTP/1.1" 200 1630 "-" "Baiduspider+(+http://www.baidu.com/search/spider.htm)"
174.129.71.251 - - [28/Apr/2011:20:36:50 +0000] "GET / HTTP/1.0" 200 1630 "-" "Mozilla/5.0 (compatible; NetcraftSurveyAgent/1.0; +info@netcraft.com)"
123.125.71.22 - - [28/Apr/2011:20:41:53 +0000] "GET / HTTP/1.1" 200 1630 "-" "Baiduspider+(+http://www.baidu.com/search/spider.htm)"
220.181.108.80 - - [28/Apr/2011:20:42:31 +0000] "GET / HTTP/1.1" 200 1630 "-" "Baiduspider+(+http://www.baidu.com/search/spider.htm)"
77.88.31.248 - - [28/Apr/2011:22:40:25 +0000] "GET /robots.txt HTTP/1.1" 404 537 "-" "Mozilla/5.0 (compatible; YandexBot/3.0; +http://yandex.com/bots)"
123.125.71.20 - - [28/Apr/2011:22:41:06 +0000] "GET / HTTP/1.1" 200 1630 "-" "Baiduspider+(+http://www.baidu.com/search/spider.htm)"
220.181.108.89 - - [28/Apr/2011:22:41:41 +0000] "GET / HTTP/1.1" 200 1630 "-" "Baiduspider+(+http://www.baidu.com/search/spider.htm)"
123.125.71.27 - - [29/Apr/2011:00:42:32 +0000] "GET / HTTP/1.1" 200 1630 "-" "Baiduspider+(+http://www.baidu.com/search/spider.htm)"
220.181.108.96 - - [29/Apr/2011:00:43:06 +0000] "GET / HTTP/1.1" 200 1630 "-" "Baiduspider+(+http://www.baidu.com/search/spider.htm)"
124.115.0.163 - - [29/Apr/2011:02:19:41 +0000] "GET / HTTP/1.1" 200 993 "-" "Sosospider+(+http://help.soso.com/webspider.htm)"
123.125.71.15 - - [29/Apr/2011:05:43:17 +0000] "GET / HTTP/1.1" 200 1630 "-" "Baiduspider+(+http://www.baidu.com/search/spider.htm)"
220.181.108.84 - - [29/Apr/2011:05:43:48 +0000] "GET / HTTP/1.1" 200 1630 "-" "Baiduspider+(+http://www.baidu.com/search/spider.htm)"
220.181.108.94 - - [29/Apr/2011:06:42:43 +0000] "GET / HTTP/1.1" 200 1630 "-" "Baiduspider+(+http://www.baidu.com/search/spider.htm)"
123.125.71.25 - - [29/Apr/2011:06:44:03 +0000] "GET / HTTP/1.1" 200 1630 "-" "Baiduspider+(+http://www.baidu.com/search/spider.htm)"
69.28.58.9 - - [29/Apr/2011:06:44:12 +0000] "GET / HTTP/1.1" 200 1630 "-" "Wget/1.9+cvs-stable (Red Hat modified)"
69.28.58.7 - - [29/Apr/2011:06:44:58 +0000] "GET /robots.txt HTTP/1.0" 404 495 "http://insectpolitics.com/robots.txt" "Huaweisymantecspider (compatible; MSIE 8.0; DSE-support@huaweisymantec.com)"
69.28.58.7 - - [29/Apr/2011:06:44:58 +0000] "GET / HTTP/1.0" 200 1630 "http://insectpolitics.com/" "Huaweisymantecspider (compatible; MSIE 8.0; DSE-support@huaweisymantec.com)"
123.125.71.14 - - [29/Apr/2011:07:42:19 +0000] "GET / HTTP/1.1" 200 1630 "-" "Baiduspider+(+http://www.baidu.com/search/spider.htm)"
123.125.71.30 - - [29/Apr/2011:08:42:40 +0000] "GET / HTTP/1.1" 200 1630 "-" "Baiduspider+(+http://www.baidu.com/search/spider.htm)"
220.181.108.82 - - [29/Apr/2011:08:43:15 +0000] "GET / HTTP/1.1" 200 1630 "-" "Baiduspider+(+http://www.baidu.com/search/spider.htm)"
65.52.51.178 - - [29/Apr/2011:08:59:54 +0000] "GET /robots.txt HTTP/1.1" 404 533 "-" "Mozilla/5.0 (compatible; bingbot/2.0; +http://www.bing.com/bingbot.htm)"
123.125.71.35 - - [29/Apr/2011:09:42:33 +0000] "GET / HTTP/1.1" 200 1630 "-" "Baiduspider+(+http://www.baidu.com/search/spider.htm)"
220.181.108.82 - - [29/Apr/2011:09:43:09 +0000] "GET / HTTP/1.1" 200 1630 "-" "Baiduspider+(+http://www.baidu.com/search/spider.htm)"
77.88.31.248 - - [29/Apr/2011:10:30:42 +0000] "GET / HTTP/1.1" 200 993 "-" "Mozilla/5.0 (compatible; YandexBot/3.0; +http://yandex.com/bots)"
123.125.71.17 - - [29/Apr/2011:10:42:15 +0000] "GET / HTTP/1.1" 200 1630 "-" "Baiduspider+(+http://www.baidu.com/search/spider.htm)"
220.181.108.97 - - [29/Apr/2011:10:42:50 +0000] "GET / HTTP/1.1" 200 1630 "-" "Baiduspider+(+http://www.baidu.com/search/spider.htm)"
124.115.0.163 - - [29/Apr/2011:11:08:23 +0000] "GET / HTTP/1.1" 200 993 "-" "Sosospider+(+http://help.soso.com/webspider.htm)"
123.125.71.35 - - [29/Apr/2011:12:40:48 +0000] "GET / HTTP/1.1" 200 1630 "-" "Baiduspider+(+http://www.baidu.com/search/spider.htm)"
220.181.108.78 - - [29/Apr/2011:12:41:19 +0000] "GET / HTTP/1.1" 200 1630 "-" "Baiduspider+(+http://www.baidu.com/search/spider.htm)"
119.11.15.21 - - [29/Apr/2011:12:43:58 +0000] "GET / HTTP/1.1" 200 993 "http://www.musesmuse.com/muselinks/Songwriting/Songwriters/more6.html" "Mozilla/5.0 (compatible; MSIE 9.0; Windows NT 6.0; Trident/5.0)"
119.11.15.21 - - [29/Apr/2011:12:44:00 +0000] "GET /blogger.png HTTP/1.1" 200 2849 "http://www.insectpolitics.com/" "Mozilla/5.0 (compatible; MSIE 9.0; Windows NT 6.0; Trident/5.0)"
119.11.15.21 - - [29/Apr/2011:12:44:00 +0000] "GET /facebook.png HTTP/1.1" 200 5274 "http://www.insectpolitics.com/" "Mozilla/5.0 (compatible; MSIE 9.0; Windows NT 6.0; Trident/5.0)"
119.11.15.21 - - [29/Apr/2011:12:44:02 +0000] "GET /twitter.png HTTP/1.1" 200 3230 "http://www.insectpolitics.com/" "Mozilla/5.0 (compatible; MSIE 9.0; Windows NT 6.0; Trident/5.0)"
119.11.15.21 - - [29/Apr/2011:12:44:04 +0000] "GET /favicon.ico HTTP/1.1" 404 511 "-" "Mozilla/5.0 (compatible; MSIE 9.0; Windows NT 6.0; Trident/5.0)"
123.125.71.15 - - [29/Apr/2011:15:44:28 +0000] "GET / HTTP/1.1" 200 1630 "-" "Baiduspider+(+http://www.baidu.com/search/spider.htm)"
220.181.108.88 - - [29/Apr/2011:15:45:01 +0000] "GET / HTTP/1.1" 200 1630 "-" "Baiduspider+(+http://www.baidu.com/search/spider.htm)"
123.125.71.25 - - [29/Apr/2011:19:42:21 +0000] "GET / HTTP/1.1" 200 1630 "-" "Baiduspider+(+http://www.baidu.com/search/spider.htm)"
220.181.108.90 - - [29/Apr/2011:19:42:56 +0000] "GET / HTTP/1.1" 200 1630 "-" "Baiduspider+(+http://www.baidu.com/search/spider.htm)"
123.125.71.32 - - [29/Apr/2011:20:42:28 +0000] "GET / HTTP/1.1" 200 1630 "-" "Baiduspider+(+http://www.baidu.com/search/spider.htm)"
220.181.108.90 - - [29/Apr/2011:20:43:09 +0000] "GET / HTTP/1.1" 200 1630 "-" "Baiduspider+(+http://www.baidu.com/search/spider.htm)"
157.55.50.12 - - [29/Apr/2011:20:52:54 +0000] "GET /robots.txt HTTP/1.1" 404 533 "-" "Mozilla/5.0 (compatible; bingbot/2.0; +http://www.bing.com/bingbot.htm)"
208.80.194.33 - - [29/Apr/2011:21:13:46 +0000] "GET / HTTP/1.0" 200 1630 "-" "Mozilla/4.0 (compatible; MSIE 6.0; Windows NT 5.1; BTOW; SV1; .NET CLR 1.1.4322)"
77.88.31.248 - - [29/Apr/2011:21:55:59 +0000] "GET /robots.txt HTTP/1.1" 404 537 "-" "Mozilla/5.0 (compatible; YandexBot/3.0; +http://yandex.com/bots)"
220.181.108.81 - - [29/Apr/2011:22:42:23 +0000] "GET / HTTP/1.1" 200 1630 "-" "Baiduspider+(+http://www.baidu.com/search/spider.htm)"
123.125.71.16 - - [29/Apr/2011:22:45:37 +0000] "GET / HTTP/1.1" 200 1630 "-" "Baiduspider+(+http://www.baidu.com/search/spider.htm)"
174.129.117.237 - - [29/Apr/2011:22:46:18 +0000] "HEAD / HTTP/1.1" 200 280 "-" "Mozilla/5.0 (Windows; U; Windows NT 5.1; en-US) AppleWebKit/525.13 (KHTML, like Gecko) Chrome/0.A.B.C Safari/525.13"
123.125.71.25 - - [29/Apr/2011:22:48:16 +0000] "GET / HTTP/1.1" 304 171 "-" "Baiduspider+(+http://www.baidu.com/search/spider.htm)"
124.115.0.100 - - [30/Apr/2011:00:24:53 +0000] "GET / HTTP/1.1" 200 993 "-" "Sosospider+(+http://help.soso.com/webspider.htm)"
123.125.71.26 - - [30/Apr/2011:00:43:21 +0000] "GET / HTTP/1.1" 200 1630 "-" "Baiduspider+(+http://www.baidu.com/search/spider.htm)"
220.181.108.85 - - [30/Apr/2011:00:44:00 +0000] "GET / HTTP/1.1" 200 1630 "-" "Baiduspider+(+http://www.baidu.com/search/spider.htm)"
123.125.71.30 - - [30/Apr/2011:01:42:38 +0000] "GET / HTTP/1.1" 200 1630 "-" "Baiduspider+(+http://www.baidu.com/search/spider.htm)"
220.181.108.86 - - [30/Apr/2011:01:43:13 +0000] "GET / HTTP/1.1" 200 1630 "-" "Baiduspider+(+http://www.baidu.com/search/spider.htm)"
123.125.71.20 - - [30/Apr/2011:02:46:16 +0000] "GET / HTTP/1.1" 200 1630 "-" "Baiduspider+(+http://www.baidu.com/search/spider.htm)"
123.125.71.26 - - [30/Apr/2011:04:42:28 +0000] "GET / HTTP/1.1" 200 1630 "-" "Baiduspider+(+http://www.baidu.com/search/spider.htm)"
220.181.108.94 - - [30/Apr/2011:04:43:02 +0000] "GET / HTTP/1.1" 200 1630 "-" "Baiduspider+(+http://www.baidu.com/search/spider.htm)"
123.125.71.14 - - [30/Apr/2011:05:43:24 +0000] "GET / HTTP/1.1" 200 1630 "-" "Baiduspider+(+http://www.baidu.com/search/spider.htm)"
220.181.108.92 - - [30/Apr/2011:05:44:00 +0000] "GET / HTTP/1.1" 200 1630 "-" "Baiduspider+(+http://www.baidu.com/search/spider.htm)"
66.249.71.65 - - [30/Apr/2011:05:54:48 +0000] "GET /robots.txt HTTP/1.1" 404 509 "-" "Mozilla/5.0 (compatible; Googlebot/2.1; +http://www.google.com/bot.html)"
66.249.71.65 - - [30/Apr/2011:05:54:48 +0000] "GET / HTTP/1.1" 200 992 "-" "Mozilla/5.0 (compatible; Googlebot/2.1; +http://www.google.com/bot.html)"
123.125.71.16 - - [30/Apr/2011:06:44:02 +0000] "GET / HTTP/1.1" 200 1630 "-" "Baiduspider+(+http://www.baidu.com/search/spider.htm)"
220.181.108.95 - - [30/Apr/2011:06:44:37 +0000] "GET / HTTP/1.1" 200 1630 "-" "Baiduspider+(+http://www.baidu.com/search/spider.htm)"
123.125.71.33 - - [30/Apr/2011:08:42:30 +0000] "GET / HTTP/1.1" 200 1630 "-" "Baiduspider+(+http://www.baidu.com/search/spider.htm)"
220.181.108.87 - - [30/Apr/2011:08:43:06 +0000] "GET / HTTP/1.1" 200 1630 "-" "Baiduspider+(+http://www.baidu.com/search/spider.htm)"
124.115.0.100 - - [30/Apr/2011:09:25:43 +0000] "GET / HTTP/1.1" 200 993 "-" "Sosospider+(+http://help.soso.com/webspider.htm)"
124.115.6.13 - - [30/Apr/2011:10:22:47 +0000] "GET /robots.txt HTTP/1.1" 404 508 "-" "Sosospider+(+http://help.soso.com/webspider.htm)"
220.181.108.86 - - [30/Apr/2011:11:43:13 +0000] "GET / HTTP/1.1" 200 1630 "-" "Baiduspider+(+http://www.baidu.com/search/spider.htm)"
65.52.51.178 - - [30/Apr/2011:12:05:46 +0000] "GET /robots.txt HTTP/1.1" 404 533 "-" "Mozilla/5.0 (compatible; bingbot/2.0; +http://www.bing.com/bingbot.htm)"
123.125.71.16 - - [30/Apr/2011:14:40:53 +0000] "GET / HTTP/1.1" 200 1630 "-" "Baiduspider+(+http://www.baidu.com/search/spider.htm)"
220.181.108.91 - - [30/Apr/2011:14:41:27 +0000] "GET / HTTP/1.1" 200 1630 "-" "Baiduspider+(+http://www.baidu.com/search/spider.htm)"
78.129.201.71 - - [30/Apr/2011:14:55:24 +0000] "GET /robots.txt HTTP/1.0" 404 499 "-" "Mozilla/5.0 (compatible; MJ12bot/v1.3.3; http://www.majestic12.co.uk/bot.php?+)"
78.129.201.71 - - [30/Apr/2011:14:55:25 +0000] "GET / HTTP/1.0" 200 955 "-" "Mozilla/5.0 (compatible; MJ12bot/v1.3.3; http://www.majestic12.co.uk/bot.php?+)"
123.125.71.34 - - [30/Apr/2011:15:45:36 +0000] "GET / HTTP/1.1" 200 1630 "-" "Baiduspider+(+http://www.baidu.com/search/spider.htm)"
220.181.108.83 - - [30/Apr/2011:15:46:16 +0000] "GET / HTTP/1.1" 200 1630 "-" "Baiduspider+(+http://www.baidu.com/search/spider.htm)"
123.125.71.23 - - [30/Apr/2011:17:02:08 +0000] "GET / HTTP/1.1" 200 1630 "-" "Baiduspider+(+http://www.baidu.com/search/spider.htm)"
220.181.108.77 - - [30/Apr/2011:17:03:03 +0000] "GET / HTTP/1.1" 200 1630 "-" "Baiduspider+(+http://www.baidu.com/search/spider.htm)"
124.115.0.28 - - [30/Apr/2011:17:40:09 +0000] "GET / HTTP/1.1" 200 993 "-" "Sosospider+(+http://help.soso.com/webspider.htm)"
123.125.71.16 - - [30/Apr/2011:18:45:27 +0000] "GET / HTTP/1.1" 200 1630 "-" "Baiduspider+(+http://www.baidu.com/search/spider.htm)"
220.181.108.89 - - [30/Apr/2011:18:46:07 +0000] "GET / HTTP/1.1" 200 1630 "-" "Baiduspider+(+http://www.baidu.com/search/spider.htm)"
123.125.71.26 - - [30/Apr/2011:20:43:37 +0000] "GET / HTTP/1.1" 200 1630 "-" "Baiduspider+(+http://www.baidu.com/search/spider.htm)"
81.52.143.16 - - [30/Apr/2011:23:07:28 +0000] "GET /robots.txt HTTP/1.1" 404 472 "-" "Mozilla/5.0 (Windows; U; Windows NT 5.1; fr; rv:1.8.1) VoilaBot BETA 1.2 (support.voilabot@orange-ftgroup.com)"
81.52.143.16 - - [30/Apr/2011:23:07:39 +0000] "GET / HTTP/1.1" 200 955 "-" "Mozilla/5.0 (Windows; U; Windows NT 5.1; fr; rv:1.8.1) VoilaBot BETA 1.2 (support.voilabot@orange-ftgroup.com)"
124.115.0.28 - - [30/Apr/2011:23:51:50 +0000] "GET / HTTP/1.1" 200 993 "-" "Sosospider+(+http://help.soso.com/webspider.htm)"
157.55.50.12 - - [01/May/2011:00:18:20 +0000] "GET /robots.txt HTTP/1.1" 404 533 "-" "Mozilla/5.0 (compatible; bingbot/2.0; +http://www.bing.com/bingbot.htm)"
123.125.71.18 - - [01/May/2011:01:42:24 +0000] "GET / HTTP/1.1" 200 1630 "-" "Baiduspider+(+http://www.baidu.com/search/spider.htm)"
220.181.108.88 - - [01/May/2011:01:42:49 +0000] "GET / HTTP/1.1" 200 1630 "-" "Baiduspider+(+http://www.baidu.com/search/spider.htm)"
220.181.108.95 - - [01/May/2011:02:47:36 +0000] "GET / HTTP/1.1" 200 1630 "-" "Baiduspider+(+http://www.baidu.com/search/spider.htm)"
67.195.115.25 - - [01/May/2011:04:13:48 +0000] "GET /robots.txt HTTP/1.0" 404 472 "-" "Mozilla/5.0 (compatible; Yahoo! Slurp; http://help.yahoo.com/help/us/ysearch/slurp)"
67.195.115.25 - - [01/May/2011:04:13:48 +0000] "GET /welcome.htm HTTP/1.0" 404 471 "-" "Mozilla/5.0 (compatible; Yahoo! Slurp; http://help.yahoo.com/help/us/ysearch/slurp)"
123.125.71.32 - - [01/May/2011:04:43:36 +0000] "GET / HTTP/1.1" 200 1630 "-" "Baiduspider+(+http://www.baidu.com/search/spider.htm)"
220.181.108.81 - - [01/May/2011:04:44:13 +0000] "GET / HTTP/1.1" 200 1630 "-" "Baiduspider+(+http://www.baidu.com/search/spider.htm)"
124.115.0.28 - - [01/May/2011:07:24:36 +0000] "GET / HTTP/1.1" 200 993 "-" "Sosospider+(+http://help.soso.com/webspider.htm)"
123.125.71.16 - - [01/May/2011:07:43:15 +0000] "GET / HTTP/1.1" 200 1630 "-" "Baiduspider+(+http://www.baidu.com/search/spider.htm)"
123.125.71.35 - - [01/May/2011:08:43:35 +0000] "GET / HTTP/1.1" 200 1630 "-" "Baiduspider+(+http://www.baidu.com/search/spider.htm)"
220.181.108.91 - - [01/May/2011:08:44:02 +0000] "GET / HTTP/1.1" 200 1630 "-" "Baiduspider+(+http://www.baidu.com/search/spider.htm)"
123.125.71.30 - - [01/May/2011:10:45:09 +0000] "GET / HTTP/1.1" 200 1630 "-" "Baiduspider+(+http://www.baidu.com/search/spider.htm)"
220.181.108.95 - - [01/May/2011:10:45:46 +0000] "GET / HTTP/1.1" 200 1630 "-" "Baiduspider+(+http://www.baidu.com/search/spider.htm)"
72.30.161.235 - - [01/May/2011:13:24:50 +0000] "GET /robots.txt HTTP/1.0" 404 472 "-" "Mozilla/5.0 (compatible; Yahoo! Slurp; http://help.yahoo.com/help/us/ysearch/slurp)"
72.30.161.235 - - [01/May/2011:13:24:50 +0000] "GET / HTTP/1.0" 200 955 "-" "Mozilla/5.0 (compatible; Yahoo! Slurp; http://help.yahoo.com/help/us/ysearch/slurp)"
123.125.71.22 - - [01/May/2011:13:41:36 +0000] "GET / HTTP/1.1" 200 1630 "-" "Baiduspider+(+http://www.baidu.com/search/spider.htm)"
220.181.108.95 - - [01/May/2011:13:42:11 +0000] "GET / HTTP/1.1" 200 1630 "-" "Baiduspider+(+http://www.baidu.com/search/spider.htm)"
123.125.71.18 - - [01/May/2011:15:46:35 +0000] "GET / HTTP/1.1" 200 1630 "-" "Baiduspider+(+http://www.baidu.com/search/spider.htm)"
220.181.108.84 - - [01/May/2011:15:47:10 +0000] "GET / HTTP/1.1" 200 1630 "-" "Baiduspider+(+http://www.baidu.com/search/spider.htm)"
208.80.194.34 - - [01/May/2011:16:04:52 +0000] "GET / HTTP/1.0" 200 1630 "-" "Mozilla/4.0 (compatible; MSIE 6.0; Windows NT 5.1; Wanadoo cable; .NET CLR 1.1.4322)"
123.125.71.13 - - [01/May/2011:18:45:14 +0000] "GET / HTTP/1.1" 200 1630 "-" "Baiduspider+(+http://www.baidu.com/search/spider.htm)"
69.28.58.4 - - [01/May/2011:18:45:14 +0000] "GET /robots.txt HTTP/1.0" 404 495 "http://insectpolitics.com/robots.txt" "HuaweiSymantecSpider/1.0+DSE-support@huaweisymantec.com+(compatible; MSIE 7.0; Windows NT 5.1; Trident/4.0; .NET CLR 2.0.50727; .NET CLR 3.0.4506.2152; .NET CLR ; http://www.huaweisymantec.com/en/IRL/spider)"
69.28.58.4 - - [01/May/2011:18:45:14 +0000] "GET / HTTP/1.0" 200 1630 "http://insectpolitics.com/" "HuaweiSymantecSpider/1.0+DSE-support@huaweisymantec.com+(compatible; MSIE 7.0; Windows NT 5.1; Trident/4.0; .NET CLR 2.0.50727; .NET CLR 3.0.4506.2152; .NET CLR ; http://www.huaweisymantec.com/en/IRL/spider)"
220.181.108.87 - - [01/May/2011:18:45:49 +0000] "GET / HTTP/1.1" 200 1630 "-" "Baiduspider+(+http://www.baidu.com/search/spider.htm)"
123.125.71.24 - - [01/May/2011:20:14:38 +0000] "GET / HTTP/1.1" 304 171 "-" "Baiduspider+(+http://www.baidu.com/search/spider.htm)"
123.125.71.29 - - [01/May/2011:20:43:18 +0000] "GET / HTTP/1.1" 200 1630 "-" "Baiduspider+(+http://www.baidu.com/search/spider.htm)"
220.181.108.82 - - [01/May/2011:20:43:55 +0000] "GET / HTTP/1.1" 200 1630 "-" "Baiduspider+(+http://www.baidu.com/search/spider.htm)"
124.115.0.163 - - [01/May/2011:20:58:15 +0000] "GET / HTTP/1.1" 200 993 "-" "Sosospider+(+http://help.soso.com/webspider.htm)"
69.58.178.56 - - [01/May/2011:21:11:02 +0000] "GET /robots.txt HTTP/1.1" 404 480 "-" "Mozilla/5.0 (X11; U; Linux i686; en-US; rv:1.9.1.3; ips-agent) Gecko/20090824 Fedora/1.0.7-1.1.fc4 Firefox/3.5.3"
69.58.178.56 - - [01/May/2011:21:11:03 +0000] "GET / HTTP/1.1" 200 1637 "-" "Mozilla/5.0 (X11; U; Linux i686; en-US; rv:1.9.1.3; ips-agent) Gecko/20090824 Fedora/1.0.7-1.1.fc4 Firefox/3.5.3"
69.58.178.56 - - [01/May/2011:21:11:04 +0000] "GET / HTTP/1.1" 200 1637 "-" "BlackBerry9000/4.6.0.167 Profile/MIDP-2.0 Configuration/CLDC-1.1 VendorID/102 ips-agent"
207.46.195.228 - - [01/May/2011:21:37:17 +0000] "GET /robots.txt HTTP/1.1" 404 534 "-" "Mozilla/5.0 (compatible; bingbot/2.0; +http://www.bing.com/bingbot.htm)"
207.46.195.228 - - [01/May/2011:21:38:15 +0000] "GET / HTTP/1.1" 304 209 "-" "Mozilla/5.0 (compatible; bingbot/2.0; +http://www.bing.com/bingbot.htm)"
123.125.71.36 - - [01/May/2011:22:43:43 +0000] "GET / HTTP/1.1" 200 1630 "-" "Baiduspider+(+http://www.baidu.com/search/spider.htm)"
220.181.108.89 - - [01/May/2011:22:44:19 +0000] "GET / HTTP/1.1" 200 1630 "-" "Baiduspider+(+http://www.baidu.com/search/spider.htm)"
65.52.49.141 - - [01/May/2011:23:01:10 +0000] "GET /robots.txt HTTP/1.1" 404 533 "-" "Mozilla/5.0 (compatible; bingbot/2.0; +http://www.bing.com/bingbot.htm)"
220.181.108.78 - - [02/May/2011:00:44:02 +0000] "GET / HTTP/1.1" 200 1630 "-" "Baiduspider+(+http://www.baidu.com/search/spider.htm)"
123.125.71.33 - - [02/May/2011:00:48:49 +0000] "GET / HTTP/1.1" 200 1630 "-" "Baiduspider+(+http://www.baidu.com/search/spider.htm)"
220.181.108.87 - - [02/May/2011:02:47:01 +0000] "GET / HTTP/1.1" 200 1630 "-" "Baiduspider+(+http://www.baidu.com/search/spider.htm)"
123.125.71.35 - - [02/May/2011:02:51:56 +0000] "GET / HTTP/1.1" 200 1630 "-" "Baiduspider+(+http://www.baidu.com/search/spider.htm)"
220.181.108.86 - - [02/May/2011:04:51:48 +0000] "GET / HTTP/1.1" 200 1630 "-" "Baiduspider+(+http://www.baidu.com/search/spider.htm)"
123.125.71.30 - - [02/May/2011:04:56:26 +0000] "GET / HTTP/1.1" 200 1630 "-" "Baiduspider+(+http://www.baidu.com/search/spider.htm)"
124.115.0.163 - - [02/May/2011:06:18:25 +0000] "GET / HTTP/1.1" 200 993 "-" "Sosospider+(+http://help.soso.com/webspider.htm)"
123.125.71.15 - - [02/May/2011:07:42:33 +0000] "GET / HTTP/1.1" 200 1630 "-" "Baiduspider+(+http://www.baidu.com/search/spider.htm)"
220.181.108.93 - - [02/May/2011:07:43:11 +0000] "GET / HTTP/1.1" 200 1630 "-" "Baiduspider+(+http://www.baidu.com/search/spider.htm)"
123.125.71.34 - - [02/May/2011:10:42:47 +0000] "GET / HTTP/1.1" 200 1630 "-" "Baiduspider+(+http://www.baidu.com/search/spider.htm)"
220.181.108.90 - - [02/May/2011:10:43:22 +0000] "GET / HTTP/1.1" 200 1630 "-" "Baiduspider+(+http://www.baidu.com/search/spider.htm)"
157.55.50.76 - - [02/May/2011:11:07:06 +0000] "GET /robots.txt HTTP/1.1" 404 533 "-" "Mozilla/5.0 (compatible; bingbot/2.0; +http://www.bing.com/bingbot.htm)"
123.125.71.21 - - [02/May/2011:11:48:21 +0000] "GET / HTTP/1.1" 200 1630 "-" "Baiduspider+(+http://www.baidu.com/search/spider.htm)"
124.115.0.163 - - [02/May/2011:14:40:59 +0000] "GET / HTTP/1.1" 200 993 "-" "Sosospider+(+http://help.soso.com/webspider.htm)"
220.181.108.76 - - [02/May/2011:14:41:30 +0000] "GET / HTTP/1.1" 200 1630 "-" "Baiduspider+(+http://www.baidu.com/search/spider.htm)"
123.125.71.25 - - [02/May/2011:14:43:46 +0000] "GET / HTTP/1.1" 200 1630 "-" "Baiduspider+(+http://www.baidu.com/search/spider.htm)"
220.181.108.75 - - [02/May/2011:15:41:27 +0000] "GET / HTTP/1.1" 200 1630 "-" "Baiduspider+(+http://www.baidu.com/search/spider.htm)"
123.125.71.12 - - [02/May/2011:15:42:56 +0000] "GET / HTTP/1.1" 200 1630 "-" "Baiduspider+(+http://www.baidu.com/search/spider.htm)"
66.249.71.146 - - [02/May/2011:16:54:08 +0000] "GET /robots.txt HTTP/1.1" 404 508 "-" "Mozilla/5.0 (compatible; Googlebot/2.1; +http://www.google.com/bot.html)"
66.249.71.146 - - [02/May/2011:16:54:08 +0000] "GET / HTTP/1.1" 200 992 "-" "Mozilla/5.0 (compatible; Googlebot/2.1; +http://www.google.com/bot.html)"
123.125.71.26 - - [02/May/2011:18:40:25 +0000] "GET / HTTP/1.1" 200 1630 "-" "Baiduspider+(+http://www.baidu.com/search/spider.htm)"
220.181.108.81 - - [02/May/2011:18:40:52 +0000] "GET / HTTP/1.1" 200 1630 "-" "Baiduspider+(+http://www.baidu.com/search/spider.htm)"
207.46.204.190 - - [02/May/2011:20:06:40 +0000] "GET /robots.txt HTTP/1.1" 404 533 "-" "Mozilla/5.0 (compatible; bingbot/2.0; +http://www.bing.com/bingbot.htm)"
207.46.204.190 - - [02/May/2011:20:07:18 +0000] "GET / HTTP/1.1" 304 209 "-" "Mozilla/5.0 (compatible; bingbot/2.0; +http://www.bing.com/bingbot.htm)"
123.125.71.12 - - [02/May/2011:20:42:06 +0000] "GET / HTTP/1.1" 200 1630 "-" "Baiduspider+(+http://www.baidu.com/search/spider.htm)"
220.181.108.91 - - [02/May/2011:20:42:44 +0000] "GET / HTTP/1.1" 200 1630 "-" "Baiduspider+(+http://www.baidu.com/search/spider.htm)"
123.125.71.28 - - [02/May/2011:22:42:14 +0000] "GET / HTTP/1.1" 200 1630 "-" "Baiduspider+(+http://www.baidu.com/search/spider.htm)"
220.181.108.82 - - [02/May/2011:22:42:48 +0000] "GET / HTTP/1.1" 200 1630 "-" "Baiduspider+(+http://www.baidu.com/search/spider.htm)"
123.125.71.12 - - [02/May/2011:23:24:17 +0000] "GET / HTTP/1.1" 304 171 "-" "Baiduspider+(+http://www.baidu.com/search/spider.htm)"
124.115.0.163 - - [03/May/2011:00:09:29 +0000] "GET / HTTP/1.1" 200 993 "-" "Sosospider+(+http://help.soso.com/webspider.htm)"
123.125.71.22 - - [03/May/2011:02:43:07 +0000] "GET / HTTP/1.1" 200 1630 "-" "Baiduspider+(+http://www.baidu.com/search/spider.htm)"
220.181.108.91 - - [03/May/2011:02:43:44 +0000] "GET / HTTP/1.1" 200 1630 "-" "Baiduspider+(+http://www.baidu.com/search/spider.htm)"
174.129.117.237 - - [03/May/2011:04:35:33 +0000] "HEAD / HTTP/1.1" 200 280 "-" "Mozilla/5.0 (Windows; U; Windows NT 5.1; en-US) AppleWebKit/525.13 (KHTML, like Gecko) Chrome/0.A.B.C Safari/525.13"
220.181.108.96 - - [03/May/2011:05:44:43 +0000] "GET / HTTP/1.1" 200 1630 "-" "Baiduspider+(+http://www.baidu.com/search/spider.htm)"
123.125.71.23 - - [03/May/2011:05:46:30 +0000] "GET / HTTP/1.1" 200 1630 "-" "Baiduspider+(+http://www.baidu.com/search/spider.htm)"
124.115.0.163 - - [03/May/2011:09:01:45 +0000] "GET / HTTP/1.1" 200 993 "-" "Sosospider+(+http://help.soso.com/webspider.htm)"
208.80.194.33 - - [03/May/2011:10:08:23 +0000] "GET / HTTP/1.0" 200 1630 "-" "Mozilla/4.0 (compatible; MSIE 6.0; Windows NT 5.1; SV1; .NET CLR 1.1.4322; MSN 9.0; MSNbMSNI; MSNmen-us; MSNcIA; MPLUS)"
123.125.71.25 - - [03/May/2011:10:43:31 +0000] "GET / HTTP/1.1" 200 1630 "-" "Baiduspider+(+http://www.baidu.com/search/spider.htm)"
69.28.58.33 - - [03/May/2011:10:43:47 +0000] "GET / HTTP/1.1" 200 1630 "-" "Wget/1.9+cvs-stable (Red Hat modified)"
220.181.108.81 - - [03/May/2011:10:44:08 +0000] "GET / HTTP/1.1" 200 1630 "-" "Baiduspider+(+http://www.baidu.com/search/spider.htm)"
157.55.50.76 - - [03/May/2011:11:40:54 +0000] "GET /robots.txt HTTP/1.1" 404 533 "-" "Mozilla/5.0 (compatible; bingbot/2.0; +http://www.bing.com/bingbot.htm)"
123.125.71.28 - - [03/May/2011:12:44:00 +0000] "GET / HTTP/1.1" 200 1630 "-" "Baiduspider+(+http://www.baidu.com/search/spider.htm)"
220.181.108.90 - - [03/May/2011:12:44:39 +0000] "GET / HTTP/1.1" 200 1630 "-" "Baiduspider+(+http://www.baidu.com/search/spider.htm)"
123.125.71.35 - - [03/May/2011:17:45:25 +0000] "GET / HTTP/1.1" 200 1630 "-" "Baiduspider+(+http://www.baidu.com/search/spider.htm)"
220.181.108.89 - - [03/May/2011:17:46:02 +0000] "GET / HTTP/1.1" 200 1630 "-" "Baiduspider+(+http://www.baidu.com/search/spider.htm)"
124.115.0.163 - - [03/May/2011:17:47:00 +0000] "GET / HTTP/1.1" 200 993 "-" "Sosospider+(+http://help.soso.com/webspider.htm)"
123.125.71.16 - - [03/May/2011:18:45:18 +0000] "GET / HTTP/1.1" 200 1630 "-" "Baiduspider+(+http://www.baidu.com/search/spider.htm)"
220.181.108.89 - - [03/May/2011:18:45:55 +0000] "GET / HTTP/1.1" 200 1630 "-" "Baiduspider+(+http://www.baidu.com/search/spider.htm)"
123.125.71.19 - - [03/May/2011:19:43:34 +0000] "GET / HTTP/1.1" 200 1630 "-" "Baiduspider+(+http://www.baidu.com/search/spider.htm)"
220.181.108.85 - - [03/May/2011:19:44:09 +0000] "GET / HTTP/1.1" 200 1630 "-" "Baiduspider+(+http://www.baidu.com/search/spider.htm)"
69.28.58.5 - - [03/May/2011:19:44:24 +0000] "GET /robots.txt HTTP/1.0" 404 495 "http://insectpolitics.com/robots.txt" "Huaweisymantecspider (compatible; MSIE 8.0; DSE-support@huaweisymantec.com)"
69.28.58.5 - - [03/May/2011:19:44:24 +0000] "GET / HTTP/1.0" 200 1630 "http://insectpolitics.com/" "Huaweisymantecspider (compatible; MSIE 8.0; DSE-support@huaweisymantec.com)"
174.129.117.237 - - [03/May/2011:20:27:00 +0000] "HEAD / HTTP/1.1" 200 280 "-" "Mozilla/5.0 (Windows; U; Windows NT 5.1; en-US) AppleWebKit/525.13 (KHTML, like Gecko) Chrome/0.A.B.C Safari/525.13"
109.230.217.147 - - [03/May/2011:21:35:26 +0000] "GET / HTTP/1.0" 200 1630 "http://insect-politics.com/" "Mozilla/4.0 (compatible; MSIE 6.0; Windows 98; Win 9x 4.90)"
109.230.217.147 - - [03/May/2011:21:35:38 +0000] "GET / HTTP/1.0" 200 1630 "http://insectpolitics.com/" "Mozilla/4.0 (compatible; MSIE 6.0; Windows 98; Win 9x 4.90)"
123.125.71.34 - - [03/May/2011:22:43:05 +0000] "GET / HTTP/1.1" 200 1630 "-" "Baiduspider+(+http://www.baidu.com/search/spider.htm)"
220.181.108.84 - - [03/May/2011:22:43:41 +0000] "GET / HTTP/1.1" 200 1630 "-" "Baiduspider+(+http://www.baidu.com/search/spider.htm)"
81.52.143.16 - - [03/May/2011:22:50:55 +0000] "GET / HTTP/1.1" 200 955 "-" "Mozilla/5.0 (Windows; U; Windows NT 5.1; fr; rv:1.8.1) VoilaBot BETA 1.2 (support.voilabot@orange-ftgroup.com)"
123.125.71.27 - - [03/May/2011:23:42:47 +0000] "GET / HTTP/1.1" 200 1630 "-" "Baiduspider+(+http://www.baidu.com/search/spider.htm)"
220.181.108.77 - - [03/May/2011:23:43:15 +0000] "GET / HTTP/1.1" 200 1630 "-" "Baiduspider+(+http://www.baidu.com/search/spider.htm)"
157.55.50.76 - - [04/May/2011:00:21:05 +0000] "GET /robots.txt HTTP/1.1" 404 533 "-" "Mozilla/5.0 (compatible; bingbot/2.0; +http://www.bing.com/bingbot.htm)"
124.115.0.28 - - [04/May/2011:00:29:47 +0000] "GET / HTTP/1.1" 200 993 "-" "Sosospider+(+http://help.soso.com/webspider.htm)"
123.125.71.34 - - [04/May/2011:00:44:45 +0000] "GET / HTTP/1.1" 200 1630 "-" "Baiduspider+(+http://www.baidu.com/search/spider.htm)"
220.181.108.81 - - [04/May/2011:00:45:22 +0000] "GET / HTTP/1.1" 200 1630 "-" "Baiduspider+(+http://www.baidu.com/search/spider.htm)"
123.125.71.34 - - [04/May/2011:02:44:24 +0000] "GET / HTTP/1.1" 200 1630 "-" "Baiduspider+(+http://www.baidu.com/search/spider.htm)"
220.181.108.82 - - [04/May/2011:02:44:57 +0000] "GET / HTTP/1.1" 200 1630 "-" "Baiduspider+(+http://www.baidu.com/search/spider.htm)"
123.125.71.23 - - [04/May/2011:04:42:15 +0000] "GET / HTTP/1.1" 200 1630 "-" "Baiduspider+(+http://www.baidu.com/search/spider.htm)"
220.181.108.96 - - [04/May/2011:04:42:48 +0000] "GET / HTTP/1.1" 200 1630 "-" "Baiduspider+(+http://www.baidu.com/search/spider.htm)"
123.125.71.19 - - [04/May/2011:05:42:58 +0000] "GET / HTTP/1.1" 200 1630 "-" "Baiduspider+(+http://www.baidu.com/search/spider.htm)"
220.181.108.95 - - [04/May/2011:05:43:34 +0000] "GET / HTTP/1.1" 200 1630 "-" "Baiduspider+(+http://www.baidu.com/search/spider.htm)"
77.88.31.248 - - [04/May/2011:05:49:14 +0000] "GET /robots.txt HTTP/1.1" 404 537 "-" "Mozilla/5.0 (compatible; YandexBot/3.0; +http://yandex.com/bots)"
38.100.21.14 - - [04/May/2011:08:26:11 +0000] "GET / HTTP/1.1" 200 1668 "-" "Mozilla/4.0 (compatible; MSIE 7.0; Windows NT 5.2)"
123.125.71.24 - - [04/May/2011:08:43:26 +0000] "GET / HTTP/1.1" 200 1630 "-" "Baiduspider+(+http://www.baidu.com/search/spider.htm)"
220.181.108.82 - - [04/May/2011:08:44:02 +0000] "GET / HTTP/1.1" 200 1630 "-" "Baiduspider+(+http://www.baidu.com/search/spider.htm)"
119.63.196.74 - - [04/May/2011:09:12:44 +0000] "GET /robots.txt HTTP/1.1" 404 472 "-" "Baiduspider+(+http://www.baidu.com/search/spider.htm)"
123.125.71.25 - - [04/May/2011:11:42:53 +0000] "GET / HTTP/1.1" 200 1630 "-" "Baiduspider+(+http://www.baidu.com/search/spider.htm)"
220.181.108.75 - - [04/May/2011:11:43:24 +0000] "GET / HTTP/1.1" 200 1630 "-" "Baiduspider+(+http://www.baidu.com/search/spider.htm)"
123.125.71.27 - - [04/May/2011:12:43:24 +0000] "GET / HTTP/1.1" 200 1630 "-" "Baiduspider+(+http://www.baidu.com/search/spider.htm)"
220.181.108.95 - - [04/May/2011:12:44:00 +0000] "GET / HTTP/1.1" 200 1630 "-" "Baiduspider+(+http://www.baidu.com/search/spider.htm)"
72.30.161.235 - - [04/May/2011:13:27:13 +0000] "GET /robots.txt HTTP/1.0" 404 472 "-" "Mozilla/5.0 (compatible; Yahoo! Slurp; http://help.yahoo.com/help/us/ysearch/slurp)"
72.30.161.235 - - [04/May/2011:13:27:13 +0000] "GET / HTTP/1.0" 200 955 "-" "Mozilla/5.0 (compatible; Yahoo! Slurp; http://help.yahoo.com/help/us/ysearch/slurp)"
64.16.187.50 - - [04/May/2011:13:29:06 +0000] "GET /movies/ HTTP/1.1" 200 811 "-" "Mozilla/5.0 (Windows NT 6.1; WOW64) AppleWebKit/534.24 (KHTML, like Gecko) Chrome/11.0.696.60 Safari/534.24"
64.16.187.50 - - [04/May/2011:13:29:07 +0000] "GET /favicon.ico HTTP/1.1" 404 503 "-" "Mozilla/5.0 (Windows NT 6.1; WOW64) AppleWebKit/534.24 (KHTML, like Gecko) Chrome/11.0.696.60 Safari/534.24"
124.115.0.28 - - [04/May/2011:15:50:59 +0000] "GET / HTTP/1.1" 200 993 "-" "Sosospider+(+http://help.soso.com/webspider.htm)"
207.46.13.53 - - [04/May/2011:16:29:15 +0000] "GET /robots.txt HTTP/1.1" 404 533 "-" "Mozilla/5.0 (compatible; bingbot/2.0; +http://www.bing.com/bingbot.htm)"
207.46.13.53 - - [04/May/2011:16:30:12 +0000] "GET /?page_id=2 HTTP/1.1" 304 209 "-" "Mozilla/5.0 (compatible; bingbot/2.0; +http://www.bing.com/bingbot.htm)"
66.249.67.84 - - [04/May/2011:16:34:03 +0000] "GET /robots.txt HTTP/1.1" 404 511 "-" "Mozilla/5.0 (compatible; Googlebot/2.1; +http://www.google.com/bot.html)"
66.249.67.84 - - [04/May/2011:16:34:03 +0000] "GET / HTTP/1.1" 304 208 "-" "Mozilla/5.0 (compatible; Googlebot/2.1; +http://www.google.com/bot.html)"
123.125.71.14 - - [04/May/2011:16:57:32 +0000] "GET / HTTP/1.1" 304 171 "-" "Baiduspider+(+http://www.baidu.com/search/spider.htm)"
123.125.71.19 - - [04/May/2011:17:01:03 +0000] "GET / HTTP/1.1" 200 1630 "-" "Baiduspider+(+http://www.baidu.com/search/spider.htm)"
220.181.108.97 - - [04/May/2011:17:01:59 +0000] "GET / HTTP/1.1" 200 1630 "-" "Baiduspider+(+http://www.baidu.com/search/spider.htm)"
208.92.232.32 - - [04/May/2011:17:25:16 +0000] "GET /robots.txt HTTP/1.0" 404 499 "-" "Mozilla/5.0 (compatible; MJ12bot/v1.3.3; http://www.majestic12.co.uk/bot.php?+)"
