173.253.179.27 - - [21/Mar/2011:00:06:08 +0000] "GET /favicon.ico HTTP/1.1" 404 503 "-" "Mozilla/5.0 (Windows; U; Windows NT 6.0; en-US) AppleWebKit/534.16 (KHTML, like Gecko) Chrome/10.0.648.151 Safari/534.16"
173.253.179.27 - - [21/Mar/2011:00:07:14 +0000] "GET /favicon.ico HTTP/1.1" 404 504 "-" "Mozilla/5.0 (Windows; U; Windows NT 6.0; en-US) AppleWebKit/534.16 (KHTML, like Gecko) Chrome/10.0.648.151 Safari/534.16"
173.253.179.27 - - [21/Mar/2011:00:15:20 +0000] "GET /favicon.ico HTTP/1.1" 404 504 "-" "Mozilla/5.0 (Windows; U; Windows NT 6.0; en-US) AppleWebKit/534.16 (KHTML, like Gecko) Chrome/10.0.648.151 Safari/534.16"
123.125.71.20 - - [21/Mar/2011:00:33:39 +0000] "GET / HTTP/1.1" 200 1630 "-" "Baiduspider+(+http://www.baidu.com/search/spider.htm)"
220.181.108.93 - - [21/Mar/2011:00:34:05 +0000] "GET / HTTP/1.1" 200 1630 "-" "Baiduspider+(+http://www.baidu.com/search/spider.htm)"
123.125.71.27 - - [21/Mar/2011:03:34:27 +0000] "GET / HTTP/1.1" 200 1630 "-" "Baiduspider+(+http://www.baidu.com/search/spider.htm)"
220.181.108.90 - - [21/Mar/2011:03:34:54 +0000] "GET / HTTP/1.1" 200 1630 "-" "Baiduspider+(+http://www.baidu.com/search/spider.htm)"
157.55.50.75 - - [21/Mar/2011:04:08:08 +0000] "GET /robots.txt HTTP/1.1" 404 533 "-" "Mozilla/5.0 (compatible; bingbot/2.0; +http://www.bing.com/bingbot.htm)"
123.125.71.15 - - [21/Mar/2011:04:34:19 +0000] "GET / HTTP/1.1" 200 1630 "-" "Baiduspider+(+http://www.baidu.com/search/spider.htm)"
220.181.108.88 - - [21/Mar/2011:04:34:43 +0000] "GET / HTTP/1.1" 200 1630 "-" "Baiduspider+(+http://www.baidu.com/search/spider.htm)"
124.115.0.163 - - [21/Mar/2011:05:56:39 +0000] "GET / HTTP/1.1" 304 209 "-" "Sosospider+(+http://help.soso.com/webspider.htm)"
38.127.197.110 - - [21/Mar/2011:07:32:16 +0000] "GET / HTTP/1.1" 200 1668 "-" "Mozilla/4.0 (compatible; MSIE 7.0; Windows NT 5.2)"
123.125.71.14 - - [21/Mar/2011:09:34:55 +0000] "GET / HTTP/1.1" 200 1630 "-" "Baiduspider+(+http://www.baidu.com/search/spider.htm)"
220.181.108.82 - - [21/Mar/2011:09:35:21 +0000] "GET / HTTP/1.1" 200 1630 "-" "Baiduspider+(+http://www.baidu.com/search/spider.htm)"
92.85.169.188 - - [21/Mar/2011:09:51:28 +0000] "GET / HTTP/1.1" 200 1668 "-" "Java/1.6.0_04"
92.85.169.188 - - [21/Mar/2011:09:51:28 +0000] "GET /blogger.png HTTP/1.1" 200 2848 "-" "Java/1.6.0_04"
92.85.169.188 - - [21/Mar/2011:09:51:28 +0000] "GET /facebook.png HTTP/1.1" 200 5274 "-" "Java/1.6.0_04"
92.85.169.188 - - [21/Mar/2011:09:51:28 +0000] "GET /twitter.png HTTP/1.1" 200 3229 "-" "Java/1.6.0_04"
123.125.71.14 - - [21/Mar/2011:10:34:21 +0000] "GET / HTTP/1.1" 200 1630 "-" "Baiduspider+(+http://www.baidu.com/search/spider.htm)"
220.181.108.81 - - [21/Mar/2011:10:34:43 +0000] "GET / HTTP/1.1" 200 1630 "-" "Baiduspider+(+http://www.baidu.com/search/spider.htm)"
124.115.0.146 - - [21/Mar/2011:11:35:40 +0000] "GET / HTTP/1.1" 200 993 "-" "Mozilla/4.0 (compatible; MSIE 6.0; Windows NT 5.1)"
220.181.108.77 - - [21/Mar/2011:11:36:03 +0000] "GET / HTTP/1.1" 200 1630 "-" "Baiduspider+(+http://www.baidu.com/search/spider.htm)"
220.181.108.97 - - [21/Mar/2011:13:34:29 +0000] "GET / HTTP/1.1" 200 1630 "-" "Baiduspider+(+http://www.baidu.com/search/spider.htm)"
209.190.3.202 - - [21/Mar/2011:13:49:51 +0000] "GET / HTTP/1.1" 200 1668 "-" "Java/1.6.0_24"
209.190.3.202 - - [21/Mar/2011:13:49:51 +0000] "GET /blogger.png HTTP/1.1" 200 2848 "-" "Java/1.6.0_24"
209.190.3.202 - - [21/Mar/2011:13:49:52 +0000] "GET /facebook.png HTTP/1.1" 200 5274 "-" "Java/1.6.0_24"
209.190.3.202 - - [21/Mar/2011:13:49:52 +0000] "GET /twitter.png HTTP/1.1" 200 3229 "-" "Java/1.6.0_24"
209.190.3.202 - - [21/Mar/2011:13:51:02 +0000] "GET / HTTP/1.1" 200 1668 "-" "Java/1.6.0_24"
209.190.3.202 - - [21/Mar/2011:13:51:02 +0000] "GET /blogger.png HTTP/1.1" 200 2848 "-" "Java/1.6.0_24"
209.190.3.202 - - [21/Mar/2011:13:51:02 +0000] "GET /facebook.png HTTP/1.1" 200 5274 "-" "Java/1.6.0_24"
209.190.3.202 - - [21/Mar/2011:13:51:02 +0000] "GET /twitter.png HTTP/1.1" 200 3229 "-" "Java/1.6.0_24"
157.55.50.75 - - [21/Mar/2011:14:05:35 +0000] "GET /robots.txt HTTP/1.1" 404 533 "-" "Mozilla/5.0 (compatible; bingbot/2.0; +http://www.bing.com/bingbot.htm)"
24.230.184.220 - - [21/Mar/2011:14:34:04 +0000] "GET /robots.txt HTTP/1.0" 404 499 "-" "Mozilla/5.0 (compatible; MJ12bot/v1.3.3; http://www.majestic12.co.uk/bot.php?+)"
24.230.184.220 - - [21/Mar/2011:14:34:09 +0000] "GET / HTTP/1.1" 200 1637 "-" "Mozilla/5.0 (compatible; MJ12bot/v1.3.3; http://www.majestic12.co.uk/bot.php?+)"
123.125.71.31 - - [21/Mar/2011:15:35:58 +0000] "GET / HTTP/1.1" 200 1630 "-" "Baiduspider+(+http://www.baidu.com/search/spider.htm)"
220.181.108.87 - - [21/Mar/2011:15:36:23 +0000] "GET / HTTP/1.1" 200 1630 "-" "Baiduspider+(+http://www.baidu.com/search/spider.htm)"
124.115.0.163 - - [21/Mar/2011:16:12:03 +0000] "GET / HTTP/1.1" 304 209 "-" "Sosospider+(+http://help.soso.com/webspider.htm)"
65.52.49.141 - - [21/Mar/2011:16:26:12 +0000] "GET /robots.txt HTTP/1.1" 404 533 "-" "Mozilla/5.0 (compatible; bingbot/2.0; +http://www.bing.com/bingbot.htm)"
123.125.71.21 - - [21/Mar/2011:16:47:59 +0000] "GET / HTTP/1.1" 200 1630 "-" "Baiduspider+(+http://www.baidu.com/search/spider.htm)"
220.181.108.97 - - [21/Mar/2011:16:48:37 +0000] "GET / HTTP/1.1" 200 1630 "-" "Baiduspider+(+http://www.baidu.com/search/spider.htm)"
123.125.71.20 - - [21/Mar/2011:18:35:50 +0000] "GET / HTTP/1.1" 200 1630 "-" "Baiduspider+(+http://www.baidu.com/search/spider.htm)"
220.181.108.90 - - [21/Mar/2011:18:36:16 +0000] "GET / HTTP/1.1" 200 1630 "-" "Baiduspider+(+http://www.baidu.com/search/spider.htm)"
123.125.71.12 - - [21/Mar/2011:19:35:36 +0000] "GET / HTTP/1.1" 200 1630 "-" "Baiduspider+(+http://www.baidu.com/search/spider.htm)"
220.181.108.93 - - [21/Mar/2011:19:35:59 +0000] "GET / HTTP/1.1" 200 1630 "-" "Baiduspider+(+http://www.baidu.com/search/spider.htm)"
69.17.126.74 - - [21/Mar/2011:19:38:17 +0000] "GET /movies/features_blu-ray.txt HTTP/1.1" 304 211 "-" "Mozilla/5.0 (Windows; U; Windows NT 6.1; en-US) AppleWebKit/534.16 (KHTML, like Gecko) Chrome/10.0.648.151 Safari/534.16"
69.17.126.74 - - [21/Mar/2011:19:38:17 +0000] "GET /favicon.ico HTTP/1.1" 404 503 "-" "Mozilla/5.0 (Windows; U; Windows NT 6.1; en-US) AppleWebKit/534.16 (KHTML, like Gecko) Chrome/10.0.648.151 Safari/534.16"
157.55.50.75 - - [21/Mar/2011:20:08:25 +0000] "GET /robots.txt HTTP/1.1" 404 533 "-" "Mozilla/5.0 (compatible; bingbot/2.0; +http://www.bing.com/bingbot.htm)"
123.125.71.31 - - [21/Mar/2011:20:35:00 +0000] "GET / HTTP/1.1" 200 1630 "-" "Baiduspider+(+http://www.baidu.com/search/spider.htm)"
220.181.108.90 - - [21/Mar/2011:20:35:21 +0000] "GET / HTTP/1.1" 200 1630 "-" "Baiduspider+(+http://www.baidu.com/search/spider.htm)"
66.249.71.65 - - [21/Mar/2011:20:44:26 +0000] "GET /robots.txt HTTP/1.1" 404 509 "-" "Mozilla/5.0 (compatible; Googlebot/2.1; +http://www.google.com/bot.html)"
66.249.71.65 - - [21/Mar/2011:20:44:26 +0000] "GET / HTTP/1.1" 304 208 "-" "Mozilla/5.0 (compatible; Googlebot/2.1; +http://www.google.com/bot.html)"
65.52.49.141 - - [21/Mar/2011:21:27:00 +0000] "GET /robots.txt HTTP/1.1" 404 533 "-" "Mozilla/5.0 (compatible; bingbot/2.0; +http://www.bing.com/bingbot.htm)"
123.125.71.26 - - [21/Mar/2011:22:35:09 +0000] "GET / HTTP/1.1" 200 1630 "-" "Baiduspider+(+http://www.baidu.com/search/spider.htm)"
220.181.108.89 - - [21/Mar/2011:22:35:31 +0000] "GET / HTTP/1.1" 200 1630 "-" "Baiduspider+(+http://www.baidu.com/search/spider.htm)"
70.180.119.247 - - [21/Mar/2011:22:52:32 +0000] "GET /movies/ HTTP/1.1" 200 808 "-" "Mozilla/5.0 (X11; U; Linux x86_64; en-US) AppleWebKit/534.16 (KHTML, like Gecko) Chrome/10.0.648.151 Safari/534.16"
70.180.119.247 - - [21/Mar/2011:22:52:32 +0000] "GET /favicon.ico HTTP/1.1" 404 503 "-" "Mozilla/5.0 (X11; U; Linux x86_64; en-US) AppleWebKit/534.16 (KHTML, like Gecko) Chrome/10.0.648.151 Safari/534.16"
70.180.119.247 - - [21/Mar/2011:22:52:34 +0000] "GET /movies/features_dvd.txt HTTP/1.1" 200 7268 "http://cafink.name/movies/" "Mozilla/5.0 (X11; U; Linux x86_64; en-US) AppleWebKit/534.16 (KHTML, like Gecko) Chrome/10.0.648.151 Safari/534.16"
70.180.119.247 - - [21/Mar/2011:22:52:34 +0000] "GET /favicon.ico HTTP/1.1" 404 503 "-" "Mozilla/5.0 (X11; U; Linux x86_64; en-US) AppleWebKit/534.16 (KHTML, like Gecko) Chrome/10.0.648.151 Safari/534.16"
70.180.119.247 - - [21/Mar/2011:22:53:59 +0000] "GET /movies/features_dvd.txt HTTP/1.1" 304 211 "http://cafink.name/movies/" "Mozilla/5.0 (X11; U; Linux x86_64; en-US) AppleWebKit/534.16 (KHTML, like Gecko) Chrome/10.0.648.151 Safari/534.16"
70.180.119.247 - - [21/Mar/2011:22:53:59 +0000] "GET /favicon.ico HTTP/1.1" 404 503 "-" "Mozilla/5.0 (X11; U; Linux x86_64; en-US) AppleWebKit/534.16 (KHTML, like Gecko) Chrome/10.0.648.151 Safari/534.16"
70.180.119.247 - - [21/Mar/2011:22:54:51 +0000] "GET /movies/features_blu-ray.txt HTTP/1.1" 200 2902 "http://cafink.name/movies/" "Mozilla/5.0 (X11; U; Linux x86_64; en-US) AppleWebKit/534.16 (KHTML, like Gecko) Chrome/10.0.648.151 Safari/534.16"
70.180.119.247 - - [21/Mar/2011:22:54:52 +0000] "GET /favicon.ico HTTP/1.1" 404 503 "-" "Mozilla/5.0 (X11; U; Linux x86_64; en-US) AppleWebKit/534.16 (KHTML, like Gecko) Chrome/10.0.648.151 Safari/534.16"
81.52.143.16 - - [22/Mar/2011:00:06:34 +0000] "GET /robots.txt HTTP/1.1" 404 472 "-" "Mozilla/5.0 (Windows; U; Windows NT 5.1; fr; rv:1.8.1) VoilaBot BETA 1.2 (support.voilabot@orange-ftgroup.com)"
81.52.143.16 - - [22/Mar/2011:00:06:57 +0000] "GET / HTTP/1.1" 200 955 "-" "Mozilla/5.0 (Windows; U; Windows NT 5.1; fr; rv:1.8.1) VoilaBot BETA 1.2 (support.voilabot@orange-ftgroup.com)"
123.125.71.17 - - [22/Mar/2011:00:34:27 +0000] "GET / HTTP/1.1" 200 1630 "-" "Baiduspider+(+http://www.baidu.com/search/spider.htm)"
220.181.108.80 - - [22/Mar/2011:00:34:51 +0000] "GET / HTTP/1.1" 200 1630 "-" "Baiduspider+(+http://www.baidu.com/search/spider.htm)"
124.115.0.28 - - [22/Mar/2011:00:44:41 +0000] "GET / HTTP/1.1" 304 209 "-" "Sosospider+(+http://help.soso.com/webspider.htm)"
123.125.71.21 - - [22/Mar/2011:00:51:10 +0000] "GET / HTTP/1.1" 304 171 "-" "Baiduspider+(+http://www.baidu.com/search/spider.htm)"
208.80.194.29 - - [22/Mar/2011:02:12:34 +0000] "GET / HTTP/1.0" 200 1630 "-" "Mozilla/4.0 (compatible; MSIE 6.0; Windows NT 5.1; YPC 3.0.0; iebar; SV1; .NET CLR 1.1.4322)"
174.129.117.237 - - [22/Mar/2011:02:18:43 +0000] "HEAD / HTTP/1.1" 200 280 "-" "Mozilla/5.0 (Windows; U; Windows NT 5.1; en-US) AppleWebKit/525.13 (KHTML, like Gecko) Chrome/0.A.B.C Safari/525.13"
123.125.71.25 - - [22/Mar/2011:04:34:36 +0000] "GET / HTTP/1.1" 200 1630 "-" "Baiduspider+(+http://www.baidu.com/search/spider.htm)"
69.28.58.35 - - [22/Mar/2011:04:34:45 +0000] "GET / HTTP/1.1" 200 1630 "-" "Wget/1.9+cvs-stable (Red Hat modified)"
220.181.108.97 - - [22/Mar/2011:04:35:02 +0000] "GET / HTTP/1.1" 200 1630 "-" "Baiduspider+(+http://www.baidu.com/search/spider.htm)"
208.115.111.246 - - [22/Mar/2011:04:35:26 +0000] "GET /robots.txt HTTP/1.1" 404 453 "-" "Mozilla/5.0 (compatible; DotBot/1.1; http://www.dotnetdotcom.org/, crawler@dotnetdotcom.org)"
92.24.151.88 - - [22/Mar/2011:05:54:22 +0000] "GET /welcome.htm HTTP/1.1" 404 500 "-" "Mozilla/4.0 (compatible; MSIE 6.0; Windows NT 5.0; T312461; Q312461; Maxthon)"
124.115.0.28 - - [22/Mar/2011:06:30:52 +0000] "GET / HTTP/1.1" 304 209 "-" "Sosospider+(+http://help.soso.com/webspider.htm)"
123.125.71.19 - - [22/Mar/2011:06:34:21 +0000] "GET / HTTP/1.1" 200 1630 "-" "Baiduspider+(+http://www.baidu.com/search/spider.htm)"
220.181.108.75 - - [22/Mar/2011:06:34:44 +0000] "GET / HTTP/1.1" 200 1630 "-" "Baiduspider+(+http://www.baidu.com/search/spider.htm)"
123.125.71.34 - - [22/Mar/2011:08:33:54 +0000] "GET / HTTP/1.1" 200 1630 "-" "Baiduspider+(+http://www.baidu.com/search/spider.htm)"
220.181.108.77 - - [22/Mar/2011:08:34:14 +0000] "GET / HTTP/1.1" 200 1630 "-" "Baiduspider+(+http://www.baidu.com/search/spider.htm)"
208.115.111.246 - - [22/Mar/2011:09:17:26 +0000] "GET / HTTP/1.1" 200 936 "-" "Mozilla/5.0 (compatible; DotBot/1.1; http://www.dotnetdotcom.org/, crawler@dotnetdotcom.org)"
208.115.111.246 - - [22/Mar/2011:09:17:31 +0000] "GET /welcome.htm HTTP/1.1" 404 452 "-" "Mozilla/5.0 (compatible; DotBot/1.1; http://www.dotnetdotcom.org/, crawler@dotnetdotcom.org)"
58.61.164.18 - - [22/Mar/2011:10:24:05 +0000] "GET / HTTP/1.1" 200 993 "-" "Mozilla/4.0 (compatible; MSIE 6.0; Windows NT 5.1)"
123.125.71.34 - - [22/Mar/2011:10:34:16 +0000] "GET / HTTP/1.1" 200 1630 "-" "Baiduspider+(+http://www.baidu.com/search/spider.htm)"
220.181.108.95 - - [22/Mar/2011:10:34:40 +0000] "GET / HTTP/1.1" 200 1630 "-" "Baiduspider+(+http://www.baidu.com/search/spider.htm)"
66.249.71.195 - - [22/Mar/2011:11:58:55 +0000] "GET /robots.txt HTTP/1.1" 404 508 "-" "Mozilla/5.0 (compatible; Googlebot/2.1; +http://www.google.com/bot.html)"
66.249.71.195 - - [22/Mar/2011:11:58:55 +0000] "GET / HTTP/1.1" 304 208 "-" "Mozilla/5.0 (compatible; Googlebot/2.1; +http://www.google.com/bot.html)"
124.115.0.28 - - [22/Mar/2011:14:29:01 +0000] "GET / HTTP/1.1" 304 209 "-" "Sosospider+(+http://help.soso.com/webspider.htm)"
123.125.71.17 - - [22/Mar/2011:15:35:13 +0000] "GET / HTTP/1.1" 200 1630 "-" "Baiduspider+(+http://www.baidu.com/search/spider.htm)"
220.181.108.86 - - [22/Mar/2011:15:35:36 +0000] "GET / HTTP/1.1" 200 1630 "-" "Baiduspider+(+http://www.baidu.com/search/spider.htm)"
124.115.6.13 - - [22/Mar/2011:16:41:26 +0000] "GET /robots.txt HTTP/1.1" 404 508 "-" "Sosospider+(+http://help.soso.com/webspider.htm)"
124.115.10.68 - - [22/Mar/2011:16:42:18 +0000] "GET / HTTP/1.1" 200 993 "-" "Mozilla/4.0 (compatible; MSIE 6.0; Windows NT 5.1)"
123.125.71.23 - - [22/Mar/2011:18:35:47 +0000] "GET / HTTP/1.1" 200 1630 "-" "Baiduspider+(+http://www.baidu.com/search/spider.htm)"
220.181.108.84 - - [22/Mar/2011:18:36:12 +0000] "GET / HTTP/1.1" 200 1630 "-" "Baiduspider+(+http://www.baidu.com/search/spider.htm)"
64.246.187.42 - - [22/Mar/2011:19:15:47 +0000] "GET /robots.txt HTTP/1.0" 404 500 "-" "Mozilla/5.0 (Windows; U; Windows NT 5.1; en; rv:1.9.0.13) Gecko/2009073022 Firefox/3.5.2 (.NET CLR 3.5.30729) SurveyBot/2.3 (DomainTools)"
64.246.187.42 - - [22/Mar/2011:19:15:47 +0000] "GET / HTTP/1.1" 200 955 "http://whois.domaintools.com/insect-politics.com" "Mozilla/5.0 (Windows; U; Windows NT 5.1; en; rv:1.9.0.13) Gecko/2009073022 Firefox/3.5.2 (.NET CLR 3.5.30729) SurveyBot/2.3 (DomainTools)"
123.125.71.33 - - [22/Mar/2011:19:35:29 +0000] "GET / HTTP/1.1" 200 1630 "-" "Baiduspider+(+http://www.baidu.com/search/spider.htm)"
220.181.108.93 - - [22/Mar/2011:19:35:50 +0000] "GET / HTTP/1.1" 200 1630 "-" "Baiduspider+(+http://www.baidu.com/search/spider.htm)"
64.246.165.190 - - [22/Mar/2011:19:39:46 +0000] "GET /robots.txt HTTP/1.0" 404 499 "-" "Mozilla/5.0 (Windows; U; Windows NT 5.1; en; rv:1.9.0.13) Gecko/2009073022 Firefox/3.5.2 (.NET CLR 3.5.30729) SurveyBot/2.3 (DomainTools)"
64.246.165.190 - - [22/Mar/2011:19:39:46 +0000] "GET / HTTP/1.1" 200 955 "http://whois.domaintools.com/insectpolitics.com" "Mozilla/5.0 (Windows; U; Windows NT 5.1; en; rv:1.9.0.13) Gecko/2009073022 Firefox/3.5.2 (.NET CLR 3.5.30729) SurveyBot/2.3 (DomainTools)"
64.16.187.50 - - [22/Mar/2011:19:52:41 +0000] "GET /movies/ HTTP/1.1" 200 807 "-" "Mozilla/5.0 (Windows; U; Windows NT 6.1; en-US) AppleWebKit/534.16 (KHTML, like Gecko) Chrome/10.0.648.151 Safari/534.16"
64.16.187.50 - - [22/Mar/2011:19:52:42 +0000] "GET /favicon.ico HTTP/1.1" 404 503 "-" "Mozilla/5.0 (Windows; U; Windows NT 6.1; en-US) AppleWebKit/534.16 (KHTML, like Gecko) Chrome/10.0.648.151 Safari/534.16"
64.16.187.50 - - [22/Mar/2011:19:52:43 +0000] "GET /movies/features_blu-ray.txt HTTP/1.1" 200 2901 "http://cafink.name/movies/" "Mozilla/5.0 (Windows; U; Windows NT 6.1; en-US) AppleWebKit/534.16 (KHTML, like Gecko) Chrome/10.0.648.151 Safari/534.16"
64.16.187.50 - - [22/Mar/2011:19:52:43 +0000] "GET /favicon.ico HTTP/1.1" 404 503 "-" "Mozilla/5.0 (Windows; U; Windows NT 6.1; en-US) AppleWebKit/534.16 (KHTML, like Gecko) Chrome/10.0.648.151 Safari/534.16"
64.16.187.50 - - [22/Mar/2011:20:34:44 +0000] "GET / HTTP/1.1" 200 993 "-" "Mozilla/5.0 (Windows; U; Windows NT 6.1; en-US) AppleWebKit/534.16 (KHTML, like Gecko) Chrome/10.0.648.151 Safari/534.16"
64.16.187.50 - - [22/Mar/2011:20:34:44 +0000] "GET /blogger.png HTTP/1.1" 200 2848 "http://insectpolitics.com/" "Mozilla/5.0 (Windows; U; Windows NT 6.1; en-US) AppleWebKit/534.16 (KHTML, like Gecko) Chrome/10.0.648.151 Safari/534.16"
64.16.187.50 - - [22/Mar/2011:20:34:44 +0000] "GET /facebook.png HTTP/1.1" 200 5275 "http://insectpolitics.com/" "Mozilla/5.0 (Windows; U; Windows NT 6.1; en-US) AppleWebKit/534.16 (KHTML, like Gecko) Chrome/10.0.648.151 Safari/534.16"
64.16.187.50 - - [22/Mar/2011:20:34:44 +0000] "GET /twitter.png HTTP/1.1" 200 3230 "http://insectpolitics.com/" "Mozilla/5.0 (Windows; U; Windows NT 6.1; en-US) AppleWebKit/534.16 (KHTML, like Gecko) Chrome/10.0.648.151 Safari/534.16"
64.16.187.50 - - [22/Mar/2011:20:34:45 +0000] "GET /favicon.ico HTTP/1.1" 404 507 "-" "Mozilla/5.0 (Windows; U; Windows NT 6.1; en-US) AppleWebKit/534.16 (KHTML, like Gecko) Chrome/10.0.648.151 Safari/534.16"
123.125.71.16 - - [22/Mar/2011:20:35:18 +0000] "GET / HTTP/1.1" 200 1630 "-" "Baiduspider+(+http://www.baidu.com/search/spider.htm)"
220.181.108.78 - - [22/Mar/2011:20:35:42 +0000] "GET / HTTP/1.1" 200 1630 "-" "Baiduspider+(+http://www.baidu.com/search/spider.htm)"
69.28.58.19 - - [22/Mar/2011:21:16:56 +0000] "GET /robots.txt HTTP/1.0" 404 499 "-" "Mozilla/4.0 (compatible; MSIE 6.0; Windows NT 5.0) (larbin2.6.3@unspecified.mail)"
69.28.58.19 - - [22/Mar/2011:21:19:41 +0000] "GET / HTTP/1.0" 200 1630 "-" "Mozilla/4.0 (compatible; MSIE 6.0; Windows NT 5.0) larbin2.6.3@unspecified.mail"
62.24.181.134 - - [22/Mar/2011:21:31:20 +0000] "GET /welcome.htm HTTP/1.0" 404 500 "http://www.insectpolitics.com/welcome.htm" "(compatible; MSIE 7.0; Windows NT 5.1; Trident/4.0; .NET CLR 2.0.50727; .NET CLR 3.0.4506.2152; .NET CLR ; http://www.talktalk.co.uk/products/virus-alerts/)"
124.115.0.100 - - [22/Mar/2011:22:25:31 +0000] "GET / HTTP/1.1" 304 209 "-" "Sosospider+(+http://help.soso.com/webspider.htm)"
70.180.119.247 - - [22/Mar/2011:22:35:21 +0000] "GET /movies/features_blu-ray.txt HTTP/1.1" 200 2926 "-" "Mozilla/5.0 (X11; U; Linux x86_64; en-US) AppleWebKit/534.16 (KHTML, like Gecko) Chrome/10.0.648.151 Safari/534.16"
70.180.119.247 - - [22/Mar/2011:22:35:21 +0000] "GET /favicon.ico HTTP/1.1" 404 503 "-" "Mozilla/5.0 (X11; U; Linux x86_64; en-US) AppleWebKit/534.16 (KHTML, like Gecko) Chrome/10.0.648.151 Safari/534.16"
123.125.71.23 - - [22/Mar/2011:22:35:22 +0000] "GET / HTTP/1.1" 200 1630 "-" "Baiduspider+(+http://www.baidu.com/search/spider.htm)"
220.181.108.85 - - [22/Mar/2011:22:35:46 +0000] "GET / HTTP/1.1" 200 1630 "-" "Baiduspider+(+http://www.baidu.com/search/spider.htm)"
72.30.161.217 - - [22/Mar/2011:23:14:58 +0000] "GET /robots.txt HTTP/1.0" 404 472 "-" "Mozilla/5.0 (compatible; Yahoo! Slurp; http://help.yahoo.com/help/us/ysearch/slurp)"
72.30.161.217 - - [22/Mar/2011:23:14:58 +0000] "GET / HTTP/1.0" 200 955 "-" "Mozilla/5.0 (compatible; Yahoo! Slurp; http://help.yahoo.com/help/us/ysearch/slurp)"
157.55.50.12 - - [23/Mar/2011:00:18:27 +0000] "GET /robots.txt HTTP/1.1" 404 533 "-" "Mozilla/5.0 (compatible; bingbot/2.0; +http://www.bing.com/bingbot.htm)"
123.125.71.33 - - [23/Mar/2011:00:35:40 +0000] "GET / HTTP/1.1" 200 1630 "-" "Baiduspider+(+http://www.baidu.com/search/spider.htm)"
220.181.108.96 - - [23/Mar/2011:00:36:05 +0000] "GET / HTTP/1.1" 200 1630 "-" "Baiduspider+(+http://www.baidu.com/search/spider.htm)"
70.180.119.247 - - [23/Mar/2011:01:32:40 +0000] "GET /movies/television_dvd.txt HTTP/1.1" 200 1483 "-" "Mozilla/5.0 (X11; U; Linux x86_64; en-US) AppleWebKit/534.16 (KHTML, like Gecko) Chrome/10.0.648.151 Safari/534.16"
70.180.119.247 - - [23/Mar/2011:01:32:40 +0000] "GET /favicon.ico HTTP/1.1" 404 503 "-" "Mozilla/5.0 (X11; U; Linux x86_64; en-US) AppleWebKit/534.16 (KHTML, like Gecko) Chrome/10.0.648.151 Safari/534.16"
157.55.50.77 - - [23/Mar/2011:01:35:04 +0000] "GET /robots.txt HTTP/1.1" 404 533 "-" "Mozilla/5.0 (compatible; bingbot/2.0; +http://www.bing.com/bingbot.htm)"
2.97.1.93 - - [23/Mar/2011:01:53:10 +0000] "GET /welcome.htm HTTP/1.1" 404 500 "-" "Mozilla/4.0 (compatible; MSIE 6.0; Windows NT 5.0; T312461; Q312461; Maxthon)"
123.125.71.25 - - [23/Mar/2011:02:33:02 +0000] "GET / HTTP/1.1" 200 1630 "-" "Baiduspider+(+http://www.baidu.com/search/spider.htm)"
220.181.108.84 - - [23/Mar/2011:02:33:22 +0000] "GET / HTTP/1.1" 200 1630 "-" "Baiduspider+(+http://www.baidu.com/search/spider.htm)"
123.125.71.27 - - [23/Mar/2011:03:34:18 +0000] "GET / HTTP/1.1" 200 1630 "-" "Baiduspider+(+http://www.baidu.com/search/spider.htm)"
220.181.108.86 - - [23/Mar/2011:03:34:41 +0000] "GET / HTTP/1.1" 200 1630 "-" "Baiduspider+(+http://www.baidu.com/search/spider.htm)"
124.115.0.100 - - [23/Mar/2011:03:58:00 +0000] "GET / HTTP/1.1" 304 209 "-" "Sosospider+(+http://help.soso.com/webspider.htm)"
200.234.200.26 - - [23/Mar/2011:05:12:17 +0000] "PUT /index.htm HTTP/1.1" 405 594 "-" "Microsoft Data Access Internet Publishing Provider DAV 1.1"
200.234.200.26 - - [23/Mar/2011:05:12:18 +0000] "PUT /index.html HTTP/1.1" 405 595 "-" "Microsoft Data Access Internet Publishing Provider DAV 1.1"
200.234.200.26 - - [23/Mar/2011:05:12:18 +0000] "PUT /welcome.htm HTTP/1.1" 405 596 "-" "Microsoft Data Access Internet Publishing Provider DAV 1.1"
200.234.200.26 - - [23/Mar/2011:05:12:19 +0000] "PUT /welcome.html HTTP/1.1" 405 597 "-" "Microsoft Data Access Internet Publishing Provider DAV 1.1"
200.234.200.26 - - [23/Mar/2011:05:12:19 +0000] "PUT /home.htm HTTP/1.1" 405 593 "-" "Microsoft Data Access Internet Publishing Provider DAV 1.1"
200.234.200.26 - - [23/Mar/2011:05:12:19 +0000] "PUT /home.html HTTP/1.1" 405 594 "-" "Microsoft Data Access Internet Publishing Provider DAV 1.1"
200.234.200.26 - - [23/Mar/2011:05:12:19 +0000] "PUT /index.aspx HTTP/1.1" 405 595 "-" "Microsoft Data Access Internet Publishing Provider DAV 1.1"
200.234.200.26 - - [23/Mar/2011:05:12:19 +0000] "PUT /defaut.aspx HTTP/1.1" 405 596 "-" "Microsoft Data Access Internet Publishing Provider DAV 1.1"
200.234.200.26 - - [23/Mar/2011:05:12:19 +0000] "PUT /home.aspx HTTP/1.1" 405 594 "-" "Microsoft Data Access Internet Publishing Provider DAV 1.1"
200.234.200.26 - - [23/Mar/2011:05:12:20 +0000] "PUT /default.htm HTTP/1.1" 405 596 "-" "Microsoft Data Access Internet Publishing Provider DAV 1.1"
200.234.200.26 - - [23/Mar/2011:05:12:20 +0000] "PUT /default.html HTTP/1.1" 405 597 "-" "Microsoft Data Access Internet Publishing Provider DAV 1.1"
200.234.200.26 - - [23/Mar/2011:05:12:20 +0000] "PUT /index.asp HTTP/1.1" 405 594 "-" "Microsoft Data Access Internet Publishing Provider DAV 1.1"
200.234.200.26 - - [23/Mar/2011:05:12:20 +0000] "PUT /main.htm HTTP/1.1" 405 593 "-" "Microsoft Data Access Internet Publishing Provider DAV 1.1"
200.234.200.26 - - [23/Mar/2011:05:12:20 +0000] "PUT /iisstart.asp HTTP/1.1" 405 597 "-" "Microsoft Data Access Internet Publishing Provider DAV 1.1"
200.234.200.26 - - [23/Mar/2011:05:12:20 +0000] "PUT /main.html HTTP/1.1" 405 594 "-" "Microsoft Data Access Internet Publishing Provider DAV 1.1"
200.234.200.26 - - [23/Mar/2011:05:12:21 +0000] "PUT /main.asp HTTP/1.1" 405 593 "-" "Microsoft Data Access Internet Publishing Provider DAV 1.1"
200.234.200.26 - - [23/Mar/2011:05:12:21 +0000] "PUT /main.aspx HTTP/1.1" 405 594 "-" "Microsoft Data Access Internet Publishing Provider DAV 1.1"
200.234.200.26 - - [23/Mar/2011:05:12:21 +0000] "PUT /default.asp HTTP/1.1" 405 596 "-" "Microsoft Data Access Internet Publishing Provider DAV 1.1"
200.234.200.26 - - [23/Mar/2011:05:12:21 +0000] "PUT /home.asp HTTP/1.1" 405 593 "-" "Microsoft Data Access Internet Publishing Provider DAV 1.1"
200.234.200.26 - - [23/Mar/2011:05:12:21 +0000] "PUT /index.php HTTP/1.1" 404 532 "-" "Microsoft Data Access Internet Publishing Provider DAV 1.1"
200.234.200.26 - - [23/Mar/2011:05:12:21 +0000] "PUT /default.php HTTP/1.1" 404 534 "-" "Microsoft Data Access Internet Publishing Provider DAV 1.1"
200.234.200.26 - - [23/Mar/2011:05:12:22 +0000] "PUT /home.php HTTP/1.1" 404 531 "-" "Microsoft Data Access Internet Publishing Provider DAV 1.1"
200.234.200.26 - - [23/Mar/2011:05:12:22 +0000] "PUT /iisstart.asp HTTP/1.1" 405 597 "-" "Microsoft Data Access Internet Publishing Provider DAV 1.1"
200.234.200.26 - - [23/Mar/2011:05:12:22 +0000] "PUT /localstart.asp HTTP/1.1" 405 599 "-" "Microsoft Data Access Internet Publishing Provider DAV 1.1"
200.234.200.26 - - [23/Mar/2011:05:12:22 +0000] "PUT /Entrada.asp HTTP/1.1" 405 596 "-" "Microsoft Data Access Internet Publishing Provider DAV 1.1"
200.234.200.26 - - [23/Mar/2011:05:12:22 +0000] "GET / HTTP/1.1" 200 1630 "-" "libwww-perl/5.805"
2.97.1.93 - - [23/Mar/2011:06:35:33 +0000] "GET /welcome.htm HTTP/1.1" 404 500 "-" "Mozilla/4.0 (compatible; MSIE 6.0; Windows NT 5.0; T312461; Q312461; Maxthon)"
123.125.71.13 - - [23/Mar/2011:06:35:39 +0000] "GET / HTTP/1.1" 200 1630 "-" "Baiduspider+(+http://www.baidu.com/search/spider.htm)"
220.181.108.88 - - [23/Mar/2011:06:36:03 +0000] "GET / HTTP/1.1" 200 1630 "-" "Baiduspider+(+http://www.baidu.com/search/spider.htm)"
123.125.71.27 - - [23/Mar/2011:08:35:03 +0000] "GET / HTTP/1.1" 200 1630 "-" "Baiduspider+(+http://www.baidu.com/search/spider.htm)"
220.181.108.95 - - [23/Mar/2011:08:35:27 +0000] "GET / HTTP/1.1" 200 1630 "-" "Baiduspider+(+http://www.baidu.com/search/spider.htm)"
124.115.0.28 - - [23/Mar/2011:08:40:03 +0000] "GET / HTTP/1.1" 304 209 "-" "Sosospider+(+http://help.soso.com/webspider.htm)"
123.125.71.18 - - [23/Mar/2011:09:35:44 +0000] "GET / HTTP/1.1" 200 1630 "-" "Baiduspider+(+http://www.baidu.com/search/spider.htm)"
220.181.108.80 - - [23/Mar/2011:09:36:07 +0000] "GET / HTTP/1.1" 200 1630 "-" "Baiduspider+(+http://www.baidu.com/search/spider.htm)"
123.125.71.30 - - [23/Mar/2011:11:36:22 +0000] "GET / HTTP/1.1" 200 1630 "-" "Baiduspider+(+http://www.baidu.com/search/spider.htm)"
69.28.58.9 - - [23/Mar/2011:11:36:31 +0000] "GET / HTTP/1.1" 200 1630 "-" "Wget/1.9+cvs-stable (Red Hat modified)"
220.181.108.96 - - [23/Mar/2011:11:36:49 +0000] "GET / HTTP/1.1" 200 1630 "-" "Baiduspider+(+http://www.baidu.com/search/spider.htm)"
123.125.71.27 - - [23/Mar/2011:14:33:43 +0000] "GET / HTTP/1.1" 200 1630 "-" "Baiduspider+(+http://www.baidu.com/search/spider.htm)"
220.181.108.96 - - [23/Mar/2011:14:34:04 +0000] "GET / HTTP/1.1" 200 1630 "-" "Baiduspider+(+http://www.baidu.com/search/spider.htm)"
64.16.187.50 - - [23/Mar/2011:15:12:01 +0000] "GET /movies/television_dvd.txt HTTP/1.1" 200 1483 "-" "Mozilla/5.0 (Windows; U; Windows NT 6.1; en-US) AppleWebKit/534.16 (KHTML, like Gecko) Chrome/10.0.648.151 Safari/534.16"
64.16.187.50 - - [23/Mar/2011:15:12:01 +0000] "GET /favicon.ico HTTP/1.1" 404 503 "-" "Mozilla/5.0 (Windows; U; Windows NT 6.1; en-US) AppleWebKit/534.16 (KHTML, like Gecko) Chrome/10.0.648.151 Safari/534.16"
208.80.194.37 - - [23/Mar/2011:15:19:21 +0000] "GET / HTTP/1.0" 200 1630 "-" "Mozilla/4.0 (compatible; MSIE 7.0; Windows NT 5.1; Creative; .NET CLR 1.1.4322; .NET CLR 2.0.50727)"
123.125.71.17 - - [23/Mar/2011:16:47:42 +0000] "GET / HTTP/1.1" 200 1630 "-" "Baiduspider+(+http://www.baidu.com/search/spider.htm)"
220.181.108.84 - - [23/Mar/2011:16:48:18 +0000] "GET / HTTP/1.1" 200 1630 "-" "Baiduspider+(+http://www.baidu.com/search/spider.htm)"
124.115.0.163 - - [23/Mar/2011:17:18:27 +0000] "GET / HTTP/1.1" 304 209 "-" "Sosospider+(+http://help.soso.com/webspider.htm)"
123.125.71.13 - - [23/Mar/2011:18:36:31 +0000] "GET / HTTP/1.1" 200 1630 "-" "Baiduspider+(+http://www.baidu.com/search/spider.htm)"
220.181.108.83 - - [23/Mar/2011:18:36:53 +0000] "GET / HTTP/1.1" 200 1630 "-" "Baiduspider+(+http://www.baidu.com/search/spider.htm)"
208.115.138.254 - - [23/Mar/2011:20:12:22 +0000] "GET /cs10 HTTP/1.1" 301 594 "-" "Mozilla/4.0 (compatible; MSIE 7.0; Windows NT 5.1; InfoPath.1; .NET CLR 2.0.50727; .NET CLR 1.1.4322; MS-RTC LM 8; .NET CLR 3.0.4506.2152; .NET CLR 3.5.30729)"
208.115.138.254 - - [23/Mar/2011:20:12:22 +0000] "GET /cs10/ HTTP/1.1" 200 1079 "-" "Mozilla/4.0 (compatible; MSIE 7.0; Windows NT 5.1; InfoPath.1; .NET CLR 2.0.50727; .NET CLR 1.1.4322; MS-RTC LM 8; .NET CLR 3.0.4506.2152; .NET CLR 3.5.30729)"
69.74.233.66 - - [23/Mar/2011:20:12:22 +0000] "GET /cs10 HTTP/1.1" 301 554 "-" "Mozilla/5.0 (Windows; U; Windows NT 6.1; en-US) AppleWebKit/534.16 (KHTML, like Gecko) Chrome/10.0.648.151 Safari/534.16"
69.74.233.66 - - [23/Mar/2011:20:12:22 +0000] "GET /cs10/ HTTP/1.1" 200 805 "-" "Mozilla/5.0 (Windows; U; Windows NT 6.1; en-US) AppleWebKit/534.16 (KHTML, like Gecko) Chrome/10.0.648.151 Safari/534.16"
69.74.233.66 - - [23/Mar/2011:20:12:23 +0000] "GET /favicon.ico HTTP/1.1" 404 503 "-" "Mozilla/5.0 (Windows; U; Windows NT 6.1; en-US) AppleWebKit/534.16 (KHTML, like Gecko) Chrome/10.0.648.151 Safari/534.16"
69.74.233.66 - - [23/Mar/2011:20:12:24 +0000] "GET /favicon.ico HTTP/1.1" 404 503 "-" "Mozilla/5.0 (Windows; U; Windows NT 6.1; en-US) AppleWebKit/534.16 (KHTML, like Gecko) Chrome/10.0.648.151 Safari/534.16"
69.74.233.66 - - [23/Mar/2011:20:15:17 +0000] "GET /cs10/ HTTP/1.1" 200 682 "-" "Mozilla/5.0 (Windows; U; Windows NT 6.1; en-US) AppleWebKit/534.16 (KHTML, like Gecko) Chrome/10.0.648.151 Safari/534.16"
69.74.233.66 - - [23/Mar/2011:20:15:17 +0000] "GET /favicon.ico HTTP/1.1" 404 503 "-" "Mozilla/5.0 (Windows; U; Windows NT 6.1; en-US) AppleWebKit/534.16 (KHTML, like Gecko) Chrome/10.0.648.151 Safari/534.16"
69.74.233.66 - - [23/Mar/2011:20:15:19 +0000] "GET /cs10/ HTTP/1.1" 304 209 "-" "Mozilla/5.0 (Windows; U; Windows NT 6.1; en-US) AppleWebKit/534.16 (KHTML, like Gecko) Chrome/10.0.648.151 Safari/534.16"
69.74.233.66 - - [23/Mar/2011:20:15:19 +0000] "GET /favicon.ico HTTP/1.1" 404 503 "-" "Mozilla/5.0 (Windows; U; Windows NT 6.1; en-US) AppleWebKit/534.16 (KHTML, like Gecko) Chrome/10.0.648.151 Safari/534.16"
69.74.233.66 - - [23/Mar/2011:20:15:21 +0000] "GET /cs10/ HTTP/1.1" 304 209 "-" "Mozilla/5.0 (Windows; U; Windows NT 6.1; en-US) AppleWebKit/534.16 (KHTML, like Gecko) Chrome/10.0.648.151 Safari/534.16"
69.74.233.66 - - [23/Mar/2011:20:15:22 +0000] "GET /favicon.ico HTTP/1.1" 404 503 "-" "Mozilla/5.0 (Windows; U; Windows NT 6.1; en-US) AppleWebKit/534.16 (KHTML, like Gecko) Chrome/10.0.648.151 Safari/534.16"
69.74.233.66 - - [23/Mar/2011:20:15:22 +0000] "GET /cs10/ HTTP/1.1" 304 209 "-" "Mozilla/5.0 (Windows; U; Windows NT 6.1; en-US) AppleWebKit/534.16 (KHTML, like Gecko) Chrome/10.0.648.151 Safari/534.16"
69.74.233.66 - - [23/Mar/2011:20:15:22 +0000] "GET /favicon.ico HTTP/1.1" 404 503 "-" "Mozilla/5.0 (Windows; U; Windows NT 6.1; en-US) AppleWebKit/534.16 (KHTML, like Gecko) Chrome/10.0.648.151 Safari/534.16"
69.74.233.66 - - [23/Mar/2011:20:15:22 +0000] "GET /cs10/ HTTP/1.1" 304 209 "-" "Mozilla/5.0 (Windows; U; Windows NT 6.1; en-US) AppleWebKit/534.16 (KHTML, like Gecko) Chrome/10.0.648.151 Safari/534.16"
69.74.233.66 - - [23/Mar/2011:20:15:23 +0000] "GET /favicon.ico HTTP/1.1" 404 503 "-" "Mozilla/5.0 (Windows; U; Windows NT 6.1; en-US) AppleWebKit/534.16 (KHTML, like Gecko) Chrome/10.0.648.151 Safari/534.16"
69.74.233.66 - - [23/Mar/2011:20:15:23 +0000] "GET /cs10/ HTTP/1.1" 304 209 "-" "Mozilla/5.0 (Windows; U; Windows NT 6.1; en-US) AppleWebKit/534.16 (KHTML, like Gecko) Chrome/10.0.648.151 Safari/534.16"
69.74.233.66 - - [23/Mar/2011:20:15:23 +0000] "GET /favicon.ico HTTP/1.1" 404 503 "-" "Mozilla/5.0 (Windows; U; Windows NT 6.1; en-US) AppleWebKit/534.16 (KHTML, like Gecko) Chrome/10.0.648.151 Safari/534.16"
69.74.233.66 - - [23/Mar/2011:20:15:23 +0000] "GET /cs10/ HTTP/1.1" 304 209 "-" "Mozilla/5.0 (Windows; U; Windows NT 6.1; en-US) AppleWebKit/534.16 (KHTML, like Gecko) Chrome/10.0.648.151 Safari/534.16"
69.74.233.66 - - [23/Mar/2011:20:15:23 +0000] "GET /favicon.ico HTTP/1.1" 404 503 "-" "Mozilla/5.0 (Windows; U; Windows NT 6.1; en-US) AppleWebKit/534.16 (KHTML, like Gecko) Chrome/10.0.648.151 Safari/534.16"
69.74.233.66 - - [23/Mar/2011:20:15:26 +0000] "GET /favicon.ico HTTP/1.1" 404 503 "-" "Mozilla/5.0 (Windows; U; Windows NT 6.1; en-US) AppleWebKit/534.16 (KHTML, like Gecko) Chrome/10.0.648.151 Safari/534.16"
69.74.233.66 - - [23/Mar/2011:20:21:49 +0000] "GET /cs10/ HTTP/1.1" 200 716 "-" "Mozilla/5.0 (Windows; U; Windows NT 6.1; en-US) AppleWebKit/534.16 (KHTML, like Gecko) Chrome/10.0.648.151 Safari/534.16"
69.74.233.66 - - [23/Mar/2011:20:21:49 +0000] "GET /favicon.ico HTTP/1.1" 404 503 "-" "Mozilla/5.0 (Windows; U; Windows NT 6.1; en-US) AppleWebKit/534.16 (KHTML, like Gecko) Chrome/10.0.648.151 Safari/534.16"
69.74.233.66 - - [23/Mar/2011:20:21:50 +0000] "GET /favicon.ico HTTP/1.1" 404 503 "-" "Mozilla/5.0 (Windows; U; Windows NT 6.1; en-US) AppleWebKit/534.16 (KHTML, like Gecko) Chrome/10.0.648.151 Safari/534.16"
69.74.233.66 - - [23/Mar/2011:20:21:55 +0000] "GET /cs10/ HTTP/1.1" 304 209 "-" "Mozilla/5.0 (Windows; U; Windows NT 6.1; en-US) AppleWebKit/534.16 (KHTML, like Gecko) Chrome/10.0.648.151 Safari/534.16"
69.74.233.66 - - [23/Mar/2011:20:21:55 +0000] "GET /favicon.ico HTTP/1.1" 404 503 "-" "Mozilla/5.0 (Windows; U; Windows NT 6.1; en-US) AppleWebKit/534.16 (KHTML, like Gecko) Chrome/10.0.648.151 Safari/534.16"
69.74.233.66 - - [23/Mar/2011:20:21:56 +0000] "GET /favicon.ico HTTP/1.1" 404 503 "-" "Mozilla/5.0 (Windows; U; Windows NT 6.1; en-US) AppleWebKit/534.16 (KHTML, like Gecko) Chrome/10.0.648.151 Safari/534.16"
69.74.233.66 - - [23/Mar/2011:20:29:22 +0000] "GET /favicon.ico HTTP/1.1" 404 504 "-" "Mozilla/5.0 (Windows; U; Windows NT 6.1; en-US) AppleWebKit/534.16 (KHTML, like Gecko) Chrome/10.0.648.151 Safari/534.16"
69.74.233.66 - - [23/Mar/2011:20:31:56 +0000] "GET /favicon.ico HTTP/1.1" 404 504 "-" "Mozilla/5.0 (Windows; U; Windows NT 6.1; en-US) AppleWebKit/534.16 (KHTML, like Gecko) Chrome/10.0.648.151 Safari/534.16"
69.74.233.66 - - [23/Mar/2011:20:31:55 +0000] "GET /cs10/cs10.mp3 HTTP/1.1" 200 10617613 "http://cafink.name/cs10/" "Mozilla/5.0 (Windows; U; Windows NT 6.1; en-US) AppleWebKit/534.16 (KHTML, like Gecko) Chrome/10.0.648.151 Safari/534.16"
69.74.233.66 - - [23/Mar/2011:20:32:19 +0000] "GET /favicon.ico HTTP/1.1" 404 504 "-" "Mozilla/5.0 (Windows; U; Windows NT 6.1; en-US) AppleWebKit/534.16 (KHTML, like Gecko) Chrome/10.0.648.151 Safari/534.16"
123.125.71.21 - - [23/Mar/2011:21:25:21 +0000] "GET / HTTP/1.1" 304 171 "-" "Baiduspider+(+http://www.baidu.com/search/spider.htm)"
123.125.71.14 - - [23/Mar/2011:21:35:19 +0000] "GET / HTTP/1.1" 200 1630 "-" "Baiduspider+(+http://www.baidu.com/search/spider.htm)"
220.181.108.92 - - [23/Mar/2011:21:35:43 +0000] "GET / HTTP/1.1" 200 1630 "-" "Baiduspider+(+http://www.baidu.com/search/spider.htm)"
166.137.15.51 - - [23/Mar/2011:22:33:52 +0000] "GET /movies HTTP/1.1" 301 557 "-" "Mozilla/5.0 (iPhone; U; CPU iPhone OS 4_3 like Mac OS X; en-us) AppleWebKit/533.17.9 (KHTML, like Gecko) Version/5.0.2 Mobile/8F190 Safari/6533.18.5"
166.137.15.51 - - [23/Mar/2011:22:33:52 +0000] "GET /movies/ HTTP/1.1" 200 809 "-" "Mozilla/5.0 (iPhone; U; CPU iPhone OS 4_3 like Mac OS X; en-us) AppleWebKit/533.17.9 (KHTML, like Gecko) Version/5.0.2 Mobile/8F190 Safari/6533.18.5"
166.137.15.51 - - [23/Mar/2011:22:33:53 +0000] "GET /icons/blank.gif HTTP/1.1" 200 439 "http://cafink.name/movies/" "Mozilla/5.0 (iPhone; U; CPU iPhone OS 4_3 like Mac OS X; en-us) AppleWebKit/533.17.9 (KHTML, like Gecko) Version/5.0.2 Mobile/8F190 Safari/6533.18.5"
166.137.15.51 - - [23/Mar/2011:22:33:53 +0000] "GET /icons/back.gif HTTP/1.1" 200 508 "http://cafink.name/movies/" "Mozilla/5.0 (iPhone; U; CPU iPhone OS 4_3 like Mac OS X; en-us) AppleWebKit/533.17.9 (KHTML, like Gecko) Version/5.0.2 Mobile/8F190 Safari/6533.18.5"
166.137.15.51 - - [23/Mar/2011:22:33:53 +0000] "GET /icons/text.gif HTTP/1.1" 200 521 "http://cafink.name/movies/" "Mozilla/5.0 (iPhone; U; CPU iPhone OS 4_3 like Mac OS X; en-us) AppleWebKit/533.17.9 (KHTML, like Gecko) Version/5.0.2 Mobile/8F190 Safari/6533.18.5"
166.137.15.51 - - [23/Mar/2011:22:34:01 +0000] "GET /movies/features_blu-ray.txt HTTP/1.1" 200 2926 "http://cafink.name/movies/" "Mozilla/5.0 (iPhone; U; CPU iPhone OS 4_3 like Mac OS X; en-us) AppleWebKit/533.17.9 (KHTML, like Gecko) Version/5.0.2 Mobile/8F190 Safari/6533.18.5"
166.137.15.51 - - [23/Mar/2011:22:45:50 +0000] "GET /movies/television_dvd.txt HTTP/1.1" 200 1483 "http://cafink.name/movies/" "Mozilla/5.0 (iPhone; U; CPU iPhone OS 4_3 like Mac OS X; en-us) AppleWebKit/533.17.9 (KHTML, like Gecko) Version/5.0.2 Mobile/8F190 Safari/6533.18.5"
123.125.71.34 - - [24/Mar/2011:00:36:04 +0000] "GET / HTTP/1.1" 200 1630 "-" "Baiduspider+(+http://www.baidu.com/search/spider.htm)"
220.181.108.83 - - [24/Mar/2011:00:36:32 +0000] "GET / HTTP/1.1" 200 1630 "-" "Baiduspider+(+http://www.baidu.com/search/spider.htm)"
124.115.4.197 - - [24/Mar/2011:01:25:02 +0000] "GET / HTTP/1.1" 304 209 "-" "Sosospider+(+http://help.soso.com/webspider.htm)"
50.17.151.34 - - [24/Mar/2011:01:26:48 +0000] "HEAD / HTTP/1.1" 200 276 "http://www.netcraft.com/survey/" "Mozilla/4.0 (compatible; Netcraft Web Server Survey)"
123.125.71.17 - - [24/Mar/2011:01:35:26 +0000] "GET / HTTP/1.1" 200 1630 "-" "Baiduspider+(+http://www.baidu.com/search/spider.htm)"
220.181.108.87 - - [24/Mar/2011:01:35:49 +0000] "GET / HTTP/1.1" 200 1630 "-" "Baiduspider+(+http://www.baidu.com/search/spider.htm)"
50.17.150.114 - - [24/Mar/2011:01:45:48 +0000] "HEAD / HTTP/1.1" 200 276 "http://www.netcraft.com/survey/" "Mozilla/4.0 (compatible; Netcraft Web Server Survey)"
50.17.146.67 - - [24/Mar/2011:01:46:29 +0000] "HEAD / HTTP/1.1" 200 276 "http://www.netcraft.com/survey/" "Mozilla/4.0 (compatible; Netcraft Web Server Survey)"
70.180.119.247 - - [24/Mar/2011:01:47:25 +0000] "GET /movies/ HTTP/1.1" 200 811 "-" "Mozilla/5.0 (X11; U; Linux x86_64; en-US) AppleWebKit/534.16 (KHTML, like Gecko) Chrome/10.0.648.151 Safari/534.16"
70.180.119.247 - - [24/Mar/2011:01:47:25 +0000] "GET /favicon.ico HTTP/1.1" 404 503 "-" "Mozilla/5.0 (X11; U; Linux x86_64; en-US) AppleWebKit/534.16 (KHTML, like Gecko) Chrome/10.0.648.151 Safari/534.16"
70.180.119.247 - - [24/Mar/2011:01:47:27 +0000] "GET /movies/features_blu-ray.txt HTTP/1.1" 200 2967 "http://cafink.name/movies/" "Mozilla/5.0 (X11; U; Linux x86_64; en-US) AppleWebKit/534.16 (KHTML, like Gecko) Chrome/10.0.648.151 Safari/534.16"
70.180.119.247 - - [24/Mar/2011:01:47:27 +0000] "GET /favicon.ico HTTP/1.1" 404 503 "-" "Mozilla/5.0 (X11; U; Linux x86_64; en-US) AppleWebKit/534.16 (KHTML, like Gecko) Chrome/10.0.648.151 Safari/534.16"
70.180.119.247 - - [24/Mar/2011:01:47:57 +0000] "GET /movies/television_blu-ray.txt HTTP/1.1" 304 209 "http://cafink.name/movies/" "Mozilla/5.0 (X11; U; Linux x86_64; en-US) AppleWebKit/534.16 (KHTML, like Gecko) Chrome/10.0.648.151 Safari/534.16"
70.180.119.247 - - [24/Mar/2011:01:47:57 +0000] "GET /favicon.ico HTTP/1.1" 404 503 "-" "Mozilla/5.0 (X11; U; Linux x86_64; en-US) AppleWebKit/534.16 (KHTML, like Gecko) Chrome/10.0.648.151 Safari/534.16"
70.180.119.247 - - [24/Mar/2011:01:48:06 +0000] "GET /movies/television_dvd.txt HTTP/1.1" 304 209 "http://cafink.name/movies/" "Mozilla/5.0 (X11; U; Linux x86_64; en-US) AppleWebKit/534.16 (KHTML, like Gecko) Chrome/10.0.648.151 Safari/534.16"
70.180.119.247 - - [24/Mar/2011:01:48:06 +0000] "GET /favicon.ico HTTP/1.1" 404 503 "-" "Mozilla/5.0 (X11; U; Linux x86_64; en-US) AppleWebKit/534.16 (KHTML, like Gecko) Chrome/10.0.648.151 Safari/534.16"
70.180.119.247 - - [24/Mar/2011:01:48:54 +0000] "GET /favicon.ico HTTP/1.1" 404 504 "-" "Mozilla/5.0 (X11; U; Linux x86_64; en-US) AppleWebKit/534.16 (KHTML, like Gecko) Chrome/10.0.648.151 Safari/534.16"
70.180.119.247 - - [24/Mar/2011:01:48:56 +0000] "GET /movies/television_blu-ray.txt HTTP/1.1" 200 510 "-" "Mozilla/5.0 (X11; U; Linux x86_64; en-US) AppleWebKit/534.16 (KHTML, like Gecko) Chrome/10.0.648.151 Safari/534.16"
70.180.119.247 - - [24/Mar/2011:01:48:56 +0000] "GET /favicon.ico HTTP/1.1" 404 503 "-" "Mozilla/5.0 (X11; U; Linux x86_64; en-US) AppleWebKit/534.16 (KHTML, like Gecko) Chrome/10.0.648.151 Safari/534.16"
70.180.119.247 - - [24/Mar/2011:01:48:58 +0000] "GET /movies/television_blu-ray.txt HTTP/1.1" 200 510 "-" "Mozilla/5.0 (X11; U; Linux x86_64; en-US) AppleWebKit/534.16 (KHTML, like Gecko) Chrome/10.0.648.151 Safari/534.16"
70.180.119.247 - - [24/Mar/2011:01:48:58 +0000] "GET /favicon.ico HTTP/1.1" 404 503 "-" "Mozilla/5.0 (X11; U; Linux x86_64; en-US) AppleWebKit/534.16 (KHTML, like Gecko) Chrome/10.0.648.151 Safari/534.16"
70.180.119.247 - - [24/Mar/2011:01:48:58 +0000] "GET /movies/television_blu-ray.txt HTTP/1.1" 200 510 "-" "Mozilla/5.0 (X11; U; Linux x86_64; en-US) AppleWebKit/534.16 (KHTML, like Gecko) Chrome/10.0.648.151 Safari/534.16"
70.180.119.247 - - [24/Mar/2011:01:48:58 +0000] "GET /favicon.ico HTTP/1.1" 404 503 "-" "Mozilla/5.0 (X11; U; Linux x86_64; en-US) AppleWebKit/534.16 (KHTML, like Gecko) Chrome/10.0.648.151 Safari/534.16"
70.180.119.247 - - [24/Mar/2011:01:48:58 +0000] "GET /movies/television_blu-ray.txt HTTP/1.1" 200 510 "-" "Mozilla/5.0 (X11; U; Linux x86_64; en-US) AppleWebKit/534.16 (KHTML, like Gecko) Chrome/10.0.648.151 Safari/534.16"
70.180.119.247 - - [24/Mar/2011:01:48:58 +0000] "GET /favicon.ico HTTP/1.1" 404 503 "-" "Mozilla/5.0 (X11; U; Linux x86_64; en-US) AppleWebKit/534.16 (KHTML, like Gecko) Chrome/10.0.648.151 Safari/534.16"
70.180.119.247 - - [24/Mar/2011:01:48:58 +0000] "GET /movies/television_blu-ray.txt HTTP/1.1" 200 510 "-" "Mozilla/5.0 (X11; U; Linux x86_64; en-US) AppleWebKit/534.16 (KHTML, like Gecko) Chrome/10.0.648.151 Safari/534.16"
70.180.119.247 - - [24/Mar/2011:01:48:59 +0000] "GET /favicon.ico HTTP/1.1" 404 503 "-" "Mozilla/5.0 (X11; U; Linux x86_64; en-US) AppleWebKit/534.16 (KHTML, like Gecko) Chrome/10.0.648.151 Safari/534.16"
123.125.71.20 - - [24/Mar/2011:02:36:13 +0000] "GET / HTTP/1.1" 200 1630 "-" "Baiduspider+(+http://www.baidu.com/search/spider.htm)"
220.181.108.81 - - [24/Mar/2011:02:36:38 +0000] "GET / HTTP/1.1" 200 1630 "-" "Baiduspider+(+http://www.baidu.com/search/spider.htm)"
70.180.119.247 - - [24/Mar/2011:04:04:53 +0000] "GET /movies/features_blu-ray.txt HTTP/1.1" 304 211 "-" "Mozilla/5.0 (X11; U; Linux x86_64; en-US) AppleWebKit/534.16 (KHTML, like Gecko) Chrome/10.0.648.151 Safari/534.16"
70.180.119.247 - - [24/Mar/2011:04:04:53 +0000] "GET /favicon.ico HTTP/1.1" 404 503 "-" "Mozilla/5.0 (X11; U; Linux x86_64; en-US) AppleWebKit/534.16 (KHTML, like Gecko) Chrome/10.0.648.151 Safari/534.16"
70.180.119.247 - - [24/Mar/2011:04:07:36 +0000] "GET /movies/features_dvd.txt HTTP/1.1" 304 211 "-" "Mozilla/5.0 (X11; U; Linux x86_64; en-US) AppleWebKit/534.16 (KHTML, like Gecko) Chrome/10.0.648.151 Safari/534.16"
70.180.119.247 - - [24/Mar/2011:04:07:36 +0000] "GET /favicon.ico HTTP/1.1" 404 503 "-" "Mozilla/5.0 (X11; U; Linux x86_64; en-US) AppleWebKit/534.16 (KHTML, like Gecko) Chrome/10.0.648.151 Safari/534.16"
70.180.119.247 - - [24/Mar/2011:04:09:18 +0000] "GET /favicon.ico HTTP/1.1" 404 504 "-" "Mozilla/5.0 (X11; U; Linux x86_64; en-US) AppleWebKit/534.16 (KHTML, like Gecko) Chrome/10.0.648.151 Safari/534.16"
69.58.178.59 - - [24/Mar/2011:06:50:16 +0000] "GET /robots.txt HTTP/1.1" 404 481 "-" "Mozilla/5.0 (X11; U; Linux i686; en-US; rv:1.9.1.3; ips-agent) Gecko/20090824 Fedora/1.0.7-1.1.fc4 Firefox/3.5.3"
69.58.178.59 - - [24/Mar/2011:06:50:17 +0000] "GET / HTTP/1.1" 200 1637 "-" "Mozilla/5.0 (X11; U; Linux i686; en-US; rv:1.9.1.3; ips-agent) Gecko/20090824 Fedora/1.0.7-1.1.fc4 Firefox/3.5.3"
69.58.178.59 - - [24/Mar/2011:06:53:28 +0000] "GET / HTTP/1.1" 200 1637 "-" "Mozilla/5.0 (X11; U; Linux i686; en-US; rv:1.9.1.3; ips-agent) Gecko/20090824 Fedora/1.0.7-1.1.fc4 Firefox/3.5.3"
65.52.51.179 - - [24/Mar/2011:08:26:43 +0000] "GET /robots.txt HTTP/1.1" 404 533 "-" "Mozilla/5.0 (compatible; bingbot/2.0; +http://www.bing.com/bingbot.htm)"
124.115.4.197 - - [24/Mar/2011:10:24:13 +0000] "GET / HTTP/1.1" 304 209 "-" "Sosospider+(+http://help.soso.com/webspider.htm)"
123.125.71.17 - - [24/Mar/2011:11:35:16 +0000] "GET / HTTP/1.1" 200 1630 "-" "Baiduspider+(+http://www.baidu.com/search/spider.htm)"
220.181.108.89 - - [24/Mar/2011:11:35:45 +0000] "GET / HTTP/1.1" 200 1630 "-" "Baiduspider+(+http://www.baidu.com/search/spider.htm)"
123.125.71.20 - - [24/Mar/2011:13:34:09 +0000] "GET / HTTP/1.1" 200 1630 "-" "Baiduspider+(+http://www.baidu.com/search/spider.htm)"
220.181.108.87 - - [24/Mar/2011:13:34:30 +0000] "GET / HTTP/1.1" 200 1630 "-" "Baiduspider+(+http://www.baidu.com/search/spider.htm)"
64.16.187.50 - - [24/Mar/2011:15:57:21 +0000] "GET /movies HTTP/1.1" 301 557 "-" "Mozilla/5.0 (Windows; U; Windows NT 6.1; en-US) AppleWebKit/534.16 (KHTML, like Gecko) Chrome/10.0.648.151 Safari/534.16"
64.16.187.50 - - [24/Mar/2011:15:57:21 +0000] "GET /movies/ HTTP/1.1" 200 807 "-" "Mozilla/5.0 (Windows; U; Windows NT 6.1; en-US) AppleWebKit/534.16 (KHTML, like Gecko) Chrome/10.0.648.151 Safari/534.16"
64.16.187.50 - - [24/Mar/2011:15:57:21 +0000] "GET /favicon.ico HTTP/1.1" 404 503 "-" "Mozilla/5.0 (Windows; U; Windows NT 6.1; en-US) AppleWebKit/534.16 (KHTML, like Gecko) Chrome/10.0.648.151 Safari/534.16"
64.16.187.50 - - [24/Mar/2011:15:57:22 +0000] "GET /movies/television_blu-ray.txt HTTP/1.1" 200 510 "http://cafink.name/movies/" "Mozilla/5.0 (Windows; U; Windows NT 6.1; en-US) AppleWebKit/534.16 (KHTML, like Gecko) Chrome/10.0.648.151 Safari/534.16"
64.16.187.50 - - [24/Mar/2011:15:57:22 +0000] "GET /favicon.ico HTTP/1.1" 404 503 "-" "Mozilla/5.0 (Windows; U; Windows NT 6.1; en-US) AppleWebKit/534.16 (KHTML, like Gecko) Chrome/10.0.648.151 Safari/534.16"
123.125.71.28 - - [24/Mar/2011:16:48:41 +0000] "GET / HTTP/1.1" 200 1630 "-" "Baiduspider+(+http://www.baidu.com/search/spider.htm)"
220.181.108.84 - - [24/Mar/2011:16:49:18 +0000] "GET / HTTP/1.1" 200 1630 "-" "Baiduspider+(+http://www.baidu.com/search/spider.htm)"
124.115.0.28 - - [24/Mar/2011:18:31:11 +0000] "GET / HTTP/1.1" 304 209 "-" "Sosospider+(+http://help.soso.com/webspider.htm)"
174.129.117.237 - - [24/Mar/2011:19:02:01 +0000] "HEAD / HTTP/1.1" 200 280 "-" "Mozilla/5.0 (Windows; U; Windows NT 5.1; en-US) AppleWebKit/525.13 (KHTML, like Gecko) Chrome/0.A.B.C Safari/525.13"
123.125.71.22 - - [24/Mar/2011:20:35:01 +0000] "GET / HTTP/1.1" 200 1630 "-" "Baiduspider+(+http://www.baidu.com/search/spider.htm)"
220.181.108.81 - - [24/Mar/2011:20:35:24 +0000] "GET / HTTP/1.1" 200 1630 "-" "Baiduspider+(+http://www.baidu.com/search/spider.htm)"
157.55.50.12 - - [24/Mar/2011:20:42:40 +0000] "GET /robots.txt HTTP/1.1" 404 533 "-" "Mozilla/5.0 (compatible; bingbot/2.0; +http://www.bing.com/bingbot.htm)"
123.125.71.27 - - [24/Mar/2011:22:34:30 +0000] "GET / HTTP/1.1" 200 1630 "-" "Baiduspider+(+http://www.baidu.com/search/spider.htm)"
220.181.108.87 - - [24/Mar/2011:22:34:52 +0000] "GET / HTTP/1.1" 200 1630 "-" "Baiduspider+(+http://www.baidu.com/search/spider.htm)"
81.52.143.16 - - [24/Mar/2011:23:52:48 +0000] "GET / HTTP/1.1" 200 955 "-" "Mozilla/5.0 (Windows; U; Windows NT 5.1; fr; rv:1.8.1) VoilaBot BETA 1.2 (support.voilabot@orange-ftgroup.com)"
70.180.119.247 - - [25/Mar/2011:00:33:49 +0000] "GET /movies/ HTTP/1.1" 200 808 "-" "Mozilla/5.0 (X11; U; Linux x86_64; en-US) AppleWebKit/534.16 (KHTML, like Gecko) Chrome/10.0.648.151 Safari/534.16"
70.180.119.247 - - [25/Mar/2011:00:33:50 +0000] "GET /favicon.ico HTTP/1.1" 404 503 "-" "Mozilla/5.0 (X11; U; Linux x86_64; en-US) AppleWebKit/534.16 (KHTML, like Gecko) Chrome/10.0.648.151 Safari/534.16"
70.180.119.247 - - [25/Mar/2011:00:33:52 +0000] "GET /movies/television_dvd.txt HTTP/1.1" 304 209 "http://cafink.name/movies/" "Mozilla/5.0 (X11; U; Linux x86_64; en-US) AppleWebKit/534.16 (KHTML, like Gecko) Chrome/10.0.648.151 Safari/534.16"
70.180.119.247 - - [25/Mar/2011:00:33:52 +0000] "GET /favicon.ico HTTP/1.1" 404 503 "-" "Mozilla/5.0 (X11; U; Linux x86_64; en-US) AppleWebKit/534.16 (KHTML, like Gecko) Chrome/10.0.648.151 Safari/534.16"
123.125.71.27 - - [25/Mar/2011:00:34:04 +0000] "GET / HTTP/1.1" 200 1630 "-" "Baiduspider+(+http://www.baidu.com/search/spider.htm)"
220.181.108.75 - - [25/Mar/2011:00:34:28 +0000] "GET / HTTP/1.1" 200 1630 "-" "Baiduspider+(+http://www.baidu.com/search/spider.htm)"
70.180.119.247 - - [25/Mar/2011:00:35:02 +0000] "GET /favicon.ico HTTP/1.1" 404 504 "-" "Mozilla/5.0 (X11; U; Linux x86_64; en-US) AppleWebKit/534.16 (KHTML, like Gecko) Chrome/10.0.648.151 Safari/534.16"
70.180.119.247 - - [25/Mar/2011:00:35:04 +0000] "GET /movies/features_dvd.txt HTTP/1.1" 304 210 "http://cafink.name/movies/" "Mozilla/5.0 (X11; U; Linux x86_64; en-US) AppleWebKit/534.16 (KHTML, like Gecko) Chrome/10.0.648.151 Safari/534.16"
70.180.119.247 - - [25/Mar/2011:00:35:04 +0000] "GET /favicon.ico HTTP/1.1" 404 503 "-" "Mozilla/5.0 (X11; U; Linux x86_64; en-US) AppleWebKit/534.16 (KHTML, like Gecko) Chrome/10.0.648.151 Safari/534.16"
124.115.0.163 - - [25/Mar/2011:02:42:42 +0000] "GET / HTTP/1.1" 304 209 "-" "Sosospider+(+http://help.soso.com/webspider.htm)"
123.125.71.19 - - [25/Mar/2011:03:35:32 +0000] "GET / HTTP/1.1" 200 1630 "-" "Baiduspider+(+http://www.baidu.com/search/spider.htm)"
69.28.58.9 - - [25/Mar/2011:03:35:49 +0000] "GET / HTTP/1.1" 200 1630 "-" "Wget/1.9+cvs-stable (Red Hat modified)"
220.181.108.95 - - [25/Mar/2011:03:35:56 +0000] "GET / HTTP/1.1" 200 1630 "-" "Baiduspider+(+http://www.baidu.com/search/spider.htm)"
123.125.71.16 - - [25/Mar/2011:06:36:00 +0000] "GET / HTTP/1.1" 200 1630 "-" "Baiduspider+(+http://www.baidu.com/search/spider.htm)"
220.181.108.81 - - [25/Mar/2011:06:36:23 +0000] "GET / HTTP/1.1" 200 1630 "-" "Baiduspider+(+http://www.baidu.com/search/spider.htm)"
65.52.110.25 - - [25/Mar/2011:06:47:51 +0000] "GET /robots.txt HTTP/1.1" 404 537 "-" "Mozilla/5.0 (compatible; bingbot/2.0; +http://www.bing.com/bingbot.htm)"
65.52.110.25 - - [25/Mar/2011:06:48:48 +0000] "GET /wp-login.php HTTP/1.1" 404 513 "-" "Mozilla/5.0 (compatible; bingbot/2.0; +http://www.bing.com/bingbot.htm)"
