64.16.187.50 - - [12/May/2011:16:15:02 +0000] "GET /facebook.png HTTP/1.1" 200 5275 "http://insectpolitics.com/" "Mozilla/5.0 (Windows NT 6.1; WOW64) AppleWebKit/534.24 (KHTML, like Gecko) Chrome/11.0.696.65 Safari/534.24"
64.16.187.50 - - [12/May/2011:16:15:47 +0000] "GET /movies/ HTTP/1.1" 200 811 "-" "Mozilla/5.0 (Windows NT 6.1; WOW64) AppleWebKit/534.24 (KHTML, like Gecko) Chrome/11.0.696.65 Safari/534.24"
64.16.187.50 - - [12/May/2011:16:15:48 +0000] "GET /favicon.ico HTTP/1.1" 404 503 "-" "Mozilla/5.0 (Windows NT 6.1; WOW64) AppleWebKit/534.24 (KHTML, like Gecko) Chrome/11.0.696.65 Safari/534.24"
64.16.187.50 - - [12/May/2011:16:15:49 +0000] "GET /movies HTTP/1.1" 301 556 "-" "Mozilla/5.0 (Windows NT 6.1; WOW64) AppleWebKit/534.24 (KHTML, like Gecko) Chrome/11.0.696.65 Safari/534.24"
64.16.187.50 - - [12/May/2011:16:15:49 +0000] "GET /movies/ HTTP/1.1" 200 810 "-" "Mozilla/5.0 (Windows NT 6.1; WOW64) AppleWebKit/534.24 (KHTML, like Gecko) Chrome/11.0.696.65 Safari/534.24"
64.16.187.50 - - [12/May/2011:16:15:49 +0000] "GET /favicon.ico HTTP/1.1" 404 503 "-" "Mozilla/5.0 (Windows NT 6.1; WOW64) AppleWebKit/534.24 (KHTML, like Gecko) Chrome/11.0.696.65 Safari/534.24"
64.16.187.50 - - [12/May/2011:16:15:49 +0000] "GET /movies/ HTTP/1.1" 200 810 "-" "Mozilla/5.0 (Windows NT 6.1; WOW64) AppleWebKit/534.24 (KHTML, like Gecko) Chrome/11.0.696.65 Safari/534.24"
64.16.187.50 - - [12/May/2011:16:15:49 +0000] "GET /icons/back.gif HTTP/1.1" 304 188 "http://cafink.name/movies/" "Mozilla/5.0 (Windows NT 6.1; WOW64) AppleWebKit/534.24 (KHTML, like Gecko) Chrome/11.0.696.65 Safari/534.24"
64.16.187.50 - - [12/May/2011:16:15:49 +0000] "GET /icons/text.gif HTTP/1.1" 304 188 "http://cafink.name/movies/" "Mozilla/5.0 (Windows NT 6.1; WOW64) AppleWebKit/534.24 (KHTML, like Gecko) Chrome/11.0.696.65 Safari/534.24"
64.16.187.50 - - [12/May/2011:16:15:49 +0000] "GET /icons/blank.gif HTTP/1.1" 304 187 "http://cafink.name/movies/" "Mozilla/5.0 (Windows NT 6.1; WOW64) AppleWebKit/534.24 (KHTML, like Gecko) Chrome/11.0.696.65 Safari/534.24"
64.16.187.50 - - [12/May/2011:16:15:50 +0000] "GET /favicon.ico HTTP/1.1" 404 503 "-" "Mozilla/5.0 (Windows NT 6.1; WOW64) AppleWebKit/534.24 (KHTML, like Gecko) Chrome/11.0.696.65 Safari/534.24"
64.16.187.50 - - [12/May/2011:16:15:51 +0000] "GET /movies/television_dvd.txt HTTP/1.1" 200 1514 "-" "Mozilla/5.0 (Windows NT 6.1; WOW64) AppleWebKit/534.24 (KHTML, like Gecko) Chrome/11.0.696.65 Safari/534.24"
64.16.187.50 - - [12/May/2011:16:15:51 +0000] "GET /favicon.ico HTTP/1.1" 404 503 "-" "Mozilla/5.0 (Windows NT 6.1; WOW64) AppleWebKit/534.24 (KHTML, like Gecko) Chrome/11.0.696.65 Safari/534.24"
64.16.187.50 - - [12/May/2011:16:15:54 +0000] "GET /movies/television_blu-ray HTTP/1.1" 404 513 "-" "Mozilla/5.0 (Windows NT 6.1; WOW64) AppleWebKit/534.24 (KHTML, like Gecko) Chrome/11.0.696.65 Safari/534.24"
64.16.187.50 - - [12/May/2011:16:15:54 +0000] "GET /favicon.ico HTTP/1.1" 404 503 "-" "Mozilla/5.0 (Windows NT 6.1; WOW64) AppleWebKit/534.24 (KHTML, like Gecko) Chrome/11.0.696.65 Safari/534.24"
64.16.187.50 - - [12/May/2011:16:15:54 +0000] "GET /movies/television_blu-ray.t HTTP/1.1" 404 515 "-" "Mozilla/5.0 (Windows NT 6.1; WOW64) AppleWebKit/534.24 (KHTML, like Gecko) Chrome/11.0.696.65 Safari/534.24"
64.16.187.50 - - [12/May/2011:16:15:54 +0000] "GET /favicon.ico HTTP/1.1" 404 503 "-" "Mozilla/5.0 (Windows NT 6.1; WOW64) AppleWebKit/534.24 (KHTML, like Gecko) Chrome/11.0.696.65 Safari/534.24"
64.16.187.50 - - [12/May/2011:16:15:55 +0000] "GET /movies/television_blu-ray.txt HTTP/1.1" 200 514 "-" "Mozilla/5.0 (Windows NT 6.1; WOW64) AppleWebKit/534.24 (KHTML, like Gecko) Chrome/11.0.696.65 Safari/534.24"
64.16.187.50 - - [12/May/2011:16:15:55 +0000] "GET /favicon.ico HTTP/1.1" 404 503 "-" "Mozilla/5.0 (Windows NT 6.1; WOW64) AppleWebKit/534.24 (KHTML, like Gecko) Chrome/11.0.696.65 Safari/534.24"
124.115.0.100 - - [12/May/2011:16:58:26 +0000] "GET / HTTP/1.1" 200 993 "-" "Sosospider+(+http://help.soso.com/webspider.htm)"
123.125.71.16 - - [12/May/2011:17:00:48 +0000] "GET / HTTP/1.1" 200 1630 "-" "Baiduspider+(+http://www.baidu.com/search/spider.htm)"
220.181.108.94 - - [12/May/2011:17:01:41 +0000] "GET / HTTP/1.1" 200 1630 "-" "Baiduspider+(+http://www.baidu.com/search/spider.htm)"
64.16.187.50 - - [12/May/2011:18:28:48 +0000] "GET /movies/ HTTP/1.1" 200 811 "-" "Mozilla/5.0 (Windows NT 6.1; WOW64) AppleWebKit/534.24 (KHTML, like Gecko) Chrome/11.0.696.65 Safari/534.24"
64.16.187.50 - - [12/May/2011:18:28:49 +0000] "GET /favicon.ico HTTP/1.1" 404 503 "-" "Mozilla/5.0 (Windows NT 6.1; WOW64) AppleWebKit/534.24 (KHTML, like Gecko) Chrome/11.0.696.65 Safari/534.24"
64.16.187.50 - - [12/May/2011:18:28:51 +0000] "GET /favicon.ico HTTP/1.1" 404 503 "-" "Mozilla/5.0 (Windows NT 6.1; WOW64) AppleWebKit/534.24 (KHTML, like Gecko) Chrome/11.0.696.65 Safari/534.24"
64.16.187.50 - - [12/May/2011:18:28:52 +0000] "GET /favicon.ico HTTP/1.1" 404 503 "-" "Mozilla/5.0 (Windows NT 6.1; WOW64) AppleWebKit/534.24 (KHTML, like Gecko) Chrome/11.0.696.65 Safari/534.24"
69.17.126.74 - - [12/May/2011:18:29:29 +0000] "GET /movies/ HTTP/1.1" 200 811 "-" "Mozilla/5.0 (Windows NT 6.1; WOW64) AppleWebKit/534.24 (KHTML, like Gecko) Chrome/11.0.696.65 Safari/534.24"
69.17.126.74 - - [12/May/2011:18:29:30 +0000] "GET /favicon.ico HTTP/1.1" 404 503 "-" "Mozilla/5.0 (Windows NT 6.1; WOW64) AppleWebKit/534.24 (KHTML, like Gecko) Chrome/11.0.696.65 Safari/534.24"
220.181.108.77 - - [12/May/2011:19:43:29 +0000] "GET / HTTP/1.1" 200 1630 "-" "Baiduspider+(+http://www.baidu.com/search/spider.htm)"
174.129.117.237 - - [12/May/2011:20:45:30 +0000] "HEAD / HTTP/1.1" 200 280 "-" "Mozilla/5.0 (Windows; U; Windows NT 5.1; en-US) AppleWebKit/525.13 (KHTML, like Gecko) Chrome/0.A.B.C Safari/525.13"
157.55.112.230 - - [12/May/2011:20:57:59 +0000] "GET / HTTP/1.1" 200 993 "-" "Mozilla/4.0 (compatible; MSIE 6.0; Windows NT 5.1; SV1; .NET CLR 1.1.4325; .NET CLR 2.0.50727; .NET CLR 3.0.30729; .NET CLR 3.5.30707; MS-RTC LM 8)"
166.137.14.87 - - [12/May/2011:22:08:58 +0000] "GET /movies/ HTTP/1.1" 200 811 "-" "Mozilla/5.0 (iPhone; U; CPU iPhone OS 4_3 like Mac OS X; en-us) AppleWebKit/533.17.9 (KHTML, like Gecko) Version/5.0.2 Mobile/8F190 Safari/6533.18.5"
166.137.14.87 - - [12/May/2011:22:08:58 +0000] "GET /icons/blank.gif HTTP/1.1" 200 439 "http://cafink.name/movies/" "Mozilla/5.0 (iPhone; U; CPU iPhone OS 4_3 like Mac OS X; en-us) AppleWebKit/533.17.9 (KHTML, like Gecko) Version/5.0.2 Mobile/8F190 Safari/6533.18.5"
166.137.14.87 - - [12/May/2011:22:08:58 +0000] "GET /icons/back.gif HTTP/1.1" 200 508 "http://cafink.name/movies/" "Mozilla/5.0 (iPhone; U; CPU iPhone OS 4_3 like Mac OS X; en-us) AppleWebKit/533.17.9 (KHTML, like Gecko) Version/5.0.2 Mobile/8F190 Safari/6533.18.5"
166.137.14.87 - - [12/May/2011:22:08:58 +0000] "GET /icons/text.gif HTTP/1.1" 200 521 "http://cafink.name/movies/" "Mozilla/5.0 (iPhone; U; CPU iPhone OS 4_3 like Mac OS X; en-us) AppleWebKit/533.17.9 (KHTML, like Gecko) Version/5.0.2 Mobile/8F190 Safari/6533.18.5"
166.137.14.87 - - [12/May/2011:22:09:01 +0000] "GET /movies/features_blu-ray.txt HTTP/1.1" 200 3250 "http://cafink.name/movies/" "Mozilla/5.0 (iPhone; U; CPU iPhone OS 4_3 like Mac OS X; en-us) AppleWebKit/533.17.9 (KHTML, like Gecko) Version/5.0.2 Mobile/8F190 Safari/6533.18.5"
123.125.71.33 - - [12/May/2011:22:44:18 +0000] "GET / HTTP/1.1" 200 1630 "-" "Baiduspider+(+http://www.baidu.com/search/spider.htm)"
220.181.108.78 - - [12/May/2011:22:44:51 +0000] "GET / HTTP/1.1" 200 1630 "-" "Baiduspider+(+http://www.baidu.com/search/spider.htm)"
212.95.48.237 - - [12/May/2011:22:50:49 +0000] "GET / HTTP/1.1" 200 993 "http://www.trafficfaker.com" "Mozilla/4.0 (compatible; MSIE 8.0; Windows NT 6.1; Trident/4.0; SLCC2; .NET CLR 2.0.50727; .NET CLR 3.5.30729; .NET CLR 3.0.30729; Media Center PC 6.0)"
81.52.143.16 - - [12/May/2011:23:31:13 +0000] "GET /robots.txt HTTP/1.1" 404 472 "-" "Mozilla/5.0 (Windows; U; Windows NT 5.1; fr; rv:1.8.1) VoilaBot BETA 1.2 (support.voilabot@orange-ftgroup.com)"
81.52.143.16 - - [12/May/2011:23:31:23 +0000] "GET / HTTP/1.1" 200 955 "-" "Mozilla/5.0 (Windows; U; Windows NT 5.1; fr; rv:1.8.1) VoilaBot BETA 1.2 (support.voilabot@orange-ftgroup.com)"
123.125.71.30 - - [13/May/2011:00:35:57 +0000] "GET / HTTP/1.1" 304 171 "-" "Mozilla/5.0 (compatible; Baiduspider/2.0; +http://www.baidu.com/search/spider.html)"
74.111.33.227 - - [13/May/2011:01:37:37 +0000] "GET /robots.txt HTTP/1.0" 404 499 "-" "Mozilla/5.0 (compatible; MJ12bot/v1.3.3; http://www.majestic12.co.uk/bot.php?+)"
74.111.33.227 - - [13/May/2011:01:37:38 +0000] "GET / HTTP/1.1" 200 1637 "-" "Mozilla/5.0 (compatible; MJ12bot/v1.3.3; http://www.majestic12.co.uk/bot.php?+)"
77.88.31.248 - - [13/May/2011:02:20:47 +0000] "GET /robots.txt HTTP/1.1" 404 537 "-" "Mozilla/5.0 (compatible; YandexBot/3.0; +http://yandex.com/bots)"
123.125.71.16 - - [13/May/2011:02:46:04 +0000] "GET / HTTP/1.1" 200 1630 "-" "Baiduspider+(+http://www.baidu.com/search/spider.htm)"
220.181.108.87 - - [13/May/2011:02:46:42 +0000] "GET / HTTP/1.1" 200 1630 "-" "Baiduspider+(+http://www.baidu.com/search/spider.htm)"
38.101.148.126 - - [13/May/2011:04:04:54 +0000] "GET / HTTP/1.1" 200 955 "-" "Mozilla/5.0 (compatible; discobot/1.1; +http://discoveryengine.com/discobot.html)"
124.115.0.163 - - [13/May/2011:06:15:04 +0000] "GET / HTTP/1.1" 200 993 "-" "Sosospider+(+http://help.soso.com/webspider.htm)"
77.88.31.248 - - [13/May/2011:09:03:20 +0000] "GET / HTTP/1.1" 200 993 "-" "Mozilla/5.0 (compatible; YandexBot/3.0; +http://yandex.com/bots)"
208.80.194.27 - - [13/May/2011:09:07:33 +0000] "GET / HTTP/1.0" 200 1630 "-" "Mozilla/4.0 (compatible; MSIE 7.0; Windows NT 5.1; MSN 6.1; MSNbMSFT; MSNmen-in; MSNc00; v5m)"
69.71.222.186 - - [13/May/2011:11:05:21 +0000] "GET / HTTP/1.0" 200 1630 "http://www.sitedossier.com/site/www.insect-politics.com" "-"
174.129.117.237 - - [13/May/2011:12:07:46 +0000] "HEAD / HTTP/1.1" 200 280 "-" "Mozilla/5.0 (Windows; U; Windows NT 5.1; en-US) AppleWebKit/525.13 (KHTML, like Gecko) Chrome/0.A.B.C Safari/525.13"
72.30.161.235 - - [13/May/2011:13:34:24 +0000] "GET /robots.txt HTTP/1.0" 404 472 "-" "Mozilla/5.0 (compatible; Yahoo! Slurp; http://help.yahoo.com/help/us/ysearch/slurp)"
72.30.161.235 - - [13/May/2011:13:34:33 +0000] "GET / HTTP/1.0" 200 955 "-" "Mozilla/5.0 (compatible; Yahoo! Slurp; http://help.yahoo.com/help/us/ysearch/slurp)"
124.115.0.100 - - [13/May/2011:14:21:30 +0000] "GET / HTTP/1.1" 200 993 "-" "Sosospider+(+http://help.soso.com/webspider.htm)"
123.125.71.36 - - [13/May/2011:15:45:40 +0000] "GET / HTTP/1.1" 200 1630 "-" "Baiduspider+(+http://www.baidu.com/search/spider.htm)"
220.181.108.92 - - [13/May/2011:15:46:16 +0000] "GET / HTTP/1.1" 200 1630 "-" "Baiduspider+(+http://www.baidu.com/search/spider.htm)"
123.125.71.16 - - [13/May/2011:17:01:56 +0000] "GET / HTTP/1.1" 200 1630 "-" "Baiduspider+(+http://www.baidu.com/search/spider.htm)"
220.181.108.95 - - [13/May/2011:17:02:49 +0000] "GET / HTTP/1.1" 200 1630 "-" "Baiduspider+(+http://www.baidu.com/search/spider.htm)"
123.125.71.19 - - [13/May/2011:17:47:14 +0000] "GET / HTTP/1.1" 200 1630 "-" "Baiduspider+(+http://www.baidu.com/search/spider.htm)"
220.181.108.83 - - [13/May/2011:17:47:47 +0000] "GET / HTTP/1.1" 200 1630 "-" "Baiduspider+(+http://www.baidu.com/search/spider.htm)"
64.16.187.50 - - [13/May/2011:18:21:28 +0000] "GET / HTTP/1.1" 200 993 "-" "Mozilla/5.0 (Windows NT 6.1; WOW64) AppleWebKit/534.24 (KHTML, like Gecko) Chrome/11.0.696.65 Safari/534.24"
64.16.187.50 - - [13/May/2011:18:21:28 +0000] "GET /blogger.png HTTP/1.1" 200 2848 "http://insectpolitics.com/" "Mozilla/5.0 (Windows NT 6.1; WOW64) AppleWebKit/534.24 (KHTML, like Gecko) Chrome/11.0.696.65 Safari/534.24"
64.16.187.50 - - [13/May/2011:18:21:28 +0000] "GET /twitter.png HTTP/1.1" 200 3230 "http://insectpolitics.com/" "Mozilla/5.0 (Windows NT 6.1; WOW64) AppleWebKit/534.24 (KHTML, like Gecko) Chrome/11.0.696.65 Safari/534.24"
64.16.187.50 - - [13/May/2011:18:21:28 +0000] "GET /facebook.png HTTP/1.1" 200 5275 "http://insectpolitics.com/" "Mozilla/5.0 (Windows NT 6.1; WOW64) AppleWebKit/534.24 (KHTML, like Gecko) Chrome/11.0.696.65 Safari/534.24"
67.195.115.25 - - [13/May/2011:21:45:06 +0000] "GET /robots.txt HTTP/1.0" 404 472 "-" "Mozilla/5.0 (compatible; Yahoo! Slurp; http://help.yahoo.com/help/us/ysearch/slurp)"
67.195.115.25 - - [13/May/2011:21:45:06 +0000] "GET / HTTP/1.0" 200 955 "-" "Mozilla/5.0 (compatible; Yahoo! Slurp; http://help.yahoo.com/help/us/ysearch/slurp)"
123.125.71.14 - - [13/May/2011:22:43:10 +0000] "GET / HTTP/1.1" 200 1630 "-" "Baiduspider+(+http://www.baidu.com/search/spider.htm)"
220.181.108.85 - - [13/May/2011:22:43:44 +0000] "GET / HTTP/1.1" 200 1630 "-" "Baiduspider+(+http://www.baidu.com/search/spider.htm)"
81.52.143.18 - - [13/May/2011:23:46:35 +0000] "GET /robots.txt HTTP/1.0" 404 510 "-" "Mozilla/5.0 (Windows; U; Windows NT 5.1; fr; rv:1.8.1) VoilaBot BETA 1.2 (support.voilabot@orange-ftgroup.com)"
81.52.143.18 - - [13/May/2011:23:46:41 +0000] "GET / HTTP/1.0" 200 992 "-" "Mozilla/5.0 (Windows; U; Windows NT 5.1; fr; rv:1.8.1) VoilaBot BETA 1.2 (support.voilabot@orange-ftgroup.com)"
124.115.0.100 - - [14/May/2011:01:22:59 +0000] "GET / HTTP/1.1" 200 993 "-" "Sosospider+(+http://help.soso.com/webspider.htm)"
123.125.71.28 - - [14/May/2011:02:45:42 +0000] "GET / HTTP/1.1" 200 1630 "-" "Baiduspider+(+http://www.baidu.com/search/spider.htm)"
220.181.108.94 - - [14/May/2011:02:46:17 +0000] "GET / HTTP/1.1" 200 1630 "-" "Baiduspider+(+http://www.baidu.com/search/spider.htm)"
123.125.71.18 - - [14/May/2011:04:43:33 +0000] "GET / HTTP/1.1" 200 1630 "-" "Baiduspider+(+http://www.baidu.com/search/spider.htm)"
220.181.108.82 - - [14/May/2011:04:44:09 +0000] "GET / HTTP/1.1" 200 1630 "-" "Baiduspider+(+http://www.baidu.com/search/spider.htm)"
38.101.148.126 - - [14/May/2011:05:19:42 +0000] "GET / HTTP/1.1" 200 955 "-" "Mozilla/5.0 (compatible; discobot/1.1; +http://discoveryengine.com/discobot.html)"
65.52.110.76 - - [14/May/2011:05:30:05 +0000] "GET /robots.txt HTTP/1.1" 404 533 "-" "Mozilla/5.0 (compatible; bingbot/2.0; +http://www.bing.com/bingbot.htm)"
65.52.110.76 - - [14/May/2011:05:30:44 +0000] "GET / HTTP/1.1" 304 209 "-" "Mozilla/5.0 (compatible; bingbot/2.0; +http://www.bing.com/bingbot.htm)"
188.40.42.56 - - [14/May/2011:05:34:18 +0000] "GET / HTTP/1.1" 200 1668 "-" "Java/1.6.0_21"
188.40.42.56 - - [14/May/2011:05:34:18 +0000] "GET /blogger.png HTTP/1.1" 200 2848 "-" "Java/1.6.0_21"
188.40.42.56 - - [14/May/2011:05:34:18 +0000] "GET /facebook.png HTTP/1.1" 200 5274 "-" "Java/1.6.0_21"
188.40.42.56 - - [14/May/2011:05:34:18 +0000] "GET /twitter.png HTTP/1.1" 200 3229 "-" "Java/1.6.0_21"
124.115.0.100 - - [14/May/2011:08:51:50 +0000] "GET / HTTP/1.1" 200 993 "-" "Sosospider+(+http://help.soso.com/webspider.htm)"
123.125.71.29 - - [14/May/2011:12:43:33 +0000] "GET / HTTP/1.1" 200 1630 "-" "Baiduspider+(+http://www.baidu.com/search/spider.htm)"
220.181.108.95 - - [14/May/2011:12:44:10 +0000] "GET / HTTP/1.1" 200 1630 "-" "Baiduspider+(+http://www.baidu.com/search/spider.htm)"
123.125.71.24 - - [14/May/2011:15:45:24 +0000] "GET / HTTP/1.1" 200 1630 "-" "Baiduspider+(+http://www.baidu.com/search/spider.htm)"
220.181.108.90 - - [14/May/2011:15:46:00 +0000] "GET / HTTP/1.1" 200 1630 "-" "Baiduspider+(+http://www.baidu.com/search/spider.htm)"
123.125.71.28 - - [14/May/2011:17:02:32 +0000] "GET / HTTP/1.1" 200 1630 "-" "Baiduspider+(+http://www.baidu.com/search/spider.htm)"
220.181.108.88 - - [14/May/2011:17:03:25 +0000] "GET / HTTP/1.1" 200 1630 "-" "Baiduspider+(+http://www.baidu.com/search/spider.htm)"
124.115.0.163 - - [14/May/2011:18:18:04 +0000] "GET / HTTP/1.1" 200 993 "-" "Sosospider+(+http://help.soso.com/webspider.htm)"
69.58.178.56 - - [14/May/2011:18:34:12 +0000] "GET /robots.txt HTTP/1.1" 404 481 "-" "Mozilla/5.0 (X11; U; Linux i686; en-US; rv:1.9.1.3; ips-agent) Gecko/20090824 Fedora/1.0.7-1.1.fc4 Firefox/3.5.3"
69.58.178.56 - - [14/May/2011:18:34:13 +0000] "GET / HTTP/1.1" 200 1637 "-" "Mozilla/5.0 (X11; U; Linux i686; en-US; rv:1.9.1.3; ips-agent) Gecko/20090824 Fedora/1.0.7-1.1.fc4 Firefox/3.5.3"
69.58.178.56 - - [14/May/2011:18:34:14 +0000] "GET / HTTP/1.1" 200 1637 "-" "BlackBerry9000/4.6.0.167 Profile/MIDP-2.0 Configuration/CLDC-1.1 VendorID/102 ips-agent"
123.125.71.15 - - [14/May/2011:18:55:49 +0000] "GET / HTTP/1.1" 304 171 "-" "Mozilla/5.0 (compatible; Baiduspider/2.0; +http://www.baidu.com/search/spider.html)"
208.80.194.29 - - [14/May/2011:19:16:28 +0000] "GET / HTTP/1.0" 200 1630 "-" "Mozilla/4.0 (compatible; MSIE 6.0; Windows NT 5.1; SV1; DigExt; .NET CLR 1.1.4322; .NET CLR 2.0.50727)"
123.125.71.25 - - [14/May/2011:20:43:26 +0000] "GET / HTTP/1.1" 200 1630 "-" "Baiduspider+(+http://www.baidu.com/search/spider.htm)"
69.28.58.5 - - [14/May/2011:20:44:02 +0000] "GET /robots.txt HTTP/1.0" 404 495 "http://insectpolitics.com/robots.txt" "Huaweisymantecspider (compatible; MSIE 8.0; DSE-support@huaweisymantec.com)"
69.28.58.5 - - [14/May/2011:20:44:02 +0000] "GET / HTTP/1.0" 200 1630 "http://insectpolitics.com/" "Huaweisymantecspider (compatible; MSIE 8.0; DSE-support@huaweisymantec.com)"
220.181.108.97 - - [14/May/2011:20:44:04 +0000] "GET / HTTP/1.1" 200 1630 "-" "Baiduspider+(+http://www.baidu.com/search/spider.htm)"
123.125.71.36 - - [14/May/2011:22:43:33 +0000] "GET / HTTP/1.1" 200 1630 "-" "Baiduspider+(+http://www.baidu.com/search/spider.htm)"
220.181.108.82 - - [14/May/2011:22:44:08 +0000] "GET / HTTP/1.1" 200 1630 "-" "Baiduspider+(+http://www.baidu.com/search/spider.htm)"
123.125.71.34 - - [15/May/2011:00:44:02 +0000] "GET / HTTP/1.1" 200 1630 "-" "Baiduspider+(+http://www.baidu.com/search/spider.htm)"
220.181.108.84 - - [15/May/2011:00:44:36 +0000] "GET / HTTP/1.1" 200 1630 "-" "Baiduspider+(+http://www.baidu.com/search/spider.htm)"
124.115.0.100 - - [15/May/2011:03:05:39 +0000] "GET / HTTP/1.1" 200 993 "-" "Sosospider+(+http://help.soso.com/webspider.htm)"
123.125.71.15 - - [15/May/2011:03:44:00 +0000] "GET / HTTP/1.1" 200 1630 "-" "Baiduspider+(+http://www.baidu.com/search/spider.htm)"
220.181.108.88 - - [15/May/2011:03:44:35 +0000] "GET / HTTP/1.1" 200 1630 "-" "Baiduspider+(+http://www.baidu.com/search/spider.htm)"
123.125.71.23 - - [15/May/2011:05:43:36 +0000] "GET / HTTP/1.1" 200 1630 "-" "Baiduspider+(+http://www.baidu.com/search/spider.htm)"
220.181.108.94 - - [15/May/2011:05:44:08 +0000] "GET / HTTP/1.1" 200 1630 "-" "Baiduspider+(+http://www.baidu.com/search/spider.htm)"
123.125.71.20 - - [15/May/2011:06:43:53 +0000] "GET / HTTP/1.1" 200 1630 "-" "Baiduspider+(+http://www.baidu.com/search/spider.htm)"
220.181.108.87 - - [15/May/2011:06:44:25 +0000] "GET / HTTP/1.1" 200 1630 "-" "Baiduspider+(+http://www.baidu.com/search/spider.htm)"
123.125.71.32 - - [15/May/2011:07:43:15 +0000] "GET / HTTP/1.1" 200 1630 "-" "Baiduspider+(+http://www.baidu.com/search/spider.htm)"
220.181.108.91 - - [15/May/2011:07:43:49 +0000] "GET / HTTP/1.1" 200 1630 "-" "Baiduspider+(+http://www.baidu.com/search/spider.htm)"
123.125.71.18 - - [15/May/2011:09:43:31 +0000] "GET / HTTP/1.1" 200 1630 "-" "Baiduspider+(+http://www.baidu.com/search/spider.htm)"
220.181.108.78 - - [15/May/2011:09:44:06 +0000] "GET / HTTP/1.1" 200 1630 "-" "Baiduspider+(+http://www.baidu.com/search/spider.htm)"
220.181.108.96 - - [15/May/2011:09:44:34 +0000] "GET /robots.txt HTTP/1.1" 404 470 "-" "Baiduspider+(+http://www.baidu.com/search/spider.htm)"
123.125.71.29 - - [15/May/2011:12:42:55 +0000] "GET / HTTP/1.1" 200 1630 "-" "Baiduspider+(+http://www.baidu.com/search/spider.htm)"
220.181.108.94 - - [15/May/2011:12:43:31 +0000] "GET / HTTP/1.1" 200 1630 "-" "Baiduspider+(+http://www.baidu.com/search/spider.htm)"
124.115.0.100 - - [15/May/2011:14:07:53 +0000] "GET / HTTP/1.1" 200 993 "-" "Sosospider+(+http://help.soso.com/webspider.htm)"
123.125.71.15 - - [15/May/2011:15:46:10 +0000] "GET / HTTP/1.1" 200 1630 "-" "Baiduspider+(+http://www.baidu.com/search/spider.htm)"
220.181.108.84 - - [15/May/2011:15:46:43 +0000] "GET / HTTP/1.1" 200 1630 "-" "Baiduspider+(+http://www.baidu.com/search/spider.htm)"
123.125.71.20 - - [15/May/2011:17:01:16 +0000] "GET / HTTP/1.1" 200 1630 "-" "Baiduspider+(+http://www.baidu.com/search/spider.htm)"
220.181.108.86 - - [15/May/2011:17:02:13 +0000] "GET / HTTP/1.1" 200 1630 "-" "Baiduspider+(+http://www.baidu.com/search/spider.htm)"
123.125.71.21 - - [15/May/2011:18:47:03 +0000] "GET / HTTP/1.1" 200 1630 "-" "Baiduspider+(+http://www.baidu.com/search/spider.htm)"
220.181.108.77 - - [15/May/2011:18:47:39 +0000] "GET / HTTP/1.1" 200 1630 "-" "Baiduspider+(+http://www.baidu.com/search/spider.htm)"
123.125.71.35 - - [15/May/2011:20:43:10 +0000] "GET / HTTP/1.1" 200 1630 "-" "Baiduspider+(+http://www.baidu.com/search/spider.htm)"
220.181.108.89 - - [15/May/2011:20:43:52 +0000] "GET / HTTP/1.1" 200 1630 "-" "Baiduspider+(+http://www.baidu.com/search/spider.htm)"
123.125.71.35 - - [15/May/2011:21:43:26 +0000] "GET / HTTP/1.1" 200 1630 "-" "Baiduspider+(+http://www.baidu.com/search/spider.htm)"
220.181.108.77 - - [15/May/2011:21:44:03 +0000] "GET / HTTP/1.1" 200 1630 "-" "Baiduspider+(+http://www.baidu.com/search/spider.htm)"
124.115.0.28 - - [15/May/2011:22:03:20 +0000] "GET / HTTP/1.1" 200 993 "-" "Sosospider+(+http://help.soso.com/webspider.htm)"
81.52.143.16 - - [15/May/2011:22:38:55 +0000] "GET / HTTP/1.1" 200 955 "-" "Mozilla/5.0 (Windows; U; Windows NT 5.1; fr; rv:1.8.1) VoilaBot BETA 1.2 (support.voilabot@orange-ftgroup.com)"
123.125.71.20 - - [15/May/2011:22:43:11 +0000] "GET / HTTP/1.1" 200 1630 "-" "Baiduspider+(+http://www.baidu.com/search/spider.htm)"
220.181.108.85 - - [15/May/2011:22:43:46 +0000] "GET / HTTP/1.1" 200 1630 "-" "Baiduspider+(+http://www.baidu.com/search/spider.htm)"
123.125.71.17 - - [16/May/2011:00:31:51 +0000] "GET / HTTP/1.1" 304 171 "-" "Mozilla/5.0 (compatible; Baiduspider/2.0; +http://www.baidu.com/search/spider.html)"
123.125.71.35 - - [16/May/2011:00:43:50 +0000] "GET / HTTP/1.1" 200 1630 "-" "Baiduspider+(+http://www.baidu.com/search/spider.htm)"
220.181.108.97 - - [16/May/2011:00:44:20 +0000] "GET / HTTP/1.1" 200 1630 "-" "Baiduspider+(+http://www.baidu.com/search/spider.htm)"
174.129.117.237 - - [16/May/2011:00:59:05 +0000] "HEAD / HTTP/1.1" 200 280 "-" "Mozilla/5.0 (Windows; U; Windows NT 5.1; en-US) AppleWebKit/525.13 (KHTML, like Gecko) Chrome/0.A.B.C Safari/525.13"
123.125.71.21 - - [16/May/2011:02:44:59 +0000] "GET / HTTP/1.1" 200 1630 "-" "Baiduspider+(+http://www.baidu.com/search/spider.htm)"
220.181.108.77 - - [16/May/2011:02:45:35 +0000] "GET / HTTP/1.1" 200 1630 "-" "Baiduspider+(+http://www.baidu.com/search/spider.htm)"
38.101.148.126 - - [16/May/2011:03:04:55 +0000] "GET /robots.txt HTTP/1.1" 404 472 "-" "Mozilla/5.0 (compatible; discobot/1.1; +http://discoveryengine.com/discobot.html)"
124.115.0.100 - - [16/May/2011:03:45:47 +0000] "GET / HTTP/1.1" 200 993 "-" "Sosospider+(+http://help.soso.com/webspider.htm)"
123.125.71.27 - - [16/May/2011:04:42:59 +0000] "GET / HTTP/1.1" 200 1630 "-" "Baiduspider+(+http://www.baidu.com/search/spider.htm)"
220.181.108.97 - - [16/May/2011:04:43:35 +0000] "GET / HTTP/1.1" 200 1630 "-" "Baiduspider+(+http://www.baidu.com/search/spider.htm)"
208.80.194.29 - - [16/May/2011:05:50:41 +0000] "GET / HTTP/1.0" 200 1630 "-" "Mozilla/4.0 (compatible; MSIE 6.0; Windows NT 5.1; Wanadoo042NLPP01HCFFFFFFE8; SV1; SIMBAR={2B30982A-505F-4a6c-8941-2F678BA39B6B})"
123.125.71.16 - - [16/May/2011:06:43:19 +0000] "GET / HTTP/1.1" 200 1630 "-" "Baiduspider+(+http://www.baidu.com/search/spider.htm)"
220.181.108.96 - - [16/May/2011:06:43:55 +0000] "GET / HTTP/1.1" 200 1630 "-" "Baiduspider+(+http://www.baidu.com/search/spider.htm)"
124.115.6.13 - - [16/May/2011:07:14:27 +0000] "GET /robots.txt HTTP/1.1" 404 508 "-" "Sosospider+(+http://help.soso.com/webspider.htm)"
123.125.71.15 - - [16/May/2011:09:42:55 +0000] "GET / HTTP/1.1" 200 1630 "-" "Baiduspider+(+http://www.baidu.com/search/spider.htm)"
220.181.108.94 - - [16/May/2011:09:43:30 +0000] "GET / HTTP/1.1" 200 1630 "-" "Baiduspider+(+http://www.baidu.com/search/spider.htm)"
123.125.71.12 - - [16/May/2011:10:43:30 +0000] "GET / HTTP/1.1" 200 1630 "-" "Baiduspider+(+http://www.baidu.com/search/spider.htm)"
220.181.108.90 - - [16/May/2011:10:44:06 +0000] "GET / HTTP/1.1" 200 1630 "-" "Baiduspider+(+http://www.baidu.com/search/spider.htm)"
123.125.71.27 - - [16/May/2011:11:43:01 +0000] "GET / HTTP/1.1" 200 1630 "-" "Baiduspider+(+http://www.baidu.com/search/spider.htm)"
220.181.108.75 - - [16/May/2011:11:43:39 +0000] "GET / HTTP/1.1" 200 1630 "-" "Baiduspider+(+http://www.baidu.com/search/spider.htm)"
124.115.0.100 - - [16/May/2011:11:50:00 +0000] "GET / HTTP/1.1" 200 993 "-" "Sosospider+(+http://help.soso.com/webspider.htm)"
72.30.161.235 - - [16/May/2011:13:35:07 +0000] "GET /robots.txt HTTP/1.0" 404 472 "-" "Mozilla/5.0 (compatible; Yahoo! Slurp; http://help.yahoo.com/help/us/ysearch/slurp)"
72.30.161.235 - - [16/May/2011:13:35:07 +0000] "GET / HTTP/1.0" 200 955 "-" "Mozilla/5.0 (compatible; Yahoo! Slurp; http://help.yahoo.com/help/us/ysearch/slurp)"
123.125.71.29 - - [16/May/2011:14:44:04 +0000] "GET / HTTP/1.1" 200 1630 "-" "Baiduspider+(+http://www.baidu.com/search/spider.htm)"
220.181.108.92 - - [16/May/2011:14:44:39 +0000] "GET / HTTP/1.1" 200 1630 "-" "Baiduspider+(+http://www.baidu.com/search/spider.htm)"
220.181.108.90 - - [16/May/2011:15:14:20 +0000] "GET /robots.txt HTTP/1.1" 404 470 "-" "Baiduspider+(+http://www.baidu.com/search/spider.htm)"
174.129.117.237 - - [16/May/2011:16:36:05 +0000] "HEAD / HTTP/1.1" 200 280 "-" "Mozilla/5.0 (Windows; U; Windows NT 5.1; en-US) AppleWebKit/525.13 (KHTML, like Gecko) Chrome/0.A.B.C Safari/525.13"
38.100.21.23 - - [16/May/2011:16:38:20 +0000] "GET / HTTP/1.1" 200 1668 "-" "Mozilla/4.0 (compatible; MSIE 7.0; Windows NT 5.2)"
123.125.71.32 - - [16/May/2011:16:59:03 +0000] "GET / HTTP/1.1" 200 1630 "-" "Baiduspider+(+http://www.baidu.com/search/spider.htm)"
220.181.108.86 - - [16/May/2011:16:59:57 +0000] "GET / HTTP/1.1" 200 1630 "-" "Baiduspider+(+http://www.baidu.com/search/spider.htm)"
124.115.0.163 - - [16/May/2011:17:23:54 +0000] "GET / HTTP/1.1" 200 993 "-" "Sosospider+(+http://help.soso.com/webspider.htm)"
123.125.71.19 - - [16/May/2011:17:45:36 +0000] "GET / HTTP/1.1" 200 1630 "-" "Baiduspider+(+http://www.baidu.com/search/spider.htm)"
69.28.58.6 - - [16/May/2011:17:45:36 +0000] "GET /robots.txt HTTP/1.0" 404 495 "http://insectpolitics.com/robots.txt" "Huaweisymantecspider (compatible; MSIE 8.0; DSE-support@huaweisymantec.com)"
69.28.58.6 - - [16/May/2011:17:45:36 +0000] "GET / HTTP/1.0" 200 1630 "http://insectpolitics.com/" "Huaweisymantecspider (compatible; MSIE 8.0; DSE-support@huaweisymantec.com)"
220.181.108.87 - - [16/May/2011:17:46:13 +0000] "GET / HTTP/1.1" 200 1630 "-" "Baiduspider+(+http://www.baidu.com/search/spider.htm)"
123.125.71.15 - - [16/May/2011:18:45:03 +0000] "GET / HTTP/1.1" 200 1630 "-" "Baiduspider+(+http://www.baidu.com/search/spider.htm)"
220.181.108.88 - - [16/May/2011:18:45:40 +0000] "GET / HTTP/1.1" 200 1630 "-" "Baiduspider+(+http://www.baidu.com/search/spider.htm)"
184.72.27.66 - - [16/May/2011:21:16:53 +0000] "GET / HTTP/1.1" 200 1637 "-" "Mozilla/4.0 (compatible; MSIE 6.0; Windows NT 5.1; SV1)"
38.101.148.126 - - [16/May/2011:21:44:12 +0000] "GET / HTTP/1.1" 200 955 "-" "Mozilla/5.0 (compatible; discobot/1.1; +http://discoveryengine.com/discobot.html)"
82.128.206.114 - - [16/May/2011:21:54:58 +0000] "GET /robots.txt HTTP/1.0" 404 499 "-" "Mozilla/5.0 (compatible; MJ12bot/v1.3.3; http://www.majestic12.co.uk/bot.php?+)"
82.128.206.114 - - [16/May/2011:21:55:00 +0000] "GET / HTTP/1.1" 200 1637 "-" "Mozilla/5.0 (compatible; MJ12bot/v1.3.3; http://www.majestic12.co.uk/bot.php?+)"
123.125.71.22 - - [16/May/2011:22:41:38 +0000] "GET / HTTP/1.1" 200 1630 "-" "Baiduspider+(+http://www.baidu.com/search/spider.htm)"
220.181.108.75 - - [16/May/2011:22:42:13 +0000] "GET / HTTP/1.1" 200 1630 "-" "Baiduspider+(+http://www.baidu.com/search/spider.htm)"
38.101.148.126 - - [16/May/2011:22:50:53 +0000] "GET /robots.txt HTTP/1.1" 404 472 "-" "Mozilla/5.0 (compatible; discobot/1.1; +http://discoveryengine.com/discobot.html)"
123.125.71.34 - - [16/May/2011:23:44:03 +0000] "GET / HTTP/1.1" 200 1630 "-" "Baiduspider+(+http://www.baidu.com/search/spider.htm)"
220.181.108.83 - - [16/May/2011:23:44:38 +0000] "GET / HTTP/1.1" 200 1630 "-" "Baiduspider+(+http://www.baidu.com/search/spider.htm)"
66.249.72.177 - - [17/May/2011:00:39:07 +0000] "GET /robots.txt HTTP/1.1" 404 510 "-" "Mozilla/5.0 (compatible; Googlebot/2.1; +http://www.google.com/bot.html)"
66.249.72.177 - - [17/May/2011:00:39:07 +0000] "GET / HTTP/1.1" 304 208 "-" "Mozilla/5.0 (compatible; Googlebot/2.1; +http://www.google.com/bot.html)"
124.115.0.163 - - [17/May/2011:00:56:55 +0000] "GET / HTTP/1.1" 200 993 "-" "Sosospider+(+http://help.soso.com/webspider.htm)"
123.125.71.34 - - [17/May/2011:02:50:57 +0000] "GET / HTTP/1.1" 200 1630 "-" "Baiduspider+(+http://www.baidu.com/search/spider.htm)"
220.181.108.82 - - [17/May/2011:02:51:44 +0000] "GET / HTTP/1.1" 200 1630 "-" "Baiduspider+(+http://www.baidu.com/search/spider.htm)"
66.249.72.177 - - [17/May/2011:02:52:32 +0000] "GET /welcome.htm HTTP/1.1" 404 509 "-" "Mozilla/5.0 (compatible; Googlebot/2.1; +http://www.google.com/bot.html)"
38.101.148.126 - - [17/May/2011:03:21:03 +0000] "GET /robots.txt HTTP/1.1" 404 472 "-" "Mozilla/5.0 (compatible; discobot/1.1; +http://discoveryengine.com/discobot.html)"
81.52.143.18 - - [17/May/2011:04:04:28 +0000] "GET /robots.txt HTTP/1.0" 404 510 "-" "Mozilla/5.0 (Windows; U; Windows NT 5.1; fr; rv:1.8.1) VoilaBot BETA 1.2 (support.voilabot@orange-ftgroup.com)"
123.125.71.31 - - [17/May/2011:04:42:44 +0000] "GET / HTTP/1.1" 200 1630 "-" "Baiduspider+(+http://www.baidu.com/search/spider.htm)"
220.181.108.94 - - [17/May/2011:04:43:19 +0000] "GET / HTTP/1.1" 200 1630 "-" "Baiduspider+(+http://www.baidu.com/search/spider.htm)"
123.125.71.13 - - [17/May/2011:06:42:30 +0000] "GET / HTTP/1.1" 200 1630 "-" "Baiduspider+(+http://www.baidu.com/search/spider.htm)"
220.181.108.87 - - [17/May/2011:06:43:05 +0000] "GET / HTTP/1.1" 200 1630 "-" "Baiduspider+(+http://www.baidu.com/search/spider.htm)"
123.125.71.26 - - [17/May/2011:10:42:41 +0000] "GET / HTTP/1.1" 200 1630 "-" "Baiduspider+(+http://www.baidu.com/search/spider.htm)"
220.181.108.78 - - [17/May/2011:10:43:15 +0000] "GET / HTTP/1.1" 200 1630 "-" "Baiduspider+(+http://www.baidu.com/search/spider.htm)"
123.125.71.14 - - [17/May/2011:11:43:04 +0000] "GET / HTTP/1.1" 200 1630 "-" "Baiduspider+(+http://www.baidu.com/search/spider.htm)"
220.181.108.87 - - [17/May/2011:11:43:40 +0000] "GET / HTTP/1.1" 200 1630 "-" "Baiduspider+(+http://www.baidu.com/search/spider.htm)"
157.55.112.217 - - [17/May/2011:11:46:35 +0000] "GET /?cat=1 HTTP/1.1" 200 993 "-" "Mozilla/4.0 (compatible; MSIE 6.0; Windows NT 5.1; SV1; .NET CLR 1.1.4325; .NET CLR 2.0.50727; .NET CLR 3.0.30729; .NET CLR 3.5.30707; MS-RTC LM 8)"
208.115.111.73 - - [17/May/2011:12:18:15 +0000] "GET /robots.txt HTTP/1.1" 404 480 "-" "Mozilla/5.0 (compatible; Ezooms/1.0; ezooms.bot@gmail.com)"
208.115.111.73 - - [17/May/2011:12:58:43 +0000] "GET /welcome.htm HTTP/1.1" 404 481 "-" "Mozilla/5.0 (compatible; Ezooms/1.0; ezooms.bot@gmail.com)"
64.246.165.190 - - [17/May/2011:13:28:04 +0000] "GET /robots.txt HTTP/1.0" 404 492 "-" "Mozilla/5.0 (Windows; U; Windows NT 5.1; en; rv:1.9.0.13) Gecko/2009073022 Firefox/3.5.2 (.NET CLR 3.5.30729) SurveyBot/2.3 (DomainTools)"
64.246.165.190 - - [17/May/2011:13:28:04 +0000] "GET / HTTP/1.1" 200 955 "http://whois.domaintools.com/cafink.name" "Mozilla/5.0 (Windows; U; Windows NT 5.1; en; rv:1.9.0.13) Gecko/2009073022 Firefox/3.5.2 (.NET CLR 3.5.30729) SurveyBot/2.3 (DomainTools)"
64.246.165.50 - - [17/May/2011:14:22:33 +0000] "GET /robots.txt HTTP/1.0" 404 494 "-" "Mozilla/5.0 (Windows; U; Windows NT 5.1; en; rv:1.9.0.13) Gecko/2009073022 Firefox/3.5.2 (.NET CLR 3.5.30729) SurveyBot/2.3 (DomainTools)"
64.246.165.50 - - [17/May/2011:14:22:33 +0000] "GET / HTTP/1.1" 200 955 "http://whois.domaintools.com/carlfink.name" "Mozilla/5.0 (Windows; U; Windows NT 5.1; en; rv:1.9.0.13) Gecko/2009073022 Firefox/3.5.2 (.NET CLR 3.5.30729) SurveyBot/2.3 (DomainTools)"
124.115.0.163 - - [17/May/2011:14:26:06 +0000] "GET / HTTP/1.1" 200 993 "-" "Sosospider+(+http://help.soso.com/webspider.htm)"
64.16.187.50 - - [17/May/2011:14:51:13 +0000] "GET / HTTP/1.1" 200 993 "-" "Mozilla/5.0 (Windows NT 6.1; WOW64) AppleWebKit/534.24 (KHTML, like Gecko) Chrome/11.0.696.68 Safari/534.24"
64.16.187.50 - - [17/May/2011:14:51:13 +0000] "GET /blogger.png HTTP/1.1" 200 2848 "http://insectpolitics.com/" "Mozilla/5.0 (Windows NT 6.1; WOW64) AppleWebKit/534.24 (KHTML, like Gecko) Chrome/11.0.696.68 Safari/534.24"
64.16.187.50 - - [17/May/2011:14:51:13 +0000] "GET /facebook.png HTTP/1.1" 200 5275 "http://insectpolitics.com/" "Mozilla/5.0 (Windows NT 6.1; WOW64) AppleWebKit/534.24 (KHTML, like Gecko) Chrome/11.0.696.68 Safari/534.24"
64.16.187.50 - - [17/May/2011:14:51:13 +0000] "GET /twitter.png HTTP/1.1" 200 3230 "http://insectpolitics.com/" "Mozilla/5.0 (Windows NT 6.1; WOW64) AppleWebKit/534.24 (KHTML, like Gecko) Chrome/11.0.696.68 Safari/534.24"
64.246.165.180 - - [17/May/2011:15:09:03 +0000] "GET /robots.txt HTTP/1.0" 404 495 "-" "Mozilla/5.0 (Windows; U; Windows NT 5.1; en; rv:1.9.0.13) Gecko/2009073022 Firefox/3.5.2 (.NET CLR 3.5.30729) SurveyBot/2.3 (DomainTools)"
64.246.165.180 - - [17/May/2011:15:09:03 +0000] "GET / HTTP/1.1" 200 955 "http://whois.domaintools.com/carl-fink.name" "Mozilla/5.0 (Windows; U; Windows NT 5.1; en; rv:1.9.0.13) Gecko/2009073022 Firefox/3.5.2 (.NET CLR 3.5.30729) SurveyBot/2.3 (DomainTools)"
123.125.71.34 - - [17/May/2011:15:21:04 +0000] "GET / HTTP/1.1" 200 955 "-" "Mozilla/5.0 (compatible; Baiduspider/2.0; +http://www.baidu.com/search/spider.html)"
123.125.71.36 - - [17/May/2011:15:41:29 +0000] "GET / HTTP/1.1" 200 1630 "-" "Baiduspider+(+http://www.baidu.com/search/spider.htm)"
69.28.58.33 - - [17/May/2011:15:41:36 +0000] "GET / HTTP/1.1" 200 1630 "-" "Wget/1.9+cvs-stable (Red Hat modified)"
220.181.108.97 - - [17/May/2011:15:42:01 +0000] "GET / HTTP/1.1" 200 1630 "-" "Baiduspider+(+http://www.baidu.com/search/spider.htm)"
208.80.194.28 - - [17/May/2011:16:28:47 +0000] "GET / HTTP/1.0" 200 1630 "-" "Mozilla/4.0 (compatible; MSIE 7.0; Windows NT 5.1; Embedded Web Browser from: http://bsalsa.com/; IEMB3; InfoPath.1; .NET CLR 2.0.50727; IEMB3)"
123.125.71.29 - - [17/May/2011:16:59:38 +0000] "GET / HTTP/1.1" 200 1630 "-" "Baiduspider+(+http://www.baidu.com/search/spider.htm)"
220.181.108.84 - - [17/May/2011:17:00:34 +0000] "GET / HTTP/1.1" 200 1630 "-" "Baiduspider+(+http://www.baidu.com/search/spider.htm)"
67.195.115.25 - - [17/May/2011:17:31:13 +0000] "GET /robots.txt HTTP/1.0" 404 472 "-" "Mozilla/5.0 (compatible; Yahoo! Slurp; http://help.yahoo.com/help/us/ysearch/slurp)"
67.195.115.25 - - [17/May/2011:17:31:13 +0000] "GET /welcome.htm HTTP/1.0" 404 471 "-" "Mozilla/5.0 (compatible; Yahoo! Slurp; http://help.yahoo.com/help/us/ysearch/slurp)"
123.125.71.28 - - [17/May/2011:17:45:49 +0000] "GET / HTTP/1.1" 200 1630 "-" "Baiduspider+(+http://www.baidu.com/search/spider.htm)"
220.181.108.76 - - [17/May/2011:17:46:25 +0000] "GET / HTTP/1.1" 200 1630 "-" "Baiduspider+(+http://www.baidu.com/search/spider.htm)"
123.125.71.31 - - [17/May/2011:20:42:23 +0000] "GET / HTTP/1.1" 200 1630 "-" "Baiduspider+(+http://www.baidu.com/search/spider.htm)"
220.181.108.82 - - [17/May/2011:20:43:02 +0000] "GET / HTTP/1.1" 200 1630 "-" "Baiduspider+(+http://www.baidu.com/search/spider.htm)"
123.125.71.14 - - [17/May/2011:21:42:19 +0000] "GET / HTTP/1.1" 200 1630 "-" "Baiduspider+(+http://www.baidu.com/search/spider.htm)"
220.181.108.94 - - [17/May/2011:21:42:53 +0000] "GET / HTTP/1.1" 200 1630 "-" "Baiduspider+(+http://www.baidu.com/search/spider.htm)"
124.115.0.163 - - [17/May/2011:22:37:58 +0000] "GET / HTTP/1.1" 200 993 "-" "Sosospider+(+http://help.soso.com/webspider.htm)"
123.125.71.28 - - [17/May/2011:22:41:45 +0000] "GET / HTTP/1.1" 200 1630 "-" "Baiduspider+(+http://www.baidu.com/search/spider.htm)"
220.181.108.93 - - [17/May/2011:22:42:22 +0000] "GET / HTTP/1.1" 200 1630 "-" "Baiduspider+(+http://www.baidu.com/search/spider.htm)"
38.101.148.126 - - [17/May/2011:22:52:31 +0000] "GET /welcome.htm HTTP/1.1" 404 471 "-" "Mozilla/5.0 (compatible; discobot/1.1; +http://discoveryengine.com/discobot.html)"
38.101.148.126 - - [17/May/2011:23:20:55 +0000] "GET /welcome.htm HTTP/1.1" 404 471 "-" "Mozilla/5.0 (compatible; discobot/1.1; +http://discoveryengine.com/discobot.html)"
110.44.29.76 - - [17/May/2011:23:29:26 +0000] "GET /robots.txt HTTP/1.1" 404 476 "-" "Mozilla/5.0 (compatible; Googlebot/2.1; +http://www.google.com/bot.html)"
123.125.71.34 - - [17/May/2011:23:42:25 +0000] "GET / HTTP/1.1" 200 1630 "-" "Baiduspider+(+http://www.baidu.com/search/spider.htm)"
220.181.108.91 - - [17/May/2011:23:43:01 +0000] "GET / HTTP/1.1" 200 1630 "-" "Baiduspider+(+http://www.baidu.com/search/spider.htm)"
38.101.148.126 - - [17/May/2011:23:50:15 +0000] "GET /robots.txt HTTP/1.1" 404 472 "-" "Mozilla/5.0 (compatible; discobot/1.1; +http://discoveryengine.com/discobot.html)"
123.125.71.23 - - [18/May/2011:01:42:47 +0000] "GET / HTTP/1.1" 200 1630 "-" "Baiduspider+(+http://www.baidu.com/search/spider.htm)"
220.181.108.89 - - [18/May/2011:01:43:20 +0000] "GET / HTTP/1.1" 200 1630 "-" "Baiduspider+(+http://www.baidu.com/search/spider.htm)"
208.115.111.246 - - [18/May/2011:03:34:47 +0000] "GET /robots.txt HTTP/1.1" 404 453 "-" "Mozilla/5.0 (compatible; DotBot/1.1; http://www.dotnetdotcom.org/, crawler@dotnetdotcom.org)"
123.125.71.24 - - [18/May/2011:04:42:53 +0000] "GET / HTTP/1.1" 200 1630 "-" "Baiduspider+(+http://www.baidu.com/search/spider.htm)"
220.181.108.80 - - [18/May/2011:04:43:29 +0000] "GET / HTTP/1.1" 200 1630 "-" "Baiduspider+(+http://www.baidu.com/search/spider.htm)"
123.125.71.21 - - [18/May/2011:05:43:11 +0000] "GET / HTTP/1.1" 200 1630 "-" "Baiduspider+(+http://www.baidu.com/search/spider.htm)"
220.181.108.87 - - [18/May/2011:05:43:45 +0000] "GET / HTTP/1.1" 200 1630 "-" "Baiduspider+(+http://www.baidu.com/search/spider.htm)"
124.115.0.28 - - [18/May/2011:06:31:53 +0000] "GET / HTTP/1.1" 200 993 "-" "Sosospider+(+http://help.soso.com/webspider.htm)"
123.125.71.19 - - [18/May/2011:06:42:25 +0000] "GET / HTTP/1.1" 200 1630 "-" "Baiduspider+(+http://www.baidu.com/search/spider.htm)"
220.181.108.77 - - [18/May/2011:06:43:00 +0000] "GET / HTTP/1.1" 200 1630 "-" "Baiduspider+(+http://www.baidu.com/search/spider.htm)"
123.125.71.17 - - [18/May/2011:07:43:19 +0000] "GET / HTTP/1.1" 200 1630 "-" "Baiduspider+(+http://www.baidu.com/search/spider.htm)"
220.181.108.81 - - [18/May/2011:07:43:45 +0000] "GET / HTTP/1.1" 200 1630 "-" "Baiduspider+(+http://www.baidu.com/search/spider.htm)"
208.115.111.246 - - [18/May/2011:08:11:49 +0000] "GET / HTTP/1.1" 200 936 "-" "Mozilla/5.0 (compatible; DotBot/1.1; http://www.dotnetdotcom.org/, crawler@dotnetdotcom.org)"
208.115.111.246 - - [18/May/2011:08:11:54 +0000] "GET /welcome.htm HTTP/1.1" 404 452 "-" "Mozilla/5.0 (compatible; DotBot/1.1; http://www.dotnetdotcom.org/, crawler@dotnetdotcom.org)"
123.125.71.36 - - [18/May/2011:08:42:28 +0000] "GET / HTTP/1.1" 200 1630 "-" "Baiduspider+(+http://www.baidu.com/search/spider.htm)"
220.181.108.96 - - [18/May/2011:08:43:02 +0000] "GET / HTTP/1.1" 200 1630 "-" "Baiduspider+(+http://www.baidu.com/search/spider.htm)"
220.181.108.85 - - [18/May/2011:10:16:25 +0000] "GET /robots.txt HTTP/1.1" 404 470 "-" "Baiduspider+(+http://www.baidu.com/search/spider.htm)"
123.125.71.24 - - [18/May/2011:10:43:35 +0000] "GET / HTTP/1.1" 200 1630 "-" "Baiduspider+(+http://www.baidu.com/search/spider.htm)"
220.181.108.96 - - [18/May/2011:10:44:11 +0000] "GET / HTTP/1.1" 200 1630 "-" "Baiduspider+(+http://www.baidu.com/search/spider.htm)"
124.115.0.100 - - [18/May/2011:12:03:17 +0000] "GET / HTTP/1.1" 200 993 "-" "Sosospider+(+http://help.soso.com/webspider.htm)"
123.125.71.27 - - [18/May/2011:12:42:29 +0000] "GET / HTTP/1.1" 200 1630 "-" "Baiduspider+(+http://www.baidu.com/search/spider.htm)"
220.181.108.80 - - [18/May/2011:12:43:07 +0000] "GET / HTTP/1.1" 200 1630 "-" "Baiduspider+(+http://www.baidu.com/search/spider.htm)"
123.125.71.24 - - [18/May/2011:14:42:26 +0000] "GET / HTTP/1.1" 200 1630 "-" "Baiduspider+(+http://www.baidu.com/search/spider.htm)"
220.181.108.80 - - [18/May/2011:14:43:00 +0000] "GET / HTTP/1.1" 200 1630 "-" "Baiduspider+(+http://www.baidu.com/search/spider.htm)"
117.135.129.73 - - [18/May/2011:15:21:56 +0000] "GET / HTTP/1.1" 200 993 "-" "Mozilla/4.0 (compatible; MSIE 6.0; Windows NT 5.1)"
64.16.187.50 - - [18/May/2011:17:03:58 +0000] "GET /movies/ HTTP/1.1" 200 811 "-" "Mozilla/5.0 (Windows NT 6.1; WOW64) AppleWebKit/534.24 (KHTML, like Gecko) Chrome/11.0.696.68 Safari/534.24"
123.125.71.35 - - [18/May/2011:17:45:06 +0000] "GET / HTTP/1.1" 200 1630 "-" "Baiduspider+(+http://www.baidu.com/search/spider.htm)"
220.181.108.90 - - [18/May/2011:17:45:41 +0000] "GET / HTTP/1.1" 200 1630 "-" "Baiduspider+(+http://www.baidu.com/search/spider.htm)"
123.125.71.30 - - [18/May/2011:20:42:55 +0000] "GET / HTTP/1.1" 200 1630 "-" "Baiduspider+(+http://www.baidu.com/search/spider.htm)"
220.181.108.77 - - [18/May/2011:20:43:33 +0000] "GET / HTTP/1.1" 200 1630 "-" "Baiduspider+(+http://www.baidu.com/search/spider.htm)"
124.115.0.163 - - [18/May/2011:20:58:55 +0000] "GET / HTTP/1.1" 200 993 "-" "Sosospider+(+http://help.soso.com/webspider.htm)"
207.46.199.50 - - [18/May/2011:22:12:09 +0000] "GET /robots.txt HTTP/1.1" 404 534 "-" "Mozilla/5.0 (compatible; bingbot/2.0; +http://www.bing.com/bingbot.htm)"
207.46.199.50 - - [18/May/2011:22:12:49 +0000] "GET / HTTP/1.1" 304 209 "-" "Mozilla/5.0 (compatible; bingbot/2.0; +http://www.bing.com/bingbot.htm)"
81.52.143.16 - - [18/May/2011:23:16:22 +0000] "GET /robots.txt HTTP/1.1" 404 472 "-" "Mozilla/5.0 (Windows; U; Windows NT 5.1; fr; rv:1.8.1) VoilaBot BETA 1.2 (support.voilabot@orange-ftgroup.com)"
81.52.143.16 - - [18/May/2011:23:16:34 +0000] "GET / HTTP/1.1" 200 955 "-" "Mozilla/5.0 (Windows; U; Windows NT 5.1; fr; rv:1.8.1) VoilaBot BETA 1.2 (support.voilabot@orange-ftgroup.com)"
123.125.71.30 - - [19/May/2011:00:02:20 +0000] "GET / HTTP/1.1" 200 955 "-" "Mozilla/5.0 (compatible; Baiduspider/2.0; +http://www.baidu.com/search/spider.html)"
124.115.0.163 - - [19/May/2011:02:52:42 +0000] "GET / HTTP/1.1" 200 993 "-" "Sosospider+(+http://help.soso.com/webspider.htm)"
208.80.194.35 - - [19/May/2011:03:43:06 +0000] "GET / HTTP/1.0" 200 1630 "-" "Mozilla/4.0 (compatible; MSIE 6.0; Windows NT 5.1; SV1; FunWebProducts; SpamBlockerUtility 4.8.4; .NET CLR 1.0.3705; .NET CLR 2.0.50727)"
123.125.71.28 - - [19/May/2011:03:43:07 +0000] "GET / HTTP/1.1" 200 1630 "-" "Baiduspider+(+http://www.baidu.com/search/spider.htm)"
220.181.108.84 - - [19/May/2011:03:43:43 +0000] "GET / HTTP/1.1" 200 1630 "-" "Baiduspider+(+http://www.baidu.com/search/spider.htm)"
220.181.108.85 - - [19/May/2011:05:29:35 +0000] "GET /robots.txt HTTP/1.1" 404 470 "-" "Baiduspider+(+http://www.baidu.com/search/spider.htm)"
174.129.117.237 - - [19/May/2011:06:03:03 +0000] "HEAD / HTTP/1.1" 200 280 "-" "Mozilla/5.0 (Windows; U; Windows NT 5.1; en-US) AppleWebKit/525.13 (KHTML, like Gecko) Chrome/0.A.B.C Safari/525.13"
123.125.71.28 - - [19/May/2011:06:42:12 +0000] "GET / HTTP/1.1" 200 1630 "-" "Baiduspider+(+http://www.baidu.com/search/spider.htm)"
220.181.108.96 - - [19/May/2011:06:42:47 +0000] "GET / HTTP/1.1" 200 1630 "-" "Baiduspider+(+http://www.baidu.com/search/spider.htm)"
208.115.111.73 - - [19/May/2011:07:42:22 +0000] "GET /robots.txt HTTP/1.1" 404 480 "-" "Mozilla/5.0 (compatible; Ezooms/1.0; ezooms.bot@gmail.com)"
123.125.71.29 - - [19/May/2011:07:42:23 +0000] "GET / HTTP/1.1" 200 1630 "-" "Baiduspider+(+http://www.baidu.com/search/spider.htm)"
220.181.108.78 - - [19/May/2011:07:42:57 +0000] "GET / HTTP/1.1" 200 1630 "-" "Baiduspider+(+http://www.baidu.com/search/spider.htm)"
95.108.151.244 - - [19/May/2011:07:44:53 +0000] "GET /robots.txt HTTP/1.1" 404 536 "-" "Mozilla/5.0 (compatible; YandexBot/3.0; MirrorDetector; +http://yandex.com/bots)"
95.108.151.244 - - [19/May/2011:07:44:54 +0000] "GET / HTTP/1.1" 200 992 "-" "Mozilla/5.0 (compatible; YandexBot/3.0; MirrorDetector; +http://yandex.com/bots)"
95.108.151.244 - - [19/May/2011:07:44:55 +0000] "GET / HTTP/1.1" 200 992 "-" "Mozilla/5.0 (compatible; YandexBot/3.0; MirrorDetector; +http://yandex.com/bots)"
208.115.111.73 - - [19/May/2011:08:24:56 +0000] "GET / HTTP/1.1" 200 1637 "-" "Mozilla/5.0 (compatible; Ezooms/1.0; ezooms.bot@gmail.com)"
123.125.71.24 - - [19/May/2011:10:42:06 +0000] "GET / HTTP/1.1" 200 1630 "-" "Baiduspider+(+http://www.baidu.com/search/spider.htm)"
220.181.108.82 - - [19/May/2011:10:42:41 +0000] "GET / HTTP/1.1" 200 1630 "-" "Baiduspider+(+http://www.baidu.com/search/spider.htm)"
124.115.0.163 - - [19/May/2011:11:05:25 +0000] "GET / HTTP/1.1" 200 993 "-" "Sosospider+(+http://help.soso.com/webspider.htm)"
123.125.71.20 - - [19/May/2011:12:41:05 +0000] "GET / HTTP/1.1" 200 1630 "-" "Baiduspider+(+http://www.baidu.com/search/spider.htm)"
220.181.108.94 - - [19/May/2011:12:41:36 +0000] "GET / HTTP/1.1" 200 1630 "-" "Baiduspider+(+http://www.baidu.com/search/spider.htm)"
207.46.12.201 - - [19/May/2011:14:33:18 +0000] "GET /?cat=1 HTTP/1.1" 200 993 "-" "Mozilla/4.0 (compatible; MSIE 6.0; Windows NT 5.1; SV1; .NET CLR 1.1.4325; .NET CLR 2.0.50727; .NET CLR 3.0.30729; .NET CLR 3.5.30707; MS-RTC LM 8)"
123.125.71.28 - - [19/May/2011:14:43:24 +0000] "GET / HTTP/1.1" 200 1630 "-" "Baiduspider+(+http://www.baidu.com/search/spider.htm)"
220.181.108.84 - - [19/May/2011:14:44:00 +0000] "GET / HTTP/1.1" 200 1630 "-" "Baiduspider+(+http://www.baidu.com/search/spider.htm)"
123.125.71.35 - - [19/May/2011:15:43:46 +0000] "GET / HTTP/1.1" 200 1630 "-" "Baiduspider+(+http://www.baidu.com/search/spider.htm)"
220.181.108.80 - - [19/May/2011:15:44:21 +0000] "GET / HTTP/1.1" 200 1630 "-" "Baiduspider+(+http://www.baidu.com/search/spider.htm)"
123.125.71.15 - - [19/May/2011:16:59:28 +0000] "GET / HTTP/1.1" 200 1630 "-" "Baiduspider+(+http://www.baidu.com/search/spider.htm)"
220.181.108.84 - - [19/May/2011:17:00:26 +0000] "GET / HTTP/1.1" 200 1630 "-" "Baiduspider+(+http://www.baidu.com/search/spider.htm)"
123.125.71.22 - - [19/May/2011:17:46:43 +0000] "GET / HTTP/1.1" 200 1630 "-" "Baiduspider+(+http://www.baidu.com/search/spider.htm)"
220.181.108.82 - - [19/May/2011:17:47:19 +0000] "GET / HTTP/1.1" 200 1630 "-" "Baiduspider+(+http://www.baidu.com/search/spider.htm)"
124.115.10.68 - - [19/May/2011:17:50:29 +0000] "GET / HTTP/1.1" 200 993 "-" "Mozilla/4.0 (compatible; MSIE 6.0; Windows NT 5.1)"
124.115.0.28 - - [19/May/2011:19:17:37 +0000] "GET / HTTP/1.1" 200 993 "-" "Sosospider+(+http://help.soso.com/webspider.htm)"
123.125.71.17 - - [19/May/2011:19:42:19 +0000] "GET / HTTP/1.1" 200 1630 "-" "Baiduspider+(+http://www.baidu.com/search/spider.htm)"
220.181.108.81 - - [19/May/2011:19:42:55 +0000] "GET / HTTP/1.1" 200 1630 "-" "Baiduspider+(+http://www.baidu.com/search/spider.htm)"
123.125.71.34 - - [19/May/2011:20:42:30 +0000] "GET / HTTP/1.1" 200 1630 "-" "Baiduspider+(+http://www.baidu.com/search/spider.htm)"
220.181.108.95 - - [19/May/2011:20:43:13 +0000] "GET / HTTP/1.1" 200 1630 "-" "Baiduspider+(+http://www.baidu.com/search/spider.htm)"
174.129.117.237 - - [19/May/2011:22:06:38 +0000] "HEAD / HTTP/1.1" 200 280 "-" "Mozilla/5.0 (Windows; U; Windows NT 5.1; en-US) AppleWebKit/525.13 (KHTML, like Gecko) Chrome/0.A.B.C Safari/525.13"
81.52.143.18 - - [19/May/2011:23:20:32 +0000] "GET /robots.txt HTTP/1.0" 404 510 "-" "Mozilla/5.0 (Windows; U; Windows NT 5.1; fr; rv:1.8.1) VoilaBot BETA 1.2 (support.voilabot@orange-ftgroup.com)"
124.115.0.163 - - [20/May/2011:00:23:27 +0000] "GET / HTTP/1.1" 200 993 "-" "Sosospider+(+http://help.soso.com/webspider.htm)"
123.125.71.26 - - [20/May/2011:00:43:30 +0000] "GET / HTTP/1.1" 200 1630 "-" "Baiduspider+(+http://www.baidu.com/search/spider.htm)"
220.181.108.95 - - [20/May/2011:00:44:05 +0000] "GET / HTTP/1.1" 200 1630 "-" "Baiduspider+(+http://www.baidu.com/search/spider.htm)"
123.125.71.24 - - [20/May/2011:02:46:26 +0000] "GET / HTTP/1.1" 200 1630 "-" "Baiduspider+(+http://www.baidu.com/search/spider.htm)"
220.181.108.78 - - [20/May/2011:02:47:03 +0000] "GET / HTTP/1.1" 200 1630 "-" "Baiduspider+(+http://www.baidu.com/search/spider.htm)"
123.125.71.28 - - [20/May/2011:03:43:12 +0000] "GET / HTTP/1.1" 200 1630 "-" "Baiduspider+(+http://www.baidu.com/search/spider.htm)"
220.181.108.88 - - [20/May/2011:03:43:48 +0000] "GET / HTTP/1.1" 200 1630 "-" "Baiduspider+(+http://www.baidu.com/search/spider.htm)"
64.246.165.180 - - [20/May/2011:03:56:49 +0000] "GET /robots.txt HTTP/1.0" 404 499 "-" "Mozilla/5.0 (Windows; U; Windows NT 5.1; en; rv:1.9.0.13) Gecko/2009073022 Firefox/3.5.2 (.NET CLR 3.5.30729) SurveyBot/2.3 (DomainTools)"
64.246.165.180 - - [20/May/2011:03:56:49 +0000] "GET / HTTP/1.1" 200 955 "http://whois.domaintools.com/insectpolitics.com" "Mozilla/5.0 (Windows; U; Windows NT 5.1; en; rv:1.9.0.13) Gecko/2009073022 Firefox/3.5.2 (.NET CLR 3.5.30729) SurveyBot/2.3 (DomainTools)"
123.125.71.26 - - [20/May/2011:04:41:58 +0000] "GET / HTTP/1.1" 200 1630 "-" "Baiduspider+(+http://www.baidu.com/search/spider.htm)"
220.181.108.85 - - [20/May/2011:04:42:30 +0000] "GET / HTTP/1.1" 200 1630 "-" "Baiduspider+(+http://www.baidu.com/search/spider.htm)"
173.192.34.95 - - [20/May/2011:05:09:45 +0000] "GET /robots.txt HTTP/1.1" 404 537 "-" "Mozilla/4.0 (compatible; MSIE 7.0; Windows NT 6.0; Mozilla/4.0 (compatible; MSIE 6.0; Windows NT 5.1; SV1) ; Media Center PC 5.0)"
173.192.34.95 - - [20/May/2011:05:09:45 +0000] "GET / HTTP/1.1" 200 1667 "-" "Mozilla/4.0 (compatible; MSIE 7.0; Windows NT 6.0; Mozilla/4.0 (compatible; MSIE 6.0; Windows NT 5.1; SV1) ; Media Center PC 5.0)"
