220.181.108.77 - - [06/Mar/2011:22:33:13 +0000] "GET / HTTP/1.1" 200 1630 "-" "Baiduspider+(+http://www.baidu.com/search/spider.htm)"
81.52.143.16 - - [06/Mar/2011:23:17:52 +0000] "GET / HTTP/1.1" 200 955 "-" "Mozilla/5.0 (Windows; U; Windows NT 5.1; fr; rv:1.8.1) VoilaBot BETA 1.2 (support.voilabot@orange-ftgroup.com)"
123.125.71.22 - - [07/Mar/2011:00:33:18 +0000] "GET / HTTP/1.1" 200 1630 "-" "Baiduspider+(+http://www.baidu.com/search/spider.htm)"
220.181.108.88 - - [07/Mar/2011:00:33:42 +0000] "GET / HTTP/1.1" 200 1630 "-" "Baiduspider+(+http://www.baidu.com/search/spider.htm)"
123.125.71.18 - - [07/Mar/2011:01:34:03 +0000] "GET / HTTP/1.1" 200 1630 "-" "Baiduspider+(+http://www.baidu.com/search/spider.htm)"
220.181.108.88 - - [07/Mar/2011:01:34:31 +0000] "GET / HTTP/1.1" 200 1630 "-" "Baiduspider+(+http://www.baidu.com/search/spider.htm)"
222.216.28.52 - - [07/Mar/2011:02:31:29 +0000] "GET / HTTP/1.0" 200 955 "http://g7.in/14DA.html" "example/1.0"
123.125.71.30 - - [07/Mar/2011:02:37:25 +0000] "GET / HTTP/1.1" 200 1630 "-" "Baiduspider+(+http://www.baidu.com/search/spider.htm)"
220.181.108.86 - - [07/Mar/2011:02:37:56 +0000] "GET / HTTP/1.1" 200 1630 "-" "Baiduspider+(+http://www.baidu.com/search/spider.htm)"
124.115.0.100 - - [07/Mar/2011:02:49:14 +0000] "GET / HTTP/1.1" 304 209 "-" "Sosospider+(+http://help.soso.com/webspider.htm)"
123.125.71.12 - - [07/Mar/2011:04:33:43 +0000] "GET / HTTP/1.1" 200 1630 "-" "Baiduspider+(+http://www.baidu.com/search/spider.htm)"
220.181.108.83 - - [07/Mar/2011:04:34:05 +0000] "GET / HTTP/1.1" 200 1630 "-" "Baiduspider+(+http://www.baidu.com/search/spider.htm)"
157.55.50.12 - - [07/Mar/2011:06:20:09 +0000] "GET /robots.txt HTTP/1.1" 404 533 "-" "Mozilla/5.0 (compatible; bingbot/2.0; +http://www.bing.com/bingbot.htm)"
123.125.71.27 - - [07/Mar/2011:08:33:16 +0000] "GET / HTTP/1.1" 200 1630 "-" "Baiduspider+(+http://www.baidu.com/search/spider.htm)"
220.181.108.89 - - [07/Mar/2011:08:33:39 +0000] "GET / HTTP/1.1" 200 1630 "-" "Baiduspider+(+http://www.baidu.com/search/spider.htm)"
123.125.71.29 - - [07/Mar/2011:10:32:45 +0000] "GET / HTTP/1.1" 200 1630 "-" "Baiduspider+(+http://www.baidu.com/search/spider.htm)"
220.181.108.83 - - [07/Mar/2011:10:33:08 +0000] "GET / HTTP/1.1" 200 1630 "-" "Baiduspider+(+http://www.baidu.com/search/spider.htm)"
124.115.0.100 - - [07/Mar/2011:11:09:47 +0000] "GET / HTTP/1.1" 304 209 "-" "Sosospider+(+http://help.soso.com/webspider.htm)"
123.125.71.20 - - [07/Mar/2011:12:34:08 +0000] "GET / HTTP/1.1" 200 1630 "-" "Baiduspider+(+http://www.baidu.com/search/spider.htm)"
220.181.108.86 - - [07/Mar/2011:12:34:30 +0000] "GET / HTTP/1.1" 200 1630 "-" "Baiduspider+(+http://www.baidu.com/search/spider.htm)"
123.125.71.13 - - [07/Mar/2011:14:30:11 +0000] "GET / HTTP/1.1" 200 1630 "-" "Baiduspider+(+http://www.baidu.com/search/spider.htm)"
69.28.58.9 - - [07/Mar/2011:14:30:20 +0000] "GET / HTTP/1.1" 200 1630 "-" "Wget/1.9+cvs-stable (Red Hat modified)"
220.181.108.93 - - [07/Mar/2011:14:30:29 +0000] "GET / HTTP/1.1" 200 1630 "-" "Baiduspider+(+http://www.baidu.com/search/spider.htm)"
157.55.50.76 - - [07/Mar/2011:15:56:16 +0000] "GET /robots.txt HTTP/1.1" 404 533 "-" "Mozilla/5.0 (compatible; bingbot/2.0; +http://www.bing.com/bingbot.htm)"
220.181.108.97 - - [07/Mar/2011:16:14:57 +0000] "GET /robots.txt HTTP/1.1" 404 470 "-" "Baiduspider+(+http://www.baidu.com/search/spider.htm)"
123.125.71.33 - - [07/Mar/2011:16:45:50 +0000] "GET / HTTP/1.1" 200 1630 "-" "Baiduspider+(+http://www.baidu.com/search/spider.htm)"
220.181.108.91 - - [07/Mar/2011:16:46:24 +0000] "GET / HTTP/1.1" 200 1630 "-" "Baiduspider+(+http://www.baidu.com/search/spider.htm)"
123.125.71.15 - - [07/Mar/2011:17:34:30 +0000] "GET / HTTP/1.1" 200 1630 "-" "Baiduspider+(+http://www.baidu.com/search/spider.htm)"
220.181.108.80 - - [07/Mar/2011:17:34:53 +0000] "GET / HTTP/1.1" 200 1630 "-" "Baiduspider+(+http://www.baidu.com/search/spider.htm)"
123.125.71.25 - - [07/Mar/2011:18:33:27 +0000] "GET / HTTP/1.1" 200 1630 "-" "Baiduspider+(+http://www.baidu.com/search/spider.htm)"
220.181.108.86 - - [07/Mar/2011:18:33:50 +0000] "GET / HTTP/1.1" 200 1630 "-" "Baiduspider+(+http://www.baidu.com/search/spider.htm)"
222.216.28.22 - - [07/Mar/2011:18:40:17 +0000] "GET / HTTP/1.0" 200 955 "http://g7.in/14DA.html" "example/1.0"
124.115.0.100 - - [07/Mar/2011:19:35:15 +0000] "GET / HTTP/1.1" 304 209 "-" "Sosospider+(+http://help.soso.com/webspider.htm)"
66.249.71.6 - - [07/Mar/2011:20:24:27 +0000] "GET /robots.txt HTTP/1.1" 404 503 "-" "Mozilla/5.0 (compatible; Googlebot/2.1; +http://www.google.com/bot.html)"
66.249.71.6 - - [07/Mar/2011:20:24:27 +0000] "GET / HTTP/1.1" 304 208 "-" "Mozilla/5.0 (compatible; Googlebot/2.1; +http://www.google.com/bot.html)"
66.249.71.6 - - [07/Mar/2011:20:30:11 +0000] "GET / HTTP/1.1" 304 209 "-" "Mozilla/5.0 (compatible; Googlebot/2.1; +http://www.google.com/bot.html)"
123.125.71.25 - - [07/Mar/2011:20:32:57 +0000] "GET / HTTP/1.1" 200 1630 "-" "Baiduspider+(+http://www.baidu.com/search/spider.htm)"
220.181.108.78 - - [07/Mar/2011:20:33:25 +0000] "GET / HTTP/1.1" 200 1630 "-" "Baiduspider+(+http://www.baidu.com/search/spider.htm)"
69.28.58.8 - - [07/Mar/2011:20:35:56 +0000] "GET /robots.txt HTTP/1.0" 404 495 "http://insectpolitics.com/robots.txt" "HuaweiSymantecSpider/1.0+DSE-support@huaweisymantec.com+(compatible; MSIE 7.0; Windows NT 5.1; Trident/4.0; .NET CLR 2.0.50727; .NET CLR 3.0.4506.2152; .NET CLR ; http://www.huaweisymantec.com/cn/IRL/spider)"
69.28.58.8 - - [07/Mar/2011:20:35:56 +0000] "GET / HTTP/1.0" 200 1630 "http://insectpolitics.com/" "HuaweiSymantecSpider/1.0+DSE-support@huaweisymantec.com+(compatible; MSIE 7.0; Windows NT 5.1; Trident/4.0; .NET CLR 2.0.50727; .NET CLR 3.0.4506.2152; .NET CLR ; http://www.huaweisymantec.com/cn/IRL/spider)"
123.125.71.16 - - [07/Mar/2011:22:18:25 +0000] "GET / HTTP/1.1" 304 171 "-" "Baiduspider+(+http://www.baidu.com/search/spider.htm)"
72.30.161.217 - - [07/Mar/2011:22:21:49 +0000] "GET /robots.txt HTTP/1.0" 404 472 "-" "Mozilla/5.0 (compatible; Yahoo! Slurp; http://help.yahoo.com/help/us/ysearch/slurp)"
72.30.161.217 - - [07/Mar/2011:22:21:49 +0000] "GET / HTTP/1.0" 200 955 "-" "Mozilla/5.0 (compatible; Yahoo! Slurp; http://help.yahoo.com/help/us/ysearch/slurp)"
123.125.71.13 - - [07/Mar/2011:22:33:18 +0000] "GET / HTTP/1.1" 200 1630 "-" "Baiduspider+(+http://www.baidu.com/search/spider.htm)"
220.181.108.89 - - [07/Mar/2011:22:33:41 +0000] "GET / HTTP/1.1" 200 1630 "-" "Baiduspider+(+http://www.baidu.com/search/spider.htm)"
123.125.71.25 - - [08/Mar/2011:00:32:06 +0000] "GET / HTTP/1.1" 200 1630 "-" "Baiduspider+(+http://www.baidu.com/search/spider.htm)"
220.181.108.85 - - [08/Mar/2011:00:32:28 +0000] "GET / HTTP/1.1" 200 1630 "-" "Baiduspider+(+http://www.baidu.com/search/spider.htm)"
123.125.71.17 - - [08/Mar/2011:02:38:43 +0000] "GET / HTTP/1.1" 200 1630 "-" "Baiduspider+(+http://www.baidu.com/search/spider.htm)"
220.181.108.81 - - [08/Mar/2011:02:39:16 +0000] "GET / HTTP/1.1" 200 1630 "-" "Baiduspider+(+http://www.baidu.com/search/spider.htm)"
65.52.51.180 - - [08/Mar/2011:02:40:00 +0000] "GET /robots.txt HTTP/1.1" 404 533 "-" "Mozilla/5.0 (compatible; bingbot/2.0; +http://www.bing.com/bingbot.htm)"
124.115.4.197 - - [08/Mar/2011:03:54:20 +0000] "GET / HTTP/1.1" 304 209 "-" "Sosospider+(+http://help.soso.com/webspider.htm)"
123.125.71.12 - - [08/Mar/2011:04:34:14 +0000] "GET / HTTP/1.1" 200 1630 "-" "Baiduspider+(+http://www.baidu.com/search/spider.htm)"
220.181.108.92 - - [08/Mar/2011:04:34:39 +0000] "GET / HTTP/1.1" 200 1630 "-" "Baiduspider+(+http://www.baidu.com/search/spider.htm)"
123.125.71.25 - - [08/Mar/2011:05:33:18 +0000] "GET / HTTP/1.1" 200 1630 "-" "Baiduspider+(+http://www.baidu.com/search/spider.htm)"
220.181.108.96 - - [08/Mar/2011:05:33:41 +0000] "GET / HTTP/1.1" 200 1630 "-" "Baiduspider+(+http://www.baidu.com/search/spider.htm)"
124.115.10.64 - - [08/Mar/2011:06:09:21 +0000] "GET / HTTP/1.1" 200 993 "-" "Mozilla/4.0 (compatible; MSIE 6.0; Windows NT 5.1)"
123.125.71.30 - - [08/Mar/2011:06:34:12 +0000] "GET / HTTP/1.1" 200 1630 "-" "Baiduspider+(+http://www.baidu.com/search/spider.htm)"
220.181.108.83 - - [08/Mar/2011:06:34:37 +0000] "GET / HTTP/1.1" 200 1630 "-" "Baiduspider+(+http://www.baidu.com/search/spider.htm)"
70.180.119.247 - - [08/Mar/2011:06:51:23 +0000] "GET /movies/ HTTP/1.1" 200 799 "-" "Mozilla/5.0 (X11; U; Linux x86_64; en-US) AppleWebKit/534.13 (KHTML, like Gecko) Chrome/9.0.597.107 Safari/534.13"
70.180.119.247 - - [08/Mar/2011:06:51:23 +0000] "GET /favicon.ico HTTP/1.1" 404 503 "-" "Mozilla/5.0 (X11; U; Linux x86_64; en-US) AppleWebKit/534.13 (KHTML, like Gecko) Chrome/9.0.597.107 Safari/534.13"
70.180.119.247 - - [08/Mar/2011:06:51:25 +0000] "GET /movies/features_blu-ray.txt HTTP/1.1" 200 2738 "http://cafink.name/movies/" "Mozilla/5.0 (X11; U; Linux x86_64; en-US) AppleWebKit/534.13 (KHTML, like Gecko) Chrome/9.0.597.107 Safari/534.13"
70.180.119.247 - - [08/Mar/2011:06:51:25 +0000] "GET /favicon.ico HTTP/1.1" 404 503 "-" "Mozilla/5.0 (X11; U; Linux x86_64; en-US) AppleWebKit/534.13 (KHTML, like Gecko) Chrome/9.0.597.107 Safari/534.13"
208.80.194.27 - - [08/Mar/2011:08:01:38 +0000] "GET / HTTP/1.0" 200 1630 "-" "Mozilla/4.0 (compatible; MSIE 7.0; Windows NT 5.1; iOpus-I-M; .NET CLR 2.0.50727)"
123.125.71.17 - - [08/Mar/2011:08:32:55 +0000] "GET / HTTP/1.1" 200 1630 "-" "Baiduspider+(+http://www.baidu.com/search/spider.htm)"
220.181.108.87 - - [08/Mar/2011:08:33:19 +0000] "GET / HTTP/1.1" 200 1630 "-" "Baiduspider+(+http://www.baidu.com/search/spider.htm)"
123.125.71.36 - - [08/Mar/2011:09:33:25 +0000] "GET / HTTP/1.1" 200 1630 "-" "Baiduspider+(+http://www.baidu.com/search/spider.htm)"
220.181.108.78 - - [08/Mar/2011:09:33:47 +0000] "GET / HTTP/1.1" 200 1630 "-" "Baiduspider+(+http://www.baidu.com/search/spider.htm)"
65.52.110.32 - - [08/Mar/2011:10:39:19 +0000] "GET /robots.txt HTTP/1.1" 404 537 "-" "Mozilla/5.0 (compatible; bingbot/2.0; +http://www.bing.com/bingbot.htm)"
65.52.110.32 - - [08/Mar/2011:10:40:08 +0000] "GET /wp-login.php HTTP/1.1" 404 513 "-" "Mozilla/5.0 (compatible; bingbot/2.0; +http://www.bing.com/bingbot.htm)"
124.115.0.28 - - [08/Mar/2011:12:03:53 +0000] "GET / HTTP/1.1" 304 209 "-" "Sosospider+(+http://help.soso.com/webspider.htm)"
65.52.51.179 - - [08/Mar/2011:12:28:41 +0000] "GET /robots.txt HTTP/1.1" 404 533 "-" "Mozilla/5.0 (compatible; bingbot/2.0; +http://www.bing.com/bingbot.htm)"
123.125.71.12 - - [08/Mar/2011:12:34:33 +0000] "GET / HTTP/1.1" 200 1630 "-" "Baiduspider+(+http://www.baidu.com/search/spider.htm)"
220.181.108.89 - - [08/Mar/2011:12:34:58 +0000] "GET / HTTP/1.1" 200 1630 "-" "Baiduspider+(+http://www.baidu.com/search/spider.htm)"
69.74.233.66 - - [08/Mar/2011:13:30:50 +0000] "GET /movies/features_blu-ray.txt HTTP/1.1" 304 211 "-" "Mozilla/4.0 (compatible;)"
174.129.117.237 - - [08/Mar/2011:14:19:48 +0000] "HEAD / HTTP/1.1" 200 280 "-" "Mozilla/5.0 (Windows; U; Windows NT 5.1; en-US) AppleWebKit/525.13 (KHTML, like Gecko) Chrome/0.A.B.C Safari/525.13"
123.125.71.35 - - [08/Mar/2011:14:30:24 +0000] "GET / HTTP/1.1" 200 1630 "-" "Baiduspider+(+http://www.baidu.com/search/spider.htm)"
220.181.108.83 - - [08/Mar/2011:14:30:42 +0000] "GET / HTTP/1.1" 200 1630 "-" "Baiduspider+(+http://www.baidu.com/search/spider.htm)"
157.55.50.12 - - [08/Mar/2011:15:04:13 +0000] "GET /robots.txt HTTP/1.1" 404 533 "-" "Mozilla/5.0 (compatible; bingbot/2.0; +http://www.bing.com/bingbot.htm)"
65.52.51.179 - - [08/Mar/2011:16:33:48 +0000] "GET /robots.txt HTTP/1.1" 404 533 "-" "Mozilla/5.0 (compatible; bingbot/2.0; +http://www.bing.com/bingbot.htm)"
123.125.71.28 - - [08/Mar/2011:16:46:02 +0000] "GET / HTTP/1.1" 200 1630 "-" "Baiduspider+(+http://www.baidu.com/search/spider.htm)"
220.181.108.81 - - [08/Mar/2011:16:46:41 +0000] "GET / HTTP/1.1" 200 1630 "-" "Baiduspider+(+http://www.baidu.com/search/spider.htm)"
220.181.108.105 - - [08/Mar/2011:18:00:35 +0000] "GET /robots.txt HTTP/1.1" 404 470 "-" "Baiduspider+(+http://www.baidu.com/search/spider.htm)"
123.125.71.25 - - [08/Mar/2011:18:34:07 +0000] "GET / HTTP/1.1" 200 1630 "-" "Baiduspider+(+http://www.baidu.com/search/spider.htm)"
220.181.108.94 - - [08/Mar/2011:18:34:32 +0000] "GET / HTTP/1.1" 200 1630 "-" "Baiduspider+(+http://www.baidu.com/search/spider.htm)"
69.58.178.57 - - [08/Mar/2011:20:49:55 +0000] "GET /robots.txt HTTP/1.1" 404 480 "-" "Mozilla/5.0 (X11; U; Linux i686; en-US; rv:1.9.1.3; ips-agent) Gecko/20090824 Fedora/1.0.7-1.1.fc4 Firefox/3.5.3"
69.58.178.57 - - [08/Mar/2011:20:49:56 +0000] "GET / HTTP/1.1" 200 1637 "-" "Mozilla/5.0 (X11; U; Linux i686; en-US; rv:1.9.1.3; ips-agent) Gecko/20090824 Fedora/1.0.7-1.1.fc4 Firefox/3.5.3"
69.58.178.57 - - [08/Mar/2011:20:53:29 +0000] "GET / HTTP/1.1" 200 1637 "-" "Mozilla/5.0 (X11; U; Linux i686; en-US; rv:1.9.1.3; ips-agent) Gecko/20090824 Fedora/1.0.7-1.1.fc4 Firefox/3.5.3"
124.115.4.197 - - [08/Mar/2011:20:59:36 +0000] "GET / HTTP/1.1" 304 209 "-" "Sosospider+(+http://help.soso.com/webspider.htm)"
123.125.71.26 - - [08/Mar/2011:22:34:05 +0000] "GET / HTTP/1.1" 200 1630 "-" "Baiduspider+(+http://www.baidu.com/search/spider.htm)"
220.181.108.97 - - [08/Mar/2011:22:34:28 +0000] "GET / HTTP/1.1" 200 1630 "-" "Baiduspider+(+http://www.baidu.com/search/spider.htm)"
67.195.112.241 - - [09/Mar/2011:01:22:51 +0000] "GET /robots.txt HTTP/1.0" 404 472 "-" "Mozilla/5.0 (compatible; Yahoo! Slurp; http://help.yahoo.com/help/us/ysearch/slurp)"
67.195.112.241 - - [09/Mar/2011:01:22:51 +0000] "GET / HTTP/1.0" 200 955 "-" "Mozilla/5.0 (compatible; Yahoo! Slurp; http://help.yahoo.com/help/us/ysearch/slurp)"
123.125.71.27 - - [09/Mar/2011:01:34:00 +0000] "GET / HTTP/1.1" 200 1630 "-" "Baiduspider+(+http://www.baidu.com/search/spider.htm)"
220.181.108.76 - - [09/Mar/2011:01:34:24 +0000] "GET / HTTP/1.1" 200 1630 "-" "Baiduspider+(+http://www.baidu.com/search/spider.htm)"
174.129.117.237 - - [09/Mar/2011:03:14:48 +0000] "HEAD / HTTP/1.1" 200 280 "-" "Mozilla/5.0 (Windows; U; Windows NT 5.1; en-US) AppleWebKit/525.13 (KHTML, like Gecko) Chrome/0.A.B.C Safari/525.13"
216.145.5.42 - - [09/Mar/2011:03:15:26 +0000] "GET /robots.txt HTTP/1.0" 404 492 "-" "Mozilla/5.0 (Windows; U; Windows NT 5.1; en; rv:1.9.0.13) Gecko/2009073022 Firefox/3.5.2 (.NET CLR 3.5.30729) SurveyBot/2.3 (DomainTools)"
216.145.5.42 - - [09/Mar/2011:03:15:26 +0000] "GET / HTTP/1.1" 200 955 "http://whois.domaintools.com/cafink.name" "Mozilla/5.0 (Windows; U; Windows NT 5.1; en; rv:1.9.0.13) Gecko/2009073022 Firefox/3.5.2 (.NET CLR 3.5.30729) SurveyBot/2.3 (DomainTools)"
64.246.165.140 - - [09/Mar/2011:04:07:14 +0000] "GET /robots.txt HTTP/1.0" 404 494 "-" "Mozilla/5.0 (Windows; U; Windows NT 5.1; en; rv:1.9.0.13) Gecko/2009073022 Firefox/3.5.2 (.NET CLR 3.5.30729) SurveyBot/2.3 (DomainTools)"
64.246.165.140 - - [09/Mar/2011:04:07:14 +0000] "GET / HTTP/1.1" 200 955 "http://whois.domaintools.com/carlfink.name" "Mozilla/5.0 (Windows; U; Windows NT 5.1; en; rv:1.9.0.13) Gecko/2009073022 Firefox/3.5.2 (.NET CLR 3.5.30729) SurveyBot/2.3 (DomainTools)"
216.145.11.94 - - [09/Mar/2011:04:07:34 +0000] "GET /robots.txt HTTP/1.0" 404 495 "-" "Mozilla/5.0 (Windows; U; Windows NT 5.1; en; rv:1.9.0.13) Gecko/2009073022 Firefox/3.5.2 (.NET CLR 3.5.30729) SurveyBot/2.3 (DomainTools)"
216.145.11.94 - - [09/Mar/2011:04:07:34 +0000] "GET / HTTP/1.1" 200 955 "http://whois.domaintools.com/carl-fink.name" "Mozilla/5.0 (Windows; U; Windows NT 5.1; en; rv:1.9.0.13) Gecko/2009073022 Firefox/3.5.2 (.NET CLR 3.5.30729) SurveyBot/2.3 (DomainTools)"
157.55.50.75 - - [09/Mar/2011:04:08:10 +0000] "GET /robots.txt HTTP/1.1" 404 533 "-" "Mozilla/5.0 (compatible; bingbot/2.0; +http://www.bing.com/bingbot.htm)"
123.125.71.22 - - [09/Mar/2011:04:33:29 +0000] "GET / HTTP/1.1" 200 1630 "-" "Baiduspider+(+http://www.baidu.com/search/spider.htm)"
220.181.108.90 - - [09/Mar/2011:04:33:52 +0000] "GET / HTTP/1.1" 200 1630 "-" "Baiduspider+(+http://www.baidu.com/search/spider.htm)"
124.115.0.163 - - [09/Mar/2011:04:57:12 +0000] "GET / HTTP/1.1" 304 209 "-" "Sosospider+(+http://help.soso.com/webspider.htm)"
123.125.71.36 - - [09/Mar/2011:06:33:22 +0000] "GET / HTTP/1.1" 200 1630 "-" "Baiduspider+(+http://www.baidu.com/search/spider.htm)"
69.28.58.35 - - [09/Mar/2011:06:33:31 +0000] "GET / HTTP/1.1" 200 1630 "-" "Wget/1.9+cvs-stable (Red Hat modified)"
220.181.108.78 - - [09/Mar/2011:06:33:45 +0000] "GET / HTTP/1.1" 200 1630 "-" "Baiduspider+(+http://www.baidu.com/search/spider.htm)"
123.125.71.13 - - [09/Mar/2011:08:33:10 +0000] "GET / HTTP/1.1" 200 1630 "-" "Baiduspider+(+http://www.baidu.com/search/spider.htm)"
220.181.108.96 - - [09/Mar/2011:08:33:34 +0000] "GET / HTTP/1.1" 200 1630 "-" "Baiduspider+(+http://www.baidu.com/search/spider.htm)"
69.28.58.8 - - [09/Mar/2011:08:34:54 +0000] "GET /robots.txt HTTP/1.0" 404 495 "http://insectpolitics.com/robots.txt" "HuaweiSymantecSpider/1.0+DSE-support@huaweisymantec.com+(compatible; MSIE 7.0; Windows NT 5.1; Trident/4.0; .NET CLR 2.0.50727; .NET CLR 3.0.4506.2152; .NET CLR ; http://www.huaweisymantec.com/cn/IRL/spider)"
69.28.58.8 - - [09/Mar/2011:08:34:54 +0000] "GET / HTTP/1.0" 200 1630 "http://insectpolitics.com/" "HuaweiSymantecSpider/1.0+DSE-support@huaweisymantec.com+(compatible; MSIE 7.0; Windows NT 5.1; Trident/4.0; .NET CLR 2.0.50727; .NET CLR 3.0.4506.2152; .NET CLR ; http://www.huaweisymantec.com/cn/IRL/spider)"
123.125.71.34 - - [09/Mar/2011:09:33:32 +0000] "GET / HTTP/1.1" 200 1630 "-" "Baiduspider+(+http://www.baidu.com/search/spider.htm)"
220.181.108.80 - - [09/Mar/2011:09:33:54 +0000] "GET / HTTP/1.1" 200 1630 "-" "Baiduspider+(+http://www.baidu.com/search/spider.htm)"
123.125.71.27 - - [09/Mar/2011:10:33:13 +0000] "GET / HTTP/1.1" 200 1630 "-" "Baiduspider+(+http://www.baidu.com/search/spider.htm)"
220.181.108.84 - - [09/Mar/2011:10:33:35 +0000] "GET / HTTP/1.1" 200 1630 "-" "Baiduspider+(+http://www.baidu.com/search/spider.htm)"
123.125.71.27 - - [09/Mar/2011:11:34:22 +0000] "GET / HTTP/1.1" 200 1630 "-" "Baiduspider+(+http://www.baidu.com/search/spider.htm)"
220.181.108.94 - - [09/Mar/2011:11:34:47 +0000] "GET / HTTP/1.1" 200 1630 "-" "Baiduspider+(+http://www.baidu.com/search/spider.htm)"
124.115.0.163 - - [09/Mar/2011:12:39:35 +0000] "GET / HTTP/1.1" 304 209 "-" "Sosospider+(+http://help.soso.com/webspider.htm)"
123.125.71.29 - - [09/Mar/2011:13:34:57 +0000] "GET / HTTP/1.1" 200 1630 "-" "Baiduspider+(+http://www.baidu.com/search/spider.htm)"
220.181.108.93 - - [09/Mar/2011:13:35:21 +0000] "GET / HTTP/1.1" 200 1630 "-" "Baiduspider+(+http://www.baidu.com/search/spider.htm)"
65.52.51.179 - - [09/Mar/2011:13:44:25 +0000] "GET /robots.txt HTTP/1.1" 404 533 "-" "Mozilla/5.0 (compatible; bingbot/2.0; +http://www.bing.com/bingbot.htm)"
123.125.71.29 - - [09/Mar/2011:14:31:00 +0000] "GET / HTTP/1.1" 200 1630 "-" "Baiduspider+(+http://www.baidu.com/search/spider.htm)"
220.181.108.96 - - [09/Mar/2011:14:31:18 +0000] "GET / HTTP/1.1" 200 1630 "-" "Baiduspider+(+http://www.baidu.com/search/spider.htm)"
123.125.71.25 - - [09/Mar/2011:15:31:35 +0000] "GET / HTTP/1.1" 200 1630 "-" "Baiduspider+(+http://www.baidu.com/search/spider.htm)"
220.181.108.76 - - [09/Mar/2011:15:31:54 +0000] "GET / HTTP/1.1" 200 1630 "-" "Baiduspider+(+http://www.baidu.com/search/spider.htm)"
65.52.51.180 - - [09/Mar/2011:16:06:47 +0000] "GET /robots.txt HTTP/1.1" 404 533 "-" "Mozilla/5.0 (compatible; bingbot/2.0; +http://www.bing.com/bingbot.htm)"
208.115.138.254 - - [09/Mar/2011:16:13:06 +0000] "GET /movies/features_blu-ray.txt HTTP/1.1" 200 5113 "-" "Mozilla/4.0 (compatible; MSIE 7.0; Windows NT 5.1; InfoPath.1; .NET CLR 2.0.50727; .NET CLR 1.1.4322; MS-RTC LM 8; .NET CLR 3.0.4506.2152; .NET CLR 3.5.30729)"
69.74.233.66 - - [09/Mar/2011:16:13:06 +0000] "GET /favicon.ico HTTP/1.1" 404 504 "-" "Mozilla/5.0 (Windows; U; Windows NT 6.1; en-US) AppleWebKit/534.13 (KHTML, like Gecko) Chrome/9.0.597.107 Safari/534.13"
69.74.233.66 - - [09/Mar/2011:16:15:25 +0000] "GET /movies/television_dvd.txt HTTP/1.1" 200 1471 "-" "Mozilla/5.0 (Windows; U; Windows NT 6.1; en-US) AppleWebKit/534.13 (KHTML, like Gecko) Chrome/9.0.597.107 Safari/534.13"
69.74.233.66 - - [09/Mar/2011:16:15:26 +0000] "GET /favicon.ico HTTP/1.1" 404 503 "-" "Mozilla/5.0 (Windows; U; Windows NT 6.1; en-US) AppleWebKit/534.13 (KHTML, like Gecko) Chrome/9.0.597.107 Safari/534.13"
69.74.233.66 - - [09/Mar/2011:16:16:58 +0000] "GET /favicon.ico HTTP/1.1" 404 504 "-" "Mozilla/5.0 (Windows; U; Windows NT 6.1; en-US) AppleWebKit/534.13 (KHTML, like Gecko) Chrome/9.0.597.107 Safari/534.13"
157.55.50.76 - - [09/Mar/2011:17:43:45 +0000] "GET /robots.txt HTTP/1.1" 404 533 "-" "Mozilla/5.0 (compatible; bingbot/2.0; +http://www.bing.com/bingbot.htm)"
123.125.71.28 - - [09/Mar/2011:18:34:14 +0000] "GET / HTTP/1.1" 200 1630 "-" "Baiduspider+(+http://www.baidu.com/search/spider.htm)"
220.181.108.93 - - [09/Mar/2011:18:34:37 +0000] "GET / HTTP/1.1" 200 1630 "-" "Baiduspider+(+http://www.baidu.com/search/spider.htm)"
123.125.71.36 - - [09/Mar/2011:18:46:35 +0000] "GET / HTTP/1.1" 304 171 "-" "Baiduspider+(+http://www.baidu.com/search/spider.htm)"
65.52.110.54 - - [09/Mar/2011:18:57:01 +0000] "GET /robots.txt HTTP/1.1" 404 533 "-" "Mozilla/5.0 (compatible; bingbot/2.0; +http://www.bing.com/bingbot.htm)"
65.52.110.54 - - [09/Mar/2011:18:57:37 +0000] "GET / HTTP/1.1" 304 209 "-" "Mozilla/5.0 (compatible; bingbot/2.0; +http://www.bing.com/bingbot.htm)"
123.125.71.115 - - [09/Mar/2011:19:29:07 +0000] "GET /robots.txt HTTP/1.1" 404 470 "-" "Baiduspider+(+http://www.baidu.com/search/spider.htm)"
208.80.194.34 - - [09/Mar/2011:19:54:09 +0000] "GET / HTTP/1.0" 200 1630 "-" "Mozilla/4.0 (compatible; MSIE 6.0; Windows NT 5.1; SV1; .NET CLR 1.1.4322; InfoPath.1; SpamBlockerUtility 4.8.4)"
65.52.51.179 - - [09/Mar/2011:20:12:20 +0000] "GET /robots.txt HTTP/1.1" 404 533 "-" "Mozilla/5.0 (compatible; bingbot/2.0; +http://www.bing.com/bingbot.htm)"
124.115.0.100 - - [09/Mar/2011:20:28:23 +0000] "GET / HTTP/1.1" 304 209 "-" "Sosospider+(+http://help.soso.com/webspider.htm)"
65.52.51.180 - - [09/Mar/2011:20:52:34 +0000] "GET /robots.txt HTTP/1.1" 404 533 "-" "Mozilla/5.0 (compatible; bingbot/2.0; +http://www.bing.com/bingbot.htm)"
81.52.143.16 - - [09/Mar/2011:23:42:36 +0000] "GET /robots.txt HTTP/1.1" 404 472 "-" "Mozilla/5.0 (Windows; U; Windows NT 5.1; fr; rv:1.8.1) VoilaBot BETA 1.2 (support.voilabot@orange-ftgroup.com)"
81.52.143.16 - - [09/Mar/2011:23:42:55 +0000] "GET / HTTP/1.1" 200 955 "-" "Mozilla/5.0 (Windows; U; Windows NT 5.1; fr; rv:1.8.1) VoilaBot BETA 1.2 (support.voilabot@orange-ftgroup.com)"
123.125.71.20 - - [10/Mar/2011:00:34:09 +0000] "GET / HTTP/1.1" 200 1630 "-" "Baiduspider+(+http://www.baidu.com/search/spider.htm)"
220.181.108.87 - - [10/Mar/2011:00:34:32 +0000] "GET / HTTP/1.1" 200 1630 "-" "Baiduspider+(+http://www.baidu.com/search/spider.htm)"
123.125.71.33 - - [10/Mar/2011:01:33:50 +0000] "GET / HTTP/1.1" 200 1630 "-" "Baiduspider+(+http://www.baidu.com/search/spider.htm)"
220.181.108.85 - - [10/Mar/2011:01:34:14 +0000] "GET / HTTP/1.1" 200 1630 "-" "Baiduspider+(+http://www.baidu.com/search/spider.htm)"
124.115.0.28 - - [10/Mar/2011:01:50:38 +0000] "GET / HTTP/1.1" 304 209 "-" "Sosospider+(+http://help.soso.com/webspider.htm)"
157.55.50.76 - - [10/Mar/2011:02:38:16 +0000] "GET /robots.txt HTTP/1.1" 404 533 "-" "Mozilla/5.0 (compatible; bingbot/2.0; +http://www.bing.com/bingbot.htm)"
70.180.119.247 - - [10/Mar/2011:04:38:31 +0000] "GET /movies/features_blu-ray.txt HTTP/1.1" 304 211 "-" "Mozilla/5.0 (X11; U; Linux x86_64; en-US) AppleWebKit/534.13 (KHTML, like Gecko) Chrome/9.0.597.107 Safari/534.13"
70.180.119.247 - - [10/Mar/2011:04:38:31 +0000] "GET /favicon.ico HTTP/1.1" 404 503 "-" "Mozilla/5.0 (X11; U; Linux x86_64; en-US) AppleWebKit/534.13 (KHTML, like Gecko) Chrome/9.0.597.107 Safari/534.13"
70.180.119.247 - - [10/Mar/2011:04:39:08 +0000] "GET /movies/features_blu-ray.txt HTTP/1.1" 200 2746 "-" "Mozilla/5.0 (X11; U; Linux x86_64; en-US) AppleWebKit/534.13 (KHTML, like Gecko) Chrome/9.0.597.107 Safari/534.13"
70.180.119.247 - - [10/Mar/2011:04:39:08 +0000] "GET /favicon.ico HTTP/1.1" 404 503 "-" "Mozilla/5.0 (X11; U; Linux x86_64; en-US) AppleWebKit/534.13 (KHTML, like Gecko) Chrome/9.0.597.107 Safari/534.13"
123.125.71.12 - - [10/Mar/2011:05:33:49 +0000] "GET / HTTP/1.1" 200 1630 "-" "Baiduspider+(+http://www.baidu.com/search/spider.htm)"
220.181.108.84 - - [10/Mar/2011:05:34:13 +0000] "GET / HTTP/1.1" 200 1630 "-" "Baiduspider+(+http://www.baidu.com/search/spider.htm)"
207.46.12.239 - - [10/Mar/2011:06:42:01 +0000] "GET /robots.txt HTTP/1.1" 404 537 "-" "Mozilla/5.0 (compatible; bingbot/2.0; +http://www.bing.com/bingbot.htm)"
207.46.12.239 - - [10/Mar/2011:06:42:47 +0000] "GET /?cat=1 HTTP/1.1" 304 209 "-" "Mozilla/5.0 (compatible; bingbot/2.0; +http://www.bing.com/bingbot.htm)"
222.216.28.22 - - [10/Mar/2011:07:19:12 +0000] "GET / HTTP/1.0" 200 955 "http://g7.in/14DA.html" "example/1.0"
123.125.71.33 - - [10/Mar/2011:08:33:40 +0000] "GET / HTTP/1.1" 200 1630 "-" "Baiduspider+(+http://www.baidu.com/search/spider.htm)"
220.181.108.92 - - [10/Mar/2011:08:34:03 +0000] "GET / HTTP/1.1" 200 1630 "-" "Baiduspider+(+http://www.baidu.com/search/spider.htm)"
205.178.190.235 - - [10/Mar/2011:09:57:20 +0000] "HEAD / HTTP/1.1" 200 276 "-" "Mozilla/5.0 (Windows; U; Windows NT 5.1; en-US; rv:1.8.1.12) Gecko/20080201 Firefox/2.0.0.12"
205.178.190.235 - - [10/Mar/2011:09:57:28 +0000] "GET / HTTP/1.1" 200 1630 "-" "Mozilla/4.0 (compatible; MSIE 7.0; Windows NT 5.1; .NET CLR 1.1.4322; .NET CLR 2.0.50727)"
124.115.4.197 - - [10/Mar/2011:10:16:39 +0000] "GET / HTTP/1.1" 304 209 "-" "Sosospider+(+http://help.soso.com/webspider.htm)"
205.178.190.235 - - [10/Mar/2011:10:32:38 +0000] "GET / HTTP/1.1" 200 1630 "-" "Mozilla/4.0 (compatible; MSIE 7.0; Windows NT 5.1; .NET CLR 1.1.4322; .NET CLR 2.0.50727)"
205.178.190.235 - - [10/Mar/2011:10:32:38 +0000] "GET /robots.txt HTTP/1.1" 404 495 "-" "Mozilla/5.0 (Windows; U; Windows NT 5.1; en-US; rv:1.8.1.12) Gecko/20080201 Firefox/2.0.0.12"
157.55.50.77 - - [10/Mar/2011:14:17:36 +0000] "GET /robots.txt HTTP/1.1" 404 533 "-" "Mozilla/5.0 (compatible; bingbot/2.0; +http://www.bing.com/bingbot.htm)"
123.125.71.36 - - [10/Mar/2011:14:30:17 +0000] "GET / HTTP/1.1" 200 1630 "-" "Baiduspider+(+http://www.baidu.com/search/spider.htm)"
220.181.108.89 - - [10/Mar/2011:14:30:35 +0000] "GET / HTTP/1.1" 200 1630 "-" "Baiduspider+(+http://www.baidu.com/search/spider.htm)"
64.16.187.50 - - [10/Mar/2011:14:51:56 +0000] "GET /movies/features_blu-ray.txt HTTP/1.1" 200 2746 "-" "Mozilla/5.0 (Windows; U; Windows NT 6.1; en-US) AppleWebKit/534.13 (KHTML, like Gecko) Chrome/9.0.597.107 Safari/534.13"
64.16.187.50 - - [10/Mar/2011:14:51:56 +0000] "GET /favicon.ico HTTP/1.1" 404 503 "-" "Mozilla/5.0 (Windows; U; Windows NT 6.1; en-US) AppleWebKit/534.13 (KHTML, like Gecko) Chrome/9.0.597.107 Safari/534.13"
69.17.126.74 - - [10/Mar/2011:14:58:03 +0000] "GET /movies/features_dvd.txt HTTP/1.1" 304 211 "-" "Mozilla/5.0 (Windows; U; Windows NT 6.1; en-US) AppleWebKit/534.13 (KHTML, like Gecko) Chrome/9.0.597.107 Safari/534.13"
69.17.126.74 - - [10/Mar/2011:14:58:03 +0000] "GET /favicon.ico HTTP/1.1" 404 503 "-" "Mozilla/5.0 (Windows; U; Windows NT 6.1; en-US) AppleWebKit/534.13 (KHTML, like Gecko) Chrome/9.0.597.107 Safari/534.13"
64.16.187.50 - - [10/Mar/2011:15:04:11 +0000] "GET /favicon.ico HTTP/1.1" 404 504 "-" "Mozilla/5.0 (Windows; U; Windows NT 6.1; en-US) AppleWebKit/534.13 (KHTML, like Gecko) Chrome/9.0.597.107 Safari/534.13"
64.16.187.50 - - [10/Mar/2011:15:21:26 +0000] "GET /favicon.ico HTTP/1.1" 404 504 "-" "Mozilla/5.0 (Windows; U; Windows NT 6.1; en-US) AppleWebKit/534.13 (KHTML, like Gecko) Chrome/9.0.597.107 Safari/534.13"
64.16.187.50 - - [10/Mar/2011:15:22:14 +0000] "GET /favicon.ico HTTP/1.1" 404 504 "-" "Mozilla/5.0 (Windows; U; Windows NT 6.1; en-US) AppleWebKit/534.13 (KHTML, like Gecko) Chrome/9.0.597.107 Safari/534.13"
64.16.187.50 - - [10/Mar/2011:15:43:19 +0000] "GET /favicon.ico HTTP/1.1" 404 504 "-" "Mozilla/5.0 (Windows; U; Windows NT 6.1; en-US) AppleWebKit/534.13 (KHTML, like Gecko) Chrome/9.0.597.107 Safari/534.13"
123.125.71.36 - - [10/Mar/2011:16:45:10 +0000] "GET / HTTP/1.1" 200 1630 "-" "Baiduspider+(+http://www.baidu.com/search/spider.htm)"
220.181.108.75 - - [10/Mar/2011:16:45:48 +0000] "GET / HTTP/1.1" 200 1630 "-" "Baiduspider+(+http://www.baidu.com/search/spider.htm)"
124.115.6.13 - - [10/Mar/2011:16:50:27 +0000] "GET /robots.txt HTTP/1.1" 404 508 "-" "Sosospider+(+http://help.soso.com/webspider.htm)"
64.16.187.50 - - [10/Mar/2011:17:18:58 +0000] "GET /movies/features_blu-ray.txt HTTP/1.1" 304 211 "-" "Mozilla/5.0 (Windows; U; Windows NT 6.1; en-US) AppleWebKit/534.13 (KHTML, like Gecko) Chrome/9.0.597.107 Safari/534.13"
64.16.187.50 - - [10/Mar/2011:17:18:58 +0000] "GET /favicon.ico HTTP/1.1" 404 503 "-" "Mozilla/5.0 (Windows; U; Windows NT 6.1; en-US) AppleWebKit/534.13 (KHTML, like Gecko) Chrome/9.0.597.107 Safari/534.13"
64.16.187.50 - - [10/Mar/2011:17:19:04 +0000] "GET /movies/ HTTP/1.1" 200 807 "-" "Mozilla/5.0 (Windows; U; Windows NT 6.1; en-US) AppleWebKit/534.13 (KHTML, like Gecko) Chrome/9.0.597.107 Safari/534.13"
64.16.187.50 - - [10/Mar/2011:17:19:04 +0000] "GET /icons/blank.gif HTTP/1.1" 200 439 "http://cafink.name/movies/" "Mozilla/5.0 (Windows; U; Windows NT 6.1; en-US) AppleWebKit/534.13 (KHTML, like Gecko) Chrome/9.0.597.107 Safari/534.13"
64.16.187.50 - - [10/Mar/2011:17:19:04 +0000] "GET /icons/back.gif HTTP/1.1" 200 508 "http://cafink.name/movies/" "Mozilla/5.0 (Windows; U; Windows NT 6.1; en-US) AppleWebKit/534.13 (KHTML, like Gecko) Chrome/9.0.597.107 Safari/534.13"
64.16.187.50 - - [10/Mar/2011:17:19:04 +0000] "GET /icons/text.gif HTTP/1.1" 200 520 "http://cafink.name/movies/" "Mozilla/5.0 (Windows; U; Windows NT 6.1; en-US) AppleWebKit/534.13 (KHTML, like Gecko) Chrome/9.0.597.107 Safari/534.13"
64.16.187.50 - - [10/Mar/2011:17:19:04 +0000] "GET /favicon.ico HTTP/1.1" 404 503 "-" "Mozilla/5.0 (Windows; U; Windows NT 6.1; en-US) AppleWebKit/534.13 (KHTML, like Gecko) Chrome/9.0.597.107 Safari/534.13"
64.16.187.50 - - [10/Mar/2011:17:19:05 +0000] "GET /favicon.ico HTTP/1.1" 404 503 "-" "Mozilla/5.0 (Windows; U; Windows NT 6.1; en-US) AppleWebKit/534.13 (KHTML, like Gecko) Chrome/9.0.597.107 Safari/534.13"
123.125.71.36 - - [10/Mar/2011:19:01:28 +0000] "GET / HTTP/1.1" 304 171 "-" "Baiduspider+(+http://www.baidu.com/search/spider.htm)"
69.28.58.9 - - [10/Mar/2011:19:01:38 +0000] "GET / HTTP/1.1" 200 1630 "-" "Wget/1.9+cvs-stable (Red Hat modified)"
124.115.0.100 - - [10/Mar/2011:19:06:25 +0000] "GET / HTTP/1.1" 304 209 "-" "Sosospider+(+http://help.soso.com/webspider.htm)"
123.125.71.14 - - [10/Mar/2011:21:32:24 +0000] "GET / HTTP/1.1" 200 1630 "-" "Baiduspider+(+http://www.baidu.com/search/spider.htm)"
220.181.108.87 - - [10/Mar/2011:21:32:45 +0000] "GET / HTTP/1.1" 200 1630 "-" "Baiduspider+(+http://www.baidu.com/search/spider.htm)"
72.30.161.217 - - [10/Mar/2011:22:23:43 +0000] "GET /robots.txt HTTP/1.0" 404 472 "-" "Mozilla/5.0 (compatible; Yahoo! Slurp; http://help.yahoo.com/help/us/ysearch/slurp)"
72.30.161.217 - - [10/Mar/2011:22:23:43 +0000] "GET / HTTP/1.0" 200 955 "-" "Mozilla/5.0 (compatible; Yahoo! Slurp; http://help.yahoo.com/help/us/ysearch/slurp)"
69.17.126.74 - - [10/Mar/2011:22:33:24 +0000] "GET /movies/ HTTP/1.1" 200 808 "-" "Mozilla/5.0 (Windows; U; Windows NT 6.1; en-US) AppleWebKit/534.13 (KHTML, like Gecko) Chrome/9.0.597.107 Safari/534.13"
69.17.126.74 - - [10/Mar/2011:22:33:24 +0000] "GET /icons/blank.gif HTTP/1.1" 200 439 "http://cafink.name/movies/" "Mozilla/5.0 (Windows; U; Windows NT 6.1; en-US) AppleWebKit/534.13 (KHTML, like Gecko) Chrome/9.0.597.107 Safari/534.13"
64.16.187.50 - - [10/Mar/2011:22:33:24 +0000] "GET /icons/back.gif HTTP/1.1" 200 508 "http://cafink.name/movies/" "Mozilla/5.0 (Windows; U; Windows NT 6.1; en-US) AppleWebKit/534.13 (KHTML, like Gecko) Chrome/9.0.597.107 Safari/534.13"
69.17.126.74 - - [10/Mar/2011:22:33:24 +0000] "GET /icons/text.gif HTTP/1.1" 200 521 "http://cafink.name/movies/" "Mozilla/5.0 (Windows; U; Windows NT 6.1; en-US) AppleWebKit/534.13 (KHTML, like Gecko) Chrome/9.0.597.107 Safari/534.13"
69.17.126.74 - - [10/Mar/2011:22:33:24 +0000] "GET /favicon.ico HTTP/1.1" 404 503 "-" "Mozilla/5.0 (Windows; U; Windows NT 6.1; en-US) AppleWebKit/534.13 (KHTML, like Gecko) Chrome/9.0.597.107 Safari/534.13"
69.17.126.74 - - [10/Mar/2011:22:33:26 +0000] "GET /movies/television_blu-ray.txt HTTP/1.1" 200 491 "http://cafink.name/movies/" "Mozilla/5.0 (Windows; U; Windows NT 6.1; en-US) AppleWebKit/534.13 (KHTML, like Gecko) Chrome/9.0.597.107 Safari/534.13"
69.17.126.74 - - [10/Mar/2011:22:33:26 +0000] "GET /favicon.ico HTTP/1.1" 404 503 "-" "Mozilla/5.0 (Windows; U; Windows NT 6.1; en-US) AppleWebKit/534.13 (KHTML, like Gecko) Chrome/9.0.597.107 Safari/534.13"
124.115.0.100 - - [11/Mar/2011:00:03:07 +0000] "GET / HTTP/1.1" 304 209 "-" "Sosospider+(+http://help.soso.com/webspider.htm)"
70.180.119.247 - - [11/Mar/2011:00:22:25 +0000] "GET /movies/ HTTP/1.1" 200 808 "-" "Mozilla/5.0 (X11; U; Linux x86_64; en-US) AppleWebKit/534.13 (KHTML, like Gecko) Chrome/9.0.597.107 Safari/534.13"
70.180.119.247 - - [11/Mar/2011:00:22:25 +0000] "GET /favicon.ico HTTP/1.1" 404 503 "-" "Mozilla/5.0 (X11; U; Linux x86_64; en-US) AppleWebKit/534.13 (KHTML, like Gecko) Chrome/9.0.597.107 Safari/534.13"
70.180.119.247 - - [11/Mar/2011:00:22:27 +0000] "GET /movies/features_blu-ray.txt HTTP/1.1" 200 2755 "http://cafink.name/movies/" "Mozilla/5.0 (X11; U; Linux x86_64; en-US) AppleWebKit/534.13 (KHTML, like Gecko) Chrome/9.0.597.107 Safari/534.13"
70.180.119.247 - - [11/Mar/2011:00:22:27 +0000] "GET /favicon.ico HTTP/1.1" 404 503 "-" "Mozilla/5.0 (X11; U; Linux x86_64; en-US) AppleWebKit/534.13 (KHTML, like Gecko) Chrome/9.0.597.107 Safari/534.13"
123.125.71.12 - - [11/Mar/2011:00:32:37 +0000] "GET / HTTP/1.1" 200 1630 "-" "Baiduspider+(+http://www.baidu.com/search/spider.htm)"
220.181.108.87 - - [11/Mar/2011:00:32:59 +0000] "GET / HTTP/1.1" 200 1630 "-" "Baiduspider+(+http://www.baidu.com/search/spider.htm)"
123.125.71.21 - - [11/Mar/2011:01:33:22 +0000] "GET / HTTP/1.1" 200 1630 "-" "Baiduspider+(+http://www.baidu.com/search/spider.htm)"
220.181.108.90 - - [11/Mar/2011:01:33:43 +0000] "GET / HTTP/1.1" 200 1630 "-" "Baiduspider+(+http://www.baidu.com/search/spider.htm)"
123.125.71.28 - - [11/Mar/2011:02:36:00 +0000] "GET / HTTP/1.1" 200 1630 "-" "Baiduspider+(+http://www.baidu.com/search/spider.htm)"
220.181.108.83 - - [11/Mar/2011:02:36:29 +0000] "GET / HTTP/1.1" 200 1630 "-" "Baiduspider+(+http://www.baidu.com/search/spider.htm)"
123.125.71.17 - - [11/Mar/2011:04:32:27 +0000] "GET / HTTP/1.1" 200 1630 "-" "Baiduspider+(+http://www.baidu.com/search/spider.htm)"
220.181.108.78 - - [11/Mar/2011:04:32:50 +0000] "GET / HTTP/1.1" 200 1630 "-" "Baiduspider+(+http://www.baidu.com/search/spider.htm)"
124.115.0.100 - - [11/Mar/2011:05:31:41 +0000] "GET / HTTP/1.1" 304 209 "-" "Sosospider+(+http://help.soso.com/webspider.htm)"
123.125.71.22 - - [11/Mar/2011:05:33:33 +0000] "GET / HTTP/1.1" 200 1630 "-" "Baiduspider+(+http://www.baidu.com/search/spider.htm)"
220.181.108.95 - - [11/Mar/2011:05:33:55 +0000] "GET / HTTP/1.1" 200 1630 "-" "Baiduspider+(+http://www.baidu.com/search/spider.htm)"
38.101.148.126 - - [11/Mar/2011:06:28:27 +0000] "GET /robots.txt HTTP/1.1" 404 472 "-" "Mozilla/5.0 (compatible; discobot/1.1; +http://discoveryengine.com/discobot.html"
123.125.71.25 - - [11/Mar/2011:06:33:13 +0000] "GET / HTTP/1.1" 200 1630 "-" "Baiduspider+(+http://www.baidu.com/search/spider.htm)"
220.181.108.84 - - [11/Mar/2011:06:33:37 +0000] "GET / HTTP/1.1" 200 1630 "-" "Baiduspider+(+http://www.baidu.com/search/spider.htm)"
208.80.194.29 - - [11/Mar/2011:07:32:16 +0000] "GET / HTTP/1.0" 200 1630 "-" "Mozilla/4.0 (compatible; MSIE 6.0; Windows NT 5.1; acc=jocker; acc=none; FreeprodTB; (none); .NET CLR 1.1.4322)"
123.125.71.19 - - [11/Mar/2011:07:32:26 +0000] "GET / HTTP/1.1" 200 1630 "-" "Baiduspider+(+http://www.baidu.com/search/spider.htm)"
220.181.108.76 - - [11/Mar/2011:07:32:49 +0000] "GET / HTTP/1.1" 200 1630 "-" "Baiduspider+(+http://www.baidu.com/search/spider.htm)"
123.125.71.27 - - [11/Mar/2011:08:32:57 +0000] "GET / HTTP/1.1" 200 1630 "-" "Baiduspider+(+http://www.baidu.com/search/spider.htm)"
220.181.108.84 - - [11/Mar/2011:08:33:21 +0000] "GET / HTTP/1.1" 200 1630 "-" "Baiduspider+(+http://www.baidu.com/search/spider.htm)"
123.125.71.27 - - [11/Mar/2011:10:32:43 +0000] "GET / HTTP/1.1" 200 1630 "-" "Baiduspider+(+http://www.baidu.com/search/spider.htm)"
220.181.108.80 - - [11/Mar/2011:10:33:02 +0000] "GET / HTTP/1.1" 200 1630 "-" "Baiduspider+(+http://www.baidu.com/search/spider.htm)"
123.125.71.27 - - [11/Mar/2011:11:33:39 +0000] "GET / HTTP/1.1" 200 1630 "-" "Baiduspider+(+http://www.baidu.com/search/spider.htm)"
220.181.108.97 - - [11/Mar/2011:11:34:03 +0000] "GET / HTTP/1.1" 200 1630 "-" "Baiduspider+(+http://www.baidu.com/search/spider.htm)"
38.101.148.126 - - [11/Mar/2011:11:38:14 +0000] "GET /robots.txt HTTP/1.1" 404 472 "-" "Mozilla/5.0 (compatible; discobot/1.1; +http://discoveryengine.com/discobot.html"
65.52.49.141 - - [11/Mar/2011:11:52:55 +0000] "GET /robots.txt HTTP/1.1" 404 533 "-" "Mozilla/5.0 (compatible; bingbot/2.0; +http://www.bing.com/bingbot.htm)"
123.125.71.12 - - [11/Mar/2011:12:33:39 +0000] "GET / HTTP/1.1" 200 1630 "-" "Baiduspider+(+http://www.baidu.com/search/spider.htm)"
220.181.108.77 - - [11/Mar/2011:12:34:02 +0000] "GET / HTTP/1.1" 200 1630 "-" "Baiduspider+(+http://www.baidu.com/search/spider.htm)"
216.145.14.142 - - [11/Mar/2011:13:15:07 +0000] "GET /robots.txt HTTP/1.0" 404 500 "-" "Mozilla/5.0 (Windows; U; Windows NT 5.1; en; rv:1.9.0.13) Gecko/2009073022 Firefox/3.5.2 (.NET CLR 3.5.30729) SurveyBot/2.3 (DomainTools)"
216.145.14.142 - - [11/Mar/2011:13:15:07 +0000] "GET / HTTP/1.1" 200 955 "http://whois.domaintools.com/insect-politics.com" "Mozilla/5.0 (Windows; U; Windows NT 5.1; en; rv:1.9.0.13) Gecko/2009073022 Firefox/3.5.2 (.NET CLR 3.5.30729) SurveyBot/2.3 (DomainTools)"
216.145.17.190 - - [11/Mar/2011:13:41:23 +0000] "GET /robots.txt HTTP/1.0" 404 499 "-" "Mozilla/5.0 (Windows; U; Windows NT 5.1; en; rv:1.9.0.13) Gecko/2009073022 Firefox/3.5.2 (.NET CLR 3.5.30729) SurveyBot/2.3 (DomainTools)"
216.145.17.190 - - [11/Mar/2011:13:41:23 +0000] "GET / HTTP/1.1" 200 955 "http://whois.domaintools.com/insectpolitics.com" "Mozilla/5.0 (Windows; U; Windows NT 5.1; en; rv:1.9.0.13) Gecko/2009073022 Firefox/3.5.2 (.NET CLR 3.5.30729) SurveyBot/2.3 (DomainTools)"
124.115.0.28 - - [11/Mar/2011:14:07:31 +0000] "GET / HTTP/1.1" 304 209 "-" "Sosospider+(+http://help.soso.com/webspider.htm)"
123.125.71.25 - - [11/Mar/2011:15:20:15 +0000] "GET / HTTP/1.1" 304 171 "-" "Baiduspider+(+http://www.baidu.com/search/spider.htm)"
123.125.71.36 - - [11/Mar/2011:15:32:17 +0000] "GET / HTTP/1.1" 200 1630 "-" "Baiduspider+(+http://www.baidu.com/search/spider.htm)"
220.181.108.81 - - [11/Mar/2011:15:32:42 +0000] "GET / HTTP/1.1" 200 1630 "-" "Baiduspider+(+http://www.baidu.com/search/spider.htm)"
69.17.126.74 - - [11/Mar/2011:16:03:13 +0000] "GET /movies/ HTTP/1.1" 200 808 "-" "Mozilla/5.0 (Windows; U; Windows NT 6.1; en-US) AppleWebKit/534.13 (KHTML, like Gecko) Chrome/9.0.597.107 Safari/534.13"
69.17.126.74 - - [11/Mar/2011:16:03:13 +0000] "GET /favicon.ico HTTP/1.1" 404 503 "-" "Mozilla/5.0 (Windows; U; Windows NT 6.1; en-US) AppleWebKit/534.13 (KHTML, like Gecko) Chrome/9.0.597.107 Safari/534.13"
69.17.126.74 - - [11/Mar/2011:16:03:14 +0000] "GET /movies/features_blu-ray.txt HTTP/1.1" 200 2755 "http://cafink.name/movies/" "Mozilla/5.0 (Windows; U; Windows NT 6.1; en-US) AppleWebKit/534.13 (KHTML, like Gecko) Chrome/9.0.597.107 Safari/534.13"
69.17.126.74 - - [11/Mar/2011:16:03:14 +0000] "GET /favicon.ico HTTP/1.1" 404 503 "-" "Mozilla/5.0 (Windows; U; Windows NT 6.1; en-US) AppleWebKit/534.13 (KHTML, like Gecko) Chrome/9.0.597.107 Safari/534.13"
38.101.148.126 - - [11/Mar/2011:16:12:05 +0000] "GET /robots.txt HTTP/1.1" 404 472 "-" "Mozilla/5.0 (compatible; discobot/1.1; +http://discoveryengine.com/discobot.html"
67.195.112.241 - - [11/Mar/2011:16:41:40 +0000] "GET /robots.txt HTTP/1.0" 404 472 "-" "Mozilla/5.0 (compatible; Yahoo! Slurp; http://help.yahoo.com/help/us/ysearch/slurp)"
67.195.112.241 - - [11/Mar/2011:16:41:40 +0000] "GET /welcome.htm HTTP/1.0" 404 471 "-" "Mozilla/5.0 (compatible; Yahoo! Slurp; http://help.yahoo.com/help/us/ysearch/slurp)"
222.216.28.93 - - [11/Mar/2011:16:52:42 +0000] "GET / HTTP/1.0" 200 955 "http://g7.in/1511.html" "example/1.0"
123.125.71.26 - - [11/Mar/2011:18:33:48 +0000] "GET / HTTP/1.1" 200 1630 "-" "Baiduspider+(+http://www.baidu.com/search/spider.htm)"
220.181.108.95 - - [11/Mar/2011:18:34:12 +0000] "GET / HTTP/1.1" 200 1630 "-" "Baiduspider+(+http://www.baidu.com/search/spider.htm)"
124.115.0.100 - - [11/Mar/2011:19:00:00 +0000] "GET / HTTP/1.1" 304 209 "-" "Sosospider+(+http://help.soso.com/webspider.htm)"
95.64.12.17 - - [11/Mar/2011:19:36:36 +0000] "GET / HTTP/1.0" 200 1630 "http://www.insectpolitics.com/" "Mozilla/4.0 (compatible; MSIE 6.0; Windows 98; Win 9x 4.90)"
95.64.12.17 - - [11/Mar/2011:19:36:37 +0000] "GET / HTTP/1.0" 200 1630 "http://www.insect-politics.com/" "Mozilla/4.0 (compatible; MSIE 6.0; Windows 98; Win 9x 4.90)"
95.64.12.17 - - [11/Mar/2011:19:36:37 +0000] "GET / HTTP/1.0" 200 1630 "http://insect-politics.com/" "Mozilla/4.0 (compatible; MSIE 6.0; Windows 98; Win 9x 4.90)"
95.64.12.17 - - [11/Mar/2011:19:36:37 +0000] "GET /index.php HTTP/1.0" 404 499 "http://www.insect-politics.com/index.php" "Mozilla/4.0 (compatible; MSIE 6.0; Windows 98; Win 9x 4.90)"
95.64.12.17 - - [11/Mar/2011:19:36:39 +0000] "GET / HTTP/1.0" 200 1630 "http://insectpolitics.com/" "Mozilla/4.0 (compatible; MSIE 6.0; Windows 98; Win 9x 4.90)"
95.64.12.17 - - [11/Mar/2011:19:36:39 +0000] "GET /index.php HTTP/1.0" 404 498 "http://www.insectpolitics.com/index.php" "Mozilla/4.0 (compatible; MSIE 6.0; Windows 98; Win 9x 4.90)"
174.129.117.237 - - [11/Mar/2011:20:01:12 +0000] "HEAD / HTTP/1.1" 200 280 "-" "Mozilla/5.0 (Windows; U; Windows NT 5.1; en-US) AppleWebKit/525.13 (KHTML, like Gecko) Chrome/0.A.B.C Safari/525.13"
38.101.148.126 - - [11/Mar/2011:20:25:51 +0000] "GET /robots.txt HTTP/1.1" 404 472 "-" "Mozilla/5.0 (compatible; discobot/1.1; +http://discoveryengine.com/discobot.html"
123.125.71.26 - - [11/Mar/2011:20:33:15 +0000] "GET / HTTP/1.1" 200 1630 "-" "Baiduspider+(+http://www.baidu.com/search/spider.htm)"
220.181.108.83 - - [11/Mar/2011:20:33:43 +0000] "GET / HTTP/1.1" 200 1630 "-" "Baiduspider+(+http://www.baidu.com/search/spider.htm)"
123.125.71.14 - - [11/Mar/2011:21:32:31 +0000] "GET / HTTP/1.1" 200 1630 "-" "Baiduspider+(+http://www.baidu.com/search/spider.htm)"
220.181.108.87 - - [11/Mar/2011:21:32:55 +0000] "GET / HTTP/1.1" 200 1630 "-" "Baiduspider+(+http://www.baidu.com/search/spider.htm)"
123.125.71.28 - - [11/Mar/2011:22:33:13 +0000] "GET / HTTP/1.1" 200 1630 "-" "Baiduspider+(+http://www.baidu.com/search/spider.htm)"
220.181.108.94 - - [11/Mar/2011:22:33:37 +0000] "GET / HTTP/1.1" 200 1630 "-" "Baiduspider+(+http://www.baidu.com/search/spider.htm)"
157.55.50.12 - - [11/Mar/2011:23:58:59 +0000] "GET /robots.txt HTTP/1.1" 404 533 "-" "Mozilla/5.0 (compatible; bingbot/2.0; +http://www.bing.com/bingbot.htm)"
65.52.51.178 - - [12/Mar/2011:00:41:38 +0000] "GET /robots.txt HTTP/1.1" 404 533 "-" "Mozilla/5.0 (compatible; bingbot/2.0; +http://www.bing.com/bingbot.htm)"
38.101.148.126 - - [12/Mar/2011:01:28:26 +0000] "GET /robots.txt HTTP/1.1" 404 472 "-" "Mozilla/5.0 (compatible; discobot/1.1; +http://discoveryengine.com/discobot.html"
38.101.148.126 - - [12/Mar/2011:01:28:31 +0000] "GET /welcome.htm HTTP/1.1" 404 471 "-" "Mozilla/5.0 (compatible; discobot/1.1; +http://discoveryengine.com/discobot.html"
123.125.71.22 - - [12/Mar/2011:01:34:08 +0000] "GET / HTTP/1.1" 200 1630 "-" "Baiduspider+(+http://www.baidu.com/search/spider.htm)"
220.181.108.97 - - [12/Mar/2011:01:34:33 +0000] "GET / HTTP/1.1" 200 1630 "-" "Baiduspider+(+http://www.baidu.com/search/spider.htm)"
123.125.71.16 - - [12/Mar/2011:02:38:25 +0000] "GET / HTTP/1.1" 200 1630 "-" "Baiduspider+(+http://www.baidu.com/search/spider.htm)"
220.181.108.81 - - [12/Mar/2011:02:38:56 +0000] "GET / HTTP/1.1" 200 1630 "-" "Baiduspider+(+http://www.baidu.com/search/spider.htm)"
124.115.0.163 - - [12/Mar/2011:03:26:34 +0000] "GET / HTTP/1.1" 304 209 "-" "Sosospider+(+http://help.soso.com/webspider.htm)"
123.125.71.20 - - [12/Mar/2011:04:34:50 +0000] "GET / HTTP/1.1" 200 1630 "-" "Baiduspider+(+http://www.baidu.com/search/spider.htm)"
220.181.108.88 - - [12/Mar/2011:04:35:16 +0000] "GET / HTTP/1.1" 200 1630 "-" "Baiduspider+(+http://www.baidu.com/search/spider.htm)"
123.125.71.19 - - [12/Mar/2011:05:33:47 +0000] "GET / HTTP/1.1" 200 1630 "-" "Baiduspider+(+http://www.baidu.com/search/spider.htm)"
220.181.108.87 - - [12/Mar/2011:05:34:12 +0000] "GET / HTTP/1.1" 200 1630 "-" "Baiduspider+(+http://www.baidu.com/search/spider.htm)"
123.125.71.35 - - [12/Mar/2011:06:33:54 +0000] "GET / HTTP/1.1" 200 1630 "-" "Baiduspider+(+http://www.baidu.com/search/spider.htm)"
220.181.108.88 - - [12/Mar/2011:06:34:18 +0000] "GET / HTTP/1.1" 200 1630 "-" "Baiduspider+(+http://www.baidu.com/search/spider.htm)"
123.125.71.16 - - [12/Mar/2011:07:32:24 +0000] "GET / HTTP/1.1" 200 1630 "-" "Baiduspider+(+http://www.baidu.com/search/spider.htm)"
220.181.108.77 - - [12/Mar/2011:07:32:46 +0000] "GET / HTTP/1.1" 200 1630 "-" "Baiduspider+(+http://www.baidu.com/search/spider.htm)"
123.125.71.36 - - [12/Mar/2011:08:33:22 +0000] "GET / HTTP/1.1" 200 1630 "-" "Baiduspider+(+http://www.baidu.com/search/spider.htm)"
220.181.108.77 - - [12/Mar/2011:08:33:45 +0000] "GET / HTTP/1.1" 200 1630 "-" "Baiduspider+(+http://www.baidu.com/search/spider.htm)"
174.129.117.237 - - [12/Mar/2011:09:00:10 +0000] "HEAD / HTTP/1.1" 200 280 "-" "Mozilla/5.0 (Windows; U; Windows NT 5.1; en-US) AppleWebKit/525.13 (KHTML, like Gecko) Chrome/0.A.B.C Safari/525.13"
123.125.71.26 - - [12/Mar/2011:09:33:23 +0000] "GET / HTTP/1.1" 200 1630 "-" "Baiduspider+(+http://www.baidu.com/search/spider.htm)"
220.181.108.84 - - [12/Mar/2011:09:33:46 +0000] "GET / HTTP/1.1" 200 1630 "-" "Baiduspider+(+http://www.baidu.com/search/spider.htm)"
123.125.71.31 - - [12/Mar/2011:10:31:53 +0000] "GET / HTTP/1.1" 200 1630 "-" "Baiduspider+(+http://www.baidu.com/search/spider.htm)"
220.181.108.92 - - [12/Mar/2011:10:32:17 +0000] "GET / HTTP/1.1" 200 1630 "-" "Baiduspider+(+http://www.baidu.com/search/spider.htm)"
123.125.71.34 - - [12/Mar/2011:12:33:30 +0000] "GET / HTTP/1.1" 200 1630 "-" "Baiduspider+(+http://www.baidu.com/search/spider.htm)"
220.181.108.90 - - [12/Mar/2011:12:33:58 +0000] "GET / HTTP/1.1" 200 1630 "-" "Baiduspider+(+http://www.baidu.com/search/spider.htm)"
124.115.0.28 - - [12/Mar/2011:12:35:20 +0000] "GET / HTTP/1.1" 304 209 "-" "Sosospider+(+http://help.soso.com/webspider.htm)"
65.52.49.140 - - [12/Mar/2011:13:09:35 +0000] "GET /robots.txt HTTP/1.1" 404 533 "-" "Mozilla/5.0 (compatible; bingbot/2.0; +http://www.bing.com/bingbot.htm)"
123.125.71.16 - - [12/Mar/2011:14:31:42 +0000] "GET / HTTP/1.1" 200 1630 "-" "Baiduspider+(+http://www.baidu.com/search/spider.htm)"
220.181.108.87 - - [12/Mar/2011:14:32:04 +0000] "GET / HTTP/1.1" 200 1630 "-" "Baiduspider+(+http://www.baidu.com/search/spider.htm)"
69.71.222.186 - - [12/Mar/2011:15:40:28 +0000] "GET / HTTP/1.0" 200 1630 "http://www.sitedossier.com/site/www.insectpolitics.com" "-"
123.125.71.31 - - [12/Mar/2011:15:58:28 +0000] "GET / HTTP/1.1" 304 171 "-" "Baiduspider+(+http://www.baidu.com/search/spider.htm)"
124.115.0.163 - - [12/Mar/2011:17:53:22 +0000] "GET / HTTP/1.1" 304 209 "-" "Sosospider+(+http://help.soso.com/webspider.htm)"
123.125.71.13 - - [12/Mar/2011:18:34:01 +0000] "GET / HTTP/1.1" 200 1630 "-" "Baiduspider+(+http://www.baidu.com/search/spider.htm)"
69.28.58.33 - - [12/Mar/2011:18:34:24 +0000] "GET / HTTP/1.1" 200 1630 "-" "Wget/1.9+cvs-stable (Red Hat modified)"
220.181.108.95 - - [12/Mar/2011:18:34:26 +0000] "GET / HTTP/1.1" 200 1630 "-" "Baiduspider+(+http://www.baidu.com/search/spider.htm)"
208.80.194.30 - - [12/Mar/2011:20:26:32 +0000] "GET / HTTP/1.0" 200 1630 "-" "Mozilla/4.0 (compatible; MSIE 6.0; Windows NT 5.1; SV1; Hotbar 4.4.2.0; FunWebProducts; .NET CLR 1.1.4322; MSN 9.0;MSN 9.1; MSNbVZ02; MSNmen-us; MSNcOTH)"
123.125.71.34 - - [12/Mar/2011:20:32:17 +0000] "GET / HTTP/1.1" 200 1630 "-" "Baiduspider+(+http://www.baidu.com/search/spider.htm)"
220.181.108.81 - - [12/Mar/2011:20:32:48 +0000] "GET / HTTP/1.1" 200 1630 "-" "Baiduspider+(+http://www.baidu.com/search/spider.htm)"
123.125.71.15 - - [12/Mar/2011:22:31:40 +0000] "GET / HTTP/1.1" 200 1630 "-" "Baiduspider+(+http://www.baidu.com/search/spider.htm)"
220.181.108.76 - - [12/Mar/2011:22:32:03 +0000] "GET / HTTP/1.1" 200 1630 "-" "Baiduspider+(+http://www.baidu.com/search/spider.htm)"
81.52.143.16 - - [12/Mar/2011:23:36:28 +0000] "GET / HTTP/1.1" 200 955 "-" "Mozilla/5.0 (Windows; U; Windows NT 5.1; fr; rv:1.8.1) VoilaBot BETA 1.2 (support.voilabot@orange-ftgroup.com)"
123.125.71.17 - - [13/Mar/2011:00:33:02 +0000] "GET / HTTP/1.1" 200 1630 "-" "Baiduspider+(+http://www.baidu.com/search/spider.htm)"
220.181.108.86 - - [13/Mar/2011:00:33:26 +0000] "GET / HTTP/1.1" 200 1630 "-" "Baiduspider+(+http://www.baidu.com/search/spider.htm)"
207.46.199.40 - - [13/Mar/2011:01:02:47 +0000] "GET /robots.txt HTTP/1.1" 404 533 "-" "Mozilla/5.0 (compatible; bingbot/2.0; +http://www.bing.com/bingbot.htm)"
207.46.199.40 - - [13/Mar/2011:01:03:21 +0000] "GET /?page_id=2 HTTP/1.1" 304 209 "-" "Mozilla/5.0 (compatible; bingbot/2.0; +http://www.bing.com/bingbot.htm)"
69.71.222.186 - - [13/Mar/2011:01:18:17 +0000] "GET / HTTP/1.0" 200 1630 "http://www.sitedossier.com/site/insectpolitics.com" "-"
65.52.110.56 - - [13/Mar/2011:02:01:51 +0000] "GET /robots.txt HTTP/1.1" 404 534 "-" "Mozilla/5.0 (compatible; bingbot/2.0; +http://www.bing.com/bingbot.htm)"
