66.249.72.134 - - [12/Jun/2011:00:17:42 +0000] "GET /robots.txt HTTP/1.1" 404 508 "-" "Mozilla/5.0 (compatible; Googlebot/2.1; +http://www.google.com/bot.html)"
66.249.72.134 - - [12/Jun/2011:00:17:42 +0000] "GET / HTTP/1.1" 304 208 "-" "Mozilla/5.0 (compatible; Googlebot/2.1; +http://www.google.com/bot.html)"
123.125.71.24 - - [12/Jun/2011:00:44:42 +0000] "GET / HTTP/1.1" 200 1630 "-" "Baiduspider+(+http://www.baidu.com/search/spider.htm)"
220.181.108.85 - - [12/Jun/2011:00:45:26 +0000] "GET / HTTP/1.1" 200 1630 "-" "Baiduspider+(+http://www.baidu.com/search/spider.htm)"
123.125.71.17 - - [12/Jun/2011:01:44:51 +0000] "GET / HTTP/1.1" 200 1630 "-" "Baiduspider+(+http://www.baidu.com/search/spider.htm)"
220.181.108.77 - - [12/Jun/2011:01:45:29 +0000] "GET / HTTP/1.1" 200 1630 "-" "Baiduspider+(+http://www.baidu.com/search/spider.htm)"
123.125.71.34 - - [12/Jun/2011:02:45:24 +0000] "GET / HTTP/1.1" 200 1630 "-" "Baiduspider+(+http://www.baidu.com/search/spider.htm)"
220.181.108.96 - - [12/Jun/2011:02:45:31 +0000] "GET / HTTP/1.1" 200 1630 "-" "Baiduspider+(+http://www.baidu.com/search/spider.htm)"
123.125.71.34 - - [12/Jun/2011:04:44:21 +0000] "GET / HTTP/1.1" 200 1630 "-" "Baiduspider+(+http://www.baidu.com/search/spider.htm)"
220.181.108.88 - - [12/Jun/2011:04:45:01 +0000] "GET / HTTP/1.1" 200 1630 "-" "Baiduspider+(+http://www.baidu.com/search/spider.htm)"
77.88.31.248 - - [12/Jun/2011:04:51:59 +0000] "GET / HTTP/1.1" 200 993 "-" "Mozilla/5.0 (compatible; YandexBot/3.0; +http://yandex.com/bots)"
123.125.71.22 - - [12/Jun/2011:05:44:16 +0000] "GET / HTTP/1.1" 200 1630 "-" "Baiduspider+(+http://www.baidu.com/search/spider.htm)"
220.181.108.80 - - [12/Jun/2011:05:44:58 +0000] "GET / HTTP/1.1" 200 1630 "-" "Baiduspider+(+http://www.baidu.com/search/spider.htm)"
66.249.72.237 - - [12/Jun/2011:06:15:38 +0000] "GET /robots.txt HTTP/1.1" 404 505 "-" "Mozilla/5.0 (compatible; Googlebot/2.1; +http://www.google.com/bot.html)"
66.249.72.237 - - [12/Jun/2011:06:15:38 +0000] "GET / HTTP/1.1" 304 208 "-" "Mozilla/5.0 (compatible; Googlebot/2.1; +http://www.google.com/bot.html)"
123.125.71.16 - - [12/Jun/2011:07:43:29 +0000] "GET / HTTP/1.1" 200 1630 "-" "Baiduspider+(+http://www.baidu.com/search/spider.htm)"
194.153.113.8 - - [12/Jun/2011:07:46:45 +0000] "GET /robots.txt HTTP/1.1" 404 533 "-" "Mozilla/5.0 (compatible; oBot/2.3.1; +http://www-935.ibm.com/services/us/index.wss/detail/iss/a1029077?cntxt=a1027244)"
194.153.113.8 - - [12/Jun/2011:07:46:45 +0000] "GET /index.asp HTTP/1.1" 404 531 "-" "Mozilla/5.0 (compatible; oBot/2.3.1; +http://www-935.ibm.com/services/us/index.wss/detail/iss/a1029077?cntxt=a1027244)"
194.153.113.8 - - [12/Jun/2011:07:46:45 +0000] "GET / HTTP/1.1" 200 1667 "-" "Mozilla/5.0 (compatible; oBot/2.3.1; +http://www-935.ibm.com/services/us/index.wss/detail/iss/a1029077?cntxt=a1027244)"
194.153.113.8 - - [12/Jun/2011:07:46:46 +0000] "GET /blogger.png HTTP/1.1" 200 2848 "-" "Mozilla/5.0 (compatible; oBot/2.3.1; +http://www-935.ibm.com/services/us/index.wss/detail/iss/a1029077?cntxt=a1027244)"
194.153.113.8 - - [12/Jun/2011:07:46:48 +0000] "GET /twitter.png HTTP/1.1" 200 3229 "-" "Mozilla/5.0 (compatible; oBot/2.3.1; +http://www-935.ibm.com/services/us/index.wss/detail/iss/a1029077?cntxt=a1027244)"
194.153.113.8 - - [12/Jun/2011:07:46:48 +0000] "GET /facebook.png HTTP/1.1" 200 5274 "-" "Mozilla/5.0 (compatible; oBot/2.3.1; +http://www-935.ibm.com/services/us/index.wss/detail/iss/a1029077?cntxt=a1027244)"
123.125.71.21 - - [12/Jun/2011:08:43:16 +0000] "GET / HTTP/1.1" 200 1630 "-" "Baiduspider+(+http://www.baidu.com/search/spider.htm)"
220.181.108.82 - - [12/Jun/2011:08:43:55 +0000] "GET / HTTP/1.1" 200 1630 "-" "Baiduspider+(+http://www.baidu.com/search/spider.htm)"
123.125.71.13 - - [12/Jun/2011:10:44:12 +0000] "GET / HTTP/1.1" 200 1630 "-" "Baiduspider+(+http://www.baidu.com/search/spider.htm)"
220.181.108.93 - - [12/Jun/2011:10:44:52 +0000] "GET / HTTP/1.1" 200 1630 "-" "Baiduspider+(+http://www.baidu.com/search/spider.htm)"
123.125.71.18 - - [12/Jun/2011:11:44:07 +0000] "GET / HTTP/1.1" 200 1630 "-" "Baiduspider+(+http://www.baidu.com/search/spider.htm)"
220.181.108.80 - - [12/Jun/2011:11:44:40 +0000] "GET / HTTP/1.1" 200 1630 "-" "Baiduspider+(+http://www.baidu.com/search/spider.htm)"
207.46.13.42 - - [12/Jun/2011:12:11:21 +0000] "GET /robots.txt HTTP/1.1" 404 537 "-" "Mozilla/5.0 (compatible; bingbot/2.0; +http://www.bing.com/bingbot.htm)"
207.46.13.42 - - [12/Jun/2011:12:12:39 +0000] "GET /?p=3 HTTP/1.1" 304 209 "-" "Mozilla/5.0 (compatible; bingbot/2.0; +http://www.bing.com/bingbot.htm)"
220.181.108.86 - - [12/Jun/2011:12:53:42 +0000] "GET /robots.txt HTTP/1.1" 404 470 "-" "Baiduspider+(+http://www.baidu.com/search/spider.htm)"
124.115.6.13 - - [12/Jun/2011:14:28:33 +0000] "GET /robots.txt HTTP/1.1" 404 508 "-" "Sosospider+(+http://help.soso.com/webspider.htm)"
123.125.71.16 - - [12/Jun/2011:17:00:30 +0000] "GET / HTTP/1.1" 200 1630 "-" "Baiduspider+(+http://www.baidu.com/search/spider.htm)"
220.181.108.86 - - [12/Jun/2011:17:01:38 +0000] "GET / HTTP/1.1" 200 1630 "-" "Baiduspider+(+http://www.baidu.com/search/spider.htm)"
123.125.71.26 - - [12/Jun/2011:18:04:00 +0000] "GET / HTTP/1.1" 200 955 "-" "Mozilla/5.0 (compatible; Baiduspider/2.0; +http://www.baidu.com/search/spider.html)"
123.125.71.31 - - [12/Jun/2011:19:43:21 +0000] "GET / HTTP/1.1" 200 1630 "-" "Baiduspider+(+http://www.baidu.com/search/spider.htm)"
220.181.108.77 - - [12/Jun/2011:19:44:06 +0000] "GET / HTTP/1.1" 200 1630 "-" "Baiduspider+(+http://www.baidu.com/search/spider.htm)"
208.80.194.35 - - [12/Jun/2011:20:37:48 +0000] "GET / HTTP/1.0" 200 1630 "-" "Mozilla/4.0 (compatible; MSIE 7.0; Windows NT 5.1; .NET CLR 1.0.3705; .NET CLR 1.1.4322; Media Center PC 3.1; Alexa Toolbar; .NET CLR 2.0.50727)"
123.125.71.20 - - [12/Jun/2011:21:42:51 +0000] "GET / HTTP/1.1" 200 1630 "-" "Baiduspider+(+http://www.baidu.com/search/spider.htm)"
220.181.108.84 - - [12/Jun/2011:21:43:30 +0000] "GET / HTTP/1.1" 200 1630 "-" "Baiduspider+(+http://www.baidu.com/search/spider.htm)"
178.151.202.242 - - [12/Jun/2011:23:09:53 +0000] "GET /robots.txt HTTP/1.0" 404 499 "-" "Mozilla/5.0 (compatible; MJ12bot/v1.3.3; http://www.majestic12.co.uk/bot.php?+)"
178.151.202.242 - - [12/Jun/2011:23:09:54 +0000] "GET / HTTP/1.1" 200 1637 "-" "Mozilla/5.0 (compatible; MJ12bot/v1.3.3; http://www.majestic12.co.uk/bot.php?+)"
66.249.72.133 - - [13/Jun/2011:00:41:06 +0000] "GET /robots.txt HTTP/1.1" 404 506 "-" "Mozilla/5.0 (compatible; Googlebot/2.1; +http://www.google.com/bot.html)"
66.249.72.133 - - [13/Jun/2011:00:41:06 +0000] "GET / HTTP/1.1" 200 992 "-" "Mozilla/5.0 (compatible; Googlebot/2.1; +http://www.google.com/bot.html)"
123.125.71.13 - - [13/Jun/2011:00:44:11 +0000] "GET / HTTP/1.1" 200 1630 "-" "Baiduspider+(+http://www.baidu.com/search/spider.htm)"
220.181.108.82 - - [13/Jun/2011:00:44:50 +0000] "GET / HTTP/1.1" 200 1630 "-" "Baiduspider+(+http://www.baidu.com/search/spider.htm)"
69.28.58.12 - - [13/Jun/2011:00:47:06 +0000] "GET /robots.txt HTTP/1.0" 404 495 "http://insectpolitics.com/robots.txt" "Huaweisymantecspider (compatible; MSIE 8.0; DSE-support@huaweisymantec.com)"
69.28.58.12 - - [13/Jun/2011:00:47:06 +0000] "GET / HTTP/1.0" 200 1630 "http://insectpolitics.com/" "Huaweisymantecspider (compatible; MSIE 8.0; DSE-support@huaweisymantec.com)"
70.180.119.247 - - [13/Jun/2011:01:44:15 +0000] "GET /movies/ HTTP/1.1" 200 811 "-" "Mozilla/5.0 (X11; Linux x86_64) AppleWebKit/534.30 (KHTML, like Gecko) Chrome/12.0.742.91 Safari/534.30"
70.180.119.247 - - [13/Jun/2011:01:44:15 +0000] "GET /icons/blank.gif HTTP/1.1" 200 439 "http://cafink.name/movies/" "Mozilla/5.0 (X11; Linux x86_64) AppleWebKit/534.30 (KHTML, like Gecko) Chrome/12.0.742.91 Safari/534.30"
70.180.119.247 - - [13/Jun/2011:01:44:15 +0000] "GET /icons/back.gif HTTP/1.1" 200 508 "http://cafink.name/movies/" "Mozilla/5.0 (X11; Linux x86_64) AppleWebKit/534.30 (KHTML, like Gecko) Chrome/12.0.742.91 Safari/534.30"
70.180.119.247 - - [13/Jun/2011:01:44:15 +0000] "GET /icons/text.gif HTTP/1.1" 200 521 "http://cafink.name/movies/" "Mozilla/5.0 (X11; Linux x86_64) AppleWebKit/534.30 (KHTML, like Gecko) Chrome/12.0.742.91 Safari/534.30"
70.180.119.247 - - [13/Jun/2011:01:44:16 +0000] "GET /favicon.ico HTTP/1.1" 404 503 "-" "Mozilla/5.0 (X11; Linux x86_64) AppleWebKit/534.30 (KHTML, like Gecko) Chrome/12.0.742.91 Safari/534.30"
70.180.119.247 - - [13/Jun/2011:01:44:18 +0000] "GET /movies/features_dvd.txt HTTP/1.1" 200 7268 "http://cafink.name/movies/" "Mozilla/5.0 (X11; Linux x86_64) AppleWebKit/534.30 (KHTML, like Gecko) Chrome/12.0.742.91 Safari/534.30"
70.180.119.247 - - [13/Jun/2011:01:44:18 +0000] "GET /favicon.ico HTTP/1.1" 404 503 "-" "Mozilla/5.0 (X11; Linux x86_64) AppleWebKit/534.30 (KHTML, like Gecko) Chrome/12.0.742.91 Safari/534.30"
70.180.119.247 - - [13/Jun/2011:01:44:20 +0000] "GET /movies/features_blu-ray.txt HTTP/1.1" 200 3249 "http://cafink.name/movies/" "Mozilla/5.0 (X11; Linux x86_64) AppleWebKit/534.30 (KHTML, like Gecko) Chrome/12.0.742.91 Safari/534.30"
70.180.119.247 - - [13/Jun/2011:01:44:21 +0000] "GET /favicon.ico HTTP/1.1" 404 503 "-" "Mozilla/5.0 (X11; Linux x86_64) AppleWebKit/534.30 (KHTML, like Gecko) Chrome/12.0.742.91 Safari/534.30"
70.180.119.247 - - [13/Jun/2011:01:44:49 +0000] "GET /movies/television_dvd.txt HTTP/1.1" 200 1515 "http://cafink.name/movies/" "Mozilla/5.0 (X11; Linux x86_64) AppleWebKit/534.30 (KHTML, like Gecko) Chrome/12.0.742.91 Safari/534.30"
70.180.119.247 - - [13/Jun/2011:01:44:49 +0000] "GET /favicon.ico HTTP/1.1" 404 503 "-" "Mozilla/5.0 (X11; Linux x86_64) AppleWebKit/534.30 (KHTML, like Gecko) Chrome/12.0.742.91 Safari/534.30"
70.180.119.247 - - [13/Jun/2011:01:46:19 +0000] "GET /movies/television_dvd.txt HTTP/1.1" 200 1521 "http://cafink.name/movies/" "Mozilla/5.0 (X11; Linux x86_64) AppleWebKit/534.30 (KHTML, like Gecko) Chrome/12.0.742.91 Safari/534.30"
70.180.119.247 - - [13/Jun/2011:01:46:19 +0000] "GET /favicon.ico HTTP/1.1" 404 503 "-" "Mozilla/5.0 (X11; Linux x86_64) AppleWebKit/534.30 (KHTML, like Gecko) Chrome/12.0.742.91 Safari/534.30"
70.180.119.247 - - [13/Jun/2011:01:46:40 +0000] "GET /favicon.ico HTTP/1.1" 404 504 "-" "Mozilla/5.0 (X11; Linux x86_64) AppleWebKit/534.30 (KHTML, like Gecko) Chrome/12.0.742.91 Safari/534.30"
70.180.119.247 - - [13/Jun/2011:01:48:00 +0000] "GET /movies/features_blu-ray.txt HTTP/1.1" 200 3303 "http://cafink.name/movies/" "Mozilla/5.0 (X11; Linux x86_64) AppleWebKit/534.30 (KHTML, like Gecko) Chrome/12.0.742.91 Safari/534.30"
70.180.119.247 - - [13/Jun/2011:01:48:00 +0000] "GET /favicon.ico HTTP/1.1" 404 503 "-" "Mozilla/5.0 (X11; Linux x86_64) AppleWebKit/534.30 (KHTML, like Gecko) Chrome/12.0.742.91 Safari/534.30"
123.125.71.24 - - [13/Jun/2011:04:43:44 +0000] "GET / HTTP/1.1" 200 1630 "-" "Baiduspider+(+http://www.baidu.com/search/spider.htm)"
220.181.108.96 - - [13/Jun/2011:04:44:27 +0000] "GET / HTTP/1.1" 200 1630 "-" "Baiduspider+(+http://www.baidu.com/search/spider.htm)"
220.181.108.80 - - [13/Jun/2011:05:45:02 +0000] "GET / HTTP/1.1" 200 1630 "-" "Baiduspider+(+http://www.baidu.com/search/spider.htm)"
46.73.151.206 - - [13/Jun/2011:06:28:19 +0000] "GET / HTTP/1.0" 200 1630 "http://yandex.ru/yandsearch?text=insectpolitics.com" "Mozilla/4.0 (compatible; MSIE 6.0; Windows NT 5.1; SV1)"
123.125.71.12 - - [13/Jun/2011:06:42:45 +0000] "GET / HTTP/1.1" 200 1630 "-" "Baiduspider+(+http://www.baidu.com/search/spider.htm)"
220.181.108.93 - - [13/Jun/2011:06:43:27 +0000] "GET / HTTP/1.1" 200 1630 "-" "Baiduspider+(+http://www.baidu.com/search/spider.htm)"
216.145.5.42 - - [13/Jun/2011:06:59:59 +0000] "GET /robots.txt HTTP/1.0" 404 499 "-" "Mozilla/5.0 (Windows; U; Windows NT 5.1; en; rv:1.9.0.13) Gecko/2009073022 Firefox/3.5.2 (.NET CLR 3.5.30729) SurveyBot/2.3 (DomainTools)"
216.145.5.42 - - [13/Jun/2011:06:59:59 +0000] "GET / HTTP/1.1" 200 955 "http://whois.domaintools.com/insectpolitics.com" "Mozilla/5.0 (Windows; U; Windows NT 5.1; en; rv:1.9.0.13) Gecko/2009073022 Firefox/3.5.2 (.NET CLR 3.5.30729) SurveyBot/2.3 (DomainTools)"
64.246.165.210 - - [13/Jun/2011:08:37:38 +0000] "GET /robots.txt HTTP/1.0" 404 500 "-" "Mozilla/5.0 (Windows; U; Windows NT 5.1; en; rv:1.9.0.13) Gecko/2009073022 Firefox/3.5.2 (.NET CLR 3.5.30729) SurveyBot/2.3 (DomainTools)"
64.246.165.210 - - [13/Jun/2011:08:37:38 +0000] "GET / HTTP/1.1" 200 955 "http://whois.domaintools.com/insect-politics.com" "Mozilla/5.0 (Windows; U; Windows NT 5.1; en; rv:1.9.0.13) Gecko/2009073022 Firefox/3.5.2 (.NET CLR 3.5.30729) SurveyBot/2.3 (DomainTools)"
123.125.71.35 - - [13/Jun/2011:08:42:41 +0000] "GET / HTTP/1.1" 200 1630 "-" "Baiduspider+(+http://www.baidu.com/search/spider.htm)"
220.181.108.90 - - [13/Jun/2011:08:43:25 +0000] "GET / HTTP/1.1" 200 1630 "-" "Baiduspider+(+http://www.baidu.com/search/spider.htm)"
220.181.108.86 - - [13/Jun/2011:10:43:22 +0000] "GET / HTTP/1.1" 200 1630 "-" "Baiduspider+(+http://www.baidu.com/search/spider.htm)"
123.125.71.15 - - [13/Jun/2011:10:44:12 +0000] "GET / HTTP/1.1" 200 1630 "-" "Baiduspider+(+http://www.baidu.com/search/spider.htm)"
123.125.71.21 - - [13/Jun/2011:14:49:21 +0000] "GET / HTTP/1.1" 200 1630 "-" "Baiduspider+(+http://www.baidu.com/search/spider.htm)"
220.181.108.97 - - [13/Jun/2011:14:50:05 +0000] "GET / HTTP/1.1" 200 1630 "-" "Baiduspider+(+http://www.baidu.com/search/spider.htm)"
124.115.6.13 - - [13/Jun/2011:16:19:05 +0000] "GET /robots.txt HTTP/1.1" 404 508 "-" "Sosospider+(+http://help.soso.com/webspider.htm)"
220.181.108.85 - - [13/Jun/2011:17:00:53 +0000] "GET / HTTP/1.1" 200 1630 "-" "Baiduspider+(+http://www.baidu.com/search/spider.htm)"
123.125.71.15 - - [13/Jun/2011:17:02:29 +0000] "GET / HTTP/1.1" 200 1630 "-" "Baiduspider+(+http://www.baidu.com/search/spider.htm)"
123.125.71.25 - - [13/Jun/2011:17:45:44 +0000] "GET / HTTP/1.1" 200 1630 "-" "Baiduspider+(+http://www.baidu.com/search/spider.htm)"
220.181.108.93 - - [13/Jun/2011:17:46:28 +0000] "GET / HTTP/1.1" 200 1630 "-" "Baiduspider+(+http://www.baidu.com/search/spider.htm)"
66.249.72.132 - - [13/Jun/2011:19:41:51 +0000] "GET /robots.txt HTTP/1.1" 404 509 "-" "Mozilla/5.0 (compatible; Googlebot/2.1; +http://www.google.com/bot.html)"
66.249.72.132 - - [13/Jun/2011:19:41:51 +0000] "GET / HTTP/1.1" 304 208 "-" "Mozilla/5.0 (compatible; Googlebot/2.1; +http://www.google.com/bot.html)"
123.125.71.13 - - [13/Jun/2011:20:42:50 +0000] "GET / HTTP/1.1" 200 1630 "-" "Baiduspider+(+http://www.baidu.com/search/spider.htm)"
220.181.108.77 - - [13/Jun/2011:20:43:30 +0000] "GET / HTTP/1.1" 200 1630 "-" "Baiduspider+(+http://www.baidu.com/search/spider.htm)"
124.115.0.28 - - [13/Jun/2011:21:30:56 +0000] "GET / HTTP/1.1" 200 993 "-" "Sosospider+(+http://help.soso.com/webspider.htm)"
123.125.71.19 - - [14/Jun/2011:00:44:12 +0000] "GET / HTTP/1.1" 200 1630 "-" "Baiduspider+(+http://www.baidu.com/search/spider.htm)"
220.181.108.94 - - [14/Jun/2011:00:44:47 +0000] "GET / HTTP/1.1" 200 1630 "-" "Baiduspider+(+http://www.baidu.com/search/spider.htm)"
123.125.71.19 - - [14/Jun/2011:01:43:46 +0000] "GET / HTTP/1.1" 200 1630 "-" "Baiduspider+(+http://www.baidu.com/search/spider.htm)"
220.181.108.97 - - [14/Jun/2011:01:44:05 +0000] "GET / HTTP/1.1" 200 1630 "-" "Baiduspider+(+http://www.baidu.com/search/spider.htm)"
123.125.71.18 - - [14/Jun/2011:01:49:44 +0000] "GET / HTTP/1.1" 200 955 "-" "Mozilla/5.0 (compatible; Baiduspider/2.0; +http://www.baidu.com/search/spider.html)"
66.249.72.166 - - [14/Jun/2011:03:27:42 +0000] "GET /robots.txt HTTP/1.1" 404 508 "-" "Mozilla/5.0 (compatible; Googlebot/2.1; +http://www.google.com/bot.html)"
66.249.72.166 - - [14/Jun/2011:03:27:42 +0000] "GET / HTTP/1.1" 304 208 "-" "Mozilla/5.0 (compatible; Googlebot/2.1; +http://www.google.com/bot.html)"
124.115.0.28 - - [14/Jun/2011:04:12:52 +0000] "GET / HTTP/1.1" 200 993 "-" "Sosospider+(+http://help.soso.com/webspider.htm)"
123.125.71.13 - - [14/Jun/2011:04:42:25 +0000] "GET / HTTP/1.1" 200 1630 "-" "Baiduspider+(+http://www.baidu.com/search/spider.htm)"
220.181.108.84 - - [14/Jun/2011:04:43:06 +0000] "GET / HTTP/1.1" 200 1630 "-" "Baiduspider+(+http://www.baidu.com/search/spider.htm)"
69.28.58.12 - - [14/Jun/2011:04:43:48 +0000] "GET /robots.txt HTTP/1.0" 404 495 "http://insectpolitics.com/robots.txt" "Huaweisymantecspider (compatible; MSIE 8.0; DSE-support@huaweisymantec.com)"
69.28.58.12 - - [14/Jun/2011:04:43:48 +0000] "GET / HTTP/1.0" 200 1630 "http://insectpolitics.com/" "Huaweisymantecspider (compatible; MSIE 8.0; DSE-support@huaweisymantec.com)"
174.129.117.237 - - [14/Jun/2011:07:24:41 +0000] "HEAD / HTTP/1.1" 200 280 "-" "Mozilla/5.0 (Windows; U; Windows NT 5.1; en-US) AppleWebKit/525.13 (KHTML, like Gecko) Chrome/0.A.B.C Safari/525.13"
124.115.0.163 - - [14/Jun/2011:08:29:50 +0000] "GET / HTTP/1.1" 200 993 "-" "Sosospider+(+http://help.soso.com/webspider.htm)"
123.125.71.15 - - [14/Jun/2011:08:41:04 +0000] "GET / HTTP/1.1" 200 1630 "-" "Baiduspider+(+http://www.baidu.com/search/spider.htm)"
123.125.71.24 - - [14/Jun/2011:10:41:14 +0000] "GET / HTTP/1.1" 200 1630 "-" "Baiduspider+(+http://www.baidu.com/search/spider.htm)"
220.181.108.91 - - [14/Jun/2011:10:41:55 +0000] "GET / HTTP/1.1" 200 1630 "-" "Baiduspider+(+http://www.baidu.com/search/spider.htm)"
67.195.111.52 - - [14/Jun/2011:12:10:49 +0000] "GET /robots.txt HTTP/1.0" 404 472 "-" "Mozilla/5.0 (compatible; Yahoo! Slurp; http://help.yahoo.com/help/us/ysearch/slurp)"
67.195.111.52 - - [14/Jun/2011:12:10:49 +0000] "GET /welcome.htm HTTP/1.0" 404 471 "-" "Mozilla/5.0 (compatible; Yahoo! Slurp; http://help.yahoo.com/help/us/ysearch/slurp)"
123.125.71.29 - - [14/Jun/2011:12:43:05 +0000] "GET / HTTP/1.1" 200 1630 "-" "Baiduspider+(+http://www.baidu.com/search/spider.htm)"
65.52.110.25 - - [14/Jun/2011:14:29:46 +0000] "GET /robots.txt HTTP/1.1" 404 537 "-" "Mozilla/5.0 (compatible; bingbot/2.0; +http://www.bing.com/bingbot.htm)"
65.52.110.25 - - [14/Jun/2011:14:30:37 +0000] "GET /?cat=1 HTTP/1.1" 304 209 "-" "Mozilla/5.0 (compatible; bingbot/2.0; +http://www.bing.com/bingbot.htm)"
208.80.194.27 - - [14/Jun/2011:16:07:42 +0000] "GET / HTTP/1.0" 200 1630 "-" "Mozilla/4.0 (compatible; MSIE 6.0; Windows NT 5.1; SV1; Sgrunt|V109|19|S541720495|dial; Sgrunt|V110|29|S541720495|dial; XBE|29|S04017261391143; snprtz|S04716013660301)"
123.125.71.26 - - [14/Jun/2011:16:58:42 +0000] "GET / HTTP/1.1" 200 1630 "-" "Baiduspider+(+http://www.baidu.com/search/spider.htm)"
220.181.108.82 - - [14/Jun/2011:16:59:49 +0000] "GET / HTTP/1.1" 200 1630 "-" "Baiduspider+(+http://www.baidu.com/search/spider.htm)"
8.28.16.254 - - [14/Jun/2011:17:14:04 +0000] "GET /movies/features_blu-ray.txt HTTP/1.1" 200 6392 "-" "Mozilla/4.0 (compatible; MSIE 7.0; Windows NT 5.1; InfoPath.1; .NET CLR 2.0.50727; .NET CLR 1.1.4322; MS-RTC LM 8; .NET CLR 3.0.4506.2152; .NET CLR 3.5.30729)"
69.74.233.66 - - [14/Jun/2011:17:14:04 +0000] "GET /movies/features_blu-ray.txt HTTP/1.1" 200 3303 "-" "Mozilla/5.0 (Windows NT 6.1; WOW64) AppleWebKit/534.30 (KHTML, like Gecko) Chrome/12.0.742.91 Safari/534.30"
69.74.233.66 - - [14/Jun/2011:17:14:04 +0000] "GET /favicon.ico HTTP/1.1" 404 503 "-" "Mozilla/5.0 (Windows NT 6.1; WOW64) AppleWebKit/534.30 (KHTML, like Gecko) Chrome/12.0.742.91 Safari/534.30"
124.115.6.13 - - [14/Jun/2011:18:11:30 +0000] "GET /robots.txt HTTP/1.1" 404 508 "-" "Sosospider+(+http://help.soso.com/webspider.htm)"
124.115.4.197 - - [14/Jun/2011:18:19:45 +0000] "GET / HTTP/1.1" 200 993 "-" "Sosospider+(+http://help.soso.com/webspider.htm)"
8.28.16.254 - - [14/Jun/2011:18:37:35 +0000] "GET / HTTP/1.1" 200 1668 "-" "Mozilla/4.0 (compatible; MSIE 7.0; Windows NT 5.1; InfoPath.1; .NET CLR 2.0.50727; .NET CLR 1.1.4322; MS-RTC LM 8; .NET CLR 3.0.4506.2152; .NET CLR 3.5.30729)"
69.74.233.66 - - [14/Jun/2011:18:37:35 +0000] "GET / HTTP/1.1" 200 993 "-" "Mozilla/5.0 (Windows NT 6.1; WOW64) AppleWebKit/534.30 (KHTML, like Gecko) Chrome/12.0.742.91 Safari/534.30"
69.74.233.66 - - [14/Jun/2011:18:37:35 +0000] "GET /blogger.png HTTP/1.1" 200 2848 "http://cafink.name/" "Mozilla/5.0 (Windows NT 6.1; WOW64) AppleWebKit/534.30 (KHTML, like Gecko) Chrome/12.0.742.91 Safari/534.30"
69.74.233.66 - - [14/Jun/2011:18:37:35 +0000] "GET /facebook.png HTTP/1.1" 200 5274 "http://cafink.name/" "Mozilla/5.0 (Windows NT 6.1; WOW64) AppleWebKit/534.30 (KHTML, like Gecko) Chrome/12.0.742.91 Safari/534.30"
69.74.233.66 - - [14/Jun/2011:18:37:35 +0000] "GET /twitter.png HTTP/1.1" 200 3229 "http://cafink.name/" "Mozilla/5.0 (Windows NT 6.1; WOW64) AppleWebKit/534.30 (KHTML, like Gecko) Chrome/12.0.742.91 Safari/534.30"
69.74.233.66 - - [14/Jun/2011:18:37:35 +0000] "GET /favicon.ico HTTP/1.1" 404 503 "-" "Mozilla/5.0 (Windows NT 6.1; WOW64) AppleWebKit/534.30 (KHTML, like Gecko) Chrome/12.0.742.91 Safari/534.30"
166.137.138.133 - - [14/Jun/2011:18:40:41 +0000] "GET / HTTP/1.1" 200 993 "-" "Mozilla/5.0 (iPhone; U; CPU iPhone OS 4_3_3 like Mac OS X; en-us) AppleWebKit/533.17.9 (KHTML, like Gecko) Version/5.0.2 Mobile/8J2 Safari/6533.18.5"
166.137.138.133 - - [14/Jun/2011:18:40:41 +0000] "GET /blogger.png HTTP/1.1" 200 2848 "http://www.cafink.name/" "Mozilla/5.0 (iPhone; U; CPU iPhone OS 4_3_3 like Mac OS X; en-us) AppleWebKit/533.17.9 (KHTML, like Gecko) Version/5.0.2 Mobile/8J2 Safari/6533.18.5"
166.137.138.133 - - [14/Jun/2011:18:40:41 +0000] "GET /twitter.png HTTP/1.1" 200 3230 "http://www.cafink.name/" "Mozilla/5.0 (iPhone; U; CPU iPhone OS 4_3_3 like Mac OS X; en-us) AppleWebKit/533.17.9 (KHTML, like Gecko) Version/5.0.2 Mobile/8J2 Safari/6533.18.5"
166.137.138.133 - - [14/Jun/2011:18:40:41 +0000] "GET /facebook.png HTTP/1.1" 200 5275 "http://www.cafink.name/" "Mozilla/5.0 (iPhone; U; CPU iPhone OS 4_3_3 like Mac OS X; en-us) AppleWebKit/533.17.9 (KHTML, like Gecko) Version/5.0.2 Mobile/8J2 Safari/6533.18.5"
123.125.71.17 - - [14/Jun/2011:20:42:23 +0000] "GET / HTTP/1.1" 200 1630 "-" "Baiduspider+(+http://www.baidu.com/search/spider.htm)"
220.181.108.90 - - [14/Jun/2011:20:43:11 +0000] "GET / HTTP/1.1" 200 1630 "-" "Baiduspider+(+http://www.baidu.com/search/spider.htm)"
81.52.143.16 - - [14/Jun/2011:22:22:43 +0000] "GET / HTTP/1.1" 200 955 "-" "Mozilla/5.0 (Windows; U; Windows NT 5.1; fr; rv:1.8.1) VoilaBot BETA 1.2 (support.voilabot@orange-ftgroup.com)"
207.46.204.189 - - [14/Jun/2011:22:32:27 +0000] "GET /robots.txt HTTP/1.1" 404 537 "-" "Mozilla/5.0 (compatible; bingbot/2.0; +http://www.bing.com/bingbot.htm)"
207.46.204.189 - - [14/Jun/2011:22:33:20 +0000] "GET /?p=1 HTTP/1.1" 304 209 "-" "Mozilla/5.0 (compatible; bingbot/2.0; +http://www.bing.com/bingbot.htm)"
123.125.71.15 - - [14/Jun/2011:22:43:10 +0000] "GET / HTTP/1.1" 200 1630 "-" "Baiduspider+(+http://www.baidu.com/search/spider.htm)"
220.181.108.85 - - [14/Jun/2011:22:43:53 +0000] "GET / HTTP/1.1" 200 1630 "-" "Baiduspider+(+http://www.baidu.com/search/spider.htm)"
123.125.71.34 - - [14/Jun/2011:23:42:56 +0000] "GET / HTTP/1.1" 200 1630 "-" "Baiduspider+(+http://www.baidu.com/search/spider.htm)"
220.181.108.80 - - [14/Jun/2011:23:43:41 +0000] "GET / HTTP/1.1" 200 1630 "-" "Baiduspider+(+http://www.baidu.com/search/spider.htm)"
124.115.0.28 - - [15/Jun/2011:00:34:54 +0000] "GET / HTTP/1.1" 200 993 "-" "Sosospider+(+http://help.soso.com/webspider.htm)"
123.125.71.22 - - [15/Jun/2011:00:43:55 +0000] "GET / HTTP/1.1" 200 1630 "-" "Baiduspider+(+http://www.baidu.com/search/spider.htm)"
220.181.108.83 - - [15/Jun/2011:00:44:39 +0000] "GET / HTTP/1.1" 200 1630 "-" "Baiduspider+(+http://www.baidu.com/search/spider.htm)"
174.129.117.237 - - [15/Jun/2011:01:11:51 +0000] "HEAD / HTTP/1.1" 200 280 "-" "Mozilla/5.0 (Windows; U; Windows NT 5.1; en-US) AppleWebKit/525.13 (KHTML, like Gecko) Chrome/0.A.B.C Safari/525.13"
123.125.71.16 - - [15/Jun/2011:02:42:28 +0000] "GET / HTTP/1.1" 200 1630 "-" "Baiduspider+(+http://www.baidu.com/search/spider.htm)"
220.181.108.81 - - [15/Jun/2011:02:43:08 +0000] "GET / HTTP/1.1" 200 1630 "-" "Baiduspider+(+http://www.baidu.com/search/spider.htm)"
67.195.111.52 - - [15/Jun/2011:03:38:50 +0000] "GET /robots.txt HTTP/1.0" 404 472 "-" "Mozilla/5.0 (compatible; Yahoo! Slurp; http://help.yahoo.com/help/us/ysearch/slurp)"
67.195.111.52 - - [15/Jun/2011:03:38:50 +0000] "GET / HTTP/1.0" 200 955 "-" "Mozilla/5.0 (compatible; Yahoo! Slurp; http://help.yahoo.com/help/us/ysearch/slurp)"
123.125.71.15 - - [15/Jun/2011:05:44:09 +0000] "GET / HTTP/1.1" 200 1630 "-" "Baiduspider+(+http://www.baidu.com/search/spider.htm)"
220.181.108.75 - - [15/Jun/2011:05:44:32 +0000] "GET / HTTP/1.1" 200 1630 "-" "Baiduspider+(+http://www.baidu.com/search/spider.htm)"
123.125.71.34 - - [15/Jun/2011:06:43:36 +0000] "GET / HTTP/1.1" 200 1630 "-" "Baiduspider+(+http://www.baidu.com/search/spider.htm)"
220.181.108.87 - - [15/Jun/2011:06:44:25 +0000] "GET / HTTP/1.1" 200 1630 "-" "Baiduspider+(+http://www.baidu.com/search/spider.htm)"
66.249.72.194 - - [15/Jun/2011:07:59:48 +0000] "GET /robots.txt HTTP/1.1" 404 510 "-" "Mozilla/5.0 (compatible; Googlebot/2.1; +http://www.google.com/bot.html)"
66.249.72.194 - - [15/Jun/2011:07:59:48 +0000] "GET /welcome.htm HTTP/1.1" 404 508 "-" "Mozilla/5.0 (compatible; Googlebot/2.1; +http://www.google.com/bot.html)"
124.115.0.28 - - [15/Jun/2011:10:00:27 +0000] "GET / HTTP/1.1" 200 993 "-" "Sosospider+(+http://help.soso.com/webspider.htm)"
66.249.72.70 - - [15/Jun/2011:11:28:27 +0000] "GET /robots.txt HTTP/1.1" 404 503 "-" "Mozilla/5.0 (compatible; Googlebot/2.1; +http://www.google.com/bot.html)"
66.249.72.70 - - [15/Jun/2011:11:28:27 +0000] "GET / HTTP/1.1" 200 992 "-" "Mozilla/5.0 (compatible; Googlebot/2.1; +http://www.google.com/bot.html)"
123.125.71.22 - - [15/Jun/2011:12:44:30 +0000] "GET / HTTP/1.1" 200 1630 "-" "Baiduspider+(+http://www.baidu.com/search/spider.htm)"
220.181.108.82 - - [15/Jun/2011:12:45:15 +0000] "GET / HTTP/1.1" 200 1630 "-" "Baiduspider+(+http://www.baidu.com/search/spider.htm)"
123.125.71.19 - - [15/Jun/2011:13:41:31 +0000] "GET / HTTP/1.1" 200 1630 "-" "Baiduspider+(+http://www.baidu.com/search/spider.htm)"
220.181.108.80 - - [15/Jun/2011:13:42:19 +0000] "GET / HTTP/1.1" 200 1630 "-" "Baiduspider+(+http://www.baidu.com/search/spider.htm)"
69.28.58.7 - - [15/Jun/2011:14:01:27 +0000] "GET /robots.txt HTTP/1.0" 404 495 "http://insectpolitics.com/robots.txt" "Huaweisymantecspider (compatible; MSIE 8.0; DSE-support@huaweisymantec.com)"
69.28.58.7 - - [15/Jun/2011:14:01:27 +0000] "GET / HTTP/1.0" 200 1630 "http://insectpolitics.com/" "Huaweisymantecspider (compatible; MSIE 8.0; DSE-support@huaweisymantec.com)"
123.125.71.33 - - [15/Jun/2011:14:42:25 +0000] "GET / HTTP/1.1" 200 1630 "-" "Baiduspider+(+http://www.baidu.com/search/spider.htm)"
220.181.108.85 - - [15/Jun/2011:14:43:05 +0000] "GET / HTTP/1.1" 200 1630 "-" "Baiduspider+(+http://www.baidu.com/search/spider.htm)"
123.125.71.13 - - [15/Jun/2011:15:43:16 +0000] "GET / HTTP/1.1" 200 1630 "-" "Baiduspider+(+http://www.baidu.com/search/spider.htm)"
220.181.108.92 - - [15/Jun/2011:15:44:00 +0000] "GET / HTTP/1.1" 200 1630 "-" "Baiduspider+(+http://www.baidu.com/search/spider.htm)"
123.125.71.28 - - [15/Jun/2011:18:42:43 +0000] "GET / HTTP/1.1" 200 1630 "-" "Baiduspider+(+http://www.baidu.com/search/spider.htm)"
220.181.108.94 - - [15/Jun/2011:18:43:26 +0000] "GET / HTTP/1.1" 200 1630 "-" "Baiduspider+(+http://www.baidu.com/search/spider.htm)"
123.125.71.17 - - [15/Jun/2011:19:42:32 +0000] "GET / HTTP/1.1" 200 1630 "-" "Baiduspider+(+http://www.baidu.com/search/spider.htm)"
220.181.108.89 - - [15/Jun/2011:19:43:12 +0000] "GET / HTTP/1.1" 200 1630 "-" "Baiduspider+(+http://www.baidu.com/search/spider.htm)"
124.115.6.13 - - [15/Jun/2011:20:06:13 +0000] "GET /robots.txt HTTP/1.1" 404 508 "-" "Sosospider+(+http://help.soso.com/webspider.htm)"
65.52.110.86 - - [15/Jun/2011:20:26:02 +0000] "GET /robots.txt HTTP/1.1" 404 533 "-" "Mozilla/5.0 (compatible; bingbot/2.0; +http://www.bing.com/bingbot.htm)"
65.52.110.86 - - [15/Jun/2011:20:26:51 +0000] "GET / HTTP/1.1" 304 209 "-" "Mozilla/5.0 (compatible; bingbot/2.0; +http://www.bing.com/bingbot.htm)"
123.125.71.24 - - [15/Jun/2011:20:42:03 +0000] "GET / HTTP/1.1" 200 1630 "-" "Baiduspider+(+http://www.baidu.com/search/spider.htm)"
220.181.108.96 - - [15/Jun/2011:20:42:53 +0000] "GET / HTTP/1.1" 200 1630 "-" "Baiduspider+(+http://www.baidu.com/search/spider.htm)"
124.115.0.28 - - [15/Jun/2011:20:52:24 +0000] "GET / HTTP/1.1" 200 993 "-" "Sosospider+(+http://help.soso.com/webspider.htm)"
123.125.71.22 - - [15/Jun/2011:21:29:13 +0000] "GET / HTTP/1.1" 200 955 "-" "Mozilla/5.0 (compatible; Baiduspider/2.0; +http://www.baidu.com/search/spider.html)"
66.249.72.197 - - [15/Jun/2011:22:58:48 +0000] "GET /robots.txt HTTP/1.1" 404 511 "-" "Mozilla/5.0 (compatible; Googlebot/2.1; +http://www.google.com/bot.html)"
66.249.72.197 - - [15/Jun/2011:22:58:48 +0000] "GET / HTTP/1.1" 200 992 "-" "Mozilla/5.0 (compatible; Googlebot/2.1; +http://www.google.com/bot.html)"
123.125.71.24 - - [15/Jun/2011:23:43:12 +0000] "GET / HTTP/1.1" 200 1630 "-" "Baiduspider+(+http://www.baidu.com/search/spider.htm)"
220.181.108.76 - - [15/Jun/2011:23:43:53 +0000] "GET / HTTP/1.1" 200 1630 "-" "Baiduspider+(+http://www.baidu.com/search/spider.htm)"
123.125.71.15 - - [16/Jun/2011:00:43:03 +0000] "GET / HTTP/1.1" 200 1630 "-" "Baiduspider+(+http://www.baidu.com/search/spider.htm)"
220.181.108.93 - - [16/Jun/2011:00:43:44 +0000] "GET / HTTP/1.1" 200 1630 "-" "Baiduspider+(+http://www.baidu.com/search/spider.htm)"
112.65.22.174 - - [16/Jun/2011:02:07:16 +0000] "GET / HTTP/1.1" 200 1637 "-" "Mozilla/4.0 (compatible; MSIE 6.0; Windows NT 5.1; SV1;)"
123.125.71.12 - - [16/Jun/2011:02:42:37 +0000] "GET / HTTP/1.1" 200 1630 "-" "Baiduspider+(+http://www.baidu.com/search/spider.htm)"
220.181.108.88 - - [16/Jun/2011:02:43:17 +0000] "GET / HTTP/1.1" 200 1630 "-" "Baiduspider+(+http://www.baidu.com/search/spider.htm)"
124.115.0.163 - - [16/Jun/2011:02:57:14 +0000] "GET / HTTP/1.1" 200 993 "-" "Sosospider+(+http://help.soso.com/webspider.htm)"
38.101.148.126 - - [16/Jun/2011:04:42:50 +0000] "GET /robots.txt HTTP/1.1" 404 472 "-" "Mozilla/5.0 (compatible; discobot/1.1; +http://discoveryengine.com/discobot.html)"
123.125.71.15 - - [16/Jun/2011:06:40:56 +0000] "GET / HTTP/1.1" 200 1630 "-" "Baiduspider+(+http://www.baidu.com/search/spider.htm)"
123.125.71.28 - - [16/Jun/2011:08:41:51 +0000] "GET / HTTP/1.1" 200 1630 "-" "Baiduspider+(+http://www.baidu.com/search/spider.htm)"
220.181.108.92 - - [16/Jun/2011:08:42:34 +0000] "GET / HTTP/1.1" 200 1630 "-" "Baiduspider+(+http://www.baidu.com/search/spider.htm)"
123.125.71.22 - - [16/Jun/2011:10:41:50 +0000] "GET / HTTP/1.1" 200 1630 "-" "Baiduspider+(+http://www.baidu.com/search/spider.htm)"
220.181.108.96 - - [16/Jun/2011:10:42:31 +0000] "GET / HTTP/1.1" 200 1630 "-" "Baiduspider+(+http://www.baidu.com/search/spider.htm)"
208.80.194.35 - - [16/Jun/2011:11:31:25 +0000] "GET / HTTP/1.0" 200 1630 "-" "Mozilla/4.0 (compatible; MSIE 6.0; Windows NT 5.1; MyIE2; .NET CLR 1.1.4322; .NET CLR 2.0.50727)"
124.115.0.28 - - [16/Jun/2011:12:24:26 +0000] "GET / HTTP/1.1" 200 993 "-" "Sosospider+(+http://help.soso.com/webspider.htm)"
123.125.71.32 - - [16/Jun/2011:12:43:17 +0000] "GET / HTTP/1.1" 200 1630 "-" "Baiduspider+(+http://www.baidu.com/search/spider.htm)"
220.181.108.88 - - [16/Jun/2011:12:44:01 +0000] "GET / HTTP/1.1" 200 1630 "-" "Baiduspider+(+http://www.baidu.com/search/spider.htm)"
157.55.17.105 - - [16/Jun/2011:12:48:26 +0000] "GET /robots.txt HTTP/1.1" 404 533 "-" "Mozilla/5.0 (compatible; bingbot/2.0; +http://www.bing.com/bingbot.htm)"
157.55.17.105 - - [16/Jun/2011:12:49:20 +0000] "GET /?m=200802 HTTP/1.1" 304 209 "-" "Mozilla/5.0 (compatible; bingbot/2.0; +http://www.bing.com/bingbot.htm)"
123.125.71.16 - - [16/Jun/2011:13:41:14 +0000] "GET / HTTP/1.1" 200 1630 "-" "Baiduspider+(+http://www.baidu.com/search/spider.htm)"
220.181.108.83 - - [16/Jun/2011:13:41:53 +0000] "GET / HTTP/1.1" 200 1630 "-" "Baiduspider+(+http://www.baidu.com/search/spider.htm)"
207.46.13.45 - - [16/Jun/2011:16:34:28 +0000] "GET /robots.txt HTTP/1.1" 404 534 "-" "Mozilla/5.0 (compatible; bingbot/2.0; +http://www.bing.com/bingbot.htm)"
207.46.13.45 - - [16/Jun/2011:16:35:23 +0000] "GET / HTTP/1.1" 304 209 "-" "Mozilla/5.0 (compatible; bingbot/2.0; +http://www.bing.com/bingbot.htm)"
123.125.71.33 - - [16/Jun/2011:16:59:56 +0000] "GET / HTTP/1.1" 200 1630 "-" "Baiduspider+(+http://www.baidu.com/search/spider.htm)"
220.181.108.82 - - [16/Jun/2011:17:01:04 +0000] "GET / HTTP/1.1" 200 1630 "-" "Baiduspider+(+http://www.baidu.com/search/spider.htm)"
123.125.71.18 - - [16/Jun/2011:17:45:13 +0000] "GET / HTTP/1.1" 200 1630 "-" "Baiduspider+(+http://www.baidu.com/search/spider.htm)"
220.181.108.97 - - [16/Jun/2011:17:45:54 +0000] "GET / HTTP/1.1" 200 1630 "-" "Baiduspider+(+http://www.baidu.com/search/spider.htm)"
123.125.71.31 - - [16/Jun/2011:18:43:18 +0000] "GET / HTTP/1.1" 200 1630 "-" "Baiduspider+(+http://www.baidu.com/search/spider.htm)"
220.181.108.92 - - [16/Jun/2011:18:44:02 +0000] "GET / HTTP/1.1" 200 1630 "-" "Baiduspider+(+http://www.baidu.com/search/spider.htm)"
123.125.71.22 - - [16/Jun/2011:20:43:11 +0000] "GET / HTTP/1.1" 200 1630 "-" "Baiduspider+(+http://www.baidu.com/search/spider.htm)"
220.181.108.89 - - [16/Jun/2011:20:44:03 +0000] "GET / HTTP/1.1" 200 1630 "-" "Baiduspider+(+http://www.baidu.com/search/spider.htm)"
124.115.0.163 - - [16/Jun/2011:21:20:00 +0000] "GET / HTTP/1.1" 200 993 "-" "Sosospider+(+http://help.soso.com/webspider.htm)"
123.125.71.23 - - [16/Jun/2011:21:42:55 +0000] "GET / HTTP/1.1" 200 1630 "-" "Baiduspider+(+http://www.baidu.com/search/spider.htm)"
220.181.108.96 - - [16/Jun/2011:21:43:37 +0000] "GET / HTTP/1.1" 200 1630 "-" "Baiduspider+(+http://www.baidu.com/search/spider.htm)"
124.115.6.13 - - [16/Jun/2011:22:04:40 +0000] "GET /robots.txt HTTP/1.1" 404 508 "-" "Sosospider+(+http://help.soso.com/webspider.htm)"
123.125.71.30 - - [16/Jun/2011:22:43:00 +0000] "GET / HTTP/1.1" 200 1630 "-" "Baiduspider+(+http://www.baidu.com/search/spider.htm)"
69.28.58.9 - - [16/Jun/2011:22:43:15 +0000] "GET / HTTP/1.1" 200 1630 "-" "Wget/1.9+cvs-stable (Red Hat modified)"
220.181.108.85 - - [16/Jun/2011:22:43:42 +0000] "GET / HTTP/1.1" 200 1630 "-" "Baiduspider+(+http://www.baidu.com/search/spider.htm)"
123.125.71.30 - - [17/Jun/2011:00:44:12 +0000] "GET / HTTP/1.1" 200 1630 "-" "Baiduspider+(+http://www.baidu.com/search/spider.htm)"
220.181.108.95 - - [17/Jun/2011:00:44:55 +0000] "GET / HTTP/1.1" 200 1630 "-" "Baiduspider+(+http://www.baidu.com/search/spider.htm)"
123.125.71.24 - - [17/Jun/2011:02:41:06 +0000] "GET / HTTP/1.1" 200 1630 "-" "Baiduspider+(+http://www.baidu.com/search/spider.htm)"
220.181.108.85 - - [17/Jun/2011:02:41:42 +0000] "GET / HTTP/1.1" 200 1630 "-" "Baiduspider+(+http://www.baidu.com/search/spider.htm)"
123.125.71.35 - - [17/Jun/2011:04:42:37 +0000] "GET / HTTP/1.1" 200 1630 "-" "Baiduspider+(+http://www.baidu.com/search/spider.htm)"
220.181.108.84 - - [17/Jun/2011:04:43:18 +0000] "GET / HTTP/1.1" 200 1630 "-" "Baiduspider+(+http://www.baidu.com/search/spider.htm)"
77.88.31.248 - - [17/Jun/2011:04:57:11 +0000] "GET /robots.txt HTTP/1.1" 404 537 "-" "Mozilla/5.0 (compatible; YandexBot/3.0; +http://yandex.com/bots)"
123.125.71.36 - - [17/Jun/2011:05:42:58 +0000] "GET / HTTP/1.1" 200 1630 "-" "Baiduspider+(+http://www.baidu.com/search/spider.htm)"
220.181.108.83 - - [17/Jun/2011:05:43:40 +0000] "GET / HTTP/1.1" 200 1630 "-" "Baiduspider+(+http://www.baidu.com/search/spider.htm)"
124.115.0.28 - - [17/Jun/2011:06:19:21 +0000] "GET / HTTP/1.1" 200 993 "-" "Sosospider+(+http://help.soso.com/webspider.htm)"
123.125.71.13 - - [17/Jun/2011:06:41:46 +0000] "GET / HTTP/1.1" 200 1630 "-" "Baiduspider+(+http://www.baidu.com/search/spider.htm)"
220.181.108.86 - - [17/Jun/2011:06:42:27 +0000] "GET / HTTP/1.1" 200 1630 "-" "Baiduspider+(+http://www.baidu.com/search/spider.htm)"
69.28.58.5 - - [17/Jun/2011:06:45:43 +0000] "GET /robots.txt HTTP/1.0" 404 495 "http://insectpolitics.com/robots.txt" "Huaweisymantecspider (compatible; MSIE 8.0; DSE-support@huaweisymantec.com)"
69.28.58.5 - - [17/Jun/2011:06:45:43 +0000] "GET / HTTP/1.0" 200 1630 "http://insectpolitics.com/" "Huaweisymantecspider (compatible; MSIE 8.0; DSE-support@huaweisymantec.com)"
77.88.31.248 - - [17/Jun/2011:07:31:49 +0000] "GET /robots.txt HTTP/1.1" 404 533 "-" "Mozilla/5.0 (compatible; YandexBot/3.0; +http://yandex.com/bots)"
176.14.215.247 - - [17/Jun/2011:08:05:52 +0000] "GET / HTTP/1.1" 200 955 "http://yandex.ru/yandsearch?text=insectpolitics.com" "Opera/9.80 (Windows NT 5.1; U; ru) Presto/2.6.30 Version/10.63"
176.14.215.247 - - [17/Jun/2011:08:05:53 +0000] "GET /blogger.png HTTP/1.1" 200 2811 "http://insectpolitics.com/" "Opera/9.80 (Windows NT 5.1; U; ru) Presto/2.6.30 Version/10.63"
176.14.215.247 - - [17/Jun/2011:08:05:53 +0000] "GET /facebook.png HTTP/1.1" 200 5237 "http://insectpolitics.com/" "Opera/9.80 (Windows NT 5.1; U; ru) Presto/2.6.30 Version/10.63"
176.14.215.247 - - [17/Jun/2011:08:05:56 +0000] "GET /twitter.png HTTP/1.1" 200 3192 "http://insectpolitics.com/" "Opera/9.80 (Windows NT 5.1; U; ru) Presto/2.6.30 Version/10.63"
180.241.99.102 - - [17/Jun/2011:08:20:41 +0000] "GET / HTTP/1.0" 200 1630 "-" "Mozilla/5.0 (Macintosh; U; Intel Mac OS X 10_6_4; en-us) AppleWebKit/533.18.1 (KHTML, like Gecko) Version/5.0.2 Safari/533.18.5"
123.125.71.24 - - [17/Jun/2011:08:41:33 +0000] "GET / HTTP/1.1" 200 1630 "-" "Baiduspider+(+http://www.baidu.com/search/spider.htm)"
220.181.108.85 - - [17/Jun/2011:08:42:14 +0000] "GET / HTTP/1.1" 200 1630 "-" "Baiduspider+(+http://www.baidu.com/search/spider.htm)"
123.125.71.12 - - [17/Jun/2011:09:42:18 +0000] "GET / HTTP/1.1" 200 1630 "-" "Baiduspider+(+http://www.baidu.com/search/spider.htm)"
220.181.108.83 - - [17/Jun/2011:09:42:57 +0000] "GET / HTTP/1.1" 200 1630 "-" "Baiduspider+(+http://www.baidu.com/search/spider.htm)"
117.242.1.81 - - [17/Jun/2011:10:34:31 +0000] "GET / HTTP/1.0" 200 1630 "-" "Mozilla/5.0 (Macintosh; U; Intel Mac OS X 10_6_4; en-us) AppleWebKit/533.18.1 (KHTML, like Gecko) Version/5.0.2 Safari/533.18.5"
123.125.71.23 - - [17/Jun/2011:10:42:39 +0000] "GET / HTTP/1.1" 200 1630 "-" "Baiduspider+(+http://www.baidu.com/search/spider.htm)"
220.181.108.85 - - [17/Jun/2011:10:43:19 +0000] "GET / HTTP/1.1" 200 1630 "-" "Baiduspider+(+http://www.baidu.com/search/spider.htm)"
123.125.71.15 - - [17/Jun/2011:11:04:01 +0000] "GET / HTTP/1.1" 200 955 "-" "Mozilla/5.0 (compatible; Baiduspider/2.0; +http://www.baidu.com/search/spider.html)"
202.179.76.117 - - [17/Jun/2011:11:23:35 +0000] "GET / HTTP/1.0" 200 1630 "-" "Opera/9.50 (Windows NT 6.0; U; en)"
123.125.71.27 - - [17/Jun/2011:12:42:17 +0000] "GET / HTTP/1.1" 200 1630 "-" "Baiduspider+(+http://www.baidu.com/search/spider.htm)"
220.181.108.83 - - [17/Jun/2011:12:42:58 +0000] "GET / HTTP/1.1" 200 1630 "-" "Baiduspider+(+http://www.baidu.com/search/spider.htm)"
123.125.71.34 - - [17/Jun/2011:13:43:18 +0000] "GET / HTTP/1.1" 200 1630 "-" "Baiduspider+(+http://www.baidu.com/search/spider.htm)"
220.181.108.87 - - [17/Jun/2011:13:43:59 +0000] "GET / HTTP/1.1" 200 1630 "-" "Baiduspider+(+http://www.baidu.com/search/spider.htm)"
124.115.4.197 - - [17/Jun/2011:14:19:18 +0000] "GET / HTTP/1.1" 200 993 "-" "Sosospider+(+http://help.soso.com/webspider.htm)"
123.125.71.32 - - [17/Jun/2011:14:49:09 +0000] "GET / HTTP/1.1" 200 1630 "-" "Baiduspider+(+http://www.baidu.com/search/spider.htm)"
220.181.108.87 - - [17/Jun/2011:14:50:05 +0000] "GET / HTTP/1.1" 200 1630 "-" "Baiduspider+(+http://www.baidu.com/search/spider.htm)"
77.88.31.248 - - [17/Jun/2011:15:41:26 +0000] "GET / HTTP/1.1" 200 993 "-" "Mozilla/5.0 (compatible; YandexBot/3.0; +http://yandex.com/bots)"
123.125.71.22 - - [17/Jun/2011:17:00:17 +0000] "GET / HTTP/1.1" 200 1630 "-" "Baiduspider+(+http://www.baidu.com/search/spider.htm)"
220.181.108.89 - - [17/Jun/2011:17:01:23 +0000] "GET / HTTP/1.1" 200 1630 "-" "Baiduspider+(+http://www.baidu.com/search/spider.htm)"
174.129.117.237 - - [17/Jun/2011:17:44:02 +0000] "HEAD / HTTP/1.1" 200 280 "-" "Mozilla/5.0 (Windows; U; Windows NT 5.1; en-US) AppleWebKit/525.13 (KHTML, like Gecko) Chrome/0.A.B.C Safari/525.13"
123.125.71.25 - - [17/Jun/2011:18:43:47 +0000] "GET / HTTP/1.1" 200 1630 "-" "Baiduspider+(+http://www.baidu.com/search/spider.htm)"
220.181.108.83 - - [17/Jun/2011:18:44:30 +0000] "GET / HTTP/1.1" 200 1630 "-" "Baiduspider+(+http://www.baidu.com/search/spider.htm)"
207.46.204.233 - - [17/Jun/2011:19:26:08 +0000] "GET /robots.txt HTTP/1.1" 404 533 "-" "Mozilla/5.0 (compatible; bingbot/2.0; +http://www.bing.com/bingbot.htm)"
207.46.204.233 - - [17/Jun/2011:19:26:54 +0000] "GET /?page_id=2 HTTP/1.1" 304 209 "-" "Mozilla/5.0 (compatible; bingbot/2.0; +http://www.bing.com/bingbot.htm)"
123.125.71.36 - - [17/Jun/2011:20:42:21 +0000] "GET / HTTP/1.1" 200 1630 "-" "Baiduspider+(+http://www.baidu.com/search/spider.htm)"
220.181.108.85 - - [17/Jun/2011:20:43:06 +0000] "GET / HTTP/1.1" 200 1630 "-" "Baiduspider+(+http://www.baidu.com/search/spider.htm)"
81.52.143.16 - - [17/Jun/2011:22:23:23 +0000] "GET /robots.txt HTTP/1.1" 404 472 "-" "Mozilla/5.0 (Windows; U; Windows NT 5.1; fr; rv:1.8.1) VoilaBot BETA 1.2 (support.voilabot@orange-ftgroup.com)"
81.52.143.16 - - [17/Jun/2011:22:23:36 +0000] "GET / HTTP/1.1" 200 955 "-" "Mozilla/5.0 (Windows; U; Windows NT 5.1; fr; rv:1.8.1) VoilaBot BETA 1.2 (support.voilabot@orange-ftgroup.com)"
124.115.4.197 - - [17/Jun/2011:22:42:29 +0000] "GET / HTTP/1.1" 200 993 "-" "Sosospider+(+http://help.soso.com/webspider.htm)"
123.125.71.31 - - [17/Jun/2011:22:43:19 +0000] "GET / HTTP/1.1" 200 1630 "-" "Baiduspider+(+http://www.baidu.com/search/spider.htm)"
220.181.108.75 - - [17/Jun/2011:22:44:02 +0000] "GET / HTTP/1.1" 200 1630 "-" "Baiduspider+(+http://www.baidu.com/search/spider.htm)"
74.111.10.69 - - [17/Jun/2011:23:03:19 +0000] "GET /robots.txt HTTP/1.0" 404 499 "-" "Mozilla/5.0 (compatible; MJ12bot/v1.3.3; http://www.majestic12.co.uk/bot.php?+)"
74.111.10.69 - - [17/Jun/2011:23:03:20 +0000] "GET / HTTP/1.1" 200 1637 "-" "Mozilla/5.0 (compatible; MJ12bot/v1.3.3; http://www.majestic12.co.uk/bot.php?+)"
124.115.6.13 - - [18/Jun/2011:00:04:38 +0000] "GET /robots.txt HTTP/1.1" 404 508 "-" "Sosospider+(+http://help.soso.com/webspider.htm)"
123.125.71.27 - - [18/Jun/2011:00:44:06 +0000] "GET / HTTP/1.1" 200 1630 "-" "Baiduspider+(+http://www.baidu.com/search/spider.htm)"
220.181.108.96 - - [18/Jun/2011:00:44:49 +0000] "GET / HTTP/1.1" 200 1630 "-" "Baiduspider+(+http://www.baidu.com/search/spider.htm)"
123.125.71.15 - - [18/Jun/2011:06:43:04 +0000] "GET / HTTP/1.1" 200 1630 "-" "Baiduspider+(+http://www.baidu.com/search/spider.htm)"
220.181.108.80 - - [18/Jun/2011:06:43:48 +0000] "GET / HTTP/1.1" 200 1630 "-" "Baiduspider+(+http://www.baidu.com/search/spider.htm)"
123.125.71.14 - - [18/Jun/2011:08:43:24 +0000] "GET / HTTP/1.1" 200 1630 "-" "Baiduspider+(+http://www.baidu.com/search/spider.htm)"
220.181.108.81 - - [18/Jun/2011:08:44:09 +0000] "GET / HTTP/1.1" 200 1630 "-" "Baiduspider+(+http://www.baidu.com/search/spider.htm)"
123.125.71.17 - - [18/Jun/2011:09:43:40 +0000] "GET / HTTP/1.1" 200 1630 "-" "Baiduspider+(+http://www.baidu.com/search/spider.htm)"
220.181.108.80 - - [18/Jun/2011:09:44:22 +0000] "GET / HTTP/1.1" 200 1630 "-" "Baiduspider+(+http://www.baidu.com/search/spider.htm)"
123.125.71.36 - - [18/Jun/2011:10:44:12 +0000] "GET / HTTP/1.1" 200 1630 "-" "Baiduspider+(+http://www.baidu.com/search/spider.htm)"
220.181.108.90 - - [18/Jun/2011:10:44:56 +0000] "GET / HTTP/1.1" 200 1630 "-" "Baiduspider+(+http://www.baidu.com/search/spider.htm)"
208.80.194.29 - - [18/Jun/2011:11:28:06 +0000] "GET / HTTP/1.0" 200 1630 "-" "Mozilla/4.0 (compatible; MSIE 7.0; Windows NT 5.1; SV1; .NET CLR 1.0.3705; .NET CLR 1.1.4322; Media Center PC 3.1)"
93.158.147.8 - - [18/Jun/2011:12:16:10 +0000] "GET /robots.txt HTTP/1.1" 404 533 "-" "Mozilla/5.0 (compatible; YandexBot/3.0; MirrorDetector; +http://yandex.com/bots)"
93.158.147.8 - - [18/Jun/2011:12:16:10 +0000] "GET /robots.txt HTTP/1.1" 404 537 "-" "Mozilla/5.0 (compatible; YandexBot/3.0; MirrorDetector; +http://yandex.com/bots)"
93.158.147.8 - - [18/Jun/2011:12:16:11 +0000] "GET / HTTP/1.1" 200 992 "-" "Mozilla/5.0 (compatible; YandexBot/3.0; MirrorDetector; +http://yandex.com/bots)"
93.158.147.8 - - [18/Jun/2011:12:16:11 +0000] "GET / HTTP/1.1" 200 992 "-" "Mozilla/5.0 (compatible; YandexBot/3.0; MirrorDetector; +http://yandex.com/bots)"
93.158.147.8 - - [18/Jun/2011:12:16:12 +0000] "GET / HTTP/1.1" 200 992 "-" "Mozilla/5.0 (compatible; YandexBot/3.0; MirrorDetector; +http://yandex.com/bots)"
93.158.147.8 - - [18/Jun/2011:12:16:12 +0000] "GET / HTTP/1.1" 200 992 "-" "Mozilla/5.0 (compatible; YandexBot/3.0; MirrorDetector; +http://yandex.com/bots)"
123.125.71.30 - - [18/Jun/2011:12:43:09 +0000] "GET / HTTP/1.1" 200 1630 "-" "Baiduspider+(+http://www.baidu.com/search/spider.htm)"
220.181.108.96 - - [18/Jun/2011:12:43:54 +0000] "GET / HTTP/1.1" 200 1630 "-" "Baiduspider+(+http://www.baidu.com/search/spider.htm)"
174.129.117.237 - - [18/Jun/2011:12:48:42 +0000] "HEAD / HTTP/1.1" 200 280 "-" "Mozilla/5.0 (Windows; U; Windows NT 5.1; en-US) AppleWebKit/525.13 (KHTML, like Gecko) Chrome/0.A.B.C Safari/525.13"
123.125.71.23 - - [18/Jun/2011:14:43:35 +0000] "GET / HTTP/1.1" 200 1630 "-" "Baiduspider+(+http://www.baidu.com/search/spider.htm)"
220.181.108.95 - - [18/Jun/2011:14:44:16 +0000] "GET / HTTP/1.1" 200 1630 "-" "Baiduspider+(+http://www.baidu.com/search/spider.htm)"
77.88.31.248 - - [18/Jun/2011:15:26:46 +0000] "GET /robots.txt HTTP/1.1" 404 533 "-" "Mozilla/5.0 (compatible; YandexBot/3.0; +http://yandex.com/bots)"
123.125.71.13 - - [18/Jun/2011:17:00:00 +0000] "GET / HTTP/1.1" 200 1630 "-" "Baiduspider+(+http://www.baidu.com/search/spider.htm)"
220.181.108.76 - - [18/Jun/2011:17:01:07 +0000] "GET / HTTP/1.1" 200 1630 "-" "Baiduspider+(+http://www.baidu.com/search/spider.htm)"
69.28.58.4 - - [18/Jun/2011:17:09:19 +0000] "GET /robots.txt HTTP/1.0" 404 495 "http://insectpolitics.com/robots.txt" "HuaweiSymantecSpider/1.0+DSE-support@huaweisymantec.com+(compatible; MSIE 7.0; Windows NT 5.1; Trident/4.0; .NET CLR 2.0.50727; .NET CLR 3.0.4506.2152; .NET CLR ; http://www.huaweisymantec.com/en/IRL/spider)"
69.28.58.4 - - [18/Jun/2011:17:09:19 +0000] "GET / HTTP/1.0" 200 1630 "http://insectpolitics.com/" "HuaweiSymantecSpider/1.0+DSE-support@huaweisymantec.com+(compatible; MSIE 7.0; Windows NT 5.1; Trident/4.0; .NET CLR 2.0.50727; .NET CLR 3.0.4506.2152; .NET CLR ; http://www.huaweisymantec.com/en/IRL/spider)"
123.125.71.21 - - [18/Jun/2011:17:45:43 +0000] "GET / HTTP/1.1" 200 1630 "-" "Baiduspider+(+http://www.baidu.com/search/spider.htm)"
220.181.108.78 - - [18/Jun/2011:17:46:29 +0000] "GET / HTTP/1.1" 200 1630 "-" "Baiduspider+(+http://www.baidu.com/search/spider.htm)"
123.125.71.12 - - [18/Jun/2011:18:43:27 +0000] "GET / HTTP/1.1" 200 1630 "-" "Baiduspider+(+http://www.baidu.com/search/spider.htm)"
220.181.108.77 - - [18/Jun/2011:18:44:12 +0000] "GET / HTTP/1.1" 200 1630 "-" "Baiduspider+(+http://www.baidu.com/search/spider.htm)"
123.125.71.17 - - [18/Jun/2011:19:43:35 +0000] "GET / HTTP/1.1" 200 1630 "-" "Baiduspider+(+http://www.baidu.com/search/spider.htm)"
220.181.108.83 - - [18/Jun/2011:19:44:16 +0000] "GET / HTTP/1.1" 200 1630 "-" "Baiduspider+(+http://www.baidu.com/search/spider.htm)"
123.125.71.22 - - [18/Jun/2011:20:43:12 +0000] "GET / HTTP/1.1" 200 1630 "-" "Baiduspider+(+http://www.baidu.com/search/spider.htm)"
220.181.108.97 - - [18/Jun/2011:20:43:59 +0000] "GET / HTTP/1.1" 200 1630 "-" "Baiduspider+(+http://www.baidu.com/search/spider.htm)"
38.100.21.25 - - [18/Jun/2011:21:08:20 +0000] "GET / HTTP/1.1" 200 1668 "-" "Mozilla/4.0 (compatible; MSIE 7.0; Windows NT 5.2)"
220.181.108.84 - - [18/Jun/2011:22:44:32 +0000] "GET / HTTP/1.1" 200 1630 "-" "Baiduspider+(+http://www.baidu.com/search/spider.htm)"
220.181.108.87 - - [18/Jun/2011:23:44:46 +0000] "GET / HTTP/1.1" 200 1630 "-" "Baiduspider+(+http://www.baidu.com/search/spider.htm)"
220.181.108.76 - - [19/Jun/2011:00:44:50 +0000] "GET / HTTP/1.1" 200 1630 "-" "Baiduspider+(+http://www.baidu.com/search/spider.htm)"
123.125.71.35 - - [19/Jun/2011:01:44:06 +0000] "GET / HTTP/1.1" 200 1630 "-" "Baiduspider+(+http://www.baidu.com/search/spider.htm)"
220.181.108.78 - - [19/Jun/2011:01:44:45 +0000] "GET / HTTP/1.1" 200 1630 "-" "Baiduspider+(+http://www.baidu.com/search/spider.htm)"
124.115.6.13 - - [19/Jun/2011:02:04:48 +0000] "GET /robots.txt HTTP/1.1" 404 508 "-" "Sosospider+(+http://help.soso.com/webspider.htm)"
123.125.71.21 - - [19/Jun/2011:02:44:20 +0000] "GET / HTTP/1.1" 200 1630 "-" "Baiduspider+(+http://www.baidu.com/search/spider.htm)"
220.181.108.81 - - [19/Jun/2011:02:44:54 +0000] "GET / HTTP/1.1" 200 1630 "-" "Baiduspider+(+http://www.baidu.com/search/spider.htm)"
123.125.71.35 - - [19/Jun/2011:04:43:14 +0000] "GET / HTTP/1.1" 200 1630 "-" "Baiduspider+(+http://www.baidu.com/search/spider.htm)"
220.181.108.93 - - [19/Jun/2011:04:43:57 +0000] "GET / HTTP/1.1" 200 1630 "-" "Baiduspider+(+http://www.baidu.com/search/spider.htm)"
123.125.71.22 - - [19/Jun/2011:05:42:57 +0000] "GET / HTTP/1.1" 200 1630 "-" "Baiduspider+(+http://www.baidu.com/search/spider.htm)"
220.181.108.97 - - [19/Jun/2011:05:43:40 +0000] "GET / HTTP/1.1" 200 1630 "-" "Baiduspider+(+http://www.baidu.com/search/spider.htm)"
123.125.71.23 - - [19/Jun/2011:06:30:37 +0000] "GET / HTTP/1.1" 200 955 "-" "Mozilla/5.0 (compatible; Baiduspider/2.0; +http://www.baidu.com/search/spider.html)"
123.125.71.14 - - [19/Jun/2011:06:42:35 +0000] "GET / HTTP/1.1" 200 1630 "-" "Baiduspider+(+http://www.baidu.com/search/spider.htm)"
220.181.108.83 - - [19/Jun/2011:06:43:19 +0000] "GET / HTTP/1.1" 200 1630 "-" "Baiduspider+(+http://www.baidu.com/search/spider.htm)"
208.115.111.73 - - [19/Jun/2011:06:58:57 +0000] "GET /robots.txt HTTP/1.1" 404 480 "-" "Mozilla/5.0 (compatible; Ezooms/1.0; ezooms.bot@gmail.com)"
208.115.111.73 - - [19/Jun/2011:07:37:16 +0000] "GET /welcome.htm HTTP/1.1" 404 481 "-" "Mozilla/5.0 (compatible; Ezooms/1.0; ezooms.bot@gmail.com)"
