70.180.119.247 - - [15/Aug/2011:03:29:28 +0000] "GET /movies/features_dvd.txt HTTP/1.1" 200 7268 "http://cafink.name/movies/" "Mozilla/5.0 (X11; Linux x86_64) AppleWebKit/535.1 (KHTML, like Gecko) Chrome/13.0.782.112 Safari/535.1"
70.180.119.247 - - [15/Aug/2011:03:29:28 +0000] "GET /favicon.ico HTTP/1.1" 404 503 "-" "Mozilla/5.0 (X11; Linux x86_64) AppleWebKit/535.1 (KHTML, like Gecko) Chrome/13.0.782.112 Safari/535.1"
38.101.148.126 - - [15/Aug/2011:04:32:38 +0000] "GET /robots.txt HTTP/1.1" 404 472 "-" "Mozilla/5.0 (compatible; discobot/1.1; +http://discoveryengine.com/discobot.html)"
123.125.71.14 - - [15/Aug/2011:04:48:53 +0000] "GET / HTTP/1.1" 200 1630 "-" "Mozilla/5.0 (compatible; Baiduspider/2.0; +http://www.baidu.com/search/spider.html)"
220.181.108.83 - - [15/Aug/2011:04:49:38 +0000] "GET / HTTP/1.1" 200 1630 "-" "Mozilla/5.0 (compatible; Baiduspider/2.0; +http://www.baidu.com/search/spider.html)"
123.125.71.19 - - [15/Aug/2011:06:47:35 +0000] "GET / HTTP/1.1" 200 1630 "-" "Mozilla/5.0 (compatible; Baiduspider/2.0; +http://www.baidu.com/search/spider.html)"
220.181.108.92 - - [15/Aug/2011:06:48:18 +0000] "GET / HTTP/1.1" 200 1630 "-" "Mozilla/5.0 (compatible; Baiduspider/2.0; +http://www.baidu.com/search/spider.html)"
124.115.0.100 - - [15/Aug/2011:07:10:09 +0000] "GET / HTTP/1.1" 200 993 "-" "Sosospider+(+http://help.soso.com/webspider.htm)"
119.63.196.91 - - [15/Aug/2011:07:46:10 +0000] "GET /robots.txt HTTP/1.1" 404 470 "-" "Baiduspider+(+http://www.baidu.com/search/spider.htm)"
78.140.138.39 - - [15/Aug/2011:09:08:44 +0000] "GET / HTTP/1.1" 200 1630 "-" "Mozilla/5.0 (Windows; U; Windows NT 5.1; en-US; rv:1.9.0.5) Gecko/2008120122 Firefox/3.0.5"
38.101.148.126 - - [15/Aug/2011:10:11:14 +0000] "GET /robots.txt HTTP/1.1" 404 472 "-" "Mozilla/5.0 (compatible; discobot/1.1; +http://discoveryengine.com/discobot.html)"
123.125.71.36 - - [15/Aug/2011:10:46:57 +0000] "GET / HTTP/1.1" 200 1630 "-" "Mozilla/5.0 (compatible; Baiduspider/2.0; +http://www.baidu.com/search/spider.html)"
220.181.108.96 - - [15/Aug/2011:10:47:42 +0000] "GET / HTTP/1.1" 200 1630 "-" "Mozilla/5.0 (compatible; Baiduspider/2.0; +http://www.baidu.com/search/spider.html)"
220.181.108.94 - - [15/Aug/2011:12:47:55 +0000] "GET / HTTP/1.1" 200 1630 "-" "Mozilla/5.0 (compatible; Baiduspider/2.0; +http://www.baidu.com/search/spider.html)"
220.181.108.85 - - [15/Aug/2011:13:43:58 +0000] "GET /robots.txt HTTP/1.1" 404 470 "-" "Baiduspider+(+http://www.baidu.com/search/spider.htm)"
123.125.71.26 - - [15/Aug/2011:14:46:28 +0000] "GET / HTTP/1.1" 200 1630 "-" "Mozilla/5.0 (compatible; Baiduspider/2.0; +http://www.baidu.com/search/spider.html)"
220.181.108.77 - - [15/Aug/2011:14:47:11 +0000] "GET / HTTP/1.1" 200 1630 "-" "Mozilla/5.0 (compatible; Baiduspider/2.0; +http://www.baidu.com/search/spider.html)"
64.16.187.50 - - [15/Aug/2011:15:06:18 +0000] "GET /movies/features_blu-ray.txt HTTP/1.1" 200 3482 "-" "Mozilla/5.0 (Windows NT 6.1; WOW64) AppleWebKit/535.1 (KHTML, like Gecko) Chrome/13.0.782.107 Safari/535.1"
64.16.187.50 - - [15/Aug/2011:15:06:18 +0000] "GET /favicon.ico HTTP/1.1" 404 503 "-" "Mozilla/5.0 (Windows NT 6.1; WOW64) AppleWebKit/535.1 (KHTML, like Gecko) Chrome/13.0.782.107 Safari/535.1"
64.16.187.50 - - [15/Aug/2011:15:06:19 +0000] "GET / HTTP/1.1" 200 992 "-" "Mozilla/5.0 (Windows NT 6.1; WOW64) AppleWebKit/535.1 (KHTML, like Gecko) Chrome/13.0.782.107 Safari/535.1"
64.16.187.50 - - [15/Aug/2011:15:06:19 +0000] "GET /blogger.png HTTP/1.1" 200 2848 "http://cafink.name/" "Mozilla/5.0 (Windows NT 6.1; WOW64) AppleWebKit/535.1 (KHTML, like Gecko) Chrome/13.0.782.107 Safari/535.1"
64.16.187.50 - - [15/Aug/2011:15:06:19 +0000] "GET /facebook.png HTTP/1.1" 200 5274 "http://cafink.name/" "Mozilla/5.0 (Windows NT 6.1; WOW64) AppleWebKit/535.1 (KHTML, like Gecko) Chrome/13.0.782.107 Safari/535.1"
64.16.187.50 - - [15/Aug/2011:15:06:19 +0000] "GET /twitter.png HTTP/1.1" 200 3230 "http://cafink.name/" "Mozilla/5.0 (Windows NT 6.1; WOW64) AppleWebKit/535.1 (KHTML, like Gecko) Chrome/13.0.782.107 Safari/535.1"
64.16.187.50 - - [15/Aug/2011:15:06:19 +0000] "GET /favicon.ico HTTP/1.1" 404 503 "-" "Mozilla/5.0 (Windows NT 6.1; WOW64) AppleWebKit/535.1 (KHTML, like Gecko) Chrome/13.0.782.107 Safari/535.1"
64.16.187.50 - - [15/Aug/2011:15:06:19 +0000] "GET /movies HTTP/1.1" 301 556 "-" "Mozilla/5.0 (Windows NT 6.1; WOW64) AppleWebKit/535.1 (KHTML, like Gecko) Chrome/13.0.782.107 Safari/535.1"
64.16.187.50 - - [15/Aug/2011:15:06:19 +0000] "GET /movies/ HTTP/1.1" 200 809 "-" "Mozilla/5.0 (Windows NT 6.1; WOW64) AppleWebKit/535.1 (KHTML, like Gecko) Chrome/13.0.782.107 Safari/535.1"
64.16.187.50 - - [15/Aug/2011:15:06:20 +0000] "GET /icons/blank.gif HTTP/1.1" 200 439 "http://cafink.name/movies/" "Mozilla/5.0 (Windows NT 6.1; WOW64) AppleWebKit/535.1 (KHTML, like Gecko) Chrome/13.0.782.107 Safari/535.1"
64.16.187.50 - - [15/Aug/2011:15:06:20 +0000] "GET /icons/text.gif HTTP/1.1" 200 521 "http://cafink.name/movies/" "Mozilla/5.0 (Windows NT 6.1; WOW64) AppleWebKit/535.1 (KHTML, like Gecko) Chrome/13.0.782.107 Safari/535.1"
64.16.187.50 - - [15/Aug/2011:15:06:20 +0000] "GET /icons/back.gif HTTP/1.1" 200 507 "http://cafink.name/movies/" "Mozilla/5.0 (Windows NT 6.1; WOW64) AppleWebKit/535.1 (KHTML, like Gecko) Chrome/13.0.782.107 Safari/535.1"
64.16.187.50 - - [15/Aug/2011:15:06:20 +0000] "GET /favicon.ico HTTP/1.1" 404 503 "-" "Mozilla/5.0 (Windows NT 6.1; WOW64) AppleWebKit/535.1 (KHTML, like Gecko) Chrome/13.0.782.107 Safari/535.1"
64.16.187.50 - - [15/Aug/2011:15:06:20 +0000] "GET /movies/television_blu-ray.txt HTTP/1.1" 200 514 "-" "Mozilla/5.0 (Windows NT 6.1; WOW64) AppleWebKit/535.1 (KHTML, like Gecko) Chrome/13.0.782.107 Safari/535.1"
64.16.187.50 - - [15/Aug/2011:15:06:20 +0000] "GET /favicon.ico HTTP/1.1" 404 503 "-" "Mozilla/5.0 (Windows NT 6.1; WOW64) AppleWebKit/535.1 (KHTML, like Gecko) Chrome/13.0.782.107 Safari/535.1"
64.16.187.50 - - [15/Aug/2011:15:06:22 +0000] "GET /movies/television_dvd HTTP/1.1" 404 510 "-" "Mozilla/5.0 (Windows NT 6.1; WOW64) AppleWebKit/535.1 (KHTML, like Gecko) Chrome/13.0.782.107 Safari/535.1"
64.16.187.50 - - [15/Aug/2011:15:06:22 +0000] "GET /favicon.ico HTTP/1.1" 404 503 "-" "Mozilla/5.0 (Windows NT 6.1; WOW64) AppleWebKit/535.1 (KHTML, like Gecko) Chrome/13.0.782.107 Safari/535.1"
64.16.187.50 - - [15/Aug/2011:15:06:22 +0000] "GET /movies/television_dvd.txt HTTP/1.1" 200 1521 "-" "Mozilla/5.0 (Windows NT 6.1; WOW64) AppleWebKit/535.1 (KHTML, like Gecko) Chrome/13.0.782.107 Safari/535.1"
64.16.187.50 - - [15/Aug/2011:15:06:22 +0000] "GET /favicon.ico HTTP/1.1" 404 503 "-" "Mozilla/5.0 (Windows NT 6.1; WOW64) AppleWebKit/535.1 (KHTML, like Gecko) Chrome/13.0.782.107 Safari/535.1"
38.101.148.126 - - [15/Aug/2011:15:46:48 +0000] "GET /robots.txt HTTP/1.1" 404 472 "-" "Mozilla/5.0 (compatible; discobot/1.1; +http://discoveryengine.com/discobot.html)"
124.115.4.197 - - [15/Aug/2011:16:07:41 +0000] "GET / HTTP/1.1" 200 993 "-" "Sosospider+(+http://help.soso.com/webspider.htm)"
123.125.71.22 - - [15/Aug/2011:17:36:29 +0000] "GET / HTTP/1.1" 200 1630 "-" "Mozilla/5.0 (compatible; Baiduspider/2.0; +http://www.baidu.com/search/spider.html)"
220.181.108.82 - - [15/Aug/2011:17:36:43 +0000] "GET / HTTP/1.1" 200 1630 "-" "Mozilla/5.0 (compatible; Baiduspider/2.0; +http://www.baidu.com/search/spider.html)"
123.125.71.25 - - [15/Aug/2011:19:37:05 +0000] "GET / HTTP/1.1" 200 1630 "-" "Mozilla/5.0 (compatible; Baiduspider/2.0; +http://www.baidu.com/search/spider.html)"
220.181.108.77 - - [15/Aug/2011:19:37:24 +0000] "GET / HTTP/1.1" 200 1630 "-" "Mozilla/5.0 (compatible; Baiduspider/2.0; +http://www.baidu.com/search/spider.html)"
205.178.190.235 - - [15/Aug/2011:20:51:34 +0000] "HEAD / HTTP/1.1" 200 276 "-" "Mozilla/5.0 (Windows; U; Windows NT 5.1; en-US; rv:1.8.1.12) Gecko/20080201 Firefox/2.0.0.12"
205.178.190.235 - - [15/Aug/2011:20:51:35 +0000] "GET / HTTP/1.1" 200 1630 "-" "Mozilla/4.0 (compatible; MSIE 7.0; Windows NT 5.1; .NET CLR 1.1.4322; .NET CLR 2.0.50727)"
123.125.71.33 - - [15/Aug/2011:20:55:35 +0000] "GET / HTTP/1.1" 200 955 "-" "Mozilla/5.0 (compatible; Baiduspider/2.0; +http://www.baidu.com/search/spider.html)"
95.108.158.241 - - [15/Aug/2011:21:05:26 +0000] "GET /robots.txt HTTP/1.1" 404 533 "-" "Mozilla/5.0 (compatible; YandexImages/3.0; +http://yandex.com/bots)"
38.101.148.126 - - [15/Aug/2011:21:13:46 +0000] "GET /robots.txt HTTP/1.1" 404 472 "-" "Mozilla/5.0 (compatible; discobot/1.1; +http://discoveryengine.com/discobot.html)"
123.125.71.34 - - [15/Aug/2011:21:37:30 +0000] "GET / HTTP/1.1" 200 1630 "-" "Mozilla/5.0 (compatible; Baiduspider/2.0; +http://www.baidu.com/search/spider.html)"
220.181.108.76 - - [15/Aug/2011:21:37:49 +0000] "GET / HTTP/1.1" 200 1630 "-" "Mozilla/5.0 (compatible; Baiduspider/2.0; +http://www.baidu.com/search/spider.html)"
124.115.4.197 - - [15/Aug/2011:23:17:38 +0000] "GET / HTTP/1.1" 200 993 "-" "Sosospider+(+http://help.soso.com/webspider.htm)"
205.178.190.235 - - [15/Aug/2011:23:44:02 +0000] "GET / HTTP/1.1" 200 1630 "-" "Mozilla/4.0 (compatible; MSIE 6.0; Windows NT 5.2; SV1; .NET CLR 1.1.4322; .NET CLR 2.0.50727)"
205.178.190.235 - - [15/Aug/2011:23:44:03 +0000] "GET /robots.txt HTTP/1.1" 404 495 "-" "Mozilla/4.0 (compatible; MSIE 7.0; Windows NT 5.1; .NET CLR 1.1.4322; .NET CLR 2.0.50727)"
119.63.196.105 - - [15/Aug/2011:23:58:33 +0000] "GET /robots.txt HTTP/1.1" 404 470 "-" "Baiduspider+(+http://www.baidu.com/search/spider.htm)"
95.108.158.241 - - [16/Aug/2011:00:25:07 +0000] "GET /blogger.png HTTP/1.1" 304 186 "-" "Mozilla/5.0 (compatible; YandexImages/3.0; +http://yandex.com/bots)"
208.80.194.26 - - [16/Aug/2011:00:48:15 +0000] "GET / HTTP/1.0" 200 1630 "-" "Mozilla/4.0 (compatible; MSIE 6.0; Windows NT 5.1; Wanadoo cable; .NET CLR 1.1.4322)"
220.181.108.85 - - [16/Aug/2011:01:19:03 +0000] "GET /robots.txt HTTP/1.1" 404 470 "-" "Baiduspider+(+http://www.baidu.com/search/spider.htm)"
95.108.158.241 - - [16/Aug/2011:01:31:41 +0000] "GET /twitter.png HTTP/1.1" 304 186 "-" "Mozilla/5.0 (compatible; YandexImages/3.0; +http://yandex.com/bots)"
220.181.108.86 - - [16/Aug/2011:01:36:27 +0000] "GET / HTTP/1.1" 200 1630 "-" "Mozilla/5.0 (compatible; Baiduspider/2.0; +http://www.baidu.com/search/spider.html)"
123.125.71.30 - - [16/Aug/2011:03:37:20 +0000] "GET / HTTP/1.1" 200 1630 "-" "Mozilla/5.0 (compatible; Baiduspider/2.0; +http://www.baidu.com/search/spider.html)"
220.181.108.92 - - [16/Aug/2011:03:37:40 +0000] "GET / HTTP/1.1" 200 1630 "-" "Mozilla/5.0 (compatible; Baiduspider/2.0; +http://www.baidu.com/search/spider.html)"
38.101.148.126 - - [16/Aug/2011:04:24:06 +0000] "GET /robots.txt HTTP/1.1" 404 472 "-" "Mozilla/5.0 (compatible; discobot/1.1; +http://discoveryengine.com/discobot.html)"
123.125.71.12 - - [16/Aug/2011:04:35:54 +0000] "GET / HTTP/1.1" 200 1630 "-" "Mozilla/5.0 (compatible; Baiduspider/2.0; +http://www.baidu.com/search/spider.html)"
220.181.108.77 - - [16/Aug/2011:04:36:08 +0000] "GET / HTTP/1.1" 200 1630 "-" "Mozilla/5.0 (compatible; Baiduspider/2.0; +http://www.baidu.com/search/spider.html)"
124.115.4.197 - - [16/Aug/2011:05:09:15 +0000] "GET / HTTP/1.1" 200 993 "-" "Sosospider+(+http://help.soso.com/webspider.htm)"
124.115.6.13 - - [16/Aug/2011:05:19:19 +0000] "GET /robots.txt HTTP/1.1" 404 508 "-" "Sosospider+(+http://help.soso.com/webspider.htm)"
123.125.71.31 - - [16/Aug/2011:05:34:52 +0000] "GET / HTTP/1.1" 200 1630 "-" "Mozilla/5.0 (compatible; Baiduspider/2.0; +http://www.baidu.com/search/spider.html)"
220.181.108.88 - - [16/Aug/2011:05:34:54 +0000] "GET / HTTP/1.1" 200 1630 "-" "Mozilla/5.0 (compatible; Baiduspider/2.0; +http://www.baidu.com/search/spider.html)"
123.125.71.15 - - [16/Aug/2011:07:37:29 +0000] "GET / HTTP/1.1" 200 1630 "-" "Mozilla/5.0 (compatible; Baiduspider/2.0; +http://www.baidu.com/search/spider.html)"
220.181.108.95 - - [16/Aug/2011:07:37:47 +0000] "GET / HTTP/1.1" 200 1630 "-" "Mozilla/5.0 (compatible; Baiduspider/2.0; +http://www.baidu.com/search/spider.html)"
124.115.4.197 - - [16/Aug/2011:11:33:37 +0000] "GET / HTTP/1.1" 200 993 "-" "Sosospider+(+http://help.soso.com/webspider.htm)"
123.125.71.32 - - [16/Aug/2011:11:37:03 +0000] "GET / HTTP/1.1" 200 1630 "-" "Mozilla/5.0 (compatible; Baiduspider/2.0; +http://www.baidu.com/search/spider.html)"
220.181.108.80 - - [16/Aug/2011:11:37:23 +0000] "GET / HTTP/1.1" 200 1630 "-" "Mozilla/5.0 (compatible; Baiduspider/2.0; +http://www.baidu.com/search/spider.html)"
64.16.187.50 - - [16/Aug/2011:14:05:36 +0000] "GET /movies/ HTTP/1.1" 200 810 "-" "Mozilla/5.0 (Windows NT 6.1; WOW64) AppleWebKit/535.1 (KHTML, like Gecko) Chrome/13.0.782.112 Safari/535.1"
64.16.187.50 - - [16/Aug/2011:14:05:40 +0000] "GET /movies/ HTTP/1.1" 200 809 "-" "Mozilla/5.0 (Windows NT 6.1; WOW64) AppleWebKit/535.1 (KHTML, like Gecko) Chrome/13.0.782.112 Safari/535.1"
64.16.187.50 - - [16/Aug/2011:14:05:44 +0000] "GET /favicon.ico HTTP/1.1" 404 503 "-" "Mozilla/5.0 (Windows NT 6.1; WOW64) AppleWebKit/535.1 (KHTML, like Gecko) Chrome/13.0.782.112 Safari/535.1"
119.63.196.75 - - [16/Aug/2011:14:18:10 +0000] "GET /robots.txt HTTP/1.1" 404 472 "-" "Baiduspider+(+http://www.baidu.com/search/spider.htm)"
38.101.148.126 - - [16/Aug/2011:14:22:47 +0000] "GET /robots.txt HTTP/1.1" 404 472 "-" "Mozilla/5.0 (compatible; discobot/1.1; +http://discoveryengine.com/discobot.html)"
123.125.71.29 - - [16/Aug/2011:15:39:03 +0000] "GET / HTTP/1.1" 200 1630 "-" "Mozilla/5.0 (compatible; Baiduspider/2.0; +http://www.baidu.com/search/spider.html)"
220.181.108.76 - - [16/Aug/2011:15:39:24 +0000] "GET / HTTP/1.1" 200 1630 "-" "Mozilla/5.0 (compatible; Baiduspider/2.0; +http://www.baidu.com/search/spider.html)"
119.63.196.22 - - [16/Aug/2011:16:22:43 +0000] "GET / HTTP/1.1" 200 955 "-" "Mozilla/5.0 (compatible; Baiduspider/2.0; +http://www.baidu.com/search/spider.html)"
124.115.0.163 - - [16/Aug/2011:17:23:59 +0000] "GET / HTTP/1.1" 200 993 "-" "Sosospider+(+http://help.soso.com/webspider.htm)"
123.125.71.13 - - [16/Aug/2011:17:36:11 +0000] "GET / HTTP/1.1" 200 1630 "-" "Mozilla/5.0 (compatible; Baiduspider/2.0; +http://www.baidu.com/search/spider.html)"
220.181.108.88 - - [16/Aug/2011:17:36:17 +0000] "GET / HTTP/1.1" 200 1630 "-" "Mozilla/5.0 (compatible; Baiduspider/2.0; +http://www.baidu.com/search/spider.html)"
95.108.150.235 - - [16/Aug/2011:17:57:35 +0000] "GET /robots.txt HTTP/1.1" 404 537 "-" "Mozilla/5.0 (compatible; YandexBot/3.0; +http://yandex.com/bots)"
95.108.150.235 - - [16/Aug/2011:17:57:35 +0000] "GET /robots.txt HTTP/1.1" 404 533 "-" "Mozilla/5.0 (compatible; YandexBot/3.0; +http://yandex.com/bots)"
95.108.150.235 - - [16/Aug/2011:17:57:36 +0000] "GET / HTTP/1.1" 200 992 "-" "Mozilla/5.0 (compatible; YandexBot/3.0; +http://yandex.com/bots)"
95.108.150.235 - - [16/Aug/2011:17:57:36 +0000] "GET / HTTP/1.1" 200 992 "-" "Mozilla/5.0 (compatible; YandexBot/3.0; +http://yandex.com/bots)"
95.108.150.235 - - [16/Aug/2011:17:57:37 +0000] "GET / HTTP/1.1" 200 992 "-" "Mozilla/5.0 (compatible; YandexBot/3.0; +http://yandex.com/bots)"
95.108.150.235 - - [16/Aug/2011:17:57:37 +0000] "GET / HTTP/1.1" 200 992 "-" "Mozilla/5.0 (compatible; YandexBot/3.0; +http://yandex.com/bots)"
66.55.138.243 - - [16/Aug/2011:19:12:49 +0000] "GET / HTTP/1.1" 200 993 "http://www.trafficfaker.com" "Mozilla/5.0 (Windows; U; Windows NT 6.1; en-US; rv:1.9.2.3) Gecko/20100401 Firefox/3.6.3"
220.181.108.91 - - [16/Aug/2011:19:37:04 +0000] "GET / HTTP/1.1" 200 1630 "-" "Mozilla/5.0 (compatible; Baiduspider/2.0; +http://www.baidu.com/search/spider.html)"
123.125.71.26 - - [16/Aug/2011:19:40:09 +0000] "GET / HTTP/1.1" 200 1630 "-" "Mozilla/5.0 (compatible; Baiduspider/2.0; +http://www.baidu.com/search/spider.html)"
38.101.148.126 - - [16/Aug/2011:20:10:57 +0000] "GET /robots.txt HTTP/1.1" 404 472 "-" "Mozilla/5.0 (compatible; discobot/1.1; +http://discoveryengine.com/discobot.html)"
123.125.71.12 - - [16/Aug/2011:20:36:30 +0000] "GET / HTTP/1.1" 200 1630 "-" "Mozilla/5.0 (compatible; Baiduspider/2.0; +http://www.baidu.com/search/spider.html)"
220.181.108.81 - - [16/Aug/2011:20:36:31 +0000] "GET / HTTP/1.1" 200 1630 "-" "Mozilla/5.0 (compatible; Baiduspider/2.0; +http://www.baidu.com/search/spider.html)"
220.181.108.76 - - [16/Aug/2011:21:36:29 +0000] "GET / HTTP/1.1" 200 1630 "-" "Mozilla/5.0 (compatible; Baiduspider/2.0; +http://www.baidu.com/search/spider.html)"
123.125.71.28 - - [16/Aug/2011:21:38:07 +0000] "GET / HTTP/1.1" 200 1630 "-" "Mozilla/5.0 (compatible; Baiduspider/2.0; +http://www.baidu.com/search/spider.html)"
62.231.141.193 - - [16/Aug/2011:21:50:50 +0000] "GET /robots.txt HTTP/1.0" 404 499 "-" "Mozilla/5.0 (compatible; MJ12bot/v1.4.0; http://www.majestic12.co.uk/bot.php?+)"
81.52.143.16 - - [16/Aug/2011:22:34:04 +0000] "GET /robots.txt HTTP/1.1" 404 472 "-" "Mozilla/5.0 (Windows; U; Windows NT 5.1; fr; rv:1.8.1) VoilaBot BETA 1.2 (support.voilabot@orange-ftgroup.com)"
81.52.143.16 - - [16/Aug/2011:22:34:06 +0000] "GET / HTTP/1.1" 200 955 "-" "Mozilla/5.0 (Windows; U; Windows NT 5.1; fr; rv:1.8.1) VoilaBot BETA 1.2 (support.voilabot@orange-ftgroup.com)"
124.115.0.100 - - [16/Aug/2011:23:15:42 +0000] "GET / HTTP/1.1" 200 993 "-" "Sosospider+(+http://help.soso.com/webspider.htm)"
123.125.71.29 - - [16/Aug/2011:23:35:16 +0000] "GET / HTTP/1.1" 200 1630 "-" "Mozilla/5.0 (compatible; Baiduspider/2.0; +http://www.baidu.com/search/spider.html)"
220.181.108.97 - - [16/Aug/2011:23:35:35 +0000] "GET / HTTP/1.1" 200 1630 "-" "Mozilla/5.0 (compatible; Baiduspider/2.0; +http://www.baidu.com/search/spider.html)"
208.115.111.246 - - [17/Aug/2011:01:31:55 +0000] "GET /robots.txt HTTP/1.1" 404 453 "-" "Mozilla/5.0 (compatible; DotBot/1.1; http://www.dotnetdotcom.org/, crawler@dotnetdotcom.org)"
123.125.71.31 - - [17/Aug/2011:01:36:11 +0000] "GET / HTTP/1.1" 200 1630 "-" "Mozilla/5.0 (compatible; Baiduspider/2.0; +http://www.baidu.com/search/spider.html)"
38.101.148.126 - - [17/Aug/2011:02:48:46 +0000] "GET /robots.txt HTTP/1.1" 404 472 "-" "Mozilla/5.0 (compatible; discobot/1.1; +http://discoveryengine.com/discobot.html)"
220.181.108.83 - - [17/Aug/2011:03:37:09 +0000] "GET / HTTP/1.1" 200 1630 "-" "Mozilla/5.0 (compatible; Baiduspider/2.0; +http://www.baidu.com/search/spider.html)"
123.125.71.24 - - [17/Aug/2011:03:37:38 +0000] "GET / HTTP/1.1" 200 1630 "-" "Mozilla/5.0 (compatible; Baiduspider/2.0; +http://www.baidu.com/search/spider.html)"
119.63.196.26 - - [17/Aug/2011:03:53:28 +0000] "GET /welcome.htm HTTP/1.1" 404 471 "-" "Mozilla/5.0 (compatible; Baiduspider/2.0; +http://www.baidu.com/search/spider.html)"
38.100.21.17 - - [17/Aug/2011:04:44:09 +0000] "GET / HTTP/1.1" 200 1668 "-" "Mozilla/4.0 (compatible; MSIE 7.0; Windows NT 5.2)"
123.125.71.27 - - [17/Aug/2011:05:36:01 +0000] "GET / HTTP/1.1" 200 1630 "-" "Mozilla/5.0 (compatible; Baiduspider/2.0; +http://www.baidu.com/search/spider.html)"
220.181.108.83 - - [17/Aug/2011:05:36:15 +0000] "GET / HTTP/1.1" 200 1630 "-" "Mozilla/5.0 (compatible; Baiduspider/2.0; +http://www.baidu.com/search/spider.html)"
208.115.111.246 - - [17/Aug/2011:06:21:32 +0000] "GET / HTTP/1.1" 200 936 "-" "Mozilla/5.0 (compatible; DotBot/1.1; http://www.dotnetdotcom.org/, crawler@dotnetdotcom.org)"
208.115.111.246 - - [17/Aug/2011:06:21:37 +0000] "GET /welcome.htm HTTP/1.1" 404 452 "-" "Mozilla/5.0 (compatible; DotBot/1.1; http://www.dotnetdotcom.org/, crawler@dotnetdotcom.org)"
124.115.0.28 - - [17/Aug/2011:08:59:09 +0000] "GET / HTTP/1.1" 200 993 "-" "Sosospider+(+http://help.soso.com/webspider.htm)"
38.101.148.126 - - [17/Aug/2011:09:47:14 +0000] "GET /robots.txt HTTP/1.1" 404 472 "-" "Mozilla/5.0 (compatible; discobot/1.1; +http://discoveryengine.com/discobot.html)"
119.63.196.89 - - [17/Aug/2011:12:20:57 +0000] "GET /robots.txt HTTP/1.1" 404 472 "-" "Baiduspider+(+http://www.baidu.com/search/spider.htm)"
123.125.71.33 - - [17/Aug/2011:12:34:25 +0000] "GET / HTTP/1.1" 200 1630 "-" "Mozilla/5.0 (compatible; Baiduspider/2.0; +http://www.baidu.com/search/spider.html)"
220.181.108.75 - - [17/Aug/2011:12:34:40 +0000] "GET / HTTP/1.1" 200 1630 "-" "Mozilla/5.0 (compatible; Baiduspider/2.0; +http://www.baidu.com/search/spider.html)"
124.115.6.13 - - [17/Aug/2011:12:43:58 +0000] "GET /robots.txt HTTP/1.1" 404 508 "-" "Sosospider+(+http://help.soso.com/webspider.htm)"
123.125.71.12 - - [17/Aug/2011:15:37:47 +0000] "GET / HTTP/1.1" 200 1630 "-" "Mozilla/5.0 (compatible; Baiduspider/2.0; +http://www.baidu.com/search/spider.html)"
220.181.108.90 - - [17/Aug/2011:15:37:48 +0000] "GET / HTTP/1.1" 200 1630 "-" "Mozilla/5.0 (compatible; Baiduspider/2.0; +http://www.baidu.com/search/spider.html)"
220.181.108.85 - - [17/Aug/2011:15:46:21 +0000] "GET /robots.txt HTTP/1.1" 404 470 "-" "Baiduspider+(+http://www.baidu.com/search/spider.htm)"
124.115.0.100 - - [17/Aug/2011:16:00:43 +0000] "GET / HTTP/1.1" 200 993 "-" "Sosospider+(+http://help.soso.com/webspider.htm)"
165.130.136.206 - - [17/Aug/2011:16:31:46 +0000] "GET / HTTP/1.1" 200 1668 "http://search.yahoo.com/search;_ylt=AjZg7KNEbehrMft4dlaVscebvZx4?p=http%3A%2F%2Fwww.insectpolitics.com&toggle=1&cop=mss&ei=UTF-8&fr=yfp-t-701" "Mozilla/4.0 (compatible; MSIE 8.0; Windows NT 5.1; Trident/4.0; .NET CLR 1.1.4322; .NET CLR 2.0.50727)"
165.130.136.206 - - [17/Aug/2011:16:31:47 +0000] "GET /blogger.png HTTP/1.1" 200 2849 "http://insectpolitics.com/" "Mozilla/4.0 (compatible; MSIE 8.0; Windows NT 5.1; Trident/4.0; .NET CLR 1.1.4322; .NET CLR 2.0.50727)"
165.130.136.206 - - [17/Aug/2011:16:31:47 +0000] "GET /facebook.png HTTP/1.1" 200 5275 "http://insectpolitics.com/" "Mozilla/4.0 (compatible; MSIE 8.0; Windows NT 5.1; Trident/4.0; .NET CLR 1.1.4322; .NET CLR 2.0.50727)"
165.130.136.206 - - [17/Aug/2011:16:31:47 +0000] "GET /twitter.png HTTP/1.1" 200 3230 "http://insectpolitics.com/" "Mozilla/4.0 (compatible; MSIE 8.0; Windows NT 5.1; Trident/4.0; .NET CLR 1.1.4322; .NET CLR 2.0.50727)"
165.130.136.206 - - [17/Aug/2011:16:31:47 +0000] "GET /favicon.ico HTTP/1.1" 404 533 "-" "Mozilla/4.0 (compatible; MSIE 8.0; Windows NT 5.1; Trident/4.0; .NET CLR 1.1.4322; .NET CLR 2.0.50727)"
38.101.148.126 - - [17/Aug/2011:16:43:59 +0000] "GET /robots.txt HTTP/1.1" 404 472 "-" "Mozilla/5.0 (compatible; discobot/1.1; +http://discoveryengine.com/discobot.html)"
123.125.71.22 - - [17/Aug/2011:17:35:35 +0000] "GET / HTTP/1.1" 200 1630 "-" "Mozilla/5.0 (compatible; Baiduspider/2.0; +http://www.baidu.com/search/spider.html)"
220.181.108.89 - - [17/Aug/2011:17:35:49 +0000] "GET / HTTP/1.1" 200 1630 "-" "Mozilla/5.0 (compatible; Baiduspider/2.0; +http://www.baidu.com/search/spider.html)"
119.63.196.26 - - [17/Aug/2011:18:12:43 +0000] "GET /robots.txt HTTP/1.1" 404 470 "-" "Baiduspider+(+http://www.baidu.com/search/spider.htm)"
123.125.71.15 - - [17/Aug/2011:18:31:31 +0000] "GET / HTTP/1.1" 200 955 "-" "Mozilla/5.0 (compatible; Baiduspider/2.0; +http://www.baidu.com/search/spider.html)"
208.80.194.27 - - [17/Aug/2011:18:32:42 +0000] "GET / HTTP/1.0" 200 1630 "-" "Mozilla/4.0 (compatible; MSIE 7.0; Windows NT 5.1; Embedded Web Browser from: http://bsalsa.com/; .NET CLR 1.1.4322; .NET CLR 2.0.50727; InfoPath.2)"
123.125.71.22 - - [17/Aug/2011:19:35:52 +0000] "GET / HTTP/1.1" 200 1630 "-" "Mozilla/5.0 (compatible; Baiduspider/2.0; +http://www.baidu.com/search/spider.html)"
220.181.108.80 - - [17/Aug/2011:19:36:08 +0000] "GET / HTTP/1.1" 200 1630 "-" "Mozilla/5.0 (compatible; Baiduspider/2.0; +http://www.baidu.com/search/spider.html)"
123.125.71.17 - - [17/Aug/2011:21:36:28 +0000] "GET / HTTP/1.1" 200 1630 "-" "Mozilla/5.0 (compatible; Baiduspider/2.0; +http://www.baidu.com/search/spider.html)"
220.181.108.80 - - [17/Aug/2011:21:36:40 +0000] "GET / HTTP/1.1" 200 1630 "-" "Mozilla/5.0 (compatible; Baiduspider/2.0; +http://www.baidu.com/search/spider.html)"
124.115.4.197 - - [17/Aug/2011:21:45:24 +0000] "GET / HTTP/1.1" 200 993 "-" "Sosospider+(+http://help.soso.com/webspider.htm)"
72.94.249.38 - - [17/Aug/2011:22:24:52 +0000] "GET / HTTP/1.1" 200 1630 "-" "Mozilla/4.0 (compatible; MSIE 6.0; Windows NT 5.1; SV1; .NET CLR 1.1.4322)"
123.125.71.28 - - [17/Aug/2011:23:35:38 +0000] "GET / HTTP/1.1" 200 1630 "-" "Mozilla/5.0 (compatible; Baiduspider/2.0; +http://www.baidu.com/search/spider.html)"
220.181.108.77 - - [17/Aug/2011:23:35:55 +0000] "GET / HTTP/1.1" 200 1630 "-" "Mozilla/5.0 (compatible; Baiduspider/2.0; +http://www.baidu.com/search/spider.html)"
123.125.71.24 - - [18/Aug/2011:01:36:55 +0000] "GET / HTTP/1.1" 200 1630 "-" "Mozilla/5.0 (compatible; Baiduspider/2.0; +http://www.baidu.com/search/spider.html)"
220.181.108.91 - - [18/Aug/2011:01:37:11 +0000] "GET / HTTP/1.1" 200 1630 "-" "Mozilla/5.0 (compatible; Baiduspider/2.0; +http://www.baidu.com/search/spider.html)"
220.181.108.75 - - [18/Aug/2011:02:38:43 +0000] "GET / HTTP/1.1" 200 1630 "-" "Mozilla/5.0 (compatible; Baiduspider/2.0; +http://www.baidu.com/search/spider.html)"
123.125.71.19 - - [18/Aug/2011:02:38:43 +0000] "GET / HTTP/1.1" 200 1630 "-" "Mozilla/5.0 (compatible; Baiduspider/2.0; +http://www.baidu.com/search/spider.html)"
124.115.0.163 - - [18/Aug/2011:04:05:13 +0000] "GET / HTTP/1.1" 200 993 "-" "Sosospider+(+http://help.soso.com/webspider.htm)"
119.63.196.16 - - [18/Aug/2011:04:21:39 +0000] "GET /welcome.htm HTTP/1.1" 404 471 "-" "Mozilla/5.0 (compatible; Baiduspider/2.0; +http://www.baidu.com/search/spider.html)"
123.125.71.34 - - [18/Aug/2011:04:34:56 +0000] "GET / HTTP/1.1" 200 1630 "-" "Mozilla/5.0 (compatible; Baiduspider/2.0; +http://www.baidu.com/search/spider.html)"
220.181.108.90 - - [18/Aug/2011:04:35:10 +0000] "GET / HTTP/1.1" 200 1630 "-" "Mozilla/5.0 (compatible; Baiduspider/2.0; +http://www.baidu.com/search/spider.html)"
119.63.196.83 - - [18/Aug/2011:04:46:35 +0000] "GET /robots.txt HTTP/1.1" 404 472 "-" "Baiduspider+(+http://www.baidu.com/search/spider.htm)"
38.101.148.126 - - [18/Aug/2011:05:01:00 +0000] "GET /robots.txt HTTP/1.1" 404 472 "-" "Mozilla/5.0 (compatible; discobot/1.1; +http://discoveryengine.com/discobot.html)"
96.126.105.22 - - [18/Aug/2011:05:33:40 +0000] "GET / HTTP/1.1" 200 1668 "-" "Mozilla/5.0 (Macintosh; Intel Mac OS X 10.6; rv:5.0.1) Gecko/20100101 Firefox/5.0.1"
123.125.71.24 - - [18/Aug/2011:05:35:44 +0000] "GET / HTTP/1.1" 200 1630 "-" "Mozilla/5.0 (compatible; Baiduspider/2.0; +http://www.baidu.com/search/spider.html)"
220.181.108.91 - - [18/Aug/2011:05:35:55 +0000] "GET / HTTP/1.1" 200 1630 "-" "Mozilla/5.0 (compatible; Baiduspider/2.0; +http://www.baidu.com/search/spider.html)"
96.126.105.22 - - [18/Aug/2011:05:38:19 +0000] "GET / HTTP/1.1" 200 1668 "-" "Mozilla/5.0 (Macintosh; Intel Mac OS X 10.6; rv:5.0.1) Gecko/20100101 Firefox/5.0.1"
123.125.71.28 - - [18/Aug/2011:06:36:42 +0000] "GET / HTTP/1.1" 200 1630 "-" "Mozilla/5.0 (compatible; Baiduspider/2.0; +http://www.baidu.com/search/spider.html)"
220.181.108.89 - - [18/Aug/2011:06:36:59 +0000] "GET / HTTP/1.1" 200 1630 "-" "Mozilla/5.0 (compatible; Baiduspider/2.0; +http://www.baidu.com/search/spider.html)"
220.181.108.77 - - [18/Aug/2011:09:26:31 +0000] "GET /robots.txt HTTP/1.1" 404 470 "-" "Baiduspider+(+http://www.baidu.com/search/spider.htm)"
123.125.71.13 - - [18/Aug/2011:09:37:22 +0000] "GET / HTTP/1.1" 200 1630 "-" "Mozilla/5.0 (compatible; Baiduspider/2.0; +http://www.baidu.com/search/spider.html)"
220.181.108.91 - - [18/Aug/2011:09:37:40 +0000] "GET / HTTP/1.1" 200 1630 "-" "Mozilla/5.0 (compatible; Baiduspider/2.0; +http://www.baidu.com/search/spider.html)"
123.125.71.13 - - [18/Aug/2011:10:36:21 +0000] "GET / HTTP/1.1" 200 1630 "-" "Mozilla/5.0 (compatible; Baiduspider/2.0; +http://www.baidu.com/search/spider.html)"
220.181.108.80 - - [18/Aug/2011:10:36:39 +0000] "GET / HTTP/1.1" 200 1630 "-" "Mozilla/5.0 (compatible; Baiduspider/2.0; +http://www.baidu.com/search/spider.html)"
123.125.71.13 - - [18/Aug/2011:11:36:17 +0000] "GET / HTTP/1.1" 200 1630 "-" "Mozilla/5.0 (compatible; Baiduspider/2.0; +http://www.baidu.com/search/spider.html)"
220.181.108.89 - - [18/Aug/2011:11:36:33 +0000] "GET / HTTP/1.1" 200 1630 "-" "Mozilla/5.0 (compatible; Baiduspider/2.0; +http://www.baidu.com/search/spider.html)"
38.101.148.126 - - [18/Aug/2011:11:56:23 +0000] "GET /robots.txt HTTP/1.1" 404 472 "-" "Mozilla/5.0 (compatible; discobot/1.1; +http://discoveryengine.com/discobot.html)"
124.115.0.163 - - [18/Aug/2011:12:31:02 +0000] "GET / HTTP/1.1" 200 993 "-" "Sosospider+(+http://help.soso.com/webspider.htm)"
123.125.71.16 - - [18/Aug/2011:12:35:23 +0000] "GET / HTTP/1.1" 200 1630 "-" "Mozilla/5.0 (compatible; Baiduspider/2.0; +http://www.baidu.com/search/spider.html)"
220.181.108.81 - - [18/Aug/2011:12:35:39 +0000] "GET / HTTP/1.1" 200 1630 "-" "Mozilla/5.0 (compatible; Baiduspider/2.0; +http://www.baidu.com/search/spider.html)"
123.125.71.18 - - [18/Aug/2011:13:35:49 +0000] "GET / HTTP/1.1" 200 1630 "-" "Mozilla/5.0 (compatible; Baiduspider/2.0; +http://www.baidu.com/search/spider.html)"
220.181.108.97 - - [18/Aug/2011:13:36:05 +0000] "GET / HTTP/1.1" 200 1630 "-" "Mozilla/5.0 (compatible; Baiduspider/2.0; +http://www.baidu.com/search/spider.html)"
123.125.71.29 - - [18/Aug/2011:15:37:44 +0000] "GET / HTTP/1.1" 200 1630 "-" "Mozilla/5.0 (compatible; Baiduspider/2.0; +http://www.baidu.com/search/spider.html)"
220.181.108.92 - - [18/Aug/2011:15:38:04 +0000] "GET / HTTP/1.1" 200 1630 "-" "Mozilla/5.0 (compatible; Baiduspider/2.0; +http://www.baidu.com/search/spider.html)"
123.125.71.22 - - [18/Aug/2011:15:47:34 +0000] "GET / HTTP/1.1" 200 955 "-" "Mozilla/5.0 (compatible; Baiduspider/2.0; +http://www.baidu.com/search/spider.html)"
123.125.71.22 - - [18/Aug/2011:16:45:03 +0000] "GET / HTTP/1.1" 200 1630 "-" "Mozilla/5.0 (compatible; Baiduspider/2.0; +http://www.baidu.com/search/spider.html)"
220.181.108.94 - - [18/Aug/2011:16:45:26 +0000] "GET / HTTP/1.1" 200 1630 "-" "Mozilla/5.0 (compatible; Baiduspider/2.0; +http://www.baidu.com/search/spider.html)"
69.58.178.58 - - [18/Aug/2011:17:35:04 +0000] "GET /robots.txt HTTP/1.1" 404 481 "-" "BlackBerry9000/4.6.0.167 Profile/MIDP-2.0 Configuration/CLDC-1.1 VendorID/102 ips-agent"
69.58.178.58 - - [18/Aug/2011:17:35:05 +0000] "GET / HTTP/1.1" 200 1637 "-" "Mozilla/5.0 (X11; U; Linux i686; en-US; rv:1.9.1.3; ips-agent) Gecko/20090824 Fedora/1.0.7-1.1.fc4 Firefox/3.5.3"
69.58.178.58 - - [18/Aug/2011:17:35:06 +0000] "GET / HTTP/1.1" 200 1637 "-" "BlackBerry9000/4.6.0.167 Profile/MIDP-2.0 Configuration/CLDC-1.1 VendorID/102 ips-agent"
66.249.72.200 - - [18/Aug/2011:17:50:37 +0000] "GET /robots.txt HTTP/1.1" 404 510 "-" "Mozilla/5.0 (compatible; Googlebot/2.1; +http://www.google.com/bot.html)"
66.249.72.200 - - [18/Aug/2011:17:50:37 +0000] "GET / HTTP/1.1" 304 208 "-" "Mozilla/5.0 (compatible; Googlebot/2.1; +http://www.google.com/bot.html)"
38.101.148.126 - - [18/Aug/2011:18:54:45 +0000] "GET /robots.txt HTTP/1.1" 404 472 "-" "Mozilla/5.0 (compatible; discobot/1.1; +http://discoveryengine.com/discobot.html)"
123.125.71.22 - - [18/Aug/2011:19:37:05 +0000] "GET / HTTP/1.1" 200 1630 "-" "Mozilla/5.0 (compatible; Baiduspider/2.0; +http://www.baidu.com/search/spider.html)"
220.181.108.78 - - [18/Aug/2011:19:37:23 +0000] "GET / HTTP/1.1" 200 1630 "-" "Mozilla/5.0 (compatible; Baiduspider/2.0; +http://www.baidu.com/search/spider.html)"
123.125.71.35 - - [18/Aug/2011:21:36:47 +0000] "GET / HTTP/1.1" 200 1630 "-" "Mozilla/5.0 (compatible; Baiduspider/2.0; +http://www.baidu.com/search/spider.html)"
220.181.108.83 - - [18/Aug/2011:21:37:06 +0000] "GET / HTTP/1.1" 200 1630 "-" "Mozilla/5.0 (compatible; Baiduspider/2.0; +http://www.baidu.com/search/spider.html)"
124.115.0.28 - - [18/Aug/2011:21:40:27 +0000] "GET / HTTP/1.1" 200 993 "-" "Sosospider+(+http://help.soso.com/webspider.htm)"
123.125.71.33 - - [18/Aug/2011:22:36:33 +0000] "GET / HTTP/1.1" 200 1630 "-" "Mozilla/5.0 (compatible; Baiduspider/2.0; +http://www.baidu.com/search/spider.html)"
220.181.108.77 - - [18/Aug/2011:22:36:51 +0000] "GET / HTTP/1.1" 200 1630 "-" "Mozilla/5.0 (compatible; Baiduspider/2.0; +http://www.baidu.com/search/spider.html)"
77.88.31.248 - - [18/Aug/2011:22:44:50 +0000] "GET /robots.txt HTTP/1.1" 404 533 "-" "Mozilla/5.0 (compatible; YandexBot/3.0; +http://yandex.com/bots)"
66.249.72.204 - - [18/Aug/2011:23:39:18 +0000] "GET /robots.txt HTTP/1.1" 404 508 "-" "Mozilla/5.0 (compatible; Googlebot/2.1; +http://www.google.com/bot.html)"
66.249.72.204 - - [18/Aug/2011:23:39:18 +0000] "GET /?p=1 HTTP/1.1" 304 208 "-" "Mozilla/5.0 (compatible; Googlebot/2.1; +http://www.google.com/bot.html)"
65.52.109.25 - - [19/Aug/2011:00:07:05 +0000] "GET /robots.txt HTTP/1.1" 404 534 "-" "Mozilla/5.0 (compatible; bingbot/2.0; +http://www.bing.com/bingbot.htm)"
65.52.109.25 - - [19/Aug/2011:00:08:00 +0000] "GET / HTTP/1.1" 304 209 "-" "Mozilla/5.0 (compatible; bingbot/2.0; +http://www.bing.com/bingbot.htm)"
123.125.71.17 - - [19/Aug/2011:00:36:35 +0000] "GET / HTTP/1.1" 200 1630 "-" "Mozilla/5.0 (compatible; Baiduspider/2.0; +http://www.baidu.com/search/spider.html)"
220.181.108.77 - - [19/Aug/2011:00:36:51 +0000] "GET / HTTP/1.1" 200 1630 "-" "Mozilla/5.0 (compatible; Baiduspider/2.0; +http://www.baidu.com/search/spider.html)"
124.115.6.13 - - [19/Aug/2011:00:47:19 +0000] "GET /robots.txt HTTP/1.1" 404 508 "-" "Sosospider+(+http://help.soso.com/webspider.htm)"
38.101.148.126 - - [19/Aug/2011:00:50:41 +0000] "GET /robots.txt HTTP/1.1" 404 472 "-" "Mozilla/5.0 (compatible; discobot/1.1; +http://discoveryengine.com/discobot.html)"
192.114.71.13 - - [19/Aug/2011:02:36:02 +0000] "GET / HTTP/1.1" 200 993 "-" "Mozilla/4.0 (compatible; MSIE 7.0; Windows NT 5.1; .NET CLR 1.1.4322; InfoPath.1; .NET CLR 2.0.50727)"
192.114.71.13 - - [19/Aug/2011:03:23:35 +0000] "GET / HTTP/1.1" 200 993 "-" "Mozilla/5.0 (Windows; U; Windows NT 5.1; en-US; rv:1.8.1.4) Gecko/20070515 Firefox/3.5.9"
123.125.71.22 - - [19/Aug/2011:03:38:00 +0000] "GET / HTTP/1.1" 200 1630 "-" "Mozilla/5.0 (compatible; Baiduspider/2.0; +http://www.baidu.com/search/spider.html)"
220.181.108.96 - - [19/Aug/2011:03:38:14 +0000] "GET / HTTP/1.1" 200 1630 "-" "Mozilla/5.0 (compatible; Baiduspider/2.0; +http://www.baidu.com/search/spider.html)"
192.114.71.13 - - [19/Aug/2011:03:38:35 +0000] "GET /twitter.png HTTP/1.1" 200 3230 "-" "-"
192.114.71.13 - - [19/Aug/2011:03:38:35 +0000] "GET /blogger.png HTTP/1.1" 200 2849 "-" "-"
192.114.71.13 - - [19/Aug/2011:03:39:37 +0000] "GET /blogger.png HTTP/1.1" 200 2849 "-" "-"
95.108.151.244 - - [19/Aug/2011:04:01:07 +0000] "GET /robots.txt HTTP/1.1" 404 532 "-" "Mozilla/5.0 (compatible; YandexBot/3.0; +http://yandex.com/bots)"
95.108.151.244 - - [19/Aug/2011:04:01:08 +0000] "GET / HTTP/1.1" 200 992 "-" "Mozilla/5.0 (compatible; YandexBot/3.0; +http://yandex.com/bots)"
95.108.151.244 - - [19/Aug/2011:04:01:09 +0000] "GET / HTTP/1.1" 200 992 "-" "Mozilla/5.0 (compatible; YandexBot/3.0; +http://yandex.com/bots)"
207.46.204.241 - - [19/Aug/2011:04:52:35 +0000] "GET /robots.txt HTTP/1.1" 404 537 "-" "Mozilla/5.0 (compatible; bingbot/2.0; +http://www.bing.com/bingbot.htm)"
207.46.204.241 - - [19/Aug/2011:04:56:32 +0000] "GET /?p=3 HTTP/1.1" 304 209 "-" "Mozilla/5.0 (compatible; bingbot/2.0; +http://www.bing.com/bingbot.htm)"
119.63.196.14 - - [19/Aug/2011:04:56:40 +0000] "GET /robots.txt HTTP/1.1" 404 472 "-" "Baiduspider+(+http://www.baidu.com/search/spider.htm)"
95.108.158.241 - - [19/Aug/2011:05:28:06 +0000] "GET /robots.txt HTTP/1.1" 404 533 "-" "Mozilla/5.0 (compatible; YandexImages/3.0; +http://yandex.com/bots)"
38.101.148.126 - - [19/Aug/2011:06:29:22 +0000] "GET /robots.txt HTTP/1.1" 404 472 "-" "Mozilla/5.0 (compatible; discobot/1.1; +http://discoveryengine.com/discobot.html)"
124.115.0.100 - - [19/Aug/2011:07:20:06 +0000] "GET / HTTP/1.1" 200 993 "-" "Sosospider+(+http://help.soso.com/webspider.htm)"
95.108.158.241 - - [19/Aug/2011:09:09:47 +0000] "GET /facebook.png HTTP/1.1" 304 187 "-" "Mozilla/5.0 (compatible; YandexImages/3.0; +http://yandex.com/bots)"
123.125.71.16 - - [19/Aug/2011:10:36:01 +0000] "GET / HTTP/1.1" 200 1630 "-" "Mozilla/5.0 (compatible; Baiduspider/2.0; +http://www.baidu.com/search/spider.html)"
220.181.108.95 - - [19/Aug/2011:10:36:18 +0000] "GET / HTTP/1.1" 200 1630 "-" "Mozilla/5.0 (compatible; Baiduspider/2.0; +http://www.baidu.com/search/spider.html)"
95.108.150.235 - - [19/Aug/2011:11:43:21 +0000] "GET /robots.txt HTTP/1.1" 404 533 "-" "Mozilla/5.0 (compatible; YandexBot/3.0; +http://yandex.com/bots)"
95.108.150.235 - - [19/Aug/2011:11:43:21 +0000] "GET /robots.txt HTTP/1.1" 404 537 "-" "Mozilla/5.0 (compatible; YandexBot/3.0; +http://yandex.com/bots)"
95.108.150.235 - - [19/Aug/2011:11:43:22 +0000] "GET / HTTP/1.1" 200 992 "-" "Mozilla/5.0 (compatible; YandexBot/3.0; +http://yandex.com/bots)"
95.108.150.235 - - [19/Aug/2011:11:43:22 +0000] "GET / HTTP/1.1" 200 992 "-" "Mozilla/5.0 (compatible; YandexBot/3.0; +http://yandex.com/bots)"
95.108.150.235 - - [19/Aug/2011:11:43:23 +0000] "GET / HTTP/1.1" 200 992 "-" "Mozilla/5.0 (compatible; YandexBot/3.0; +http://yandex.com/bots)"
95.108.150.235 - - [19/Aug/2011:11:43:23 +0000] "GET / HTTP/1.1" 200 992 "-" "Mozilla/5.0 (compatible; YandexBot/3.0; +http://yandex.com/bots)"
38.101.148.126 - - [19/Aug/2011:11:57:16 +0000] "GET /robots.txt HTTP/1.1" 404 472 "-" "Mozilla/5.0 (compatible; discobot/1.1; +http://discoveryengine.com/discobot.html)"
119.63.196.55 - - [19/Aug/2011:13:24:10 +0000] "GET / HTTP/1.1" 200 955 "-" "Mozilla/5.0 (compatible; Baiduspider/2.0; +http://www.baidu.com/search/spider.html)"
123.125.71.24 - - [19/Aug/2011:13:34:28 +0000] "GET / HTTP/1.1" 200 1630 "-" "Mozilla/5.0 (compatible; Baiduspider/2.0; +http://www.baidu.com/search/spider.html)"
220.181.108.96 - - [19/Aug/2011:13:34:43 +0000] "GET / HTTP/1.1" 200 1630 "-" "Mozilla/5.0 (compatible; Baiduspider/2.0; +http://www.baidu.com/search/spider.html)"
220.181.108.93 - - [19/Aug/2011:14:35:55 +0000] "GET /robots.txt HTTP/1.1" 404 470 "-" "Baiduspider+(+http://www.baidu.com/search/spider.htm)"
123.125.71.24 - - [19/Aug/2011:15:35:10 +0000] "GET / HTTP/1.1" 200 1630 "-" "Mozilla/5.0 (compatible; Baiduspider/2.0; +http://www.baidu.com/search/spider.html)"
220.181.108.81 - - [19/Aug/2011:15:35:23 +0000] "GET / HTTP/1.1" 200 1630 "-" "Mozilla/5.0 (compatible; Baiduspider/2.0; +http://www.baidu.com/search/spider.html)"
124.115.4.197 - - [19/Aug/2011:15:53:38 +0000] "GET / HTTP/1.1" 200 993 "-" "Sosospider+(+http://help.soso.com/webspider.htm)"
119.63.196.91 - - [19/Aug/2011:16:29:51 +0000] "GET /robots.txt HTTP/1.1" 404 470 "-" "Baiduspider+(+http://www.baidu.com/search/spider.htm)"
38.101.148.126 - - [19/Aug/2011:17:13:22 +0000] "GET /robots.txt HTTP/1.1" 404 472 "-" "Mozilla/5.0 (compatible; discobot/1.1; +http://discoveryengine.com/discobot.html)"
208.80.194.34 - - [19/Aug/2011:18:43:16 +0000] "GET / HTTP/1.0" 200 1630 "-" "Mozilla/4.0 (compatible; MSIE 7.0; Windows NT 5.1; SIMBAR Enabled; SIMBAR={740B2223-E17C-418d-98FD-FD190D60B756}; SIMBAR=0; .NET CLR 1.1.4322)"
123.125.71.26 - - [19/Aug/2011:19:35:41 +0000] "GET / HTTP/1.1" 200 1630 "-" "Mozilla/5.0 (compatible; Baiduspider/2.0; +http://www.baidu.com/search/spider.html)"
220.181.108.91 - - [19/Aug/2011:19:35:57 +0000] "GET / HTTP/1.1" 200 1630 "-" "Mozilla/5.0 (compatible; Baiduspider/2.0; +http://www.baidu.com/search/spider.html)"
66.55.138.243 - - [19/Aug/2011:19:41:31 +0000] "GET / HTTP/1.1" 200 993 "http://www.trafficfaker.com" "Mozilla/5.0 (Windows; U; Windows NT 6.1; en-US; rv:1.9.2.3) Gecko/20100401 Firefox/3.6.3"
192.114.71.13 - - [19/Aug/2011:20:25:30 +0000] "GET / HTTP/1.1" 200 993 "-" "Mozilla/5.0 (Windows; U; Windows NT 5.1; en-US; rv:1.8.1.4) Gecko/20070515 Firefox/3.5.9"
192.114.71.13 - - [19/Aug/2011:20:54:27 +0000] "GET /twitter.png HTTP/1.1" 200 3230 "-" "-"
192.114.71.13 - - [19/Aug/2011:20:54:28 +0000] "GET /blogger.png HTTP/1.1" 200 2849 "-" "-"
74.52.245.146 - - [19/Aug/2011:21:26:03 +0000] "GET / HTTP/1.0" 200 1630 "-" "Mozilla/5.0 (X11; U; Linux i686; en-US; rv:1.7.5) Gecko/20041107 Firefox/1.0"
123.125.71.15 - - [19/Aug/2011:21:35:23 +0000] "GET / HTTP/1.1" 200 1630 "-" "Mozilla/5.0 (compatible; Baiduspider/2.0; +http://www.baidu.com/search/spider.html)"
220.181.108.84 - - [19/Aug/2011:21:35:40 +0000] "GET / HTTP/1.1" 200 1630 "-" "Mozilla/5.0 (compatible; Baiduspider/2.0; +http://www.baidu.com/search/spider.html)"
124.115.0.28 - - [19/Aug/2011:22:00:16 +0000] "GET / HTTP/1.1" 200 993 "-" "Sosospider+(+http://help.soso.com/webspider.htm)"
81.52.143.16 - - [19/Aug/2011:22:49:41 +0000] "GET / HTTP/1.1" 200 955 "-" "Mozilla/5.0 (Windows; U; Windows NT 5.1; fr; rv:1.8.1) VoilaBot BETA 1.2 (support.voilabot@orange-ftgroup.com)"
38.101.148.126 - - [19/Aug/2011:23:13:39 +0000] "GET /robots.txt HTTP/1.1" 404 472 "-" "Mozilla/5.0 (compatible; discobot/1.1; +http://discoveryengine.com/discobot.html)"
123.125.71.20 - - [19/Aug/2011:23:34:57 +0000] "GET / HTTP/1.1" 200 1630 "-" "Mozilla/5.0 (compatible; Baiduspider/2.0; +http://www.baidu.com/search/spider.html)"
220.181.108.76 - - [19/Aug/2011:23:35:12 +0000] "GET / HTTP/1.1" 200 1630 "-" "Mozilla/5.0 (compatible; Baiduspider/2.0; +http://www.baidu.com/search/spider.html)"
220.181.108.81 - - [20/Aug/2011:02:34:05 +0000] "GET /robots.txt HTTP/1.1" 404 470 "-" "Baiduspider+(+http://www.baidu.com/search/spider.htm)"
123.125.71.12 - - [20/Aug/2011:02:50:48 +0000] "GET / HTTP/1.1" 200 955 "-" "Mozilla/5.0 (compatible; Baiduspider/2.0; +http://www.baidu.com/search/spider.html)"
77.88.31.248 - - [20/Aug/2011:04:14:29 +0000] "GET /robots.txt HTTP/1.1" 404 533 "-" "Mozilla/5.0 (compatible; YandexBot/3.0; +http://yandex.com/bots)"
38.101.148.126 - - [20/Aug/2011:04:49:16 +0000] "GET /robots.txt HTTP/1.1" 404 472 "-" "Mozilla/5.0 (compatible; discobot/1.1; +http://discoveryengine.com/discobot.html)"
66.249.72.135 - - [20/Aug/2011:05:24:24 +0000] "GET /robots.txt HTTP/1.1" 404 509 "-" "Mozilla/5.0 (compatible; Googlebot/2.1; +http://www.google.com/bot.html)"
66.249.72.135 - - [20/Aug/2011:05:24:24 +0000] "GET / HTTP/1.1" 304 208 "-" "Mozilla/5.0 (compatible; Googlebot/2.1; +http://www.google.com/bot.html)"
123.125.71.34 - - [20/Aug/2011:05:33:49 +0000] "GET / HTTP/1.1" 200 1630 "-" "Mozilla/5.0 (compatible; Baiduspider/2.0; +http://www.baidu.com/search/spider.html)"
220.181.108.83 - - [20/Aug/2011:05:34:01 +0000] "GET / HTTP/1.1" 200 1630 "-" "Mozilla/5.0 (compatible; Baiduspider/2.0; +http://www.baidu.com/search/spider.html)"
123.125.71.33 - - [20/Aug/2011:06:35:08 +0000] "GET / HTTP/1.1" 200 1630 "-" "Mozilla/5.0 (compatible; Baiduspider/2.0; +http://www.baidu.com/search/spider.html)"
220.181.108.94 - - [20/Aug/2011:06:35:24 +0000] "GET / HTTP/1.1" 200 1630 "-" "Mozilla/5.0 (compatible; Baiduspider/2.0; +http://www.baidu.com/search/spider.html)"
124.115.4.197 - - [20/Aug/2011:06:46:16 +0000] "GET / HTTP/1.1" 200 993 "-" "Sosospider+(+http://help.soso.com/webspider.htm)"
123.125.71.35 - - [20/Aug/2011:09:36:04 +0000] "GET / HTTP/1.1" 200 1630 "-" "Mozilla/5.0 (compatible; Baiduspider/2.0; +http://www.baidu.com/search/spider.html)"
220.181.108.92 - - [20/Aug/2011:09:36:19 +0000] "GET / HTTP/1.1" 200 1630 "-" "Mozilla/5.0 (compatible; Baiduspider/2.0; +http://www.baidu.com/search/spider.html)"
38.101.148.126 - - [20/Aug/2011:10:03:32 +0000] "GET /robots.txt HTTP/1.1" 404 472 "-" "Mozilla/5.0 (compatible; discobot/1.1; +http://discoveryengine.com/discobot.html)"
74.52.245.146 - - [20/Aug/2011:10:18:03 +0000] "GET / HTTP/1.0" 200 1630 "-" "Mozilla/5.0 (X11; U; Linux i686; en-US; rv:1.7.5) Gecko/20041107 Firefox/1.0"
74.52.245.146 - - [20/Aug/2011:10:23:18 +0000] "GET / HTTP/1.0" 200 1630 "-" "Mozilla/5.0 (X11; U; Linux i686; en-US; rv:1.7.5) Gecko/20041107 Firefox/1.0"
220.181.108.78 - - [20/Aug/2011:11:35:26 +0000] "GET / HTTP/1.1" 200 1630 "-" "Mozilla/5.0 (compatible; Baiduspider/2.0; +http://www.baidu.com/search/spider.html)"
123.125.71.15 - - [20/Aug/2011:11:37:19 +0000] "GET / HTTP/1.1" 200 1630 "-" "Mozilla/5.0 (compatible; Baiduspider/2.0; +http://www.baidu.com/search/spider.html)"
119.63.196.10 - - [20/Aug/2011:11:58:17 +0000] "GET /robots.txt HTTP/1.1" 404 472 "-" "Baiduspider+(+http://www.baidu.com/search/spider.htm)"
77.88.31.248 - - [20/Aug/2011:12:15:19 +0000] "GET / HTTP/1.1" 200 993 "-" "Mozilla/5.0 (compatible; YandexBot/3.0; +http://yandex.com/bots)"
123.125.71.20 - - [20/Aug/2011:12:34:43 +0000] "GET / HTTP/1.1" 200 1630 "-" "Mozilla/5.0 (compatible; Baiduspider/2.0; +http://www.baidu.com/search/spider.html)"
220.181.108.78 - - [20/Aug/2011:12:34:46 +0000] "GET / HTTP/1.1" 200 1630 "-" "Mozilla/5.0 (compatible; Baiduspider/2.0; +http://www.baidu.com/search/spider.html)"
124.115.0.163 - - [20/Aug/2011:13:06:00 +0000] "GET / HTTP/1.1" 200 993 "-" "Sosospider+(+http://help.soso.com/webspider.htm)"
62.231.141.193 - - [20/Aug/2011:13:28:09 +0000] "GET /robots.txt HTTP/1.0" 404 499 "-" "Mozilla/5.0 (compatible; MJ12bot/v1.4.0; http://www.majestic12.co.uk/bot.php?+)"
62.231.141.193 - - [20/Aug/2011:13:28:10 +0000] "GET / HTTP/1.0" 200 955 "-" "Mozilla/5.0 (compatible; MJ12bot/v1.4.0; http://www.majestic12.co.uk/bot.php?+)"
123.125.71.17 - - [20/Aug/2011:13:34:28 +0000] "GET / HTTP/1.1" 200 1630 "-" "Mozilla/5.0 (compatible; Baiduspider/2.0; +http://www.baidu.com/search/spider.html)"
220.181.108.76 - - [20/Aug/2011:13:34:44 +0000] "GET / HTTP/1.1" 200 1630 "-" "Mozilla/5.0 (compatible; Baiduspider/2.0; +http://www.baidu.com/search/spider.html)"
123.125.71.29 - - [20/Aug/2011:14:36:42 +0000] "GET / HTTP/1.1" 200 1630 "-" "Mozilla/5.0 (compatible; Baiduspider/2.0; +http://www.baidu.com/search/spider.html)"
220.181.108.95 - - [20/Aug/2011:14:37:01 +0000] "GET / HTTP/1.1" 200 1630 "-" "Mozilla/5.0 (compatible; Baiduspider/2.0; +http://www.baidu.com/search/spider.html)"
124.115.6.13 - - [20/Aug/2011:14:39:00 +0000] "GET /robots.txt HTTP/1.1" 404 508 "-" "Sosospider+(+http://help.soso.com/webspider.htm)"
38.101.148.126 - - [20/Aug/2011:15:25:04 +0000] "GET /robots.txt HTTP/1.1" 404 472 "-" "Mozilla/5.0 (compatible; discobot/1.1; +http://discoveryengine.com/discobot.html)"
66.249.72.204 - - [20/Aug/2011:17:00:35 +0000] "GET /robots.txt HTTP/1.1" 404 508 "-" "Mozilla/5.0 (compatible; Googlebot/2.1; +http://www.google.com/bot.html)"
66.249.72.204 - - [20/Aug/2011:17:00:35 +0000] "GET /?cat=1 HTTP/1.1" 304 208 "-" "Mozilla/5.0 (compatible; Googlebot/2.1; +http://www.google.com/bot.html)"
123.125.71.34 - - [20/Aug/2011:17:36:27 +0000] "GET / HTTP/1.1" 200 1630 "-" "Mozilla/5.0 (compatible; Baiduspider/2.0; +http://www.baidu.com/search/spider.html)"
220.181.108.84 - - [20/Aug/2011:17:36:33 +0000] "GET / HTTP/1.1" 200 1630 "-" "Mozilla/5.0 (compatible; Baiduspider/2.0; +http://www.baidu.com/search/spider.html)"
123.125.71.19 - - [20/Aug/2011:19:35:59 +0000] "GET / HTTP/1.1" 200 1630 "-" "Mozilla/5.0 (compatible; Baiduspider/2.0; +http://www.baidu.com/search/spider.html)"
220.181.108.93 - - [20/Aug/2011:19:36:16 +0000] "GET / HTTP/1.1" 200 1630 "-" "Mozilla/5.0 (compatible; Baiduspider/2.0; +http://www.baidu.com/search/spider.html)"
123.125.71.16 - - [20/Aug/2011:20:36:03 +0000] "GET / HTTP/1.1" 200 1630 "-" "Mozilla/5.0 (compatible; Baiduspider/2.0; +http://www.baidu.com/search/spider.html)"
220.181.108.78 - - [20/Aug/2011:20:36:21 +0000] "GET / HTTP/1.1" 200 1630 "-" "Mozilla/5.0 (compatible; Baiduspider/2.0; +http://www.baidu.com/search/spider.html)"
38.101.148.126 - - [20/Aug/2011:20:49:51 +0000] "GET /robots.txt HTTP/1.1" 404 472 "-" "Mozilla/5.0 (compatible; discobot/1.1; +http://discoveryengine.com/discobot.html)"
123.125.71.17 - - [20/Aug/2011:21:14:53 +0000] "GET / HTTP/1.1" 200 955 "-" "Mozilla/5.0 (compatible; Baiduspider/2.0; +http://www.baidu.com/search/spider.html)"
123.125.71.32 - - [20/Aug/2011:21:36:22 +0000] "GET / HTTP/1.1" 200 1630 "-" "Mozilla/5.0 (compatible; Baiduspider/2.0; +http://www.baidu.com/search/spider.html)"
220.181.108.87 - - [20/Aug/2011:21:36:40 +0000] "GET / HTTP/1.1" 200 1630 "-" "Mozilla/5.0 (compatible; Baiduspider/2.0; +http://www.baidu.com/search/spider.html)"
66.249.72.204 - - [20/Aug/2011:22:49:54 +0000] "GET /?p=3 HTTP/1.1" 304 209 "-" "Mozilla/5.0 (compatible; Googlebot/2.1; +http://www.google.com/bot.html)"
124.115.4.197 - - [20/Aug/2011:22:53:28 +0000] "GET / HTTP/1.1" 200 993 "-" "Sosospider+(+http://help.soso.com/webspider.htm)"
65.52.110.190 - - [20/Aug/2011:23:24:42 +0000] "GET /robots.txt HTTP/1.1" 404 537 "-" "Mozilla/5.0 (compatible; bingbot/2.0; +http://www.bing.com/bingbot.htm)"
65.52.110.190 - - [20/Aug/2011:23:27:57 +0000] "GET /?p=1 HTTP/1.1" 304 209 "-" "Mozilla/5.0 (compatible; bingbot/2.0; +http://www.bing.com/bingbot.htm)"
119.63.196.51 - - [21/Aug/2011:00:05:16 +0000] "GET /robots.txt HTTP/1.1" 404 472 "-" "Baiduspider+(+http://www.baidu.com/search/spider.htm)"
123.125.71.29 - - [21/Aug/2011:00:35:26 +0000] "GET / HTTP/1.1" 200 1630 "-" "Mozilla/5.0 (compatible; Baiduspider/2.0; +http://www.baidu.com/search/spider.html)"
220.181.108.93 - - [21/Aug/2011:00:35:41 +0000] "GET / HTTP/1.1" 200 1630 "-" "Mozilla/5.0 (compatible; Baiduspider/2.0; +http://www.baidu.com/search/spider.html)"
123.125.71.19 - - [21/Aug/2011:01:35:53 +0000] "GET / HTTP/1.1" 200 1630 "-" "Mozilla/5.0 (compatible; Baiduspider/2.0; +http://www.baidu.com/search/spider.html)"
220.181.108.90 - - [21/Aug/2011:01:36:09 +0000] "GET / HTTP/1.1" 200 1630 "-" "Mozilla/5.0 (compatible; Baiduspider/2.0; +http://www.baidu.com/search/spider.html)"
38.101.148.126 - - [21/Aug/2011:02:07:17 +0000] "GET /robots.txt HTTP/1.1" 404 472 "-" "Mozilla/5.0 (compatible; discobot/1.1; +http://discoveryengine.com/discobot.html)"
123.125.71.36 - - [21/Aug/2011:03:36:42 +0000] "GET / HTTP/1.1" 200 1630 "-" "Mozilla/5.0 (compatible; Baiduspider/2.0; +http://www.baidu.com/search/spider.html)"
220.181.108.91 - - [21/Aug/2011:03:37:01 +0000] "GET / HTTP/1.1" 200 1630 "-" "Mozilla/5.0 (compatible; Baiduspider/2.0; +http://www.baidu.com/search/spider.html)"
124.115.0.163 - - [21/Aug/2011:04:19:01 +0000] "GET / HTTP/1.1" 200 993 "-" "Sosospider+(+http://help.soso.com/webspider.htm)"
123.125.71.24 - - [21/Aug/2011:05:35:14 +0000] "GET / HTTP/1.1" 200 1630 "-" "Mozilla/5.0 (compatible; Baiduspider/2.0; +http://www.baidu.com/search/spider.html)"
