70.180.119.247 - - [19/Jan/2011:04:54:44 +0000] "GET /favicon.ico HTTP/1.1" 404 503 "-" "Mozilla/5.0 (X11; U; Linux x86_64; en-US) AppleWebKit/534.10 (KHTML, like Gecko) Chrome/8.0.552.237 Safari/534.10"
70.180.119.247 - - [19/Jan/2011:04:54:44 +0000] "GET /favicon.ico HTTP/1.1" 404 503 "-" "Mozilla/5.0 (X11; U; Linux x86_64; en-US) AppleWebKit/534.10 (KHTML, like Gecko) Chrome/8.0.552.237 Safari/534.10"
208.115.138.254 - - [19/Jan/2011:20:21:58 +0000] "GET /movies/features_blu-ray.txt HTTP/1.1" 200 4639 "-" "Mozilla/4.0 (compatible; MSIE 7.0; Windows NT 5.1; InfoPath.1; .NET CLR 2.0.50727; .NET CLR 1.1.4322; MS-RTC LM 8; .NET CLR 3.0.4506.2152; .NET CLR 3.5.30729)"
69.74.233.66 - - [19/Jan/2011:20:21:58 +0000] "GET /favicon.ico HTTP/1.1" 404 504 "-" "Mozilla/5.0 (Windows; U; Windows NT 6.1; en-US) AppleWebKit/534.10 (KHTML, like Gecko) Chrome/8.0.552.237 Safari/534.10"
69.17.126.188 - - [19/Jan/2011:20:56:17 +0000] "GET /favicon.ico HTTP/1.1" 404 504 "-" "Mozilla/5.0 (Windows; U; Windows NT 6.1; en-US) AppleWebKit/534.10 (KHTML, like Gecko) Chrome/8.0.552.237 Safari/534.10"
69.74.233.66 - - [19/Jan/2011:22:14:20 +0000] "GET /favicon.ico HTTP/1.1" 404 504 "-" "Mozilla/5.0 (Windows; U; Windows NT 6.1; en-US) AppleWebKit/534.10 (KHTML, like Gecko) Chrome/8.0.552.237 Safari/534.10"
69.74.233.66 - - [19/Jan/2011:22:58:30 +0000] "GET /movies/features_blu-ray.txt HTTP/1.1" 200 2493 "-" "Mozilla/4.0 (compatible;)"
70.180.119.247 - - [20/Jan/2011:03:48:50 +0000] "GET /movies/features_blu-ray.txt HTTP/1.1" 200 2503 "-" "Mozilla/5.0 (X11; U; Linux x86_64; en-US) AppleWebKit/534.10 (KHTML, like Gecko) Chrome/8.0.552.237 Safari/534.10"
70.180.119.247 - - [20/Jan/2011:03:48:50 +0000] "GET /favicon.ico HTTP/1.1" 404 503 "-" "Mozilla/5.0 (X11; U; Linux x86_64; en-US) AppleWebKit/534.10 (KHTML, like Gecko) Chrome/8.0.552.237 Safari/534.10"
208.115.138.254 - - [20/Jan/2011:16:44:22 +0000] "GET /movies/features_blu-ray.txt HTTP/1.1" 200 4658 "-" "Mozilla/4.0 (compatible; MSIE 7.0; Windows NT 5.1; InfoPath.1; .NET CLR 2.0.50727; .NET CLR 1.1.4322; MS-RTC LM 8; .NET CLR 3.0.4506.2152; .NET CLR 3.5.30729)"
69.74.233.66 - - [20/Jan/2011:16:44:23 +0000] "GET /favicon.ico HTTP/1.1" 404 504 "-" "Mozilla/5.0 (Windows; U; Windows NT 6.1; en-US) AppleWebKit/534.10 (KHTML, like Gecko) Chrome/8.0.552.237 Safari/534.10"
69.74.233.66 - - [20/Jan/2011:16:44:27 +0000] "GET /movies/features_blu-ray.txt HTTP/1.1" 200 2502 "-" "Mozilla/5.0 (Windows; U; Windows NT 6.1; en-US) AppleWebKit/534.10 (KHTML, like Gecko) Chrome/8.0.552.237 Safari/534.10"
69.74.233.66 - - [20/Jan/2011:16:44:28 +0000] "GET /favicon.ico HTTP/1.1" 404 503 "-" "Mozilla/5.0 (Windows; U; Windows NT 6.1; en-US) AppleWebKit/534.10 (KHTML, like Gecko) Chrome/8.0.552.237 Safari/534.10"
70.180.119.247 - - [21/Jan/2011:04:39:19 +0000] "GET /movies HTTP/1.1" 301 557 "-" "Mozilla/5.0 (iPhone; U; CPU iPhone OS 4_2_1 like Mac OS X; en-us) AppleWebKit/533.17.9 (KHTML, like Gecko) Version/5.0.2 Mobile/8C148 Safari/6533.18.5"
70.180.119.247 - - [21/Jan/2011:04:39:19 +0000] "GET /movies/ HTTP/1.1" 200 792 "-" "Mozilla/5.0 (iPhone; U; CPU iPhone OS 4_2_1 like Mac OS X; en-us) AppleWebKit/533.17.9 (KHTML, like Gecko) Version/5.0.2 Mobile/8C148 Safari/6533.18.5"
70.180.119.247 - - [21/Jan/2011:04:39:19 +0000] "GET /icons/blank.gif HTTP/1.1" 200 439 "http://cafink.name/movies/" "Mozilla/5.0 (iPhone; U; CPU iPhone OS 4_2_1 like Mac OS X; en-us) AppleWebKit/533.17.9 (KHTML, like Gecko) Version/5.0.2 Mobile/8C148 Safari/6533.18.5"
70.180.119.247 - - [21/Jan/2011:04:39:20 +0000] "GET /icons/back.gif HTTP/1.1" 200 508 "http://cafink.name/movies/" "Mozilla/5.0 (iPhone; U; CPU iPhone OS 4_2_1 like Mac OS X; en-us) AppleWebKit/533.17.9 (KHTML, like Gecko) Version/5.0.2 Mobile/8C148 Safari/6533.18.5"
70.180.119.247 - - [21/Jan/2011:04:39:20 +0000] "GET /icons/text.gif HTTP/1.1" 200 521 "http://cafink.name/movies/" "Mozilla/5.0 (iPhone; U; CPU iPhone OS 4_2_1 like Mac OS X; en-us) AppleWebKit/533.17.9 (KHTML, like Gecko) Version/5.0.2 Mobile/8C148 Safari/6533.18.5"
70.180.119.247 - - [21/Jan/2011:04:39:24 +0000] "GET /movies/features_dvd.txt HTTP/1.1" 200 7263 "http://cafink.name/movies/" "Mozilla/5.0 (iPhone; U; CPU iPhone OS 4_2_1 like Mac OS X; en-us) AppleWebKit/533.17.9 (KHTML, like Gecko) Version/5.0.2 Mobile/8C148 Safari/6533.18.5"
64.16.187.50 - - [21/Jan/2011:14:28:03 +0000] "GET /movies/features_blu-ray.txt HTTP/1.1" 304 211 "-" "Mozilla/5.0 (Windows; U; Windows NT 6.1; en-US) AppleWebKit/534.10 (KHTML, like Gecko) Chrome/8.0.552.237 Safari/534.10"
64.16.187.50 - - [21/Jan/2011:14:28:03 +0000] "GET /favicon.ico HTTP/1.1" 404 503 "-" "Mozilla/5.0 (Windows; U; Windows NT 6.1; en-US) AppleWebKit/534.10 (KHTML, like Gecko) Chrome/8.0.552.237 Safari/534.10"
208.115.138.254 - - [21/Jan/2011:19:15:59 +0000] "GET /movies/features_blu-ray.txt HTTP/1.1" 200 4658 "-" "Mozilla/4.0 (compatible; MSIE 7.0; Windows NT 5.1; InfoPath.1; .NET CLR 2.0.50727; .NET CLR 1.1.4322; MS-RTC LM 8; .NET CLR 3.0.4506.2152; .NET CLR 3.5.30729)"
69.74.233.66 - - [21/Jan/2011:19:15:59 +0000] "GET /movies/features_blu-ray.txt HTTP/1.1" 304 211 "-" "Mozilla/5.0 (Windows; U; Windows NT 6.1; en-US) AppleWebKit/534.10 (KHTML, like Gecko) Chrome/8.0.552.237 Safari/534.10"
69.74.233.66 - - [21/Jan/2011:19:16:00 +0000] "GET /favicon.ico HTTP/1.1" 404 503 "-" "Mozilla/5.0 (Windows; U; Windows NT 6.1; en-US) AppleWebKit/534.10 (KHTML, like Gecko) Chrome/8.0.552.237 Safari/534.10"
69.74.233.66 - - [21/Jan/2011:19:16:20 +0000] "GET /favicon.ico HTTP/1.1" 404 504 "-" "Mozilla/5.0 (Windows; U; Windows NT 6.1; en-US) AppleWebKit/534.10 (KHTML, like Gecko) Chrome/8.0.552.237 Safari/534.10"
208.115.138.254 - - [21/Jan/2011:19:53:36 +0000] "GET /cs10 HTTP/1.1" 301 594 "-" "Mozilla/4.0 (compatible; MSIE 7.0; Windows NT 5.1; InfoPath.1; .NET CLR 2.0.50727; .NET CLR 1.1.4322; MS-RTC LM 8; .NET CLR 3.0.4506.2152; .NET CLR 3.5.30729)"
208.115.138.254 - - [21/Jan/2011:19:53:36 +0000] "GET /cs10/ HTTP/1.1" 200 1079 "-" "Mozilla/4.0 (compatible; MSIE 7.0; Windows NT 5.1; InfoPath.1; .NET CLR 2.0.50727; .NET CLR 1.1.4322; MS-RTC LM 8; .NET CLR 3.0.4506.2152; .NET CLR 3.5.30729)"
69.74.233.66 - - [21/Jan/2011:19:53:36 +0000] "GET /cs10/ HTTP/1.1" 200 806 "-" "Mozilla/5.0 (Windows; U; Windows NT 6.1; en-US) AppleWebKit/534.10 (KHTML, like Gecko) Chrome/8.0.552.237 Safari/534.10"
69.74.233.66 - - [21/Jan/2011:19:53:36 +0000] "GET /favicon.ico HTTP/1.1" 404 503 "-" "Mozilla/5.0 (Windows; U; Windows NT 6.1; en-US) AppleWebKit/534.10 (KHTML, like Gecko) Chrome/8.0.552.237 Safari/534.10"
69.74.233.66 - - [21/Jan/2011:19:55:36 +0000] "GET /favicon.ico HTTP/1.1" 404 504 "-" "Mozilla/5.0 (Windows; U; Windows NT 6.1; en-US) AppleWebKit/534.10 (KHTML, like Gecko) Chrome/8.0.552.237 Safari/534.10"
69.74.233.66 - - [21/Jan/2011:19:55:35 +0000] "GET /cs10/cs10.mp3 HTTP/1.1" 200 10617613 "http://cafink.name/cs10/" "Mozilla/5.0 (Windows; U; Windows NT 6.1; en-US) AppleWebKit/534.10 (KHTML, like Gecko) Chrome/8.0.552.237 Safari/534.10"
69.74.233.66 - - [21/Jan/2011:19:57:02 +0000] "GET /favicon.ico HTTP/1.1" 404 504 "-" "Mozilla/5.0 (Windows; U; Windows NT 6.1; en-US) AppleWebKit/534.10 (KHTML, like Gecko) Chrome/8.0.552.237 Safari/534.10"
69.74.233.66 - - [21/Jan/2011:19:59:35 +0000] "GET /favicon.ico HTTP/1.1" 404 504 "-" "Mozilla/5.0 (Windows; U; Windows NT 6.1; en-US) AppleWebKit/534.10 (KHTML, like Gecko) Chrome/8.0.552.237 Safari/534.10"
69.74.233.66 - - [22/Jan/2011:18:34:59 +0000] "GET /movies/features_blu-ray.txt HTTP/1.1" 304 211 "-" "Mozilla/4.0 (compatible;)"
64.246.165.170 - - [23/Jan/2011:13:05:52 +0000] "GET /robots.txt HTTP/1.0" 404 492 "-" "Mozilla/5.0 (Windows; U; Windows NT 5.1; en; rv:1.9.0.13) Gecko/2009073022 Firefox/3.5.2 (.NET CLR 3.5.30729) SurveyBot/2.3 (DomainTools)"
64.246.165.170 - - [23/Jan/2011:13:05:52 +0000] "GET / HTTP/1.1" 200 955 "http://whois.domaintools.com/cafink.name" "Mozilla/5.0 (Windows; U; Windows NT 5.1; en; rv:1.9.0.13) Gecko/2009073022 Firefox/3.5.2 (.NET CLR 3.5.30729) SurveyBot/2.3 (DomainTools)"
216.145.11.94 - - [23/Jan/2011:14:23:25 +0000] "GET /robots.txt HTTP/1.0" 404 494 "-" "Mozilla/5.0 (Windows; U; Windows NT 5.1; en; rv:1.9.0.13) Gecko/2009073022 Firefox/3.5.2 (.NET CLR 3.5.30729) SurveyBot/2.3 (DomainTools)"
216.145.11.94 - - [23/Jan/2011:14:23:25 +0000] "GET / HTTP/1.1" 200 955 "http://whois.domaintools.com/carlfink.name" "Mozilla/5.0 (Windows; U; Windows NT 5.1; en; rv:1.9.0.13) Gecko/2009073022 Firefox/3.5.2 (.NET CLR 3.5.30729) SurveyBot/2.3 (DomainTools)"
216.145.5.42 - - [23/Jan/2011:14:28:47 +0000] "GET /robots.txt HTTP/1.0" 404 495 "-" "Mozilla/5.0 (Windows; U; Windows NT 5.1; en; rv:1.9.0.13) Gecko/2009073022 Firefox/3.5.2 (.NET CLR 3.5.30729) SurveyBot/2.3 (DomainTools)"
216.145.5.42 - - [23/Jan/2011:14:28:47 +0000] "GET / HTTP/1.1" 200 955 "http://whois.domaintools.com/carl-fink.name" "Mozilla/5.0 (Windows; U; Windows NT 5.1; en; rv:1.9.0.13) Gecko/2009073022 Firefox/3.5.2 (.NET CLR 3.5.30729) SurveyBot/2.3 (DomainTools)"
72.44.40.54 - - [23/Jan/2011:17:21:59 +0000] "HEAD / HTTP/1.1" 200 276 "http://www.netcraft.com/survey/" "Mozilla/4.0 (compatible; Netcraft Web Server Survey)"
50.16.156.164 - - [23/Jan/2011:17:38:11 +0000] "HEAD / HTTP/1.1" 200 276 "http://www.netcraft.com/survey/" "Mozilla/4.0 (compatible; Netcraft Web Server Survey)"
69.74.233.66 - - [23/Jan/2011:20:51:11 +0000] "GET /movies/features_blu-ray.txt HTTP/1.1" 304 211 "-" "Mozilla/4.0 (compatible;)"
70.180.119.247 - - [24/Jan/2011:03:01:13 +0000] "GET /movies/features_blu-ray.txt HTTP/1.1" 200 2553 "-" "Mozilla/5.0 (X11; U; Linux x86_64; en-US) AppleWebKit/534.10 (KHTML, like Gecko) Chrome/8.0.552.237 Safari/534.10"
70.180.119.247 - - [24/Jan/2011:03:01:13 +0000] "GET /favicon.ico HTTP/1.1" 404 503 "-" "Mozilla/5.0 (X11; U; Linux x86_64; en-US) AppleWebKit/534.10 (KHTML, like Gecko) Chrome/8.0.552.237 Safari/534.10"
208.115.138.254 - - [24/Jan/2011:17:43:07 +0000] "GET /movies/features_blu-ray.txt HTTP/1.1" 200 4749 "-" "Mozilla/4.0 (compatible; MSIE 7.0; Windows NT 5.1; InfoPath.1; .NET CLR 2.0.50727; .NET CLR 1.1.4322; MS-RTC LM 8; .NET CLR 3.0.4506.2152; .NET CLR 3.5.30729)"
69.74.233.66 - - [24/Jan/2011:17:43:08 +0000] "GET /favicon.ico HTTP/1.1" 404 504 "-" "Mozilla/5.0 (Windows; U; Windows NT 6.1; en-US) AppleWebKit/534.10 (KHTML, like Gecko) Chrome/8.0.552.237 Safari/534.10"
69.74.233.66 - - [24/Jan/2011:17:43:10 +0000] "GET /movies/features_blu-ray.txt HTTP/1.1" 200 2552 "-" "Mozilla/5.0 (Windows; U; Windows NT 6.1; en-US) AppleWebKit/534.10 (KHTML, like Gecko) Chrome/8.0.552.237 Safari/534.10"
69.74.233.66 - - [24/Jan/2011:17:43:11 +0000] "GET /favicon.ico HTTP/1.1" 404 503 "-" "Mozilla/5.0 (Windows; U; Windows NT 6.1; en-US) AppleWebKit/534.10 (KHTML, like Gecko) Chrome/8.0.552.237 Safari/534.10"
70.180.119.247 - - [25/Jan/2011:04:25:02 +0000] "GET /movies HTTP/1.1" 301 557 "-" "Mozilla/5.0 (X11; U; Linux x86_64; en-US) AppleWebKit/534.10 (KHTML, like Gecko) Chrome/8.0.552.237 Safari/534.10"
70.180.119.247 - - [25/Jan/2011:04:25:02 +0000] "GET /movies/ HTTP/1.1" 200 794 "-" "Mozilla/5.0 (X11; U; Linux x86_64; en-US) AppleWebKit/534.10 (KHTML, like Gecko) Chrome/8.0.552.237 Safari/534.10"
70.180.119.247 - - [25/Jan/2011:04:25:02 +0000] "GET /icons/blank.gif HTTP/1.1" 200 439 "http://cafink.name/movies/" "Mozilla/5.0 (X11; U; Linux x86_64; en-US) AppleWebKit/534.10 (KHTML, like Gecko) Chrome/8.0.552.237 Safari/534.10"
70.180.119.247 - - [25/Jan/2011:04:25:02 +0000] "GET /icons/back.gif HTTP/1.1" 200 507 "http://cafink.name/movies/" "Mozilla/5.0 (X11; U; Linux x86_64; en-US) AppleWebKit/534.10 (KHTML, like Gecko) Chrome/8.0.552.237 Safari/534.10"
70.180.119.247 - - [25/Jan/2011:04:25:02 +0000] "GET /icons/text.gif HTTP/1.1" 200 521 "http://cafink.name/movies/" "Mozilla/5.0 (X11; U; Linux x86_64; en-US) AppleWebKit/534.10 (KHTML, like Gecko) Chrome/8.0.552.237 Safari/534.10"
70.180.119.247 - - [25/Jan/2011:04:25:02 +0000] "GET /favicon.ico HTTP/1.1" 404 503 "-" "Mozilla/5.0 (X11; U; Linux x86_64; en-US) AppleWebKit/534.10 (KHTML, like Gecko) Chrome/8.0.552.237 Safari/534.10"
70.180.119.247 - - [25/Jan/2011:04:25:04 +0000] "GET /movies/features_blu-ray.txt HTTP/1.1" 304 210 "http://cafink.name/movies/" "Mozilla/5.0 (X11; U; Linux x86_64; en-US) AppleWebKit/534.10 (KHTML, like Gecko) Chrome/8.0.552.237 Safari/534.10"
70.180.119.247 - - [25/Jan/2011:04:25:04 +0000] "GET /favicon.ico HTTP/1.1" 404 503 "-" "Mozilla/5.0 (X11; U; Linux x86_64; en-US) AppleWebKit/534.10 (KHTML, like Gecko) Chrome/8.0.552.237 Safari/534.10"
50.16.153.7 - - [25/Jan/2011:22:37:46 +0000] "GET / HTTP/1.0" 200 1630 "-" "Mozilla/5.0 (compatible; NetcraftSurveyAgent/1.0; +info@netcraft.com)"
50.16.9.68 - - [26/Jan/2011:01:35:58 +0000] "GET / HTTP/1.0" 200 1630 "-" "Mozilla/5.0 (compatible; NetcraftSurveyAgent/1.0; +info@netcraft.com)"
50.16.120.98 - - [26/Jan/2011:03:23:10 +0000] "GET / HTTP/1.0" 200 1630 "-" "Mozilla/5.0 (compatible; NetcraftSurveyAgent/1.0; +info@netcraft.com)"
70.180.119.247 - - [26/Jan/2011:04:59:46 +0000] "GET /movies/features_blu-ray.txt HTTP/1.1" 200 2553 "-" "Mozilla/5.0 (X11; U; Linux x86_64; en-US) AppleWebKit/534.10 (KHTML, like Gecko) Chrome/8.0.552.237 Safari/534.10"
70.180.119.247 - - [26/Jan/2011:04:59:46 +0000] "GET /favicon.ico HTTP/1.1" 404 503 "-" "Mozilla/5.0 (X11; U; Linux x86_64; en-US) AppleWebKit/534.10 (KHTML, like Gecko) Chrome/8.0.552.237 Safari/534.10"
70.180.119.247 - - [26/Jan/2011:05:01:45 +0000] "GET /movies/features_blu-ray.txt HTTP/1.1" 200 2569 "-" "Mozilla/5.0 (X11; U; Linux x86_64; en-US) AppleWebKit/534.10 (KHTML, like Gecko) Chrome/8.0.552.237 Safari/534.10"
70.180.119.247 - - [26/Jan/2011:05:01:45 +0000] "GET /favicon.ico HTTP/1.1" 404 503 "-" "Mozilla/5.0 (X11; U; Linux x86_64; en-US) AppleWebKit/534.10 (KHTML, like Gecko) Chrome/8.0.552.237 Safari/534.10"
66.249.72.236 - - [26/Jan/2011:10:58:45 +0000] "GET /robots.txt HTTP/1.1" 404 503 "-" "Mozilla/5.0 (compatible; Googlebot/2.1; +http://www.google.com/bot.html)"
66.249.72.236 - - [26/Jan/2011:10:58:46 +0000] "GET / HTTP/1.1" 304 208 "-" "Mozilla/5.0 (compatible; Googlebot/2.1; +http://www.google.com/bot.html)"
66.249.72.236 - - [26/Jan/2011:11:55:49 +0000] "GET / HTTP/1.1" 304 209 "-" "Mozilla/5.0 (compatible; Googlebot/2.1; +http://www.google.com/bot.html)"
208.115.138.254 - - [26/Jan/2011:21:45:30 +0000] "GET /movies/features_dvd.txt HTTP/1.1" 200 14934 "-" "Mozilla/4.0 (compatible; MSIE 7.0; Windows NT 5.1; InfoPath.1; .NET CLR 2.0.50727; .NET CLR 1.1.4322; MS-RTC LM 8; .NET CLR 3.0.4506.2152; .NET CLR 3.5.30729)"
69.74.233.66 - - [26/Jan/2011:21:45:30 +0000] "GET /movies/features_dvd.txt HTTP/1.1" 200 7263 "-" "Mozilla/5.0 (Windows; U; Windows NT 6.1; en-US) AppleWebKit/534.10 (KHTML, like Gecko) Chrome/8.0.552.237 Safari/534.10"
69.74.233.66 - - [26/Jan/2011:21:45:30 +0000] "GET /favicon.ico HTTP/1.1" 404 503 "-" "Mozilla/5.0 (Windows; U; Windows NT 6.1; en-US) AppleWebKit/534.10 (KHTML, like Gecko) Chrome/8.0.552.237 Safari/534.10"
208.115.138.254 - - [26/Jan/2011:22:02:05 +0000] "GET / HTTP/1.1" 200 1668 "-" "Mozilla/4.0 (compatible; MSIE 7.0; Windows NT 5.1; InfoPath.1; .NET CLR 2.0.50727; .NET CLR 1.1.4322; MS-RTC LM 8; .NET CLR 3.0.4506.2152; .NET CLR 3.5.30729)"
69.74.233.66 - - [26/Jan/2011:22:02:05 +0000] "GET / HTTP/1.1" 200 993 "-" "Mozilla/5.0 (Windows; U; Windows NT 6.1; en-US) AppleWebKit/534.10 (KHTML, like Gecko) Chrome/8.0.552.237 Safari/534.10"
69.74.233.66 - - [26/Jan/2011:22:02:05 +0000] "GET /blogger.png HTTP/1.1" 200 2848 "http://cafink.name/" "Mozilla/5.0 (Windows; U; Windows NT 6.1; en-US) AppleWebKit/534.10 (KHTML, like Gecko) Chrome/8.0.552.237 Safari/534.10"
69.74.233.66 - - [26/Jan/2011:22:02:05 +0000] "GET /facebook.png HTTP/1.1" 200 5274 "http://cafink.name/" "Mozilla/5.0 (Windows; U; Windows NT 6.1; en-US) AppleWebKit/534.10 (KHTML, like Gecko) Chrome/8.0.552.237 Safari/534.10"
69.74.233.66 - - [26/Jan/2011:22:02:05 +0000] "GET /twitter.png HTTP/1.1" 200 3230 "http://cafink.name/" "Mozilla/5.0 (Windows; U; Windows NT 6.1; en-US) AppleWebKit/534.10 (KHTML, like Gecko) Chrome/8.0.552.237 Safari/534.10"
69.74.233.66 - - [26/Jan/2011:22:02:06 +0000] "GET /favicon.ico HTTP/1.1" 404 503 "-" "Mozilla/5.0 (Windows; U; Windows NT 6.1; en-US) AppleWebKit/534.10 (KHTML, like Gecko) Chrome/8.0.552.237 Safari/534.10"
208.115.138.254 - - [27/Jan/2011:16:31:26 +0000] "GET /cs10 HTTP/1.1" 301 594 "-" "Mozilla/4.0 (compatible; MSIE 7.0; Windows NT 5.1; InfoPath.1; .NET CLR 2.0.50727; .NET CLR 1.1.4322; MS-RTC LM 8; .NET CLR 3.0.4506.2152; .NET CLR 3.5.30729)"
208.115.138.254 - - [27/Jan/2011:16:31:26 +0000] "GET /cs10/ HTTP/1.1" 200 1079 "-" "Mozilla/4.0 (compatible; MSIE 7.0; Windows NT 5.1; InfoPath.1; .NET CLR 2.0.50727; .NET CLR 1.1.4322; MS-RTC LM 8; .NET CLR 3.0.4506.2152; .NET CLR 3.5.30729)"
69.74.233.66 - - [27/Jan/2011:16:31:26 +0000] "GET /cs10/ HTTP/1.1" 200 806 "-" "Mozilla/5.0 (Windows; U; Windows NT 6.1; en-US) AppleWebKit/534.10 (KHTML, like Gecko) Chrome/8.0.552.237 Safari/534.10"
69.74.233.66 - - [27/Jan/2011:16:31:26 +0000] "GET /favicon.ico HTTP/1.1" 404 503 "-" "Mozilla/5.0 (Windows; U; Windows NT 6.1; en-US) AppleWebKit/534.10 (KHTML, like Gecko) Chrome/8.0.552.237 Safari/534.10"
208.115.138.254 - - [27/Jan/2011:16:31:46 +0000] "GET /movies HTTP/1.1" 301 598 "-" "Mozilla/4.0 (compatible; MSIE 7.0; Windows NT 5.1; InfoPath.1; .NET CLR 2.0.50727; .NET CLR 1.1.4322; MS-RTC LM 8; .NET CLR 3.0.4506.2152; .NET CLR 3.5.30729)"
208.115.138.254 - - [27/Jan/2011:16:31:47 +0000] "GET /movies/ HTTP/1.1" 200 2022 "-" "Mozilla/4.0 (compatible; MSIE 7.0; Windows NT 5.1; InfoPath.1; .NET CLR 2.0.50727; .NET CLR 1.1.4322; MS-RTC LM 8; .NET CLR 3.0.4506.2152; .NET CLR 3.5.30729)"
69.74.233.66 - - [27/Jan/2011:16:31:47 +0000] "GET /movies HTTP/1.1" 301 557 "-" "Mozilla/5.0 (Windows; U; Windows NT 6.1; en-US) AppleWebKit/534.10 (KHTML, like Gecko) Chrome/8.0.552.237 Safari/534.10"
69.74.233.66 - - [27/Jan/2011:16:31:47 +0000] "GET /movies/ HTTP/1.1" 200 796 "-" "Mozilla/5.0 (Windows; U; Windows NT 6.1; en-US) AppleWebKit/534.10 (KHTML, like Gecko) Chrome/8.0.552.237 Safari/534.10"
69.74.233.66 - - [27/Jan/2011:16:31:47 +0000] "GET /icons/blank.gif HTTP/1.1" 200 439 "http://cafink.name/movies/" "Mozilla/5.0 (Windows; U; Windows NT 6.1; en-US) AppleWebKit/534.10 (KHTML, like Gecko) Chrome/8.0.552.237 Safari/534.10"
69.74.233.66 - - [27/Jan/2011:16:31:47 +0000] "GET /icons/back.gif HTTP/1.1" 200 508 "http://cafink.name/movies/" "Mozilla/5.0 (Windows; U; Windows NT 6.1; en-US) AppleWebKit/534.10 (KHTML, like Gecko) Chrome/8.0.552.237 Safari/534.10"
69.74.233.66 - - [27/Jan/2011:16:31:47 +0000] "GET /icons/text.gif HTTP/1.1" 200 520 "http://cafink.name/movies/" "Mozilla/5.0 (Windows; U; Windows NT 6.1; en-US) AppleWebKit/534.10 (KHTML, like Gecko) Chrome/8.0.552.237 Safari/534.10"
69.74.233.66 - - [27/Jan/2011:16:31:47 +0000] "GET /favicon.ico HTTP/1.1" 404 503 "-" "Mozilla/5.0 (Windows; U; Windows NT 6.1; en-US) AppleWebKit/534.10 (KHTML, like Gecko) Chrome/8.0.552.237 Safari/534.10"
208.115.138.254 - - [27/Jan/2011:16:31:53 +0000] "GET /movies/features_blu-ray.txt HTTP/1.1" 200 4785 "-" "Mozilla/4.0 (compatible; MSIE 7.0; Windows NT 5.1; InfoPath.1; .NET CLR 2.0.50727; .NET CLR 1.1.4322; MS-RTC LM 8; .NET CLR 3.0.4506.2152; .NET CLR 3.5.30729)"
69.74.233.66 - - [27/Jan/2011:16:31:53 +0000] "GET /movies/features_blu-ray.txt HTTP/1.1" 200 2568 "http://cafink.name/movies/" "Mozilla/5.0 (Windows; U; Windows NT 6.1; en-US) AppleWebKit/534.10 (KHTML, like Gecko) Chrome/8.0.552.237 Safari/534.10"
69.74.233.66 - - [27/Jan/2011:16:31:54 +0000] "GET /favicon.ico HTTP/1.1" 404 503 "-" "Mozilla/5.0 (Windows; U; Windows NT 6.1; en-US) AppleWebKit/534.10 (KHTML, like Gecko) Chrome/8.0.552.237 Safari/534.10"
69.74.233.66 - - [27/Jan/2011:16:31:54 +0000] "GET /favicon.ico HTTP/1.1" 404 503 "-" "Mozilla/5.0 (Windows; U; Windows NT 6.1; en-US) AppleWebKit/534.10 (KHTML, like Gecko) Chrome/8.0.552.237 Safari/534.10"
69.74.233.66 - - [27/Jan/2011:16:32:02 +0000] "GET /movies/features_hd-dvd.txt HTTP/1.1" 200 532 "http://cafink.name/movies/" "Mozilla/5.0 (Windows; U; Windows NT 6.1; en-US) AppleWebKit/534.10 (KHTML, like Gecko) Chrome/8.0.552.237 Safari/534.10"
69.74.233.66 - - [27/Jan/2011:16:32:02 +0000] "GET /favicon.ico HTTP/1.1" 404 503 "-" "Mozilla/5.0 (Windows; U; Windows NT 6.1; en-US) AppleWebKit/534.10 (KHTML, like Gecko) Chrome/8.0.552.237 Safari/534.10"
69.74.233.66 - - [27/Jan/2011:16:32:15 +0000] "GET /favicon.ico HTTP/1.1" 404 503 "-" "Mozilla/5.0 (Windows; U; Windows NT 6.1; en-US) AppleWebKit/534.10 (KHTML, like Gecko) Chrome/8.0.552.237 Safari/534.10"
69.74.233.66 - - [27/Jan/2011:16:32:16 +0000] "GET /favicon.ico HTTP/1.1" 404 503 "-" "Mozilla/5.0 (Windows; U; Windows NT 6.1; en-US) AppleWebKit/534.10 (KHTML, like Gecko) Chrome/8.0.552.237 Safari/534.10"
69.74.233.66 - - [27/Jan/2011:16:32:18 +0000] "GET /favicon.ico HTTP/1.1" 404 503 "-" "Mozilla/5.0 (Windows; U; Windows NT 6.1; en-US) AppleWebKit/534.10 (KHTML, like Gecko) Chrome/8.0.552.237 Safari/534.10"
69.74.233.66 - - [27/Jan/2011:16:32:22 +0000] "GET /favicon.ico HTTP/1.1" 404 503 "-" "Mozilla/5.0 (Windows; U; Windows NT 6.1; en-US) AppleWebKit/534.10 (KHTML, like Gecko) Chrome/8.0.552.237 Safari/534.10"
69.74.233.66 - - [27/Jan/2011:16:32:23 +0000] "GET /movies/television_blu-ray.txt HTTP/1.1" 200 491 "http://cafink.name/movies/" "Mozilla/5.0 (Windows; U; Windows NT 6.1; en-US) AppleWebKit/534.10 (KHTML, like Gecko) Chrome/8.0.552.237 Safari/534.10"
69.74.233.66 - - [27/Jan/2011:16:32:23 +0000] "GET /favicon.ico HTTP/1.1" 404 503 "-" "Mozilla/5.0 (Windows; U; Windows NT 6.1; en-US) AppleWebKit/534.10 (KHTML, like Gecko) Chrome/8.0.552.237 Safari/534.10"
69.74.233.66 - - [27/Jan/2011:16:32:24 +0000] "GET /movies/television_dvd.txt HTTP/1.1" 200 1440 "http://cafink.name/movies/" "Mozilla/5.0 (Windows; U; Windows NT 6.1; en-US) AppleWebKit/534.10 (KHTML, like Gecko) Chrome/8.0.552.237 Safari/534.10"
69.74.233.66 - - [27/Jan/2011:16:32:24 +0000] "GET /favicon.ico HTTP/1.1" 404 503 "-" "Mozilla/5.0 (Windows; U; Windows NT 6.1; en-US) AppleWebKit/534.10 (KHTML, like Gecko) Chrome/8.0.552.237 Safari/534.10"
69.74.233.66 - - [27/Jan/2011:16:35:22 +0000] "GET /favicon.ico HTTP/1.1" 404 504 "-" "Mozilla/5.0 (Windows; U; Windows NT 6.1; en-US) AppleWebKit/534.10 (KHTML, like Gecko) Chrome/8.0.552.237 Safari/534.10"
69.74.233.66 - - [27/Jan/2011:16:35:24 +0000] "GET /favicon.ico HTTP/1.1" 404 503 "-" "Mozilla/5.0 (Windows; U; Windows NT 6.1; en-US) AppleWebKit/534.10 (KHTML, like Gecko) Chrome/8.0.552.237 Safari/534.10"
69.74.233.66 - - [27/Jan/2011:16:36:47 +0000] "GET /favicon.ico HTTP/1.1" 404 504 "-" "Mozilla/5.0 (Windows; U; Windows NT 6.1; en-US) AppleWebKit/534.10 (KHTML, like Gecko) Chrome/8.0.552.237 Safari/534.10"
12.189.3.82 - - [29/Jan/2011:22:30:16 +0000] "GET /movies HTTP/1.1" 301 557 "-" "Mozilla/5.0 (iPhone; U; CPU iPhone OS 4_2_1 like Mac OS X; en-us) AppleWebKit/533.17.9 (KHTML, like Gecko) Version/5.0.2 Mobile/8C148 Safari/6533.18.5"
12.189.3.82 - - [29/Jan/2011:22:30:16 +0000] "GET /movies/ HTTP/1.1" 200 796 "-" "Mozilla/5.0 (iPhone; U; CPU iPhone OS 4_2_1 like Mac OS X; en-us) AppleWebKit/533.17.9 (KHTML, like Gecko) Version/5.0.2 Mobile/8C148 Safari/6533.18.5"
12.189.3.82 - - [29/Jan/2011:22:30:16 +0000] "GET /icons/blank.gif HTTP/1.1" 200 439 "http://cafink.name/movies/" "Mozilla/5.0 (iPhone; U; CPU iPhone OS 4_2_1 like Mac OS X; en-us) AppleWebKit/533.17.9 (KHTML, like Gecko) Version/5.0.2 Mobile/8C148 Safari/6533.18.5"
12.189.3.82 - - [29/Jan/2011:22:30:16 +0000] "GET /icons/back.gif HTTP/1.1" 200 508 "http://cafink.name/movies/" "Mozilla/5.0 (iPhone; U; CPU iPhone OS 4_2_1 like Mac OS X; en-us) AppleWebKit/533.17.9 (KHTML, like Gecko) Version/5.0.2 Mobile/8C148 Safari/6533.18.5"
12.189.3.82 - - [29/Jan/2011:22:30:16 +0000] "GET /icons/text.gif HTTP/1.1" 200 521 "http://cafink.name/movies/" "Mozilla/5.0 (iPhone; U; CPU iPhone OS 4_2_1 like Mac OS X; en-us) AppleWebKit/533.17.9 (KHTML, like Gecko) Version/5.0.2 Mobile/8C148 Safari/6533.18.5"
12.189.3.82 - - [29/Jan/2011:22:30:19 +0000] "GET /movies/television_dvd.txt HTTP/1.1" 200 1440 "http://cafink.name/movies/" "Mozilla/5.0 (iPhone; U; CPU iPhone OS 4_2_1 like Mac OS X; en-us) AppleWebKit/533.17.9 (KHTML, like Gecko) Version/5.0.2 Mobile/8C148 Safari/6533.18.5"
12.189.3.82 - - [29/Jan/2011:22:50:56 +0000] "GET /movies/features_blu-ray.txt HTTP/1.1" 200 2569 "http://cafink.name/movies/" "Mozilla/5.0 (iPhone; U; CPU iPhone OS 4_2_1 like Mac OS X; en-us) AppleWebKit/533.17.9 (KHTML, like Gecko) Version/5.0.2 Mobile/8C148 Safari/6533.18.5"
12.189.3.82 - - [30/Jan/2011:00:53:04 +0000] "GET /movies/features_blu-ray.txt HTTP/1.1" 200 2569 "-" "Mozilla/5.0 (iPhone; U; CPU iPhone OS 4_2_1 like Mac OS X; en-us) AppleWebKit/533.17.9 (KHTML, like Gecko) Version/5.0.2 Mobile/8C148 Safari/6533.18.5"
166.137.15.21 - - [30/Jan/2011:01:49:30 +0000] "GET /movies/ HTTP/1.1" 200 797 "-" "Mozilla/5.0 (iPhone; U; CPU iPhone OS 4_2_1 like Mac OS X; en-us) AppleWebKit/533.17.9 (KHTML, like Gecko) Version/5.0.2 Mobile/8C148 Safari/6533.18.5"
166.137.15.21 - - [30/Jan/2011:01:49:30 +0000] "GET /icons/blank.gif HTTP/1.1" 200 439 "http://cafink.name/movies/" "Mozilla/5.0 (iPhone; U; CPU iPhone OS 4_2_1 like Mac OS X; en-us) AppleWebKit/533.17.9 (KHTML, like Gecko) Version/5.0.2 Mobile/8C148 Safari/6533.18.5"
166.137.15.21 - - [30/Jan/2011:01:49:30 +0000] "GET /icons/back.gif HTTP/1.1" 200 508 "http://cafink.name/movies/" "Mozilla/5.0 (iPhone; U; CPU iPhone OS 4_2_1 like Mac OS X; en-us) AppleWebKit/533.17.9 (KHTML, like Gecko) Version/5.0.2 Mobile/8C148 Safari/6533.18.5"
166.137.15.21 - - [30/Jan/2011:01:49:30 +0000] "GET /icons/text.gif HTTP/1.1" 200 521 "http://cafink.name/movies/" "Mozilla/5.0 (iPhone; U; CPU iPhone OS 4_2_1 like Mac OS X; en-us) AppleWebKit/533.17.9 (KHTML, like Gecko) Version/5.0.2 Mobile/8C148 Safari/6533.18.5"
166.137.15.21 - - [30/Jan/2011:01:49:34 +0000] "GET /movies/features_dvd.txt HTTP/1.1" 200 7263 "http://cafink.name/movies/" "Mozilla/5.0 (iPhone; U; CPU iPhone OS 4_2_1 like Mac OS X; en-us) AppleWebKit/533.17.9 (KHTML, like Gecko) Version/5.0.2 Mobile/8C148 Safari/6533.18.5"
69.17.126.74 - - [31/Jan/2011:17:44:55 +0000] "GET /movies/features_blu-ray.txt HTTP/1.1" 304 211 "-" "Mozilla/5.0 (Windows; U; Windows NT 6.1; en-US) AppleWebKit/534.10 (KHTML, like Gecko) Chrome/8.0.552.237 Safari/534.10"
69.17.126.74 - - [31/Jan/2011:17:44:55 +0000] "GET /favicon.ico HTTP/1.1" 404 503 "-" "Mozilla/5.0 (Windows; U; Windows NT 6.1; en-US) AppleWebKit/534.10 (KHTML, like Gecko) Chrome/8.0.552.237 Safari/534.10"
64.16.187.50 - - [31/Jan/2011:17:45:18 +0000] "GET /favicon.ico HTTP/1.1" 404 504 "-" "Mozilla/5.0 (Windows; U; Windows NT 6.1; en-US) AppleWebKit/534.10 (KHTML, like Gecko) Chrome/8.0.552.237 Safari/534.10"
64.16.187.50 - - [31/Jan/2011:17:45:26 +0000] "GET /favicon.ico HTTP/1.1" 404 503 "-" "Mozilla/5.0 (Windows; U; Windows NT 6.1; en-US) AppleWebKit/534.10 (KHTML, like Gecko) Chrome/8.0.552.237 Safari/534.10"
64.16.187.50 - - [01/Feb/2011:17:56:26 +0000] "GET / HTTP/1.1" 200 993 "-" "Mozilla/5.0 (Windows; U; Windows NT 6.1; en-US) AppleWebKit/534.10 (KHTML, like Gecko) Chrome/8.0.552.237 Safari/534.10"
64.16.187.50 - - [01/Feb/2011:17:56:26 +0000] "GET /blogger.png HTTP/1.1" 200 2848 "http://cafink.name/" "Mozilla/5.0 (Windows; U; Windows NT 6.1; en-US) AppleWebKit/534.10 (KHTML, like Gecko) Chrome/8.0.552.237 Safari/534.10"
64.16.187.50 - - [01/Feb/2011:17:56:26 +0000] "GET /facebook.png HTTP/1.1" 200 5274 "http://cafink.name/" "Mozilla/5.0 (Windows; U; Windows NT 6.1; en-US) AppleWebKit/534.10 (KHTML, like Gecko) Chrome/8.0.552.237 Safari/534.10"
64.16.187.50 - - [01/Feb/2011:17:56:26 +0000] "GET /twitter.png HTTP/1.1" 200 3230 "http://cafink.name/" "Mozilla/5.0 (Windows; U; Windows NT 6.1; en-US) AppleWebKit/534.10 (KHTML, like Gecko) Chrome/8.0.552.237 Safari/534.10"
64.16.187.50 - - [01/Feb/2011:17:56:26 +0000] "GET /favicon.ico HTTP/1.1" 404 503 "-" "Mozilla/5.0 (Windows; U; Windows NT 6.1; en-US) AppleWebKit/534.10 (KHTML, like Gecko) Chrome/8.0.552.237 Safari/534.10"
70.180.119.247 - - [02/Feb/2011:00:18:03 +0000] "GET /movies/features_dvd.txt HTTP/1.1" 200 7263 "-" "Mozilla/5.0 (X11; U; Linux x86_64; en-US) AppleWebKit/534.10 (KHTML, like Gecko) Chrome/8.0.552.237 Safari/534.10"
70.180.119.247 - - [02/Feb/2011:00:18:03 +0000] "GET /favicon.ico HTTP/1.1" 404 503 "-" "Mozilla/5.0 (X11; U; Linux x86_64; en-US) AppleWebKit/534.10 (KHTML, like Gecko) Chrome/8.0.552.237 Safari/534.10"
70.180.119.247 - - [02/Feb/2011:00:18:37 +0000] "GET /movies/features_features.txt HTTP/1.1" 404 512 "-" "Mozilla/5.0 (X11; U; Linux x86_64; en-US) AppleWebKit/534.10 (KHTML, like Gecko) Chrome/8.0.552.237 Safari/534.10"
70.180.119.247 - - [02/Feb/2011:00:18:37 +0000] "GET /favicon.ico HTTP/1.1" 404 503 "-" "Mozilla/5.0 (X11; U; Linux x86_64; en-US) AppleWebKit/534.10 (KHTML, like Gecko) Chrome/8.0.552.237 Safari/534.10"
70.180.119.247 - - [02/Feb/2011:00:18:43 +0000] "GET /movies/features_blu-ray.txt HTTP/1.1" 200 2618 "-" "Mozilla/5.0 (X11; U; Linux x86_64; en-US) AppleWebKit/534.10 (KHTML, like Gecko) Chrome/8.0.552.237 Safari/534.10"
70.180.119.247 - - [02/Feb/2011:00:18:43 +0000] "GET /favicon.ico HTTP/1.1" 404 503 "-" "Mozilla/5.0 (X11; U; Linux x86_64; en-US) AppleWebKit/534.10 (KHTML, like Gecko) Chrome/8.0.552.237 Safari/534.10"
70.180.119.247 - - [02/Feb/2011:00:19:14 +0000] "GET /favicon.ico HTTP/1.1" 404 504 "-" "Mozilla/5.0 (X11; U; Linux x86_64; en-US) AppleWebKit/534.10 (KHTML, like Gecko) Chrome/8.0.552.237 Safari/534.10"
70.180.119.247 - - [02/Feb/2011:00:30:57 +0000] "GET /movies/ HTTP/1.1" 200 800 "-" "Mozilla/5.0 (X11; U; Linux x86_64; en-US) AppleWebKit/534.10 (KHTML, like Gecko) Chrome/8.0.552.237 Safari/534.10"
70.180.119.247 - - [02/Feb/2011:00:30:57 +0000] "GET /icons/blank.gif HTTP/1.1" 200 439 "http://cafink.name/movies/" "Mozilla/5.0 (X11; U; Linux x86_64; en-US) AppleWebKit/534.10 (KHTML, like Gecko) Chrome/8.0.552.237 Safari/534.10"
70.180.119.247 - - [02/Feb/2011:00:30:57 +0000] "GET /icons/back.gif HTTP/1.1" 200 508 "http://cafink.name/movies/" "Mozilla/5.0 (X11; U; Linux x86_64; en-US) AppleWebKit/534.10 (KHTML, like Gecko) Chrome/8.0.552.237 Safari/534.10"
70.180.119.247 - - [02/Feb/2011:00:30:57 +0000] "GET /icons/text.gif HTTP/1.1" 200 521 "http://cafink.name/movies/" "Mozilla/5.0 (X11; U; Linux x86_64; en-US) AppleWebKit/534.10 (KHTML, like Gecko) Chrome/8.0.552.237 Safari/534.10"
70.180.119.247 - - [02/Feb/2011:00:30:58 +0000] "GET /favicon.ico HTTP/1.1" 404 503 "-" "Mozilla/5.0 (X11; U; Linux x86_64; en-US) AppleWebKit/534.10 (KHTML, like Gecko) Chrome/8.0.552.237 Safari/534.10"
70.180.119.247 - - [02/Feb/2011:00:30:58 +0000] "GET /movies/television_dvd.txt HTTP/1.1" 200 1456 "http://cafink.name/movies/" "Mozilla/5.0 (X11; U; Linux x86_64; en-US) AppleWebKit/534.10 (KHTML, like Gecko) Chrome/8.0.552.237 Safari/534.10"
70.180.119.247 - - [02/Feb/2011:00:30:58 +0000] "GET /favicon.ico HTTP/1.1" 404 503 "-" "Mozilla/5.0 (X11; U; Linux x86_64; en-US) AppleWebKit/534.10 (KHTML, like Gecko) Chrome/8.0.552.237 Safari/534.10"
70.180.119.247 - - [02/Feb/2011:00:32:11 +0000] "GET / HTTP/1.1" 200 993 "-" "Mozilla/5.0 (X11; U; Linux x86_64; en-US) AppleWebKit/534.10 (KHTML, like Gecko) Chrome/8.0.552.237 Safari/534.10"
70.180.119.247 - - [02/Feb/2011:00:32:11 +0000] "GET /blogger.png HTTP/1.1" 200 2848 "http://cafink.name/" "Mozilla/5.0 (X11; U; Linux x86_64; en-US) AppleWebKit/534.10 (KHTML, like Gecko) Chrome/8.0.552.237 Safari/534.10"
70.180.119.247 - - [02/Feb/2011:00:32:11 +0000] "GET /facebook.png HTTP/1.1" 200 5274 "http://cafink.name/" "Mozilla/5.0 (X11; U; Linux x86_64; en-US) AppleWebKit/534.10 (KHTML, like Gecko) Chrome/8.0.552.237 Safari/534.10"
70.180.119.247 - - [02/Feb/2011:00:32:11 +0000] "GET /twitter.png HTTP/1.1" 200 3230 "http://cafink.name/" "Mozilla/5.0 (X11; U; Linux x86_64; en-US) AppleWebKit/534.10 (KHTML, like Gecko) Chrome/8.0.552.237 Safari/534.10"
70.180.119.247 - - [02/Feb/2011:00:32:12 +0000] "GET /favicon.ico HTTP/1.1" 404 503 "-" "Mozilla/5.0 (X11; U; Linux x86_64; en-US) AppleWebKit/534.10 (KHTML, like Gecko) Chrome/8.0.552.237 Safari/534.10"
12.29.64.90 - - [02/Feb/2011:01:46:31 +0000] "GET /movies/ HTTP/1.1" 200 800 "-" "Mozilla/5.0 (iPhone; U; CPU iPhone OS 4_2_1 like Mac OS X; en-us) AppleWebKit/533.17.9 (KHTML, like Gecko) Version/5.0.2 Mobile/8C148 Safari/6533.18.5"
12.29.64.90 - - [02/Feb/2011:01:46:32 +0000] "GET /icons/blank.gif HTTP/1.1" 200 439 "http://cafink.name/movies/" "Mozilla/5.0 (iPhone; U; CPU iPhone OS 4_2_1 like Mac OS X; en-us) AppleWebKit/533.17.9 (KHTML, like Gecko) Version/5.0.2 Mobile/8C148 Safari/6533.18.5"
12.29.64.90 - - [02/Feb/2011:01:46:32 +0000] "GET /icons/back.gif HTTP/1.1" 200 508 "http://cafink.name/movies/" "Mozilla/5.0 (iPhone; U; CPU iPhone OS 4_2_1 like Mac OS X; en-us) AppleWebKit/533.17.9 (KHTML, like Gecko) Version/5.0.2 Mobile/8C148 Safari/6533.18.5"
12.29.64.90 - - [02/Feb/2011:01:46:32 +0000] "GET /icons/text.gif HTTP/1.1" 200 521 "http://cafink.name/movies/" "Mozilla/5.0 (iPhone; U; CPU iPhone OS 4_2_1 like Mac OS X; en-us) AppleWebKit/533.17.9 (KHTML, like Gecko) Version/5.0.2 Mobile/8C148 Safari/6533.18.5"
12.29.64.90 - - [02/Feb/2011:01:46:38 +0000] "GET /movies/television_dvd.txt HTTP/1.1" 200 1457 "http://cafink.name/movies/" "Mozilla/5.0 (iPhone; U; CPU iPhone OS 4_2_1 like Mac OS X; en-us) AppleWebKit/533.17.9 (KHTML, like Gecko) Version/5.0.2 Mobile/8C148 Safari/6533.18.5"
70.180.119.247 - - [02/Feb/2011:04:32:39 +0000] "GET /movies/television_dvd.txt HTTP/1.1" 304 210 "-" "Mozilla/5.0 (X11; U; Linux x86_64; en-US) AppleWebKit/534.10 (KHTML, like Gecko) Chrome/8.0.552.237 Safari/534.10"
70.180.119.247 - - [02/Feb/2011:04:32:40 +0000] "GET /favicon.ico HTTP/1.1" 404 503 "-" "Mozilla/5.0 (X11; U; Linux x86_64; en-US) AppleWebKit/534.10 (KHTML, like Gecko) Chrome/8.0.552.237 Safari/534.10"
70.180.119.247 - - [02/Feb/2011:04:34:24 +0000] "GET /favicon.ico HTTP/1.1" 404 504 "-" "Mozilla/5.0 (X11; U; Linux x86_64; en-US) AppleWebKit/534.10 (KHTML, like Gecko) Chrome/8.0.552.237 Safari/534.10"
70.180.119.247 - - [02/Feb/2011:04:34:31 +0000] "GET /movies/television_dvd.txt HTTP/1.1" 200 1467 "-" "Mozilla/5.0 (X11; U; Linux x86_64; en-US) AppleWebKit/534.10 (KHTML, like Gecko) Chrome/8.0.552.237 Safari/534.10"
70.180.119.247 - - [02/Feb/2011:04:34:31 +0000] "GET /favicon.ico HTTP/1.1" 404 503 "-" "Mozilla/5.0 (X11; U; Linux x86_64; en-US) AppleWebKit/534.10 (KHTML, like Gecko) Chrome/8.0.552.237 Safari/534.10"
70.180.119.247 - - [02/Feb/2011:04:34:32 +0000] "GET /movies/television_dvd.txt HTTP/1.1" 304 209 "-" "Mozilla/5.0 (X11; U; Linux x86_64; en-US) AppleWebKit/534.10 (KHTML, like Gecko) Chrome/8.0.552.237 Safari/534.10"
70.180.119.247 - - [02/Feb/2011:04:34:32 +0000] "GET /favicon.ico HTTP/1.1" 404 503 "-" "Mozilla/5.0 (X11; U; Linux x86_64; en-US) AppleWebKit/534.10 (KHTML, like Gecko) Chrome/8.0.552.237 Safari/534.10"
70.180.119.247 - - [02/Feb/2011:04:35:17 +0000] "GET /movies/television_dvd.txt HTTP/1.1" 200 1467 "-" "Mozilla/5.0 (X11; U; Linux x86_64; en-US) AppleWebKit/534.10 (KHTML, like Gecko) Chrome/8.0.552.237 Safari/534.10"
70.180.119.247 - - [02/Feb/2011:04:35:18 +0000] "GET /favicon.ico HTTP/1.1" 404 503 "-" "Mozilla/5.0 (X11; U; Linux x86_64; en-US) AppleWebKit/534.10 (KHTML, like Gecko) Chrome/8.0.552.237 Safari/534.10"
70.180.119.247 - - [02/Feb/2011:04:35:53 +0000] "GET /movies/television_dvd.txt HTTP/1.1" 304 210 "-" "Mozilla/5.0 (X11; U; Linux x86_64; en-US) AppleWebKit/534.10 (KHTML, like Gecko) Chrome/8.0.552.237 Safari/534.10"
70.180.119.247 - - [02/Feb/2011:04:35:54 +0000] "GET /favicon.ico HTTP/1.1" 404 503 "-" "Mozilla/5.0 (X11; U; Linux x86_64; en-US) AppleWebKit/534.10 (KHTML, like Gecko) Chrome/8.0.552.237 Safari/534.10"
70.180.119.247 - - [02/Feb/2011:04:35:54 +0000] "GET /movies/television_dvd.txt HTTP/1.1" 304 209 "-" "Mozilla/5.0 (X11; U; Linux x86_64; en-US) AppleWebKit/534.10 (KHTML, like Gecko) Chrome/8.0.552.237 Safari/534.10"
70.180.119.247 - - [02/Feb/2011:04:35:54 +0000] "GET /favicon.ico HTTP/1.1" 404 503 "-" "Mozilla/5.0 (X11; U; Linux x86_64; en-US) AppleWebKit/534.10 (KHTML, like Gecko) Chrome/8.0.552.237 Safari/534.10"
70.167.130.227 - - [02/Feb/2011:23:19:41 +0000] "GET /movies/television_dvd.txt HTTP/1.1" 200 1467 "-" "Mozilla/5.0 (iPhone; U; CPU iPhone OS 4_2_1 like Mac OS X; en-us) AppleWebKit/533.17.9 (KHTML, like Gecko) Version/5.0.2 Mobile/8C148 Safari/6533.18.5"
70.180.119.247 - - [03/Feb/2011:01:42:54 +0000] "GET /movies/features_dvd.txt HTTP/1.1" 200 7263 "-" "Mozilla/5.0 (iPhone; U; CPU iPhone OS 4_2_1 like Mac OS X; en-us) AppleWebKit/533.17.9 (KHTML, like Gecko) Version/5.0.2 Mobile/8C148 Safari/6533.18.5"
64.246.161.42 - - [03/Feb/2011:15:46:13 +0000] "GET /robots.txt HTTP/1.0" 404 492 "-" "Mozilla/5.0 (Windows; U; Windows NT 5.1; en; rv:1.9.0.13) Gecko/2009073022 Firefox/3.5.2 (.NET CLR 3.5.30729) SurveyBot/2.3 (DomainTools)"
64.246.161.42 - - [03/Feb/2011:15:46:13 +0000] "GET / HTTP/1.1" 200 955 "http://whois.domaintools.com/cafink.name" "Mozilla/5.0 (Windows; U; Windows NT 5.1; en; rv:1.9.0.13) Gecko/2009073022 Firefox/3.5.2 (.NET CLR 3.5.30729) SurveyBot/2.3 (DomainTools)"
64.246.165.210 - - [03/Feb/2011:17:15:08 +0000] "GET /robots.txt HTTP/1.0" 404 495 "-" "Mozilla/5.0 (Windows; U; Windows NT 5.1; en; rv:1.9.0.13) Gecko/2009073022 Firefox/3.5.2 (.NET CLR 3.5.30729) SurveyBot/2.3 (DomainTools)"
64.246.165.210 - - [03/Feb/2011:17:15:09 +0000] "GET / HTTP/1.1" 200 955 "http://whois.domaintools.com/carl-fink.name" "Mozilla/5.0 (Windows; U; Windows NT 5.1; en; rv:1.9.0.13) Gecko/2009073022 Firefox/3.5.2 (.NET CLR 3.5.30729) SurveyBot/2.3 (DomainTools)"
216.145.11.94 - - [03/Feb/2011:17:26:24 +0000] "GET /robots.txt HTTP/1.0" 404 494 "-" "Mozilla/5.0 (Windows; U; Windows NT 5.1; en; rv:1.9.0.13) Gecko/2009073022 Firefox/3.5.2 (.NET CLR 3.5.30729) SurveyBot/2.3 (DomainTools)"
216.145.11.94 - - [03/Feb/2011:17:26:24 +0000] "GET / HTTP/1.1" 200 955 "http://whois.domaintools.com/carlfink.name" "Mozilla/5.0 (Windows; U; Windows NT 5.1; en; rv:1.9.0.13) Gecko/2009073022 Firefox/3.5.2 (.NET CLR 3.5.30729) SurveyBot/2.3 (DomainTools)"
70.180.119.247 - - [04/Feb/2011:01:13:48 +0000] "GET /favicon.ico HTTP/1.1" 404 504 "-" "Mozilla/5.0 (X11; U; Linux x86_64; en-US) AppleWebKit/534.10 (KHTML, like Gecko) Chrome/8.0.552.237 Safari/534.10"
70.180.119.247 - - [04/Feb/2011:01:31:52 +0000] "GET /favicon.ico HTTP/1.1" 404 504 "-" "Mozilla/5.0 (X11; U; Linux x86_64; en-US) AppleWebKit/534.10 (KHTML, like Gecko) Chrome/8.0.552.237 Safari/534.10"
70.180.119.247 - - [04/Feb/2011:01:34:30 +0000] "GET /movies/features_blu-ray.txt HTTP/1.1" 200 2623 "-" "Mozilla/5.0 (X11; U; Linux x86_64; en-US) AppleWebKit/534.10 (KHTML, like Gecko) Chrome/8.0.552.237 Safari/534.10"
70.180.119.247 - - [04/Feb/2011:01:34:30 +0000] "GET /favicon.ico HTTP/1.1" 404 503 "-" "Mozilla/5.0 (X11; U; Linux x86_64; en-US) AppleWebKit/534.10 (KHTML, like Gecko) Chrome/8.0.552.237 Safari/534.10"
70.180.119.247 - - [04/Feb/2011:01:37:31 +0000] "GET /favicon.ico HTTP/1.1" 404 504 "-" "Mozilla/5.0 (X11; U; Linux x86_64; en-US) AppleWebKit/534.10 (KHTML, like Gecko) Chrome/8.0.552.237 Safari/534.10"
208.115.138.254 - - [04/Feb/2011:16:49:54 +0000] "GET /movies/features_blu-ray.txt HTTP/1.1" 200 4897 "-" "Mozilla/4.0 (compatible; MSIE 7.0; Windows NT 5.1; InfoPath.1; .NET CLR 2.0.50727; .NET CLR 1.1.4322; MS-RTC LM 8; .NET CLR 3.0.4506.2152; .NET CLR 3.5.30729)"
69.74.233.66 - - [04/Feb/2011:16:49:54 +0000] "GET /movies/features_blu-ray.txt HTTP/1.1" 200 2623 "-" "Mozilla/5.0 (Windows; U; Windows NT 6.1; en-US) AppleWebKit/534.10 (KHTML, like Gecko) Chrome/8.0.552.237 Safari/534.10"
69.74.233.66 - - [04/Feb/2011:16:49:54 +0000] "GET /favicon.ico HTTP/1.1" 404 503 "-" "Mozilla/5.0 (Windows; U; Windows NT 6.1; en-US) AppleWebKit/534.10 (KHTML, like Gecko) Chrome/8.0.552.237 Safari/534.10"
74.52.245.146 - - [05/Feb/2011:18:41:51 +0000] "GET / HTTP/1.0" 200 1630 "-" "Mozilla/5.0 (X11; U; Linux i686; en-US; rv:1.7.5) Gecko/20041107 Firefox/1.0"
74.52.245.146 - - [06/Feb/2011:04:15:08 +0000] "GET / HTTP/1.0" 200 1630 "-" "Mozilla/5.0 (X11; U; Linux i686; en-US; rv:1.7.5) Gecko/20041107 Firefox/1.0"
74.52.245.146 - - [06/Feb/2011:04:20:33 +0000] "GET / HTTP/1.0" 200 1630 "-" "Mozilla/5.0 (X11; U; Linux i686; en-US; rv:1.7.5) Gecko/20041107 Firefox/1.0"
208.115.138.254 - - [07/Feb/2011:17:00:29 +0000] "GET /cs10 HTTP/1.1" 301 594 "-" "Mozilla/4.0 (compatible; MSIE 7.0; Windows NT 5.1; InfoPath.1; .NET CLR 2.0.50727; .NET CLR 1.1.4322; MS-RTC LM 8; .NET CLR 3.0.4506.2152; .NET CLR 3.5.30729)"
208.115.138.254 - - [07/Feb/2011:17:00:29 +0000] "GET /cs10/ HTTP/1.1" 200 1079 "-" "Mozilla/4.0 (compatible; MSIE 7.0; Windows NT 5.1; InfoPath.1; .NET CLR 2.0.50727; .NET CLR 1.1.4322; MS-RTC LM 8; .NET CLR 3.0.4506.2152; .NET CLR 3.5.30729)"
69.74.233.66 - - [07/Feb/2011:17:00:30 +0000] "GET /cs10 HTTP/1.1" 301 554 "-" "Mozilla/5.0 (Windows; U; Windows NT 6.1; en-US) AppleWebKit/534.10 (KHTML, like Gecko) Chrome/8.0.552.237 Safari/534.10"
69.74.233.66 - - [07/Feb/2011:17:00:30 +0000] "GET /cs10/ HTTP/1.1" 200 805 "-" "Mozilla/5.0 (Windows; U; Windows NT 6.1; en-US) AppleWebKit/534.10 (KHTML, like Gecko) Chrome/8.0.552.237 Safari/534.10"
69.74.233.66 - - [07/Feb/2011:17:00:30 +0000] "GET /favicon.ico HTTP/1.1" 404 503 "-" "Mozilla/5.0 (Windows; U; Windows NT 6.1; en-US) AppleWebKit/534.10 (KHTML, like Gecko) Chrome/8.0.552.237 Safari/534.10"
208.115.138.254 - - [07/Feb/2011:17:24:08 +0000] "GET / HTTP/1.1" 200 1668 "-" "Mozilla/4.0 (compatible; MSIE 7.0; Windows NT 5.1; InfoPath.1; .NET CLR 2.0.50727; .NET CLR 1.1.4322; MS-RTC LM 8; .NET CLR 3.0.4506.2152; .NET CLR 3.5.30729)"
69.74.233.66 - - [07/Feb/2011:17:24:08 +0000] "GET / HTTP/1.1" 200 993 "-" "Mozilla/5.0 (Windows; U; Windows NT 6.1; en-US) AppleWebKit/534.10 (KHTML, like Gecko) Chrome/8.0.552.237 Safari/534.10"
69.74.233.66 - - [07/Feb/2011:17:24:08 +0000] "GET /favicon.ico HTTP/1.1" 404 503 "-" "Mozilla/5.0 (Windows; U; Windows NT 6.1; en-US) AppleWebKit/534.10 (KHTML, like Gecko) Chrome/8.0.552.237 Safari/534.10"
208.115.138.254 - - [07/Feb/2011:21:02:22 +0000] "GET /movies/features_blu-ray.txt HTTP/1.1" 200 4897 "-" "Mozilla/4.0 (compatible; MSIE 7.0; Windows NT 5.1; InfoPath.1; .NET CLR 2.0.50727; .NET CLR 1.1.4322; MS-RTC LM 8; .NET CLR 3.0.4506.2152; .NET CLR 3.5.30729)"
69.74.233.66 - - [07/Feb/2011:21:02:22 +0000] "GET /favicon.ico HTTP/1.1" 404 504 "-" "Mozilla/5.0 (Windows; U; Windows NT 6.1; en-US) AppleWebKit/534.10 (KHTML, like Gecko) Chrome/8.0.552.237 Safari/534.10"
69.74.233.66 - - [07/Feb/2011:21:03:28 +0000] "GET /favicon.ico HTTP/1.1" 404 504 "-" "Mozilla/5.0 (Windows; U; Windows NT 6.1; en-US) AppleWebKit/534.10 (KHTML, like Gecko) Chrome/8.0.552.237 Safari/534.10"
69.74.233.66 - - [07/Feb/2011:21:05:49 +0000] "GET /movies/features_blu-ray.txt HTTP/1.1" 304 211 "-" "Mozilla/4.0 (compatible;)"
78.159.122.254 - - [07/Feb/2011:21:32:15 +0000] "GET /plugins/editors/tinymce/jscripts/tiny_mce/plugins/tinybrowser/upload.php HTTP/1.1" 404 550 "-" "Mozilla/5.0 (Windows; U; Windows NT 6.1; en; rv:1.9.2.13) Gecko/20101203 Firefox/3.6.13"
78.159.122.254 - - [07/Feb/2011:21:32:15 +0000] "GET /plugins/editors/tinymce/jscripts/tiny_mce/plugins/tinybrowser/upload.php HTTP/1.1" 404 553 "-" "Mozilla/5.0 (Windows; U; Windows NT 6.1; en; rv:1.9.2.13) Gecko/20101203 Firefox/3.6.13"
69.74.233.66 - - [09/Feb/2011:12:38:07 +0000] "GET /movies/features_blu-ray.txt HTTP/1.1" 304 211 "-" "Mozilla/4.0 (compatible;)"
208.115.138.254 - - [09/Feb/2011:13:59:17 +0000] "GET / HTTP/1.1" 200 1668 "-" "Mozilla/4.0 (compatible; MSIE 7.0; Windows NT 5.1; InfoPath.1; .NET CLR 2.0.50727; .NET CLR 1.1.4322; MS-RTC LM 8; .NET CLR 3.0.4506.2152; .NET CLR 3.5.30729)"
69.74.233.66 - - [09/Feb/2011:13:59:18 +0000] "GET /favicon.ico HTTP/1.1" 404 504 "-" "Mozilla/5.0 (Windows; U; Windows NT 6.1; en-US) AppleWebKit/534.13 (KHTML, like Gecko) Chrome/9.0.597.84 Safari/534.13"
208.115.138.254 - - [09/Feb/2011:14:08:07 +0000] "GET / HTTP/1.1" 200 1668 "-" "Mozilla/4.0 (compatible; MSIE 7.0; Windows NT 5.1; InfoPath.1; .NET CLR 2.0.50727; .NET CLR 1.1.4322; MS-RTC LM 8; .NET CLR 3.0.4506.2152; .NET CLR 3.5.30729)"
69.74.233.66 - - [09/Feb/2011:14:08:07 +0000] "GET / HTTP/1.1" 200 993 "-" "Mozilla/5.0 (Windows; U; Windows NT 6.1; en-US) AppleWebKit/534.13 (KHTML, like Gecko) Chrome/9.0.597.84 Safari/534.13"
69.74.233.66 - - [09/Feb/2011:14:08:07 +0000] "GET /blogger.png HTTP/1.1" 200 2848 "http://insectpolitics.com/" "Mozilla/5.0 (Windows; U; Windows NT 6.1; en-US) AppleWebKit/534.13 (KHTML, like Gecko) Chrome/9.0.597.84 Safari/534.13"
69.74.233.66 - - [09/Feb/2011:14:08:07 +0000] "GET /facebook.png HTTP/1.1" 200 5274 "http://insectpolitics.com/" "Mozilla/5.0 (Windows; U; Windows NT 6.1; en-US) AppleWebKit/534.13 (KHTML, like Gecko) Chrome/9.0.597.84 Safari/534.13"
69.74.233.66 - - [09/Feb/2011:14:08:07 +0000] "GET /twitter.png HTTP/1.1" 200 3230 "http://insectpolitics.com/" "Mozilla/5.0 (Windows; U; Windows NT 6.1; en-US) AppleWebKit/534.13 (KHTML, like Gecko) Chrome/9.0.597.84 Safari/534.13"
69.74.233.66 - - [09/Feb/2011:14:08:08 +0000] "GET /favicon.ico HTTP/1.1" 404 507 "-" "Mozilla/5.0 (Windows; U; Windows NT 6.1; en-US) AppleWebKit/534.13 (KHTML, like Gecko) Chrome/9.0.597.84 Safari/534.13"
208.115.138.254 - - [09/Feb/2011:14:08:11 +0000] "GET / HTTP/1.1" 200 1668 "-" "Mozilla/4.0 (compatible; MSIE 7.0; Windows NT 5.1; InfoPath.1; .NET CLR 2.0.50727; .NET CLR 1.1.4322; MS-RTC LM 8; .NET CLR 3.0.4506.2152; .NET CLR 3.5.30729)"
69.74.233.66 - - [09/Feb/2011:14:08:11 +0000] "GET / HTTP/1.1" 200 992 "-" "Mozilla/5.0 (Windows; U; Windows NT 6.1; en-US) AppleWebKit/534.13 (KHTML, like Gecko) Chrome/9.0.597.84 Safari/534.13"
69.74.233.66 - - [09/Feb/2011:14:08:11 +0000] "GET /blogger.png HTTP/1.1" 200 2848 "http://insect-politics.com/" "Mozilla/5.0 (Windows; U; Windows NT 6.1; en-US) AppleWebKit/534.13 (KHTML, like Gecko) Chrome/9.0.597.84 Safari/534.13"
69.74.233.66 - - [09/Feb/2011:14:08:11 +0000] "GET /facebook.png HTTP/1.1" 200 5274 "http://insect-politics.com/" "Mozilla/5.0 (Windows; U; Windows NT 6.1; en-US) AppleWebKit/534.13 (KHTML, like Gecko) Chrome/9.0.597.84 Safari/534.13"
69.74.233.66 - - [09/Feb/2011:14:08:11 +0000] "GET /twitter.png HTTP/1.1" 200 3229 "http://insect-politics.com/" "Mozilla/5.0 (Windows; U; Windows NT 6.1; en-US) AppleWebKit/534.13 (KHTML, like Gecko) Chrome/9.0.597.84 Safari/534.13"
69.74.233.66 - - [09/Feb/2011:14:08:12 +0000] "GET /favicon.ico HTTP/1.1" 404 508 "-" "Mozilla/5.0 (Windows; U; Windows NT 6.1; en-US) AppleWebKit/534.13 (KHTML, like Gecko) Chrome/9.0.597.84 Safari/534.13"
69.74.233.66 - - [09/Feb/2011:14:46:22 +0000] "GET /favicon.ico HTTP/1.1" 404 508 "-" "Mozilla/5.0 (Windows; U; Windows NT 6.1; en-US) AppleWebKit/534.13 (KHTML, like Gecko) Chrome/9.0.597.84 Safari/534.13"
69.74.233.66 - - [09/Feb/2011:15:02:13 +0000] "GET /favicon.ico HTTP/1.1" 404 508 "-" "Mozilla/5.0 (Windows; U; Windows NT 6.1; en-US) AppleWebKit/534.13 (KHTML, like Gecko) Chrome/9.0.597.84 Safari/534.13"
69.74.233.66 - - [09/Feb/2011:17:11:15 +0000] "GET /favicon.ico HTTP/1.1" 404 508 "-" "Mozilla/5.0 (Windows; U; Windows NT 6.1; en-US) AppleWebKit/534.13 (KHTML, like Gecko) Chrome/9.0.597.84 Safari/534.13"
69.74.233.66 - - [09/Feb/2011:19:34:19 +0000] "GET /favicon.ico HTTP/1.1" 404 508 "-" "Mozilla/5.0 (Windows; U; Windows NT 6.1; en-US) AppleWebKit/534.13 (KHTML, like Gecko) Chrome/9.0.597.84 Safari/534.13"
64.124.14.126 - - [09/Feb/2011:23:14:24 +0000] "GET /robots.txt HTTP/1.1" 404 509 "-" "Mozilla/5.0 (X11; U; Linux; en-US) AppleWebKit/532.4 (KHTML, like Gecko) Qt/4.6.2 Safari/532.4"
64.124.14.126 - - [09/Feb/2011:23:14:25 +0000] "GET / HTTP/1.1" 200 993 "-" "Mozilla/5.0 (X11; U; Linux; en-US) AppleWebKit/532.4 (KHTML, like Gecko) Qt/4.6.2 Safari/532.4"
70.180.119.247 - - [10/Feb/2011:01:43:57 +0000] "GET / HTTP/1.1" 200 993 "-" "Mozilla/5.0 (X11; U; Linux x86_64; en-US) AppleWebKit/534.10 (KHTML, like Gecko) Chrome/8.0.552.237 Safari/534.10"
70.180.119.247 - - [10/Feb/2011:01:43:57 +0000] "GET /blogger.png HTTP/1.1" 200 2848 "http://insectpolitics.com/" "Mozilla/5.0 (X11; U; Linux x86_64; en-US) AppleWebKit/534.10 (KHTML, like Gecko) Chrome/8.0.552.237 Safari/534.10"
70.180.119.247 - - [10/Feb/2011:01:43:57 +0000] "GET /facebook.png HTTP/1.1" 200 5274 "http://insectpolitics.com/" "Mozilla/5.0 (X11; U; Linux x86_64; en-US) AppleWebKit/534.10 (KHTML, like Gecko) Chrome/8.0.552.237 Safari/534.10"
70.180.119.247 - - [10/Feb/2011:01:43:57 +0000] "GET /twitter.png HTTP/1.1" 200 3230 "http://insectpolitics.com/" "Mozilla/5.0 (X11; U; Linux x86_64; en-US) AppleWebKit/534.10 (KHTML, like Gecko) Chrome/8.0.552.237 Safari/534.10"
70.180.119.247 - - [10/Feb/2011:01:43:57 +0000] "GET /favicon.ico HTTP/1.1" 404 507 "-" "Mozilla/5.0 (X11; U; Linux x86_64; en-US) AppleWebKit/534.10 (KHTML, like Gecko) Chrome/8.0.552.237 Safari/534.10"
70.180.119.247 - - [10/Feb/2011:01:47:27 +0000] "GET /favicon.ico HTTP/1.1" 404 508 "-" "Mozilla/5.0 (X11; U; Linux x86_64; en-US) AppleWebKit/534.10 (KHTML, like Gecko) Chrome/8.0.552.237 Safari/534.10"
70.180.119.247 - - [10/Feb/2011:01:48:15 +0000] "GET /movies HTTP/1.1" 301 568 "-" "Mozilla/5.0 (X11; U; Linux x86_64; en-US) AppleWebKit/534.10 (KHTML, like Gecko) Chrome/8.0.552.237 Safari/534.10"
70.180.119.247 - - [10/Feb/2011:01:48:15 +0000] "GET /movies/ HTTP/1.1" 200 807 "-" "Mozilla/5.0 (X11; U; Linux x86_64; en-US) AppleWebKit/534.10 (KHTML, like Gecko) Chrome/8.0.552.237 Safari/534.10"
70.180.119.247 - - [10/Feb/2011:01:48:15 +0000] "GET /icons/blank.gif HTTP/1.1" 200 439 "http://insectpolitics.com/movies/" "Mozilla/5.0 (X11; U; Linux x86_64; en-US) AppleWebKit/534.10 (KHTML, like Gecko) Chrome/8.0.552.237 Safari/534.10"
