65.52.110.56 - - [13/Mar/2011:02:02:48 +0000] "GET / HTTP/1.1" 200 993 "-" "Mozilla/5.0 (compatible; bingbot/2.0; +http://www.bing.com/bingbot.htm)"
124.115.0.28 - - [13/Mar/2011:02:13:07 +0000] "GET / HTTP/1.1" 304 209 "-" "Sosospider+(+http://help.soso.com/webspider.htm)"
123.125.71.13 - - [13/Mar/2011:02:37:17 +0000] "GET / HTTP/1.1" 200 1630 "-" "Baiduspider+(+http://www.baidu.com/search/spider.htm)"
220.181.108.75 - - [13/Mar/2011:02:37:48 +0000] "GET / HTTP/1.1" 200 1630 "-" "Baiduspider+(+http://www.baidu.com/search/spider.htm)"
123.125.71.30 - - [13/Mar/2011:04:33:20 +0000] "GET / HTTP/1.1" 200 1630 "-" "Baiduspider+(+http://www.baidu.com/search/spider.htm)"
220.181.108.81 - - [13/Mar/2011:04:33:43 +0000] "GET / HTTP/1.1" 200 1630 "-" "Baiduspider+(+http://www.baidu.com/search/spider.htm)"
123.125.71.32 - - [13/Mar/2011:05:32:45 +0000] "GET / HTTP/1.1" 200 1630 "-" "Baiduspider+(+http://www.baidu.com/search/spider.htm)"
220.181.108.94 - - [13/Mar/2011:05:33:04 +0000] "GET / HTTP/1.1" 200 1630 "-" "Baiduspider+(+http://www.baidu.com/search/spider.htm)"
195.54.163.122 - - [13/Mar/2011:06:01:43 +0000] "GET / HTTP/1.0" 200 1630 "http://www.insectpolitics.com/" "Mozilla/4.0 (compatible; MSIE 6.0; Windows 98; Win 9x 4.90)"
195.54.163.122 - - [13/Mar/2011:06:01:46 +0000] "GET / HTTP/1.0" 200 1630 "http://www.insect-politics.com/" "Mozilla/4.0 (compatible; MSIE 6.0; Windows 98; Win 9x 4.90)"
123.125.71.22 - - [13/Mar/2011:07:31:44 +0000] "GET / HTTP/1.1" 200 1630 "-" "Baiduspider+(+http://www.baidu.com/search/spider.htm)"
220.181.108.75 - - [13/Mar/2011:07:32:06 +0000] "GET / HTTP/1.1" 200 1630 "-" "Baiduspider+(+http://www.baidu.com/search/spider.htm)"
123.125.71.12 - - [13/Mar/2011:10:33:39 +0000] "GET / HTTP/1.1" 200 1630 "-" "Baiduspider+(+http://www.baidu.com/search/spider.htm)"
220.181.108.97 - - [13/Mar/2011:10:34:05 +0000] "GET / HTTP/1.1" 200 1630 "-" "Baiduspider+(+http://www.baidu.com/search/spider.htm)"
72.94.249.38 - - [13/Mar/2011:10:44:24 +0000] "GET / HTTP/1.1" 200 1630 "-" "Mozilla/4.0 (compatible; MSIE 6.0; Windows NT 5.1; SV1; .NET CLR 1.1.4322)"
124.115.0.28 - - [13/Mar/2011:10:54:28 +0000] "GET / HTTP/1.1" 304 209 "-" "Sosospider+(+http://help.soso.com/webspider.htm)"
123.125.71.35 - - [13/Mar/2011:11:33:10 +0000] "GET / HTTP/1.1" 200 1630 "-" "Baiduspider+(+http://www.baidu.com/search/spider.htm)"
220.181.108.81 - - [13/Mar/2011:11:33:36 +0000] "GET / HTTP/1.1" 200 1630 "-" "Baiduspider+(+http://www.baidu.com/search/spider.htm)"
123.125.71.21 - - [13/Mar/2011:12:33:26 +0000] "GET / HTTP/1.1" 200 1630 "-" "Baiduspider+(+http://www.baidu.com/search/spider.htm)"
220.181.108.78 - - [13/Mar/2011:12:33:55 +0000] "GET / HTTP/1.1" 200 1630 "-" "Baiduspider+(+http://www.baidu.com/search/spider.htm)"
88.190.13.201 - - [13/Mar/2011:13:00:45 +0000] "GET /robots.txt HTTP/1.0" 404 499 "-" "Mozilla/5.0 (compatible; MJ12bot/v1.3.3; http://www.majestic12.co.uk/bot.php?+)"
88.190.13.201 - - [13/Mar/2011:13:00:46 +0000] "GET / HTTP/1.1" 200 1637 "-" "Mozilla/5.0 (compatible; MJ12bot/v1.3.3; http://www.majestic12.co.uk/bot.php?+)"
123.125.71.26 - - [13/Mar/2011:13:32:10 +0000] "GET / HTTP/1.1" 200 1630 "-" "Baiduspider+(+http://www.baidu.com/search/spider.htm)"
220.181.108.84 - - [13/Mar/2011:13:32:32 +0000] "GET / HTTP/1.1" 200 1630 "-" "Baiduspider+(+http://www.baidu.com/search/spider.htm)"
123.125.71.29 - - [13/Mar/2011:14:30:47 +0000] "GET / HTTP/1.1" 200 1630 "-" "Baiduspider+(+http://www.baidu.com/search/spider.htm)"
220.181.108.85 - - [13/Mar/2011:14:31:06 +0000] "GET / HTTP/1.1" 200 1630 "-" "Baiduspider+(+http://www.baidu.com/search/spider.htm)"
123.125.71.24 - - [13/Mar/2011:16:45:14 +0000] "GET / HTTP/1.1" 200 1630 "-" "Baiduspider+(+http://www.baidu.com/search/spider.htm)"
220.181.108.92 - - [13/Mar/2011:16:45:52 +0000] "GET / HTTP/1.1" 200 1630 "-" "Baiduspider+(+http://www.baidu.com/search/spider.htm)"
123.125.71.18 - - [13/Mar/2011:18:34:08 +0000] "GET / HTTP/1.1" 200 1630 "-" "Baiduspider+(+http://www.baidu.com/search/spider.htm)"
220.181.108.76 - - [13/Mar/2011:18:34:32 +0000] "GET / HTTP/1.1" 200 1630 "-" "Baiduspider+(+http://www.baidu.com/search/spider.htm)"
124.115.0.100 - - [13/Mar/2011:20:15:50 +0000] "GET / HTTP/1.1" 304 209 "-" "Sosospider+(+http://help.soso.com/webspider.htm)"
72.30.161.217 - - [13/Mar/2011:22:28:11 +0000] "GET /robots.txt HTTP/1.0" 404 472 "-" "Mozilla/5.0 (compatible; Yahoo! Slurp; http://help.yahoo.com/help/us/ysearch/slurp)"
72.30.161.217 - - [13/Mar/2011:22:28:11 +0000] "GET / HTTP/1.0" 200 955 "-" "Mozilla/5.0 (compatible; Yahoo! Slurp; http://help.yahoo.com/help/us/ysearch/slurp)"
123.125.71.19 - - [13/Mar/2011:22:32:48 +0000] "GET / HTTP/1.1" 200 1630 "-" "Baiduspider+(+http://www.baidu.com/search/spider.htm)"
69.28.58.33 - - [13/Mar/2011:22:32:59 +0000] "GET / HTTP/1.1" 200 1630 "-" "Wget/1.9+cvs-stable (Red Hat modified)"
220.181.108.96 - - [13/Mar/2011:22:33:07 +0000] "GET / HTTP/1.1" 200 1630 "-" "Baiduspider+(+http://www.baidu.com/search/spider.htm)"
123.125.71.15 - - [13/Mar/2011:22:42:22 +0000] "GET / HTTP/1.1" 304 171 "-" "Baiduspider+(+http://www.baidu.com/search/spider.htm)"
220.181.108.96 - - [14/Mar/2011:00:33:33 +0000] "GET / HTTP/1.1" 200 1630 "-" "Baiduspider+(+http://www.baidu.com/search/spider.htm)"
123.125.71.24 - - [14/Mar/2011:00:34:11 +0000] "GET / HTTP/1.1" 200 1630 "-" "Baiduspider+(+http://www.baidu.com/search/spider.htm)"
124.115.0.163 - - [14/Mar/2011:01:24:59 +0000] "GET / HTTP/1.1" 304 209 "-" "Sosospider+(+http://help.soso.com/webspider.htm)"
123.125.71.22 - - [14/Mar/2011:01:31:51 +0000] "GET / HTTP/1.1" 200 1630 "-" "Baiduspider+(+http://www.baidu.com/search/spider.htm)"
220.181.108.75 - - [14/Mar/2011:01:32:14 +0000] "GET / HTTP/1.1" 200 1630 "-" "Baiduspider+(+http://www.baidu.com/search/spider.htm)"
70.180.119.247 - - [14/Mar/2011:01:58:06 +0000] "GET /movies/ HTTP/1.1" 200 808 "-" "Mozilla/5.0 (X11; U; Linux x86_64; en-US) AppleWebKit/534.13 (KHTML, like Gecko) Chrome/9.0.597.107 Safari/534.13"
70.180.119.247 - - [14/Mar/2011:01:58:07 +0000] "GET /favicon.ico HTTP/1.1" 404 503 "-" "Mozilla/5.0 (X11; U; Linux x86_64; en-US) AppleWebKit/534.13 (KHTML, like Gecko) Chrome/9.0.597.107 Safari/534.13"
70.180.119.247 - - [14/Mar/2011:01:58:09 +0000] "GET /movies/television_blu-ray.txt HTTP/1.1" 200 491 "http://cafink.name/movies/" "Mozilla/5.0 (X11; U; Linux x86_64; en-US) AppleWebKit/534.13 (KHTML, like Gecko) Chrome/9.0.597.107 Safari/534.13"
70.180.119.247 - - [14/Mar/2011:01:58:09 +0000] "GET /favicon.ico HTTP/1.1" 404 503 "-" "Mozilla/5.0 (X11; U; Linux x86_64; en-US) AppleWebKit/534.13 (KHTML, like Gecko) Chrome/9.0.597.107 Safari/534.13"
70.180.119.247 - - [14/Mar/2011:01:58:10 +0000] "GET /movies/features_blu-ray.txt HTTP/1.1" 304 210 "http://cafink.name/movies/" "Mozilla/5.0 (X11; U; Linux x86_64; en-US) AppleWebKit/534.13 (KHTML, like Gecko) Chrome/9.0.597.107 Safari/534.13"
70.180.119.247 - - [14/Mar/2011:01:58:10 +0000] "GET /favicon.ico HTTP/1.1" 404 503 "-" "Mozilla/5.0 (X11; U; Linux x86_64; en-US) AppleWebKit/534.13 (KHTML, like Gecko) Chrome/9.0.597.107 Safari/534.13"
70.180.119.247 - - [14/Mar/2011:02:00:55 +0000] "GET /movies/television_blu-ray.txt HTTP/1.1" 200 497 "http://cafink.name/movies/" "Mozilla/5.0 (X11; U; Linux x86_64; en-US) AppleWebKit/534.13 (KHTML, like Gecko) Chrome/9.0.597.107 Safari/534.13"
70.180.119.247 - - [14/Mar/2011:02:00:55 +0000] "GET /favicon.ico HTTP/1.1" 404 503 "-" "Mozilla/5.0 (X11; U; Linux x86_64; en-US) AppleWebKit/534.13 (KHTML, like Gecko) Chrome/9.0.597.107 Safari/534.13"
70.180.119.247 - - [14/Mar/2011:02:05:08 +0000] "GET /movies/features_dvd.txt HTTP/1.1" 304 211 "-" "Mozilla/5.0 (X11; U; Linux x86_64; en-US) AppleWebKit/534.13 (KHTML, like Gecko) Chrome/9.0.597.107 Safari/534.13"
70.180.119.247 - - [14/Mar/2011:02:05:08 +0000] "GET /favicon.ico HTTP/1.1" 404 503 "-" "Mozilla/5.0 (X11; U; Linux x86_64; en-US) AppleWebKit/534.13 (KHTML, like Gecko) Chrome/9.0.597.107 Safari/534.13"
70.180.119.247 - - [14/Mar/2011:02:07:30 +0000] "GET /movies/features_blu-ray.txt HTTP/1.1" 200 2856 "http://cafink.name/movies/" "Mozilla/5.0 (X11; U; Linux x86_64; en-US) AppleWebKit/534.13 (KHTML, like Gecko) Chrome/9.0.597.107 Safari/534.13"
70.180.119.247 - - [14/Mar/2011:02:07:30 +0000] "GET /favicon.ico HTTP/1.1" 404 503 "-" "Mozilla/5.0 (X11; U; Linux x86_64; en-US) AppleWebKit/534.13 (KHTML, like Gecko) Chrome/9.0.597.107 Safari/534.13"
123.125.71.35 - - [14/Mar/2011:02:36:16 +0000] "GET / HTTP/1.1" 200 1630 "-" "Baiduspider+(+http://www.baidu.com/search/spider.htm)"
220.181.108.91 - - [14/Mar/2011:02:36:46 +0000] "GET / HTTP/1.1" 200 1630 "-" "Baiduspider+(+http://www.baidu.com/search/spider.htm)"
87.106.135.77 - - [14/Mar/2011:02:53:39 +0000] "GET / HTTP/1.1" 200 1637 "-" "Mozilla/4.0 (compatible; MSIE 5.5; Windows NT)"
87.106.135.77 - - [14/Mar/2011:02:53:40 +0000] "GET / HTTP/1.1" 200 1637 "-" "Mozilla/4.0 (compatible; MSIE 5.5; Windows NT)"
70.180.119.247 - - [14/Mar/2011:03:50:03 +0000] "GET /movies/features_blu-ray.txt HTTP/1.1" 304 211 "-" "Mozilla/5.0 (X11; U; Linux x86_64; en-US) AppleWebKit/534.16 (KHTML, like Gecko) Chrome/10.0.648.133 Safari/534.16"
70.180.119.247 - - [14/Mar/2011:03:50:03 +0000] "GET /favicon.ico HTTP/1.1" 404 503 "-" "Mozilla/5.0 (X11; U; Linux x86_64; en-US) AppleWebKit/534.16 (KHTML, like Gecko) Chrome/10.0.648.133 Safari/534.16"
70.180.119.247 - - [14/Mar/2011:03:50:12 +0000] "GET /movies/television_blu-raytxt HTTP/1.1" 404 516 "-" "Mozilla/5.0 (X11; U; Linux x86_64; en-US) AppleWebKit/534.16 (KHTML, like Gecko) Chrome/10.0.648.133 Safari/534.16"
70.180.119.247 - - [14/Mar/2011:03:50:12 +0000] "GET /favicon.ico HTTP/1.1" 404 503 "-" "Mozilla/5.0 (X11; U; Linux x86_64; en-US) AppleWebKit/534.16 (KHTML, like Gecko) Chrome/10.0.648.133 Safari/534.16"
70.180.119.247 - - [14/Mar/2011:03:50:14 +0000] "GET /movies/television_blu-ray.txt HTTP/1.1" 304 208 "-" "Mozilla/5.0 (X11; U; Linux x86_64; en-US) AppleWebKit/534.16 (KHTML, like Gecko) Chrome/10.0.648.133 Safari/534.16"
70.180.119.247 - - [14/Mar/2011:03:50:14 +0000] "GET /favicon.ico HTTP/1.1" 404 503 "-" "Mozilla/5.0 (X11; U; Linux x86_64; en-US) AppleWebKit/534.16 (KHTML, like Gecko) Chrome/10.0.648.133 Safari/534.16"
123.125.71.34 - - [14/Mar/2011:04:33:48 +0000] "GET / HTTP/1.1" 200 1630 "-" "Baiduspider+(+http://www.baidu.com/search/spider.htm)"
220.181.108.92 - - [14/Mar/2011:04:34:12 +0000] "GET / HTTP/1.1" 200 1630 "-" "Baiduspider+(+http://www.baidu.com/search/spider.htm)"
123.125.71.16 - - [14/Mar/2011:06:33:38 +0000] "GET / HTTP/1.1" 200 1630 "-" "Baiduspider+(+http://www.baidu.com/search/spider.htm)"
220.181.108.84 - - [14/Mar/2011:06:34:01 +0000] "GET / HTTP/1.1" 200 1630 "-" "Baiduspider+(+http://www.baidu.com/search/spider.htm)"
123.125.71.26 - - [14/Mar/2011:08:32:12 +0000] "GET / HTTP/1.1" 200 1630 "-" "Baiduspider+(+http://www.baidu.com/search/spider.htm)"
220.181.108.75 - - [14/Mar/2011:08:32:34 +0000] "GET / HTTP/1.1" 200 1630 "-" "Baiduspider+(+http://www.baidu.com/search/spider.htm)"
208.80.194.26 - - [14/Mar/2011:09:13:06 +0000] "GET / HTTP/1.0" 200 1630 "-" "Mozilla/4.0 (compatible; MSIE 7.0; Windows NT 6.0; FunWebProducts; SIMBAR={13B762E6-DE3E-4A42-8823-4E236137F3ED}; Mozilla/4.0 (compatible; MSIE 6.0; Windows NT 5.1; SV1) ; SLCC1; .NET CLR 2.0.50727; Media Center PC 5.0; .NET CLR 3.0.04506; .NET CLR 1.1.4322)"
124.115.4.197 - - [14/Mar/2011:09:30:54 +0000] "GET / HTTP/1.1" 304 209 "-" "Sosospider+(+http://help.soso.com/webspider.htm)"
123.125.71.22 - - [14/Mar/2011:09:33:03 +0000] "GET / HTTP/1.1" 200 1630 "-" "Baiduspider+(+http://www.baidu.com/search/spider.htm)"
220.181.108.94 - - [14/Mar/2011:09:33:26 +0000] "GET / HTTP/1.1" 200 1630 "-" "Baiduspider+(+http://www.baidu.com/search/spider.htm)"
123.125.71.17 - - [14/Mar/2011:10:32:48 +0000] "GET / HTTP/1.1" 200 1630 "-" "Baiduspider+(+http://www.baidu.com/search/spider.htm)"
220.181.108.87 - - [14/Mar/2011:10:33:02 +0000] "GET / HTTP/1.1" 200 1630 "-" "Baiduspider+(+http://www.baidu.com/search/spider.htm)"
123.125.71.17 - - [14/Mar/2011:12:34:05 +0000] "GET / HTTP/1.1" 200 1630 "-" "Baiduspider+(+http://www.baidu.com/search/spider.htm)"
220.181.108.92 - - [14/Mar/2011:12:34:30 +0000] "GET / HTTP/1.1" 200 1630 "-" "Baiduspider+(+http://www.baidu.com/search/spider.htm)"
123.125.71.13 - - [14/Mar/2011:13:32:21 +0000] "GET / HTTP/1.1" 200 1630 "-" "Baiduspider+(+http://www.baidu.com/search/spider.htm)"
220.181.108.91 - - [14/Mar/2011:13:32:43 +0000] "GET / HTTP/1.1" 200 1630 "-" "Baiduspider+(+http://www.baidu.com/search/spider.htm)"
123.125.71.32 - - [14/Mar/2011:14:33:31 +0000] "GET / HTTP/1.1" 200 1630 "-" "Baiduspider+(+http://www.baidu.com/search/spider.htm)"
220.181.108.78 - - [14/Mar/2011:14:33:56 +0000] "GET / HTTP/1.1" 200 1630 "-" "Baiduspider+(+http://www.baidu.com/search/spider.htm)"
64.16.187.50 - - [14/Mar/2011:17:02:11 +0000] "GET /movies/features_blu-ray.txt HTTP/1.1" 200 2856 "-" "Mozilla/5.0 (Windows; U; Windows NT 6.1; en-US) AppleWebKit/534.16 (KHTML, like Gecko) Chrome/10.0.648.127 Safari/534.16"
64.16.187.50 - - [14/Mar/2011:17:02:11 +0000] "GET /favicon.ico HTTP/1.1" 404 503 "-" "Mozilla/5.0 (Windows; U; Windows NT 6.1; en-US) AppleWebKit/534.16 (KHTML, like Gecko) Chrome/10.0.648.127 Safari/534.16"
64.16.187.50 - - [14/Mar/2011:17:04:07 +0000] "GET /movies/features_dvd.txt HTTP/1.1" 304 211 "-" "Mozilla/5.0 (Windows; U; Windows NT 6.1; en-US) AppleWebKit/534.16 (KHTML, like Gecko) Chrome/10.0.648.127 Safari/534.16"
64.16.187.50 - - [14/Mar/2011:17:04:07 +0000] "GET /favicon.ico HTTP/1.1" 404 503 "-" "Mozilla/5.0 (Windows; U; Windows NT 6.1; en-US) AppleWebKit/534.16 (KHTML, like Gecko) Chrome/10.0.648.127 Safari/534.16"
124.115.0.28 - - [14/Mar/2011:17:20:16 +0000] "GET / HTTP/1.1" 304 209 "-" "Sosospider+(+http://help.soso.com/webspider.htm)"
123.125.71.17 - - [14/Mar/2011:17:34:47 +0000] "GET / HTTP/1.1" 200 1630 "-" "Baiduspider+(+http://www.baidu.com/search/spider.htm)"
220.181.108.82 - - [14/Mar/2011:17:35:10 +0000] "GET / HTTP/1.1" 200 1630 "-" "Baiduspider+(+http://www.baidu.com/search/spider.htm)"
69.17.126.188 - - [14/Mar/2011:18:19:12 +0000] "GET /move HTTP/1.1" 404 499 "-" "Mozilla/5.0 (Windows; U; Windows NT 6.1; en-US) AppleWebKit/534.16 (KHTML, like Gecko) Chrome/10.0.648.127 Safari/534.16"
69.17.126.188 - - [14/Mar/2011:18:19:16 +0000] "GET /movies/ HTTP/1.1" 200 801 "-" "Mozilla/5.0 (Windows; U; Windows NT 6.1; en-US) AppleWebKit/534.16 (KHTML, like Gecko) Chrome/10.0.648.127 Safari/534.16"
69.17.126.188 - - [14/Mar/2011:18:19:16 +0000] "GET /favicon.ico HTTP/1.1" 404 503 "-" "Mozilla/5.0 (Windows; U; Windows NT 6.1; en-US) AppleWebKit/534.16 (KHTML, like Gecko) Chrome/10.0.648.127 Safari/534.16"
69.17.126.188 - - [14/Mar/2011:18:19:23 +0000] "GET /movies/features_hd-dvd.txt HTTP/1.1" 200 532 "http://cafink.name/movies/" "Mozilla/5.0 (Windows; U; Windows NT 6.1; en-US) AppleWebKit/534.16 (KHTML, like Gecko) Chrome/10.0.648.127 Safari/534.16"
69.17.126.188 - - [14/Mar/2011:18:19:23 +0000] "GET /favicon.ico HTTP/1.1" 404 503 "-" "Mozilla/5.0 (Windows; U; Windows NT 6.1; en-US) AppleWebKit/534.16 (KHTML, like Gecko) Chrome/10.0.648.127 Safari/534.16"
123.125.71.34 - - [14/Mar/2011:18:34:09 +0000] "GET / HTTP/1.1" 200 1630 "-" "Baiduspider+(+http://www.baidu.com/search/spider.htm)"
220.181.108.82 - - [14/Mar/2011:18:34:32 +0000] "GET / HTTP/1.1" 200 1630 "-" "Baiduspider+(+http://www.baidu.com/search/spider.htm)"
69.17.126.74 - - [14/Mar/2011:19:27:37 +0000] "GET /favicon.ico HTTP/1.1" 404 504 "-" "Mozilla/5.0 (Windows; U; Windows NT 6.1; en-US) AppleWebKit/534.16 (KHTML, like Gecko) Chrome/10.0.648.127 Safari/534.16"
123.125.71.23 - - [14/Mar/2011:19:34:15 +0000] "GET / HTTP/1.1" 200 1630 "-" "Baiduspider+(+http://www.baidu.com/search/spider.htm)"
220.181.108.76 - - [14/Mar/2011:19:34:39 +0000] "GET / HTTP/1.1" 200 1630 "-" "Baiduspider+(+http://www.baidu.com/search/spider.htm)"
123.125.71.21 - - [14/Mar/2011:20:33:18 +0000] "GET / HTTP/1.1" 200 1630 "-" "Baiduspider+(+http://www.baidu.com/search/spider.htm)"
220.181.108.91 - - [14/Mar/2011:20:33:49 +0000] "GET / HTTP/1.1" 200 1630 "-" "Baiduspider+(+http://www.baidu.com/search/spider.htm)"
123.125.71.21 - - [14/Mar/2011:22:33:41 +0000] "GET / HTTP/1.1" 200 1630 "-" "Baiduspider+(+http://www.baidu.com/search/spider.htm)"
220.181.108.92 - - [14/Mar/2011:22:34:04 +0000] "GET / HTTP/1.1" 200 1630 "-" "Baiduspider+(+http://www.baidu.com/search/spider.htm)"
124.115.0.100 - - [14/Mar/2011:22:37:09 +0000] "GET / HTTP/1.1" 304 209 "-" "Sosospider+(+http://help.soso.com/webspider.htm)"
70.180.119.247 - - [14/Mar/2011:22:49:42 +0000] "GET /movies/ HTTP/1.1" 200 805 "-" "Mozilla/5.0 (X11; U; Linux x86_64; en-US) AppleWebKit/534.16 (KHTML, like Gecko) Chrome/10.0.648.133 Safari/534.16"
70.180.119.247 - - [14/Mar/2011:22:49:43 +0000] "GET /favicon.ico HTTP/1.1" 404 503 "-" "Mozilla/5.0 (X11; U; Linux x86_64; en-US) AppleWebKit/534.16 (KHTML, like Gecko) Chrome/10.0.648.133 Safari/534.16"
70.180.119.247 - - [14/Mar/2011:22:49:44 +0000] "GET /movies/features_blu-ray.txt HTTP/1.1" 200 2858 "http://cafink.name/movies/" "Mozilla/5.0 (X11; U; Linux x86_64; en-US) AppleWebKit/534.16 (KHTML, like Gecko) Chrome/10.0.648.133 Safari/534.16"
70.180.119.247 - - [14/Mar/2011:22:49:44 +0000] "GET /favicon.ico HTTP/1.1" 404 503 "-" "Mozilla/5.0 (X11; U; Linux x86_64; en-US) AppleWebKit/534.16 (KHTML, like Gecko) Chrome/10.0.648.133 Safari/534.16"
207.46.13.144 - - [14/Mar/2011:23:03:08 +0000] "GET /robots.txt HTTP/1.1" 404 533 "-" "Mozilla/5.0 (compatible; bingbot/2.0; +http://www.bing.com/bingbot.htm)"
207.46.13.144 - - [14/Mar/2011:23:03:54 +0000] "GET / HTTP/1.1" 304 209 "-" "Mozilla/5.0 (compatible; bingbot/2.0; +http://www.bing.com/bingbot.htm)"
123.125.71.22 - - [14/Mar/2011:23:34:17 +0000] "GET / HTTP/1.1" 200 1630 "-" "Baiduspider+(+http://www.baidu.com/search/spider.htm)"
220.181.108.94 - - [14/Mar/2011:23:34:42 +0000] "GET / HTTP/1.1" 200 1630 "-" "Baiduspider+(+http://www.baidu.com/search/spider.htm)"
123.125.71.22 - - [15/Mar/2011:00:34:04 +0000] "GET / HTTP/1.1" 200 1630 "-" "Baiduspider+(+http://www.baidu.com/search/spider.htm)"
220.181.108.76 - - [15/Mar/2011:00:34:29 +0000] "GET / HTTP/1.1" 200 1630 "-" "Baiduspider+(+http://www.baidu.com/search/spider.htm)"
174.129.117.237 - - [15/Mar/2011:01:10:18 +0000] "HEAD / HTTP/1.1" 200 280 "-" "Mozilla/5.0 (Windows; U; Windows NT 5.1; en-US) AppleWebKit/525.13 (KHTML, like Gecko) Chrome/0.A.B.C Safari/525.13"
207.46.204.178 - - [15/Mar/2011:01:51:51 +0000] "GET /robots.txt HTTP/1.1" 404 533 "-" "Mozilla/5.0 (compatible; bingbot/2.0; +http://www.bing.com/bingbot.htm)"
207.46.204.178 - - [15/Mar/2011:01:52:55 +0000] "GET /?m=200802 HTTP/1.1" 304 209 "-" "Mozilla/5.0 (compatible; bingbot/2.0; +http://www.bing.com/bingbot.htm)"
124.115.0.163 - - [15/Mar/2011:04:07:02 +0000] "GET / HTTP/1.1" 304 209 "-" "Sosospider+(+http://help.soso.com/webspider.htm)"
123.125.71.25 - - [15/Mar/2011:04:34:40 +0000] "GET / HTTP/1.1" 200 1630 "-" "Baiduspider+(+http://www.baidu.com/search/spider.htm)"
220.181.108.83 - - [15/Mar/2011:04:35:05 +0000] "GET / HTTP/1.1" 200 1630 "-" "Baiduspider+(+http://www.baidu.com/search/spider.htm)"
123.125.71.24 - - [15/Mar/2011:07:32:37 +0000] "GET / HTTP/1.1" 200 1630 "-" "Baiduspider+(+http://www.baidu.com/search/spider.htm)"
220.181.108.77 - - [15/Mar/2011:07:33:01 +0000] "GET / HTTP/1.1" 200 1630 "-" "Baiduspider+(+http://www.baidu.com/search/spider.htm)"
124.115.4.197 - - [15/Mar/2011:09:52:19 +0000] "GET / HTTP/1.1" 304 209 "-" "Sosospider+(+http://help.soso.com/webspider.htm)"
123.125.71.14 - - [15/Mar/2011:10:32:21 +0000] "GET / HTTP/1.1" 200 1630 "-" "Baiduspider+(+http://www.baidu.com/search/spider.htm)"
220.181.108.95 - - [15/Mar/2011:10:32:44 +0000] "GET / HTTP/1.1" 200 1630 "-" "Baiduspider+(+http://www.baidu.com/search/spider.htm)"
123.125.71.29 - - [15/Mar/2011:11:34:09 +0000] "GET / HTTP/1.1" 200 1630 "-" "Baiduspider+(+http://www.baidu.com/search/spider.htm)"
220.181.108.87 - - [15/Mar/2011:11:34:35 +0000] "GET / HTTP/1.1" 200 1630 "-" "Baiduspider+(+http://www.baidu.com/search/spider.htm)"
174.129.117.237 - - [15/Mar/2011:14:28:52 +0000] "HEAD / HTTP/1.1" 200 280 "-" "Mozilla/5.0 (Windows; U; Windows NT 5.1; en-US) AppleWebKit/525.13 (KHTML, like Gecko) Chrome/0.A.B.C Safari/525.13"
123.125.71.27 - - [15/Mar/2011:14:32:15 +0000] "GET / HTTP/1.1" 200 1630 "-" "Baiduspider+(+http://www.baidu.com/search/spider.htm)"
220.181.108.87 - - [15/Mar/2011:14:32:36 +0000] "GET / HTTP/1.1" 200 1630 "-" "Baiduspider+(+http://www.baidu.com/search/spider.htm)"
69.17.126.188 - - [15/Mar/2011:16:29:37 +0000] "GET /movies/ HTTP/1.1" 200 805 "-" "Mozilla/5.0 (Windows; U; Windows NT 6.1; en-US) AppleWebKit/534.16 (KHTML, like Gecko) Chrome/10.0.648.127 Safari/534.16"
69.17.126.188 - - [15/Mar/2011:16:29:38 +0000] "GET /favicon.ico HTTP/1.1" 404 503 "-" "Mozilla/5.0 (Windows; U; Windows NT 6.1; en-US) AppleWebKit/534.16 (KHTML, like Gecko) Chrome/10.0.648.127 Safari/534.16"
69.17.126.188 - - [15/Mar/2011:16:29:39 +0000] "GET /movies/features_blu-ray.txt HTTP/1.1" 200 2858 "http://cafink.name/movies/" "Mozilla/5.0 (Windows; U; Windows NT 6.1; en-US) AppleWebKit/534.16 (KHTML, like Gecko) Chrome/10.0.648.127 Safari/534.16"
69.17.126.188 - - [15/Mar/2011:16:29:39 +0000] "GET /favicon.ico HTTP/1.1" 404 503 "-" "Mozilla/5.0 (Windows; U; Windows NT 6.1; en-US) AppleWebKit/534.16 (KHTML, like Gecko) Chrome/10.0.648.127 Safari/534.16"
207.46.204.227 - - [15/Mar/2011:16:33:43 +0000] "GET /robots.txt HTTP/1.1" 404 537 "-" "Mozilla/5.0 (compatible; bingbot/2.0; +http://www.bing.com/bingbot.htm)"
207.46.204.227 - - [15/Mar/2011:16:34:26 +0000] "GET /?p=1 HTTP/1.1" 304 209 "-" "Mozilla/5.0 (compatible; bingbot/2.0; +http://www.bing.com/bingbot.htm)"
123.125.71.33 - - [15/Mar/2011:16:44:43 +0000] "GET / HTTP/1.1" 200 1630 "-" "Baiduspider+(+http://www.baidu.com/search/spider.htm)"
220.181.108.93 - - [15/Mar/2011:16:45:20 +0000] "GET / HTTP/1.1" 200 1630 "-" "Baiduspider+(+http://www.baidu.com/search/spider.htm)"
123.125.71.30 - - [15/Mar/2011:17:35:18 +0000] "GET / HTTP/1.1" 200 1630 "-" "Baiduspider+(+http://www.baidu.com/search/spider.htm)"
220.181.108.94 - - [15/Mar/2011:17:35:43 +0000] "GET / HTTP/1.1" 200 1630 "-" "Baiduspider+(+http://www.baidu.com/search/spider.htm)"
124.115.0.28 - - [15/Mar/2011:18:24:57 +0000] "GET / HTTP/1.1" 304 209 "-" "Sosospider+(+http://help.soso.com/webspider.htm)"
123.125.71.35 - - [15/Mar/2011:19:33:36 +0000] "GET / HTTP/1.1" 200 1630 "-" "Baiduspider+(+http://www.baidu.com/search/spider.htm)"
220.181.108.87 - - [15/Mar/2011:19:33:59 +0000] "GET / HTTP/1.1" 200 1630 "-" "Baiduspider+(+http://www.baidu.com/search/spider.htm)"
123.125.71.24 - - [15/Mar/2011:20:32:59 +0000] "GET / HTTP/1.1" 200 1630 "-" "Baiduspider+(+http://www.baidu.com/search/spider.htm)"
220.181.108.81 - - [15/Mar/2011:20:33:31 +0000] "GET / HTTP/1.1" 200 1630 "-" "Baiduspider+(+http://www.baidu.com/search/spider.htm)"
208.80.194.26 - - [15/Mar/2011:22:22:18 +0000] "GET / HTTP/1.0" 200 1630 "-" "Mozilla/4.0 (compatible; MSIE 6.0; Windows NT 5.1; YPC 3.2.0; MSN 6.1; MSNbMSFT; MSNmen-us; MSNc00; v5m)"
123.125.71.13 - - [15/Mar/2011:22:23:12 +0000] "GET / HTTP/1.1" 304 171 "-" "Baiduspider+(+http://www.baidu.com/search/spider.htm)"
123.125.71.21 - - [15/Mar/2011:22:32:21 +0000] "GET / HTTP/1.1" 200 1630 "-" "Baiduspider+(+http://www.baidu.com/search/spider.htm)"
220.181.108.85 - - [15/Mar/2011:22:32:46 +0000] "GET / HTTP/1.1" 200 1630 "-" "Baiduspider+(+http://www.baidu.com/search/spider.htm)"
78.22.171.66 - - [15/Mar/2011:22:39:10 +0000] "GET / HTTP/1.0" 200 1668 "-" "Mozilla/3.0"
65.52.110.88 - - [15/Mar/2011:22:56:01 +0000] "GET /robots.txt HTTP/1.1" 404 537 "-" "Mozilla/5.0 (compatible; bingbot/2.0; +http://www.bing.com/bingbot.htm)"
65.52.110.88 - - [15/Mar/2011:22:58:01 +0000] "GET /?p=3 HTTP/1.1" 304 209 "-" "Mozilla/5.0 (compatible; bingbot/2.0; +http://www.bing.com/bingbot.htm)"
70.180.119.247 - - [15/Mar/2011:23:45:31 +0000] "GET /movies/features_blu-ray.txt HTTP/1.1" 200 2859 "-" "Mozilla/5.0 (X11; U; Linux x86_64; en-US; rv:1.9.2.15) Gecko/20110303 Ubuntu/10.10 (maverick) Firefox/3.6.15"
70.180.119.247 - - [15/Mar/2011:23:45:31 +0000] "GET /favicon.ico HTTP/1.1" 404 503 "-" "Mozilla/5.0 (X11; U; Linux x86_64; en-US; rv:1.9.2.15) Gecko/20110303 Ubuntu/10.10 (maverick) Firefox/3.6.15"
70.180.119.247 - - [15/Mar/2011:23:45:34 +0000] "GET /favicon.ico HTTP/1.1" 404 503 "-" "Mozilla/5.0 (X11; U; Linux x86_64; en-US; rv:1.9.2.15) Gecko/20110303 Ubuntu/10.10 (maverick) Firefox/3.6.15"
220.181.108.80 - - [16/Mar/2011:03:34:12 +0000] "GET / HTTP/1.1" 200 1630 "-" "Baiduspider+(+http://www.baidu.com/search/spider.htm)"
124.115.0.163 - - [16/Mar/2011:03:59:44 +0000] "GET / HTTP/1.1" 304 209 "-" "Sosospider+(+http://help.soso.com/webspider.htm)"
123.125.71.26 - - [16/Mar/2011:04:31:45 +0000] "GET / HTTP/1.1" 200 1630 "-" "Baiduspider+(+http://www.baidu.com/search/spider.htm)"
220.181.108.94 - - [16/Mar/2011:04:32:05 +0000] "GET / HTTP/1.1" 200 1630 "-" "Baiduspider+(+http://www.baidu.com/search/spider.htm)"
123.125.71.19 - - [16/Mar/2011:06:34:01 +0000] "GET / HTTP/1.1" 200 1630 "-" "Baiduspider+(+http://www.baidu.com/search/spider.htm)"
220.181.108.83 - - [16/Mar/2011:06:34:26 +0000] "GET / HTTP/1.1" 200 1630 "-" "Baiduspider+(+http://www.baidu.com/search/spider.htm)"
78.151.69.220 - - [16/Mar/2011:08:12:01 +0000] "GET /welcome.htm HTTP/1.1" 404 500 "-" "Mozilla/4.0 (compatible; MSIE 6.0; Windows NT 5.0; T312461; Q312461; Maxthon)"
123.125.71.35 - - [16/Mar/2011:08:33:43 +0000] "GET / HTTP/1.1" 200 1630 "-" "Baiduspider+(+http://www.baidu.com/search/spider.htm)"
220.181.108.82 - - [16/Mar/2011:08:34:07 +0000] "GET / HTTP/1.1" 200 1630 "-" "Baiduspider+(+http://www.baidu.com/search/spider.htm)"
81.52.143.16 - - [16/Mar/2011:08:44:19 +0000] "GET /robots.txt HTTP/1.1" 404 472 "-" "Mozilla/5.0 (Windows; U; Windows NT 5.1; fr; rv:1.8.1) VoilaBot BETA 1.2 (support.voilabot@orange-ftgroup.com)"
81.52.143.16 - - [16/Mar/2011:08:44:35 +0000] "GET / HTTP/1.1" 200 955 "-" "Mozilla/5.0 (Windows; U; Windows NT 5.1; fr; rv:1.8.1) VoilaBot BETA 1.2 (support.voilabot@orange-ftgroup.com)"
123.125.71.13 - - [16/Mar/2011:13:32:45 +0000] "GET / HTTP/1.1" 200 1630 "-" "Baiduspider+(+http://www.baidu.com/search/spider.htm)"
220.181.108.80 - - [16/Mar/2011:13:33:07 +0000] "GET / HTTP/1.1" 200 1630 "-" "Baiduspider+(+http://www.baidu.com/search/spider.htm)"
124.115.0.28 - - [16/Mar/2011:14:10:28 +0000] "GET / HTTP/1.1" 304 209 "-" "Sosospider+(+http://help.soso.com/webspider.htm)"
124.115.6.13 - - [16/Mar/2011:14:28:39 +0000] "GET /robots.txt HTTP/1.1" 404 508 "-" "Sosospider+(+http://help.soso.com/webspider.htm)"
74.208.162.85 - - [16/Mar/2011:16:03:08 +0000] "GET / HTTP/1.0" 200 1630 "http://checkyoursitevalue.com/www.insectpolitics.com" "Mozilla/4.0 (compatible; MSIE 6.0; Windows NT 5.1; SV1; FunWebProducts; .NET CLR 1.1.4322; PeoplePal 6.2)"
74.208.162.85 - - [16/Mar/2011:16:03:08 +0000] "GET / HTTP/1.0" 200 1630 "http://checkyoursitevalue.com/www.insectpolitics.com" "Mozilla/4.0 (compatible; MSIE 5.5; Windows NT 4.0)"
74.208.162.85 - - [16/Mar/2011:16:03:09 +0000] "GET / HTTP/1.0" 200 1630 "http://checkyoursitevalue.com/www.insectpolitics.com" "Mozilla/4.0 (compatible; MSIE 5.01; Windows 95; MSIECrawler)"
72.30.161.217 - - [16/Mar/2011:22:30:32 +0000] "GET /robots.txt HTTP/1.0" 404 472 "-" "Mozilla/5.0 (compatible; Yahoo! Slurp; http://help.yahoo.com/help/us/ysearch/slurp)"
72.30.161.217 - - [16/Mar/2011:22:30:32 +0000] "GET / HTTP/1.0" 200 955 "-" "Mozilla/5.0 (compatible; Yahoo! Slurp; http://help.yahoo.com/help/us/ysearch/slurp)"
124.115.0.163 - - [16/Mar/2011:22:39:52 +0000] "GET / HTTP/1.1" 304 209 "-" "Sosospider+(+http://help.soso.com/webspider.htm)"
70.180.119.247 - - [16/Mar/2011:23:22:38 +0000] "GET /movies/ HTTP/1.1" 200 799 "-" "Mozilla/5.0 (X11; U; Linux x86_64; en-US) AppleWebKit/534.16 (KHTML, like Gecko) Chrome/10.0.648.134 Safari/534.16"
70.180.119.247 - - [16/Mar/2011:23:22:40 +0000] "GET /favicon.ico HTTP/1.1" 404 503 "-" "Mozilla/5.0 (X11; U; Linux x86_64; en-US) AppleWebKit/534.16 (KHTML, like Gecko) Chrome/10.0.648.134 Safari/534.16"
70.180.119.247 - - [16/Mar/2011:23:22:41 +0000] "GET /movies/features_blu-ray.txt HTTP/1.1" 200 2872 "http://cafink.name/movies/" "Mozilla/5.0 (X11; U; Linux x86_64; en-US) AppleWebKit/534.16 (KHTML, like Gecko) Chrome/10.0.648.134 Safari/534.16"
70.180.119.247 - - [16/Mar/2011:23:22:41 +0000] "GET /favicon.ico HTTP/1.1" 404 503 "-" "Mozilla/5.0 (X11; U; Linux x86_64; en-US) AppleWebKit/534.16 (KHTML, like Gecko) Chrome/10.0.648.134 Safari/534.16"
70.180.119.247 - - [16/Mar/2011:23:22:42 +0000] "GET /movies/television_dvd.txt HTTP/1.1" 200 1482 "http://cafink.name/movies/" "Mozilla/5.0 (X11; U; Linux x86_64; en-US) AppleWebKit/534.16 (KHTML, like Gecko) Chrome/10.0.648.134 Safari/534.16"
70.180.119.247 - - [16/Mar/2011:23:22:42 +0000] "GET /favicon.ico HTTP/1.1" 404 503 "-" "Mozilla/5.0 (X11; U; Linux x86_64; en-US) AppleWebKit/534.16 (KHTML, like Gecko) Chrome/10.0.648.134 Safari/534.16"
123.125.71.28 - - [17/Mar/2011:02:32:09 +0000] "GET / HTTP/1.1" 200 1630 "-" "Baiduspider+(+http://www.baidu.com/search/spider.htm)"
220.181.108.91 - - [17/Mar/2011:02:32:31 +0000] "GET / HTTP/1.1" 200 1630 "-" "Baiduspider+(+http://www.baidu.com/search/spider.htm)"
124.115.0.100 - - [17/Mar/2011:03:58:36 +0000] "GET / HTTP/1.1" 304 209 "-" "Sosospider+(+http://help.soso.com/webspider.htm)"
123.125.71.18 - - [17/Mar/2011:04:50:32 +0000] "GET / HTTP/1.1" 200 1630 "-" "Baiduspider+(+http://www.baidu.com/search/spider.htm)"
220.181.108.83 - - [17/Mar/2011:04:51:04 +0000] "GET / HTTP/1.1" 200 1630 "-" "Baiduspider+(+http://www.baidu.com/search/spider.htm)"
208.80.194.26 - - [17/Mar/2011:11:24:08 +0000] "GET / HTTP/1.0" 200 1630 "-" "Mozilla/4.0 (compatible; MSIE 7.0; Windows NT 5.1; FunWebProducts; FunWebProducts-MyWay; .NET CLR 1.1.4322; .NET CLR 2.0.50727)"
124.115.0.163 - - [17/Mar/2011:12:19:47 +0000] "GET / HTTP/1.1" 304 209 "-" "Sosospider+(+http://help.soso.com/webspider.htm)"
123.125.71.18 - - [17/Mar/2011:14:29:34 +0000] "GET / HTTP/1.1" 200 1630 "-" "Baiduspider+(+http://www.baidu.com/search/spider.htm)"
220.181.108.93 - - [17/Mar/2011:14:29:51 +0000] "GET / HTTP/1.1" 200 1630 "-" "Baiduspider+(+http://www.baidu.com/search/spider.htm)"
123.125.71.17 - - [17/Mar/2011:15:30:33 +0000] "GET / HTTP/1.1" 200 1630 "-" "Baiduspider+(+http://www.baidu.com/search/spider.htm)"
220.181.108.76 - - [17/Mar/2011:15:30:51 +0000] "GET / HTTP/1.1" 200 1630 "-" "Baiduspider+(+http://www.baidu.com/search/spider.htm)"
123.125.71.13 - - [17/Mar/2011:17:43:07 +0000] "GET / HTTP/1.1" 200 1630 "-" "Baiduspider+(+http://www.baidu.com/search/spider.htm)"
69.28.58.35 - - [17/Mar/2011:17:43:19 +0000] "GET / HTTP/1.1" 200 1630 "-" "Wget/1.9+cvs-stable (Red Hat modified)"
220.181.108.97 - - [17/Mar/2011:17:43:35 +0000] "GET / HTTP/1.1" 200 1630 "-" "Baiduspider+(+http://www.baidu.com/search/spider.htm)"
123.125.71.28 - - [17/Mar/2011:19:24:18 +0000] "GET / HTTP/1.1" 304 171 "-" "Baiduspider+(+http://www.baidu.com/search/spider.htm)"
66.249.71.154 - - [17/Mar/2011:21:07:58 +0000] "GET /robots.txt HTTP/1.1" 404 510 "-" "Mozilla/5.0 (compatible; Googlebot/2.1; +http://www.google.com/bot.html)"
66.249.71.154 - - [17/Mar/2011:21:07:58 +0000] "GET / HTTP/1.1" 304 208 "-" "Mozilla/5.0 (compatible; Googlebot/2.1; +http://www.google.com/bot.html)"
124.115.4.197 - - [17/Mar/2011:21:10:58 +0000] "GET / HTTP/1.1" 304 209 "-" "Sosospider+(+http://help.soso.com/webspider.htm)"
66.177.177.208 - - [18/Mar/2011:00:04:21 +0000] "GET /robots.txt HTTP/1.0" 404 499 "-" "Mozilla/5.0 (compatible; MJ12bot/v1.3.3; http://www.majestic12.co.uk/bot.php?+)"
66.177.177.208 - - [18/Mar/2011:00:04:21 +0000] "GET / HTTP/1.0" 200 955 "-" "Mozilla/5.0 (compatible; MJ12bot/v1.3.3; http://www.majestic12.co.uk/bot.php?+)"
124.115.0.28 - - [18/Mar/2011:04:08:24 +0000] "GET / HTTP/1.1" 304 209 "-" "Sosospider+(+http://help.soso.com/webspider.htm)"
174.129.117.237 - - [18/Mar/2011:07:26:24 +0000] "HEAD / HTTP/1.1" 200 280 "-" "Mozilla/5.0 (Windows; U; Windows NT 5.1; en-US) AppleWebKit/525.13 (KHTML, like Gecko) Chrome/0.A.B.C Safari/525.13"
123.125.71.16 - - [18/Mar/2011:11:36:04 +0000] "GET / HTTP/1.1" 200 1630 "-" "Baiduspider+(+http://www.baidu.com/search/spider.htm)"
220.181.108.87 - - [18/Mar/2011:11:36:33 +0000] "GET / HTTP/1.1" 200 1630 "-" "Baiduspider+(+http://www.baidu.com/search/spider.htm)"
124.115.0.28 - - [18/Mar/2011:12:31:21 +0000] "GET / HTTP/1.1" 304 209 "-" "Sosospider+(+http://help.soso.com/webspider.htm)"
123.125.71.30 - - [18/Mar/2011:13:32:30 +0000] "GET / HTTP/1.1" 200 1630 "-" "Baiduspider+(+http://www.baidu.com/search/spider.htm)"
220.181.108.82 - - [18/Mar/2011:13:32:54 +0000] "GET / HTTP/1.1" 200 1630 "-" "Baiduspider+(+http://www.baidu.com/search/spider.htm)"
95.64.12.17 - - [18/Mar/2011:13:53:24 +0000] "GET / HTTP/1.0" 200 1630 "http://forum.ugonoff.net/autoa/consolidated-workers-assn-insurance.php" "Mozilla/4.0 (compatible; MSIE 6.0; Windows NT 5.1)"
95.64.12.17 - - [18/Mar/2011:13:53:25 +0000] "GET / HTTP/1.0" 200 1630 "http://bilbaohotelcondeduque.com/buy/short-selling-real-estate.php" "Mozilla/4.79 [en] (Windows NT 5.0; U)"
64.16.187.50 - - [18/Mar/2011:14:09:00 +0000] "GET /movies/features_blu-ray.txt HTTP/1.1" 200 2873 "-" "Mozilla/5.0 (Windows; U; Windows NT 6.1; en-US) AppleWebKit/534.16 (KHTML, like Gecko) Chrome/10.0.648.133 Safari/534.16"
64.16.187.50 - - [18/Mar/2011:14:09:01 +0000] "GET /favicon.ico HTTP/1.1" 404 503 "-" "Mozilla/5.0 (Windows; U; Windows NT 6.1; en-US) AppleWebKit/534.16 (KHTML, like Gecko) Chrome/10.0.648.133 Safari/534.16"
123.125.71.23 - - [18/Mar/2011:14:31:01 +0000] "GET / HTTP/1.1" 200 1630 "-" "Baiduspider+(+http://www.baidu.com/search/spider.htm)"
220.181.108.78 - - [18/Mar/2011:14:31:19 +0000] "GET / HTTP/1.1" 200 1630 "-" "Baiduspider+(+http://www.baidu.com/search/spider.htm)"
123.125.71.32 - - [18/Mar/2011:15:34:33 +0000] "GET / HTTP/1.1" 200 1630 "-" "Baiduspider+(+http://www.baidu.com/search/spider.htm)"
220.181.108.93 - - [18/Mar/2011:15:34:59 +0000] "GET / HTTP/1.1" 200 1630 "-" "Baiduspider+(+http://www.baidu.com/search/spider.htm)"
123.125.71.35 - - [18/Mar/2011:16:46:26 +0000] "GET / HTTP/1.1" 200 1630 "-" "Baiduspider+(+http://www.baidu.com/search/spider.htm)"
220.181.108.94 - - [18/Mar/2011:16:47:01 +0000] "GET / HTTP/1.1" 200 1630 "-" "Baiduspider+(+http://www.baidu.com/search/spider.htm)"
64.16.187.50 - - [18/Mar/2011:18:22:32 +0000] "GET /movies/features_dvd.txt HTTP/1.1" 304 211 "-" "Mozilla/5.0 (Windows; U; Windows NT 6.1; en-US) AppleWebKit/534.16 (KHTML, like Gecko) Chrome/10.0.648.133 Safari/534.16"
64.16.187.50 - - [18/Mar/2011:18:22:32 +0000] "GET /favicon.ico HTTP/1.1" 404 503 "-" "Mozilla/5.0 (Windows; U; Windows NT 6.1; en-US) AppleWebKit/534.16 (KHTML, like Gecko) Chrome/10.0.648.133 Safari/534.16"
124.115.0.28 - - [18/Mar/2011:20:35:32 +0000] "GET / HTTP/1.1" 304 209 "-" "Sosospider+(+http://help.soso.com/webspider.htm)"
174.129.117.237 - - [18/Mar/2011:21:02:28 +0000] "HEAD / HTTP/1.1" 200 280 "-" "Mozilla/5.0 (Windows; U; Windows NT 5.1; en-US) AppleWebKit/525.13 (KHTML, like Gecko) Chrome/0.A.B.C Safari/525.13"
123.125.71.21 - - [18/Mar/2011:22:32:26 +0000] "GET / HTTP/1.1" 200 1630 "-" "Baiduspider+(+http://www.baidu.com/search/spider.htm)"
220.181.108.96 - - [18/Mar/2011:22:32:49 +0000] "GET / HTTP/1.1" 200 1630 "-" "Baiduspider+(+http://www.baidu.com/search/spider.htm)"
208.80.194.29 - - [18/Mar/2011:23:55:57 +0000] "GET / HTTP/1.0" 200 1630 "-" "Mozilla/4.0 (compatible; MSIE 7.0; Windows NT 5.1; acc=kuwait150; acc=none; (none); .NET CLR 1.1.4322; .NET CLR 2.0.50727)"
81.52.143.16 - - [19/Mar/2011:00:29:14 +0000] "GET / HTTP/1.1" 200 955 "-" "Mozilla/5.0 (Windows; U; Windows NT 5.1; fr; rv:1.8.1) VoilaBot BETA 1.2 (support.voilabot@orange-ftgroup.com)"
123.125.71.31 - - [19/Mar/2011:00:33:30 +0000] "GET / HTTP/1.1" 200 1630 "-" "Baiduspider+(+http://www.baidu.com/search/spider.htm)"
220.181.108.85 - - [19/Mar/2011:00:33:55 +0000] "GET / HTTP/1.1" 200 1630 "-" "Baiduspider+(+http://www.baidu.com/search/spider.htm)"
67.195.112.241 - - [19/Mar/2011:01:11:49 +0000] "GET /robots.txt HTTP/1.0" 404 472 "-" "Mozilla/5.0 (compatible; Yahoo! Slurp; http://help.yahoo.com/help/us/ysearch/slurp)"
67.195.112.241 - - [19/Mar/2011:01:11:49 +0000] "GET /welcome.htm HTTP/1.0" 404 471 "-" "Mozilla/5.0 (compatible; Yahoo! Slurp; http://help.yahoo.com/help/us/ysearch/slurp)"
123.125.71.16 - - [19/Mar/2011:04:32:38 +0000] "GET / HTTP/1.1" 200 1630 "-" "Baiduspider+(+http://www.baidu.com/search/spider.htm)"
220.181.108.91 - - [19/Mar/2011:04:33:01 +0000] "GET / HTTP/1.1" 200 1630 "-" "Baiduspider+(+http://www.baidu.com/search/spider.htm)"
124.115.0.28 - - [19/Mar/2011:05:26:23 +0000] "GET / HTTP/1.1" 304 209 "-" "Sosospider+(+http://help.soso.com/webspider.htm)"
38.101.148.126 - - [19/Mar/2011:05:46:51 +0000] "GET /robots.txt HTTP/1.1" 404 472 "-" "Mozilla/5.0 (compatible; discobot/1.1; +http://discoveryengine.com/discobot.html"
38.101.148.126 - - [19/Mar/2011:05:47:04 +0000] "GET / HTTP/1.1" 200 955 "-" "Mozilla/5.0 (compatible; discobot/1.1; +http://discoveryengine.com/discobot.html"
123.125.71.22 - - [19/Mar/2011:07:32:22 +0000] "GET / HTTP/1.1" 200 1630 "-" "Baiduspider+(+http://www.baidu.com/search/spider.htm)"
220.181.108.94 - - [19/Mar/2011:07:32:44 +0000] "GET / HTTP/1.1" 200 1630 "-" "Baiduspider+(+http://www.baidu.com/search/spider.htm)"
123.125.71.25 - - [19/Mar/2011:09:32:47 +0000] "GET / HTTP/1.1" 200 1630 "-" "Baiduspider+(+http://www.baidu.com/search/spider.htm)"
69.28.58.9 - - [19/Mar/2011:09:32:59 +0000] "GET / HTTP/1.1" 200 1630 "-" "Wget/1.9+cvs-stable (Red Hat modified)"
220.181.108.94 - - [19/Mar/2011:09:33:12 +0000] "GET / HTTP/1.1" 200 1630 "-" "Baiduspider+(+http://www.baidu.com/search/spider.htm)"
69.28.58.3 - - [19/Mar/2011:09:37:09 +0000] "GET /robots.txt HTTP/1.0" 404 495 "http://insectpolitics.com/robots.txt" "HuaweiSymantecSpider/1.0+DSE-support@huaweisymantec.com+(compatible; MSIE 7.0; Windows NT 5.1; Trident/4.0; .NET CLR 2.0.50727; .NET CLR 3.0.4506.2152; .NET CLR ; http://www.huaweisymantec.com/en/IRL/spider)"
69.28.58.3 - - [19/Mar/2011:09:37:09 +0000] "GET / HTTP/1.0" 200 1630 "http://insectpolitics.com/" "HuaweiSymantecSpider/1.0+DSE-support@huaweisymantec.com+(compatible; MSIE 7.0; Windows NT 5.1; Trident/4.0; .NET CLR 2.0.50727; .NET CLR 3.0.4506.2152; .NET CLR ; http://www.huaweisymantec.com/en/IRL/spider)"
58.61.164.18 - - [19/Mar/2011:09:37:55 +0000] "GET / HTTP/1.1" 200 993 "-" "Mozilla/4.0 (compatible; MSIE 6.0; Windows NT 5.1)"
124.115.0.100 - - [19/Mar/2011:10:09:59 +0000] "GET / HTTP/1.1" 304 209 "-" "Sosospider+(+http://help.soso.com/webspider.htm)"
157.55.50.76 - - [19/Mar/2011:10:23:37 +0000] "GET /robots.txt HTTP/1.1" 404 533 "-" "Mozilla/5.0 (compatible; bingbot/2.0; +http://www.bing.com/bingbot.htm)"
123.125.71.36 - - [19/Mar/2011:11:33:27 +0000] "GET / HTTP/1.1" 200 1630 "-" "Baiduspider+(+http://www.baidu.com/search/spider.htm)"
220.181.108.89 - - [19/Mar/2011:11:33:54 +0000] "GET / HTTP/1.1" 200 1630 "-" "Baiduspider+(+http://www.baidu.com/search/spider.htm)"
124.115.6.13 - - [19/Mar/2011:12:21:15 +0000] "GET /robots.txt HTTP/1.1" 404 508 "-" "Sosospider+(+http://help.soso.com/webspider.htm)"
65.52.51.180 - - [19/Mar/2011:13:39:06 +0000] "GET /robots.txt HTTP/1.1" 404 533 "-" "Mozilla/5.0 (compatible; bingbot/2.0; +http://www.bing.com/bingbot.htm)"
123.125.71.12 - - [19/Mar/2011:16:46:28 +0000] "GET / HTTP/1.1" 200 1630 "-" "Baiduspider+(+http://www.baidu.com/search/spider.htm)"
220.181.108.96 - - [19/Mar/2011:16:47:04 +0000] "GET / HTTP/1.1" 200 1630 "-" "Baiduspider+(+http://www.baidu.com/search/spider.htm)"
65.52.51.180 - - [19/Mar/2011:17:15:19 +0000] "GET /robots.txt HTTP/1.1" 404 533 "-" "Mozilla/5.0 (compatible; bingbot/2.0; +http://www.bing.com/bingbot.htm)"
123.125.71.26 - - [19/Mar/2011:19:34:16 +0000] "GET / HTTP/1.1" 200 1630 "-" "Baiduspider+(+http://www.baidu.com/search/spider.htm)"
220.181.108.82 - - [19/Mar/2011:19:34:38 +0000] "GET / HTTP/1.1" 200 1630 "-" "Baiduspider+(+http://www.baidu.com/search/spider.htm)"
123.125.71.14 - - [19/Mar/2011:20:33:29 +0000] "GET / HTTP/1.1" 200 1630 "-" "Baiduspider+(+http://www.baidu.com/search/spider.htm)"
220.181.108.88 - - [19/Mar/2011:20:33:51 +0000] "GET / HTTP/1.1" 200 1630 "-" "Baiduspider+(+http://www.baidu.com/search/spider.htm)"
124.115.0.163 - - [19/Mar/2011:21:02:45 +0000] "GET / HTTP/1.1" 304 209 "-" "Sosospider+(+http://help.soso.com/webspider.htm)"
65.52.51.180 - - [19/Mar/2011:22:01:48 +0000] "GET /robots.txt HTTP/1.1" 404 533 "-" "Mozilla/5.0 (compatible; bingbot/2.0; +http://www.bing.com/bingbot.htm)"
72.30.161.217 - - [19/Mar/2011:22:35:28 +0000] "GET /robots.txt HTTP/1.0" 404 472 "-" "Mozilla/5.0 (compatible; Yahoo! Slurp; http://help.yahoo.com/help/us/ysearch/slurp)"
72.30.161.217 - - [19/Mar/2011:22:35:28 +0000] "GET / HTTP/1.0" 200 955 "-" "Mozilla/5.0 (compatible; Yahoo! Slurp; http://help.yahoo.com/help/us/ysearch/slurp)"
65.52.49.139 - - [19/Mar/2011:22:51:22 +0000] "GET /robots.txt HTTP/1.1" 404 533 "-" "Mozilla/5.0 (compatible; bingbot/2.0; +http://www.bing.com/bingbot.htm)"
123.125.71.20 - - [19/Mar/2011:23:27:00 +0000] "GET / HTTP/1.1" 304 171 "-" "Baiduspider+(+http://www.baidu.com/search/spider.htm)"
107.31.175.24 - - [20/Mar/2011:01:52:18 +0000] "GET / HTTP/1.1" 200 936 "http://www.google.com/search?hl=en&source=hp&q=insect+politics&aq=f&aqi=g2g-v8&aql=&oq=" "Mozilla/5.0 (Macintosh; U; Intel Mac OS X 10_5_7; en-us) AppleWebKit/530.17 (KHTML, like Gecko) Version/4.0 Safari/530.17"
107.31.175.24 - - [20/Mar/2011:01:52:19 +0000] "GET /blogger.png HTTP/1.1" 200 2792 "http://www.insectpolitics.com/" "Mozilla/5.0 (Macintosh; U; Intel Mac OS X 10_5_7; en-us) AppleWebKit/530.17 (KHTML, like Gecko) Version/4.0 Safari/530.17"
107.31.175.24 - - [20/Mar/2011:01:52:19 +0000] "GET /facebook.png HTTP/1.1" 200 5218 "http://www.insectpolitics.com/" "Mozilla/5.0 (Macintosh; U; Intel Mac OS X 10_5_7; en-us) AppleWebKit/530.17 (KHTML, like Gecko) Version/4.0 Safari/530.17"
107.31.175.24 - - [20/Mar/2011:01:52:19 +0000] "GET /twitter.png HTTP/1.1" 200 3173 "http://www.insectpolitics.com/" "Mozilla/5.0 (Macintosh; U; Intel Mac OS X 10_5_7; en-us) AppleWebKit/530.17 (KHTML, like Gecko) Version/4.0 Safari/530.17"
107.31.175.24 - - [20/Mar/2011:01:52:20 +0000] "GET /favicon.ico HTTP/1.1" 404 454 "http://www.insectpolitics.com/" "Mozilla/5.0 (Macintosh; U; Intel Mac OS X 10_5_7; en-us) AppleWebKit/530.17 (KHTML, like Gecko) Version/4.0 Safari/530.17"
123.125.71.15 - - [20/Mar/2011:02:34:19 +0000] "GET / HTTP/1.1" 200 1630 "-" "Baiduspider+(+http://www.baidu.com/search/spider.htm)"
220.181.108.84 - - [20/Mar/2011:02:34:46 +0000] "GET / HTTP/1.1" 200 1630 "-" "Baiduspider+(+http://www.baidu.com/search/spider.htm)"
124.115.0.100 - - [20/Mar/2011:02:41:41 +0000] "GET / HTTP/1.1" 304 209 "-" "Sosospider+(+http://help.soso.com/webspider.htm)"
123.125.71.17 - - [20/Mar/2011:06:34:07 +0000] "GET / HTTP/1.1" 200 1630 "-" "Baiduspider+(+http://www.baidu.com/search/spider.htm)"
220.181.108.96 - - [20/Mar/2011:06:34:30 +0000] "GET / HTTP/1.1" 200 1630 "-" "Baiduspider+(+http://www.baidu.com/search/spider.htm)"
124.115.0.163 - - [20/Mar/2011:07:45:39 +0000] "GET / HTTP/1.1" 304 209 "-" "Sosospider+(+http://help.soso.com/webspider.htm)"
123.125.71.20 - - [20/Mar/2011:08:33:55 +0000] "GET / HTTP/1.1" 200 1630 "-" "Baiduspider+(+http://www.baidu.com/search/spider.htm)"
220.181.108.86 - - [20/Mar/2011:08:34:19 +0000] "GET / HTTP/1.1" 200 1630 "-" "Baiduspider+(+http://www.baidu.com/search/spider.htm)"
209.190.3.218 - - [20/Mar/2011:08:59:56 +0000] "GET / HTTP/1.1" 200 1668 "-" "Java/1.6.0_24"
209.190.3.218 - - [20/Mar/2011:08:59:56 +0000] "GET /blogger.png HTTP/1.1" 200 2848 "-" "Java/1.6.0_24"
209.190.3.218 - - [20/Mar/2011:08:59:56 +0000] "GET /facebook.png HTTP/1.1" 200 5274 "-" "Java/1.6.0_24"
209.190.3.218 - - [20/Mar/2011:08:59:56 +0000] "GET /twitter.png HTTP/1.1" 200 3229 "-" "Java/1.6.0_24"
209.190.3.218 - - [20/Mar/2011:09:00:56 +0000] "GET / HTTP/1.1" 200 1668 "-" "Java/1.6.0_24"
209.190.3.218 - - [20/Mar/2011:09:00:56 +0000] "GET /blogger.png HTTP/1.1" 200 2848 "-" "Java/1.6.0_24"
209.190.3.218 - - [20/Mar/2011:09:00:56 +0000] "GET /facebook.png HTTP/1.1" 200 5274 "-" "Java/1.6.0_24"
209.190.3.218 - - [20/Mar/2011:09:00:56 +0000] "GET /twitter.png HTTP/1.1" 200 3229 "-" "Java/1.6.0_24"
216.145.17.190 - - [20/Mar/2011:09:24:15 +0000] "GET /robots.txt HTTP/1.0" 404 492 "-" "Mozilla/5.0 (Windows; U; Windows NT 5.1; en; rv:1.9.0.13) Gecko/2009073022 Firefox/3.5.2 (.NET CLR 3.5.30729) SurveyBot/2.3 (DomainTools)"
216.145.17.190 - - [20/Mar/2011:09:24:15 +0000] "GET / HTTP/1.1" 200 955 "http://whois.domaintools.com/cafink.name" "Mozilla/5.0 (Windows; U; Windows NT 5.1; en; rv:1.9.0.13) Gecko/2009073022 Firefox/3.5.2 (.NET CLR 3.5.30729) SurveyBot/2.3 (DomainTools)"
207.46.195.240 - - [20/Mar/2011:09:40:39 +0000] "GET /robots.txt HTTP/1.1" 404 533 "-" "Mozilla/5.0 (compatible; bingbot/2.0; +http://www.bing.com/bingbot.htm)"
207.46.195.240 - - [20/Mar/2011:09:41:10 +0000] "GET / HTTP/1.1" 304 209 "-" "Mozilla/5.0 (compatible; bingbot/2.0; +http://www.bing.com/bingbot.htm)"
124.115.0.146 - - [20/Mar/2011:09:58:58 +0000] "GET / HTTP/1.1" 200 993 "-" "Mozilla/4.0 (compatible; MSIE 6.0; Windows NT 5.1)"
64.246.161.190 - - [20/Mar/2011:10:14:40 +0000] "GET /robots.txt HTTP/1.0" 404 494 "-" "Mozilla/5.0 (Windows; U; Windows NT 5.1; en; rv:1.9.0.13) Gecko/2009073022 Firefox/3.5.2 (.NET CLR 3.5.30729) SurveyBot/2.3 (DomainTools)"
64.246.161.190 - - [20/Mar/2011:10:14:40 +0000] "GET / HTTP/1.1" 200 955 "http://whois.domaintools.com/carlfink.name" "Mozilla/5.0 (Windows; U; Windows NT 5.1; en; rv:1.9.0.13) Gecko/2009073022 Firefox/3.5.2 (.NET CLR 3.5.30729) SurveyBot/2.3 (DomainTools)"
64.246.165.10 - - [20/Mar/2011:10:27:02 +0000] "GET /robots.txt HTTP/1.0" 404 495 "-" "Mozilla/5.0 (Windows; U; Windows NT 5.1; en; rv:1.9.0.13) Gecko/2009073022 Firefox/3.5.2 (.NET CLR 3.5.30729) SurveyBot/2.3 (DomainTools)"
64.246.165.10 - - [20/Mar/2011:10:27:02 +0000] "GET / HTTP/1.1" 200 955 "http://whois.domaintools.com/carl-fink.name" "Mozilla/5.0 (Windows; U; Windows NT 5.1; en; rv:1.9.0.13) Gecko/2009073022 Firefox/3.5.2 (.NET CLR 3.5.30729) SurveyBot/2.3 (DomainTools)"
123.125.71.28 - - [20/Mar/2011:10:33:54 +0000] "GET / HTTP/1.1" 200 1630 "-" "Baiduspider+(+http://www.baidu.com/search/spider.htm)"
220.181.108.96 - - [20/Mar/2011:10:34:17 +0000] "GET / HTTP/1.1" 200 1630 "-" "Baiduspider+(+http://www.baidu.com/search/spider.htm)"
65.52.49.141 - - [20/Mar/2011:11:33:08 +0000] "GET /robots.txt HTTP/1.1" 404 533 "-" "Mozilla/5.0 (compatible; bingbot/2.0; +http://www.bing.com/bingbot.htm)"
123.125.71.18 - - [20/Mar/2011:11:35:50 +0000] "GET / HTTP/1.1" 200 1630 "-" "Baiduspider+(+http://www.baidu.com/search/spider.htm)"
220.181.108.89 - - [20/Mar/2011:11:36:16 +0000] "GET / HTTP/1.1" 200 1630 "-" "Baiduspider+(+http://www.baidu.com/search/spider.htm)"
123.125.71.36 - - [20/Mar/2011:12:34:01 +0000] "GET / HTTP/1.1" 200 1630 "-" "Baiduspider+(+http://www.baidu.com/search/spider.htm)"
220.181.108.96 - - [20/Mar/2011:12:34:24 +0000] "GET / HTTP/1.1" 200 1630 "-" "Baiduspider+(+http://www.baidu.com/search/spider.htm)"
208.80.194.37 - - [20/Mar/2011:12:42:45 +0000] "GET / HTTP/1.0" 200 1630 "-" "Mozilla/4.0 (compatible; MSIE 6.0; Windows NT 5.1; {83C8DB52-03EF-7DF8-D0C5-7BF183131B11}; .NET CLR 2.0.50727)"
124.115.4.197 - - [20/Mar/2011:12:52:59 +0000] "GET / HTTP/1.1" 304 209 "-" "Sosospider+(+http://help.soso.com/webspider.htm)"
123.125.71.23 - - [20/Mar/2011:13:32:44 +0000] "GET / HTTP/1.1" 200 1630 "-" "Baiduspider+(+http://www.baidu.com/search/spider.htm)"
220.181.108.80 - - [20/Mar/2011:13:33:05 +0000] "GET / HTTP/1.1" 200 1630 "-" "Baiduspider+(+http://www.baidu.com/search/spider.htm)"
65.52.51.180 - - [20/Mar/2011:18:02:09 +0000] "GET /robots.txt HTTP/1.1" 404 533 "-" "Mozilla/5.0 (compatible; bingbot/2.0; +http://www.bing.com/bingbot.htm)"
123.125.71.30 - - [20/Mar/2011:18:35:07 +0000] "GET / HTTP/1.1" 200 1630 "-" "Baiduspider+(+http://www.baidu.com/search/spider.htm)"
220.181.108.82 - - [20/Mar/2011:18:35:31 +0000] "GET / HTTP/1.1" 200 1630 "-" "Baiduspider+(+http://www.baidu.com/search/spider.htm)"
123.125.71.32 - - [20/Mar/2011:19:34:08 +0000] "GET / HTTP/1.1" 200 1630 "-" "Baiduspider+(+http://www.baidu.com/search/spider.htm)"
220.181.108.78 - - [20/Mar/2011:19:34:31 +0000] "GET / HTTP/1.1" 200 1630 "-" "Baiduspider+(+http://www.baidu.com/search/spider.htm)"
123.125.71.26 - - [20/Mar/2011:20:34:12 +0000] "GET / HTTP/1.1" 200 1630 "-" "Baiduspider+(+http://www.baidu.com/search/spider.htm)"
220.181.108.94 - - [20/Mar/2011:20:34:37 +0000] "GET / HTTP/1.1" 200 1630 "-" "Baiduspider+(+http://www.baidu.com/search/spider.htm)"
72.94.249.38 - - [20/Mar/2011:21:48:27 +0000] "GET / HTTP/1.1" 200 1630 "-" "Mozilla/4.0 (compatible; MSIE 6.0; Windows NT 5.1; SV1; .NET CLR 1.1.4322)"
124.115.0.100 - - [20/Mar/2011:21:53:49 +0000] "GET / HTTP/1.1" 304 209 "-" "Sosospider+(+http://help.soso.com/webspider.htm)"
123.125.71.12 - - [20/Mar/2011:22:35:14 +0000] "GET / HTTP/1.1" 200 1630 "-" "Baiduspider+(+http://www.baidu.com/search/spider.htm)"
220.181.108.85 - - [20/Mar/2011:22:35:35 +0000] "GET / HTTP/1.1" 200 1630 "-" "Baiduspider+(+http://www.baidu.com/search/spider.htm)"
123.125.71.15 - - [20/Mar/2011:23:34:00 +0000] "GET / HTTP/1.1" 200 1630 "-" "Baiduspider+(+http://www.baidu.com/search/spider.htm)"
220.181.108.97 - - [20/Mar/2011:23:34:23 +0000] "GET / HTTP/1.1" 200 1630 "-" "Baiduspider+(+http://www.baidu.com/search/spider.htm)"
173.253.179.27 - - [21/Mar/2011:00:06:08 +0000] "GET /movies/features_blu-ray.txt HTTP/1.1" 200 2873 "-" "Mozilla/5.0 (Windows; U; Windows NT 6.0; en-US) AppleWebKit/534.16 (KHTML, like Gecko) Chrome/10.0.648.151 Safari/534.16"
