70.180.119.247 - - [10/Feb/2011:01:48:15 +0000] "GET /icons/text.gif HTTP/1.1" 200 521 "http://insectpolitics.com/movies/" "Mozilla/5.0 (X11; U; Linux x86_64; en-US) AppleWebKit/534.10 (KHTML, like Gecko) Chrome/8.0.552.237 Safari/534.10"
70.180.119.247 - - [10/Feb/2011:01:48:15 +0000] "GET /icons/back.gif HTTP/1.1" 200 507 "http://insectpolitics.com/movies/" "Mozilla/5.0 (X11; U; Linux x86_64; en-US) AppleWebKit/534.10 (KHTML, like Gecko) Chrome/8.0.552.237 Safari/534.10"
70.180.119.247 - - [10/Feb/2011:01:48:15 +0000] "GET /favicon.ico HTTP/1.1" 404 507 "-" "Mozilla/5.0 (X11; U; Linux x86_64; en-US) AppleWebKit/534.10 (KHTML, like Gecko) Chrome/8.0.552.237 Safari/534.10"
70.180.119.247 - - [10/Feb/2011:01:48:17 +0000] "GET /movies/features_blu-ray.txt HTTP/1.1" 200 2622 "http://insectpolitics.com/movies/" "Mozilla/5.0 (X11; U; Linux x86_64; en-US) AppleWebKit/534.10 (KHTML, like Gecko) Chrome/8.0.552.237 Safari/534.10"
70.180.119.247 - - [10/Feb/2011:01:48:18 +0000] "GET /favicon.ico HTTP/1.1" 404 507 "-" "Mozilla/5.0 (X11; U; Linux x86_64; en-US) AppleWebKit/534.10 (KHTML, like Gecko) Chrome/8.0.552.237 Safari/534.10"
70.180.119.247 - - [10/Feb/2011:01:51:03 +0000] "GET /movies/features_blu-ray.txt HTTP/1.1" 200 2648 "http://insectpolitics.com/movies/" "Mozilla/5.0 (X11; U; Linux x86_64; en-US) AppleWebKit/534.10 (KHTML, like Gecko) Chrome/8.0.552.237 Safari/534.10"
70.180.119.247 - - [10/Feb/2011:01:51:03 +0000] "GET /favicon.ico HTTP/1.1" 404 507 "-" "Mozilla/5.0 (X11; U; Linux x86_64; en-US) AppleWebKit/534.10 (KHTML, like Gecko) Chrome/8.0.552.237 Safari/534.10"
70.180.119.247 - - [10/Feb/2011:01:51:29 +0000] "GET /movies/features_blu-ray.txt HTTP/1.1" 200 2648 "-" "Mozilla/5.0 (X11; U; Linux x86_64; en-US) AppleWebKit/534.10 (KHTML, like Gecko) Chrome/8.0.552.237 Safari/534.10"
70.180.119.247 - - [10/Feb/2011:01:51:29 +0000] "GET /favicon.ico HTTP/1.1" 404 503 "-" "Mozilla/5.0 (X11; U; Linux x86_64; en-US) AppleWebKit/534.10 (KHTML, like Gecko) Chrome/8.0.552.237 Safari/534.10"
70.180.119.247 - - [10/Feb/2011:02:16:55 +0000] "GET /movies/features_dvd.txt HTTP/1.1" 304 211 "-" "Mozilla/5.0 (X11; U; Linux x86_64; en-US) AppleWebKit/534.10 (KHTML, like Gecko) Chrome/8.0.552.237 Safari/534.10"
70.180.119.247 - - [10/Feb/2011:02:16:55 +0000] "GET /favicon.ico HTTP/1.1" 404 503 "-" "Mozilla/5.0 (X11; U; Linux x86_64; en-US) AppleWebKit/534.10 (KHTML, like Gecko) Chrome/8.0.552.237 Safari/534.10"
70.180.119.247 - - [10/Feb/2011:02:27:46 +0000] "GET /movies/features_blu-ray.txt HTTP/1.1" 304 211 "-" "Mozilla/5.0 (X11; U; Linux x86_64; en-US) AppleWebKit/534.10 (KHTML, like Gecko) Chrome/8.0.552.237 Safari/534.10"
70.180.119.247 - - [10/Feb/2011:02:27:46 +0000] "GET /favicon.ico HTTP/1.1" 404 503 "-" "Mozilla/5.0 (X11; U; Linux x86_64; en-US) AppleWebKit/534.10 (KHTML, like Gecko) Chrome/8.0.552.237 Safari/534.10"
70.180.119.247 - - [10/Feb/2011:02:28:02 +0000] "GET /favicon.ico HTTP/1.1" 404 504 "-" "Mozilla/5.0 (X11; U; Linux x86_64; en-US) AppleWebKit/534.10 (KHTML, like Gecko) Chrome/8.0.552.237 Safari/534.10"
207.46.13.145 - - [10/Feb/2011:02:32:57 +0000] "GET /robots.txt HTTP/1.1" 404 533 "-" "Mozilla/5.0 (compatible; bingbot/2.0; +http://www.bing.com/bingbot.htm)"
207.46.13.145 - - [10/Feb/2011:02:33:55 +0000] "GET / HTTP/1.1" 200 993 "-" "Mozilla/5.0 (compatible; bingbot/2.0; +http://www.bing.com/bingbot.htm)"
38.127.197.105 - - [10/Feb/2011:12:24:32 +0000] "GET / HTTP/1.1" 200 1668 "-" "Mozilla/4.0 (compatible; MSIE 7.0; Windows NT 5.2)"
174.129.117.237 - - [10/Feb/2011:13:41:36 +0000] "HEAD / HTTP/1.1" 200 280 "-" "Mozilla/5.0 (Windows; U; Windows NT 5.1; en-US) AppleWebKit/525.13 (KHTML, like Gecko) Chrome/0.A.B.C Safari/525.13"
208.115.138.254 - - [10/Feb/2011:14:46:46 +0000] "GET /movies/features_blu-ray.txt HTTP/1.1" 200 4944 "-" "Mozilla/4.0 (compatible; MSIE 7.0; Windows NT 5.1; InfoPath.1; .NET CLR 2.0.50727; .NET CLR 1.1.4322; MS-RTC LM 8; .NET CLR 3.0.4506.2152; .NET CLR 3.5.30729)"
69.74.233.66 - - [10/Feb/2011:14:46:46 +0000] "GET /favicon.ico HTTP/1.1" 404 504 "-" "Mozilla/5.0 (Windows; U; Windows NT 6.1; en-US) AppleWebKit/534.13 (KHTML, like Gecko) Chrome/9.0.597.84 Safari/534.13"
69.74.233.66 - - [10/Feb/2011:19:46:29 +0000] "GET /favicon.ico HTTP/1.1" 404 508 "-" "Mozilla/5.0 (Windows; U; Windows NT 6.1; en-US) AppleWebKit/534.13 (KHTML, like Gecko) Chrome/9.0.597.84 Safari/534.13"
208.115.138.254 - - [10/Feb/2011:19:46:34 +0000] "GET /movies/features_blu-ray.txt HTTP/1.1" 200 4944 "-" "Mozilla/4.0 (compatible; MSIE 7.0; Windows NT 5.1; InfoPath.1; .NET CLR 2.0.50727; .NET CLR 1.1.4322; MS-RTC LM 8; .NET CLR 3.0.4506.2152; .NET CLR 3.5.30729)"
69.74.233.66 - - [10/Feb/2011:19:46:34 +0000] "GET /movies/features_blu-ray.txt HTTP/1.1" 200 2647 "-" "Mozilla/5.0 (Windows; U; Windows NT 6.1; en-US) AppleWebKit/534.13 (KHTML, like Gecko) Chrome/9.0.597.84 Safari/534.13"
69.74.233.66 - - [10/Feb/2011:19:46:35 +0000] "GET /favicon.ico HTTP/1.1" 404 507 "-" "Mozilla/5.0 (Windows; U; Windows NT 6.1; en-US) AppleWebKit/534.13 (KHTML, like Gecko) Chrome/9.0.597.84 Safari/534.13"
12.29.64.90 - - [10/Feb/2011:22:59:56 +0000] "GET /movies HTTP/1.1" 301 557 "-" "Mozilla/5.0 (iPhone; U; CPU iPhone OS 4_2_1 like Mac OS X; en-us) AppleWebKit/533.17.9 (KHTML, like Gecko) Version/5.0.2 Mobile/8C148 Safari/6533.18.5"
12.29.64.90 - - [10/Feb/2011:22:59:57 +0000] "GET /movies/ HTTP/1.1" 200 804 "-" "Mozilla/5.0 (iPhone; U; CPU iPhone OS 4_2_1 like Mac OS X; en-us) AppleWebKit/533.17.9 (KHTML, like Gecko) Version/5.0.2 Mobile/8C148 Safari/6533.18.5"
12.29.64.90 - - [10/Feb/2011:22:59:58 +0000] "GET /icons/blank.gif HTTP/1.1" 200 439 "http://cafink.name/movies/" "Mozilla/5.0 (iPhone; U; CPU iPhone OS 4_2_1 like Mac OS X; en-us) AppleWebKit/533.17.9 (KHTML, like Gecko) Version/5.0.2 Mobile/8C148 Safari/6533.18.5"
12.29.64.90 - - [10/Feb/2011:22:59:58 +0000] "GET /icons/back.gif HTTP/1.1" 200 508 "http://cafink.name/movies/" "Mozilla/5.0 (iPhone; U; CPU iPhone OS 4_2_1 like Mac OS X; en-us) AppleWebKit/533.17.9 (KHTML, like Gecko) Version/5.0.2 Mobile/8C148 Safari/6533.18.5"
12.29.64.90 - - [10/Feb/2011:22:59:59 +0000] "GET /icons/text.gif HTTP/1.1" 200 521 "http://cafink.name/movies/" "Mozilla/5.0 (iPhone; U; CPU iPhone OS 4_2_1 like Mac OS X; en-us) AppleWebKit/533.17.9 (KHTML, like Gecko) Version/5.0.2 Mobile/8C148 Safari/6533.18.5"
12.29.64.90 - - [10/Feb/2011:23:00:03 +0000] "GET /movies/features_blu-ray.txt HTTP/1.1" 200 2648 "http://cafink.name/movies/" "Mozilla/5.0 (iPhone; U; CPU iPhone OS 4_2_1 like Mac OS X; en-us) AppleWebKit/533.17.9 (KHTML, like Gecko) Version/5.0.2 Mobile/8C148 Safari/6533.18.5"
166.137.15.169 - - [10/Feb/2011:23:00:07 +0000] "GET /movies HTTP/1.1" 301 565 "-" "Mozilla/5.0 (iPhone; U; CPU iPhone OS 4_2_1 like Mac OS X; en-us) AppleWebKit/533.17.9 (KHTML, like Gecko) Version/5.0.2 Mobile/8C148 Safari/6533.18.5"
166.137.15.169 - - [10/Feb/2011:23:00:08 +0000] "GET /movies/ HTTP/1.1" 200 808 "-" "Mozilla/5.0 (iPhone; U; CPU iPhone OS 4_2_1 like Mac OS X; en-us) AppleWebKit/533.17.9 (KHTML, like Gecko) Version/5.0.2 Mobile/8C148 Safari/6533.18.5"
166.137.15.169 - - [10/Feb/2011:23:00:08 +0000] "GET /icons/blank.gif HTTP/1.1" 200 439 "http://www.cafink.name/movies/" "Mozilla/5.0 (iPhone; U; CPU iPhone OS 4_2_1 like Mac OS X; en-us) AppleWebKit/533.17.9 (KHTML, like Gecko) Version/5.0.2 Mobile/8C148 Safari/6533.18.5"
166.137.15.169 - - [10/Feb/2011:23:00:08 +0000] "GET /icons/back.gif HTTP/1.1" 200 508 "http://www.cafink.name/movies/" "Mozilla/5.0 (iPhone; U; CPU iPhone OS 4_2_1 like Mac OS X; en-us) AppleWebKit/533.17.9 (KHTML, like Gecko) Version/5.0.2 Mobile/8C148 Safari/6533.18.5"
166.137.15.169 - - [10/Feb/2011:23:00:08 +0000] "GET /icons/text.gif HTTP/1.1" 200 521 "http://www.cafink.name/movies/" "Mozilla/5.0 (iPhone; U; CPU iPhone OS 4_2_1 like Mac OS X; en-us) AppleWebKit/533.17.9 (KHTML, like Gecko) Version/5.0.2 Mobile/8C148 Safari/6533.18.5"
12.29.64.90 - - [10/Feb/2011:23:00:13 +0000] "GET /movies/features_blu-ray.txt HTTP/1.1" 200 2648 "http://www.cafink.name/movies/" "Mozilla/5.0 (iPhone; U; CPU iPhone OS 4_2_1 like Mac OS X; en-us) AppleWebKit/533.17.9 (KHTML, like Gecko) Version/5.0.2 Mobile/8C148 Safari/6533.18.5"
166.137.15.169 - - [10/Feb/2011:23:03:20 +0000] "GET /movies/television_dvd.txt HTTP/1.1" 200 1467 "http://www.cafink.name/movies/" "Mozilla/5.0 (iPhone; U; CPU iPhone OS 4_2_1 like Mac OS X; en-us) AppleWebKit/533.17.9 (KHTML, like Gecko) Version/5.0.2 Mobile/8C148 Safari/6533.18.5"
70.180.119.247 - - [11/Feb/2011:00:21:27 +0000] "GET /movies/features_blu-ray.txt HTTP/1.1" 200 2708 "-" "Mozilla/5.0 (X11; U; Linux x86_64; en-US) AppleWebKit/534.13 (KHTML, like Gecko) Chrome/9.0.597.94 Safari/534.13"
70.180.119.247 - - [11/Feb/2011:00:21:28 +0000] "GET /favicon.ico HTTP/1.1" 404 507 "-" "Mozilla/5.0 (X11; U; Linux x86_64; en-US) AppleWebKit/534.13 (KHTML, like Gecko) Chrome/9.0.597.94 Safari/534.13"
70.180.119.247 - - [11/Feb/2011:00:21:48 +0000] "GET /movies/features_dvd.txt HTTP/1.1" 200 7263 "-" "Mozilla/5.0 (X11; U; Linux x86_64; en-US) AppleWebKit/534.13 (KHTML, like Gecko) Chrome/9.0.597.94 Safari/534.13"
70.180.119.247 - - [11/Feb/2011:00:21:48 +0000] "GET /favicon.ico HTTP/1.1" 404 507 "-" "Mozilla/5.0 (X11; U; Linux x86_64; en-US) AppleWebKit/534.13 (KHTML, like Gecko) Chrome/9.0.597.94 Safari/534.13"
70.180.119.247 - - [11/Feb/2011:00:21:52 +0000] "GET /favicon.ico HTTP/1.1" 404 507 "-" "Mozilla/5.0 (X11; U; Linux x86_64; en-US) AppleWebKit/534.13 (KHTML, like Gecko) Chrome/9.0.597.94 Safari/534.13"
70.180.119.247 - - [11/Feb/2011:00:22:37 +0000] "GET /movies/features_blu-ray.txt HTTP/1.1" 200 2708 "-" "Mozilla/5.0 (X11; U; Linux x86_64; en-US) AppleWebKit/534.13 (KHTML, like Gecko) Chrome/9.0.597.94 Safari/534.13"
70.180.119.247 - - [11/Feb/2011:00:22:38 +0000] "GET /favicon.ico HTTP/1.1" 404 503 "-" "Mozilla/5.0 (X11; U; Linux x86_64; en-US) AppleWebKit/534.13 (KHTML, like Gecko) Chrome/9.0.597.94 Safari/534.13"
208.80.194.26 - - [11/Feb/2011:00:50:58 +0000] "GET / HTTP/1.0" 200 1630 "-" "Mozilla/4.0 (compatible; MSIE 7.0; America Online Browser 1.1; rev1.2; Windows NT 5.1; .NET CLR 1.1.4322; PeoplePal 6.2)"
174.129.117.237 - - [11/Feb/2011:01:08:44 +0000] "HEAD / HTTP/1.1" 200 280 "-" "Mozilla/5.0 (Windows; U; Windows NT 5.1; en-US) AppleWebKit/525.13 (KHTML, like Gecko) Chrome/0.A.B.C Safari/525.13"
184.154.7.186 - - [11/Feb/2011:01:51:52 +0000] "GET /robots.txt HTTP/1.0" 404 499 "-" "Mozilla/5.0 (compatible; MJ12bot/v1.3.3; http://www.majestic12.co.uk/bot.php?+)"
184.154.7.186 - - [11/Feb/2011:01:51:53 +0000] "GET / HTTP/1.0" 200 955 "-" "Mozilla/5.0 (compatible; MJ12bot/v1.3.3; http://www.majestic12.co.uk/bot.php?+)"
66.249.68.43 - - [11/Feb/2011:01:54:19 +0000] "GET /robots.txt HTTP/1.1" 404 511 "-" "Mozilla/5.0 (compatible; Googlebot/2.1; +http://www.google.com/bot.html)"
66.249.68.43 - - [11/Feb/2011:01:54:19 +0000] "GET / HTTP/1.1" 200 992 "-" "Mozilla/5.0 (compatible; Googlebot/2.1; +http://www.google.com/bot.html)"
66.249.68.77 - - [11/Feb/2011:02:04:49 +0000] "GET /robots.txt HTTP/1.1" 404 509 "-" "Mozilla/5.0 (compatible; Googlebot/2.1; +http://www.google.com/bot.html)"
66.249.68.77 - - [11/Feb/2011:02:04:50 +0000] "GET / HTTP/1.1" 200 992 "-" "Mozilla/5.0 (compatible; Googlebot/2.1; +http://www.google.com/bot.html)"
198.186.192.44 - - [11/Feb/2011:03:59:59 +0000] "GET / HTTP/1.1" 200 1630 "-" "-"
81.52.143.16 - - [11/Feb/2011:05:14:55 +0000] "GET / HTTP/1.1" 200 955 "-" "Mozilla/5.0 (Windows; U; Windows NT 5.1; fr; rv:1.8.1) VoilaBot BETA 1.2 (support.voilabot@orange-ftgroup.com)"
66.249.67.154 - - [11/Feb/2011:07:24:36 +0000] "GET /robots.txt HTTP/1.1" 404 508 "-" "Mozilla/5.0 (compatible; Googlebot/2.1; +http://www.google.com/bot.html)"
66.249.67.154 - - [11/Feb/2011:07:24:36 +0000] "GET / HTTP/1.1" 200 992 "-" "Mozilla/5.0 (compatible; Googlebot/2.1; +http://www.google.com/bot.html)"
66.249.68.77 - - [11/Feb/2011:11:52:42 +0000] "GET /robots.txt HTTP/1.1" 404 509 "-" "Mozilla/5.0 (compatible; Googlebot/2.1; +http://www.google.com/bot.html)"
66.249.68.43 - - [11/Feb/2011:12:01:40 +0000] "GET /robots.txt HTTP/1.1" 404 511 "-" "Mozilla/5.0 (compatible; Googlebot/2.1; +http://www.google.com/bot.html)"
69.74.233.66 - - [11/Feb/2011:15:28:45 +0000] "GET /favicon.ico HTTP/1.1" 404 508 "-" "Mozilla/5.0 (Windows; U; Windows NT 6.1; en-US) AppleWebKit/534.13 (KHTML, like Gecko) Chrome/9.0.597.94 Safari/534.13"
208.115.138.254 - - [11/Feb/2011:15:28:48 +0000] "GET /cs10 HTTP/1.1" 301 615 "-" "Mozilla/4.0 (compatible; MSIE 7.0; Windows NT 5.1; InfoPath.1; .NET CLR 2.0.50727; .NET CLR 1.1.4322; MS-RTC LM 8; .NET CLR 3.0.4506.2152; .NET CLR 3.5.30729)"
208.115.138.254 - - [11/Feb/2011:15:28:48 +0000] "GET /cs10/ HTTP/1.1" 200 1079 "-" "Mozilla/4.0 (compatible; MSIE 7.0; Windows NT 5.1; InfoPath.1; .NET CLR 2.0.50727; .NET CLR 1.1.4322; MS-RTC LM 8; .NET CLR 3.0.4506.2152; .NET CLR 3.5.30729)"
69.74.233.66 - - [11/Feb/2011:15:28:48 +0000] "GET /cs10 HTTP/1.1" 301 564 "-" "Mozilla/5.0 (Windows; U; Windows NT 6.1; en-US) AppleWebKit/534.13 (KHTML, like Gecko) Chrome/9.0.597.94 Safari/534.13"
69.74.233.66 - - [11/Feb/2011:15:28:48 +0000] "GET /cs10/ HTTP/1.1" 200 805 "-" "Mozilla/5.0 (Windows; U; Windows NT 6.1; en-US) AppleWebKit/534.13 (KHTML, like Gecko) Chrome/9.0.597.94 Safari/534.13"
69.74.233.66 - - [11/Feb/2011:15:28:48 +0000] "GET /favicon.ico HTTP/1.1" 404 507 "-" "Mozilla/5.0 (Windows; U; Windows NT 6.1; en-US) AppleWebKit/534.13 (KHTML, like Gecko) Chrome/9.0.597.94 Safari/534.13"
66.249.67.154 - - [11/Feb/2011:16:31:50 +0000] "GET /robots.txt HTTP/1.1" 404 508 "-" "Mozilla/5.0 (compatible; Googlebot/2.1; +http://www.google.com/bot.html)"
124.115.6.13 - - [11/Feb/2011:18:36:06 +0000] "GET /robots.txt HTTP/1.1" 404 508 "-" "Sosospider+(+http://help.soso.com/webspider.htm)"
69.74.233.66 - - [11/Feb/2011:21:10:32 +0000] "GET /movies/features_blu-ray.txt HTTP/1.1" 200 2708 "-" "Mozilla/4.0 (compatible;)"
64.124.14.126 - - [11/Feb/2011:23:38:01 +0000] "GET /robots.txt HTTP/1.1" 404 508 "-" "Mozilla/5.0 (X11; U; Linux; en-US) AppleWebKit/532.4 (KHTML, like Gecko) Qt/4.6.2 Safari/532.4"
64.124.14.126 - - [11/Feb/2011:23:38:01 +0000] "GET / HTTP/1.1" 200 993 "-" "Mozilla/5.0 (X11; U; Linux; en-US) AppleWebKit/532.4 (KHTML, like Gecko) Qt/4.6.2 Safari/532.4"
66.249.68.77 - - [12/Feb/2011:00:49:37 +0000] "GET /robots.txt HTTP/1.1" 404 509 "-" "Mozilla/5.0 (compatible; Googlebot/2.1; +http://www.google.com/bot.html)"
66.249.68.77 - - [12/Feb/2011:00:49:37 +0000] "GET / HTTP/1.1" 200 992 "-" "Mozilla/5.0 (compatible; Googlebot/2.1; +http://www.google.com/bot.html)"
198.186.192.44 - - [12/Feb/2011:03:33:04 +0000] "GET / HTTP/1.1" 200 1630 "-" "-"
66.249.67.154 - - [12/Feb/2011:04:49:18 +0000] "GET /robots.txt HTTP/1.1" 404 508 "-" "Mozilla/5.0 (compatible; Googlebot/2.1; +http://www.google.com/bot.html)"
178.77.78.8 - - [12/Feb/2011:07:55:44 +0000] "GET / HTTP/1.0" 200 1630 "http://to-be-on-top.de/web2design" "Mozilla/4.0 (compatible; MSIE 7.0; Windows NT 6.0; Trident/4.0)"
72.94.249.37 - - [12/Feb/2011:09:58:49 +0000] "GET / HTTP/1.1" 200 1630 "-" "Mozilla/4.0 (compatible; MSIE 6.0; Windows NT 5.1; SV1; .NET CLR 1.1.4322)"
114.80.93.71 - - [12/Feb/2011:11:43:17 +0000] "GET / HTTP/1.1" 200 993 "-" "Mozilla/4.0 (compatible; MSIE 6.0; Windows NT 5.1)"
208.80.194.30 - - [12/Feb/2011:12:57:45 +0000] "GET / HTTP/1.0" 200 1630 "-" "Mozilla/4.0 (compatible; MSIE 6.0; Windows NT 5.1; {EF6BE399-2100-571F-F53C-4DE1A5080CFC}; FunWebProducts)"
66.249.67.154 - - [12/Feb/2011:13:19:08 +0000] "GET / HTTP/1.1" 200 993 "-" "Mozilla/5.0 (compatible; Googlebot/2.1; +http://www.google.com/bot.html)"
64.88.164.100 - - [12/Feb/2011:14:32:22 +0000] "GET / HTTP/1.1" 200 1668 "-" "Mozilla/5.001 (windows; U; NT4.0; en-us) Gecko/25250101"
64.88.164.100 - - [12/Feb/2011:14:32:27 +0000] "GET / HTTP/1.1" 200 1637 "-" "Mozilla/5.001 (windows; U; NT4.0; en-us) Gecko/25250101"
66.249.67.154 - - [12/Feb/2011:19:29:21 +0000] "GET /robots.txt HTTP/1.1" 404 508 "-" "Googlebot-Image/1.0"
66.249.67.154 - - [12/Feb/2011:19:29:21 +0000] "GET /blogger.png HTTP/1.1" 200 2848 "-" "Googlebot-Image/1.0"
66.249.67.154 - - [12/Feb/2011:23:19:13 +0000] "GET /robots.txt HTTP/1.1" 404 508 "-" "Mozilla/5.0 (compatible; Googlebot/2.1; +http://www.google.com/bot.html)"
69.74.233.66 - - [13/Feb/2011:01:46:44 +0000] "GET /movies/features_blu-ray.txt HTTP/1.1" 304 211 "-" "Mozilla/4.0 (compatible;)"
66.249.67.154 - - [13/Feb/2011:02:07:01 +0000] "GET /twitter.png HTTP/1.1" 200 3230 "-" "Googlebot-Image/1.0"
70.180.119.247 - - [13/Feb/2011:02:42:16 +0000] "GET /movies HTTP/1.1" 301 565 "-" "Mozilla/5.0 (iPhone; U; CPU iPhone OS 4_2_1 like Mac OS X; en-us) AppleWebKit/533.17.9 (KHTML, like Gecko) Version/5.0.2 Mobile/8C148 Safari/6533.18.5"
70.180.119.247 - - [13/Feb/2011:02:42:16 +0000] "GET /movies/ HTTP/1.1" 200 808 "-" "Mozilla/5.0 (iPhone; U; CPU iPhone OS 4_2_1 like Mac OS X; en-us) AppleWebKit/533.17.9 (KHTML, like Gecko) Version/5.0.2 Mobile/8C148 Safari/6533.18.5"
70.180.119.247 - - [13/Feb/2011:02:42:16 +0000] "GET /icons/blank.gif HTTP/1.1" 200 439 "http://www.cafink.name/movies/" "Mozilla/5.0 (iPhone; U; CPU iPhone OS 4_2_1 like Mac OS X; en-us) AppleWebKit/533.17.9 (KHTML, like Gecko) Version/5.0.2 Mobile/8C148 Safari/6533.18.5"
70.180.119.247 - - [13/Feb/2011:02:42:16 +0000] "GET /icons/back.gif HTTP/1.1" 200 508 "http://www.cafink.name/movies/" "Mozilla/5.0 (iPhone; U; CPU iPhone OS 4_2_1 like Mac OS X; en-us) AppleWebKit/533.17.9 (KHTML, like Gecko) Version/5.0.2 Mobile/8C148 Safari/6533.18.5"
70.180.119.247 - - [13/Feb/2011:02:42:16 +0000] "GET /icons/text.gif HTTP/1.1" 200 521 "http://www.cafink.name/movies/" "Mozilla/5.0 (iPhone; U; CPU iPhone OS 4_2_1 like Mac OS X; en-us) AppleWebKit/533.17.9 (KHTML, like Gecko) Version/5.0.2 Mobile/8C148 Safari/6533.18.5"
70.180.119.247 - - [13/Feb/2011:02:42:27 +0000] "GET /movies/features_hd-dvd.txt HTTP/1.1" 200 533 "http://www.cafink.name/movies/" "Mozilla/5.0 (iPhone; U; CPU iPhone OS 4_2_1 like Mac OS X; en-us) AppleWebKit/533.17.9 (KHTML, like Gecko) Version/5.0.2 Mobile/8C148 Safari/6533.18.5"
70.180.119.247 - - [13/Feb/2011:02:42:34 +0000] "GET /movies/features_dvd.txt HTTP/1.1" 200 7263 "http://www.cafink.name/movies/" "Mozilla/5.0 (iPhone; U; CPU iPhone OS 4_2_1 like Mac OS X; en-us) AppleWebKit/533.17.9 (KHTML, like Gecko) Version/5.0.2 Mobile/8C148 Safari/6533.18.5"
198.186.192.44 - - [13/Feb/2011:03:11:48 +0000] "GET / HTTP/1.1" 200 1630 "-" "-"
64.34.218.178 - - [13/Feb/2011:03:50:56 +0000] "GET / HTTP/1.1" 200 1630 "-" "Python-urllib/2.4"
64.34.218.178 - - [13/Feb/2011:03:50:56 +0000] "GET / HTTP/1.1" 200 1630 "-" "Python-urllib/2.4"
114.80.93.71 - - [13/Feb/2011:03:55:20 +0000] "GET / HTTP/1.1" 200 993 "-" "Mozilla/4.0 (compatible; MSIE 6.0; Windows NT 5.1)"
72.30.142.254 - - [13/Feb/2011:04:02:48 +0000] "GET /robots.txt HTTP/1.0" 404 473 "-" "Mozilla/5.0 (compatible; Yahoo! Slurp; http://help.yahoo.com/help/us/ysearch/slurp)"
72.30.142.254 - - [13/Feb/2011:04:02:48 +0000] "GET / HTTP/1.0" 200 955 "-" "Mozilla/5.0 (compatible; Yahoo! Slurp; http://help.yahoo.com/help/us/ysearch/slurp)"
66.249.67.154 - - [13/Feb/2011:08:47:01 +0000] "GET /robots.txt HTTP/1.1" 404 508 "-" "Googlebot-Image/1.0"
66.249.67.154 - - [13/Feb/2011:08:47:01 +0000] "GET /facebook.png HTTP/1.1" 200 5274 "-" "Googlebot-Image/1.0"
72.14.194.17 - - [13/Feb/2011:09:39:17 +0000] "GET / HTTP/1.1" 200 936 "-" "Mozilla/5.0 (en-us) AppleWebKit/525.13 (KHTML, like Gecko; Google Web Preview) Version/3.1 Safari/525.13"
72.14.194.17 - - [13/Feb/2011:09:39:17 +0000] "GET /blogger.png HTTP/1.1" 200 2792 "http://insectpolitics.com/" "Mozilla/5.0 (en-us) AppleWebKit/525.13 (KHTML, like Gecko; Google Web Preview) Version/3.1 Safari/525.13"
72.14.194.17 - - [13/Feb/2011:09:39:17 +0000] "GET /twitter.png HTTP/1.1" 200 3173 "http://insectpolitics.com/" "Mozilla/5.0 (en-us) AppleWebKit/525.13 (KHTML, like Gecko; Google Web Preview) Version/3.1 Safari/525.13"
72.14.194.17 - - [13/Feb/2011:09:39:17 +0000] "GET /facebook.png HTTP/1.1" 200 5218 "http://insectpolitics.com/" "Mozilla/5.0 (en-us) AppleWebKit/525.13 (KHTML, like Gecko; Google Web Preview) Version/3.1 Safari/525.13"
220.181.7.37 - - [13/Feb/2011:11:18:50 +0000] "GET /robots.txt HTTP/1.1" 404 470 "-" "Baiduspider+(+http://www.baidu.com/search/spider.htm)"
174.129.117.237 - - [13/Feb/2011:18:56:43 +0000] "HEAD / HTTP/1.1" 200 280 "-" "Mozilla/5.0 (Windows; U; Windows NT 5.1; en-US) AppleWebKit/525.13 (KHTML, like Gecko) Chrome/0.A.B.C Safari/525.13"
66.249.71.187 - - [13/Feb/2011:19:25:51 +0000] "GET /robots.txt HTTP/1.1" 404 508 "-" "Mozilla/5.0 (compatible; Googlebot/2.1; +http://www.google.com/bot.html)"
66.249.71.187 - - [13/Feb/2011:19:25:51 +0000] "GET / HTTP/1.1" 200 992 "-" "Mozilla/5.0 (compatible; Googlebot/2.1; +http://www.google.com/bot.html)"
114.80.93.71 - - [13/Feb/2011:20:11:08 +0000] "GET / HTTP/1.1" 200 993 "-" "Mozilla/4.0 (compatible; MSIE 6.0; Windows NT 5.1)"
81.52.143.16 - - [14/Feb/2011:00:00:03 +0000] "GET /robots.txt HTTP/1.1" 404 472 "-" "Mozilla/5.0 (Windows; U; Windows NT 5.1; fr; rv:1.8.1) VoilaBot BETA 1.2 (support.voilabot@orange-ftgroup.com)"
81.52.143.16 - - [14/Feb/2011:00:00:09 +0000] "GET / HTTP/1.1" 200 955 "-" "Mozilla/5.0 (Windows; U; Windows NT 5.1; fr; rv:1.8.1) VoilaBot BETA 1.2 (support.voilabot@orange-ftgroup.com)"
208.80.194.29 - - [14/Feb/2011:00:33:18 +0000] "GET / HTTP/1.0" 200 1630 "-" "Mozilla/4.0 (compatible; MSIE 7.0; Windows NT 5.1; YPC 3.0.1; .NET CLR 1.0.3705; .NET CLR 1.1.4322; .NET CLR 2.0.50727; IEMB3; IEMB3)"
38.99.98.103 - - [14/Feb/2011:01:24:52 +0000] "GET /robots.txt HTTP/1.1" 404 472 "-" "Mozilla/5.0 (compatible; ScoutJet; +http://www.scoutjet.com/)"
38.99.98.103 - - [14/Feb/2011:01:24:53 +0000] "GET /welcome.htm HTTP/1.1" 404 471 "-" "Mozilla/5.0 (compatible; ScoutJet; +http://www.scoutjet.com/)"
38.99.98.103 - - [14/Feb/2011:01:24:58 +0000] "GET /welcome_761e0d76e551569d265eb364cf25f6a1.htm HTTP/1.1" 404 500 "-" "Mozilla/5.0 (compatible; ScoutJet; +http://www.scoutjet.com/)"
46.162.88.167 - - [14/Feb/2011:03:41:51 +0000] "GET /robots.txt HTTP/1.0" 404 499 "-" "Mozilla/5.0 (compatible; MJ12bot/v1.3.3; http://www.majestic12.co.uk/bot.php?+)"
46.162.88.167 - - [14/Feb/2011:03:41:52 +0000] "GET / HTTP/1.0" 200 955 "-" "Mozilla/5.0 (compatible; MJ12bot/v1.3.3; http://www.majestic12.co.uk/bot.php?+)"
66.249.71.65 - - [14/Feb/2011:03:54:17 +0000] "GET /robots.txt HTTP/1.1" 404 509 "-" "Mozilla/5.0 (compatible; Googlebot/2.1; +http://www.google.com/bot.html)"
66.249.71.65 - - [14/Feb/2011:03:54:17 +0000] "GET / HTTP/1.1" 304 208 "-" "Mozilla/5.0 (compatible; Googlebot/2.1; +http://www.google.com/bot.html)"
63.148.20.46 - - [14/Feb/2011:06:22:56 +0000] "GET /movies/features_blu-ray.txt HTTP/1.1" 304 211 "-" "Mozilla/4.0 (compatible;)"
174.129.117.237 - - [14/Feb/2011:06:30:11 +0000] "HEAD / HTTP/1.1" 200 280 "-" "Mozilla/5.0 (Windows; U; Windows NT 5.1; en-US) AppleWebKit/525.13 (KHTML, like Gecko) Chrome/0.A.B.C Safari/525.13"
66.249.71.65 - - [14/Feb/2011:06:30:55 +0000] "GET / HTTP/1.1" 304 209 "-" "Mozilla/5.0 (compatible; Googlebot/2.1; +http://www.google.com/bot.html)"
220.181.7.47 - - [14/Feb/2011:12:09:25 +0000] "GET /robots.txt HTTP/1.1" 404 470 "-" "Baiduspider+(+http://www.baidu.com/search/spider.htm)"
67.195.114.233 - - [14/Feb/2011:14:25:30 +0000] "GET /robots.txt HTTP/1.0" 404 473 "-" "Mozilla/5.0 (compatible; Yahoo! Slurp; http://help.yahoo.com/help/us/ysearch/slurp)"
67.195.114.233 - - [14/Feb/2011:14:25:30 +0000] "GET / HTTP/1.0" 200 955 "-" "Mozilla/5.0 (compatible; Yahoo! Slurp; http://help.yahoo.com/help/us/ysearch/slurp)"
114.80.93.71 - - [14/Feb/2011:16:28:44 +0000] "GET / HTTP/1.1" 200 993 "-" "Mozilla/4.0 (compatible; MSIE 6.0; Windows NT 5.1)"
66.249.71.187 - - [14/Feb/2011:16:43:41 +0000] "GET /robots.txt HTTP/1.1" 404 508 "-" "Mozilla/5.0 (compatible; Googlebot/2.1; +http://www.google.com/bot.html)"
216.145.14.142 - - [14/Feb/2011:17:31:06 +0000] "GET /robots.txt HTTP/1.0" 404 492 "-" "Mozilla/5.0 (Windows; U; Windows NT 5.1; en; rv:1.9.0.13) Gecko/2009073022 Firefox/3.5.2 (.NET CLR 3.5.30729) SurveyBot/2.3 (DomainTools)"
216.145.14.142 - - [14/Feb/2011:17:31:06 +0000] "GET / HTTP/1.1" 200 955 "http://whois.domaintools.com/cafink.name" "Mozilla/5.0 (Windows; U; Windows NT 5.1; en; rv:1.9.0.13) Gecko/2009073022 Firefox/3.5.2 (.NET CLR 3.5.30729) SurveyBot/2.3 (DomainTools)"
208.115.138.254 - - [14/Feb/2011:17:32:45 +0000] "GET /movies HTTP/1.1" 301 598 "-" "Mozilla/4.0 (compatible; MSIE 7.0; Windows NT 5.1; InfoPath.1; .NET CLR 2.0.50727; .NET CLR 1.1.4322; MS-RTC LM 8; .NET CLR 3.0.4506.2152; .NET CLR 3.5.30729)"
208.115.138.254 - - [14/Feb/2011:17:32:45 +0000] "GET /movies/ HTTP/1.1" 200 2022 "-" "Mozilla/4.0 (compatible; MSIE 7.0; Windows NT 5.1; InfoPath.1; .NET CLR 2.0.50727; .NET CLR 1.1.4322; MS-RTC LM 8; .NET CLR 3.0.4506.2152; .NET CLR 3.5.30729)"
69.74.233.66 - - [14/Feb/2011:17:32:45 +0000] "GET /movies HTTP/1.1" 301 557 "-" "Mozilla/5.0 (Windows; U; Windows NT 6.1; en-US) AppleWebKit/534.13 (KHTML, like Gecko) Chrome/9.0.597.94 Safari/534.13"
69.74.233.66 - - [14/Feb/2011:17:32:45 +0000] "GET /movies/ HTTP/1.1" 200 804 "-" "Mozilla/5.0 (Windows; U; Windows NT 6.1; en-US) AppleWebKit/534.13 (KHTML, like Gecko) Chrome/9.0.597.94 Safari/534.13"
69.74.233.66 - - [14/Feb/2011:17:32:45 +0000] "GET /icons/blank.gif HTTP/1.1" 200 439 "http://cafink.name/movies/" "Mozilla/5.0 (Windows; U; Windows NT 6.1; en-US) AppleWebKit/534.13 (KHTML, like Gecko) Chrome/9.0.597.94 Safari/534.13"
69.74.233.66 - - [14/Feb/2011:17:32:45 +0000] "GET /icons/back.gif HTTP/1.1" 200 508 "http://cafink.name/movies/" "Mozilla/5.0 (Windows; U; Windows NT 6.1; en-US) AppleWebKit/534.13 (KHTML, like Gecko) Chrome/9.0.597.94 Safari/534.13"
69.74.233.66 - - [14/Feb/2011:17:32:45 +0000] "GET /icons/text.gif HTTP/1.1" 200 520 "http://cafink.name/movies/" "Mozilla/5.0 (Windows; U; Windows NT 6.1; en-US) AppleWebKit/534.13 (KHTML, like Gecko) Chrome/9.0.597.94 Safari/534.13"
69.74.233.66 - - [14/Feb/2011:17:32:45 +0000] "GET /favicon.ico HTTP/1.1" 404 503 "-" "Mozilla/5.0 (Windows; U; Windows NT 6.1; en-US) AppleWebKit/534.13 (KHTML, like Gecko) Chrome/9.0.597.94 Safari/534.13"
208.115.138.254 - - [14/Feb/2011:17:32:55 +0000] "GET /cs10 HTTP/1.1" 301 615 "-" "Mozilla/4.0 (compatible; MSIE 7.0; Windows NT 5.1; InfoPath.1; .NET CLR 2.0.50727; .NET CLR 1.1.4322; MS-RTC LM 8; .NET CLR 3.0.4506.2152; .NET CLR 3.5.30729)"
208.115.138.254 - - [14/Feb/2011:17:32:55 +0000] "GET /cs10/ HTTP/1.1" 200 1079 "-" "Mozilla/4.0 (compatible; MSIE 7.0; Windows NT 5.1; InfoPath.1; .NET CLR 2.0.50727; .NET CLR 1.1.4322; MS-RTC LM 8; .NET CLR 3.0.4506.2152; .NET CLR 3.5.30729)"
69.74.233.66 - - [14/Feb/2011:17:32:55 +0000] "GET /cs10 HTTP/1.1" 301 564 "-" "Mozilla/5.0 (Windows; U; Windows NT 6.1; en-US) AppleWebKit/534.13 (KHTML, like Gecko) Chrome/9.0.597.94 Safari/534.13"
69.74.233.66 - - [14/Feb/2011:17:32:55 +0000] "GET /cs10/ HTTP/1.1" 200 805 "-" "Mozilla/5.0 (Windows; U; Windows NT 6.1; en-US) AppleWebKit/534.13 (KHTML, like Gecko) Chrome/9.0.597.94 Safari/534.13"
69.74.233.66 - - [14/Feb/2011:17:32:56 +0000] "GET /favicon.ico HTTP/1.1" 404 507 "-" "Mozilla/5.0 (Windows; U; Windows NT 6.1; en-US) AppleWebKit/534.13 (KHTML, like Gecko) Chrome/9.0.597.94 Safari/534.13"
208.115.138.254 - - [14/Feb/2011:17:33:08 +0000] "GET / HTTP/1.1" 200 1668 "-" "Mozilla/4.0 (compatible; MSIE 7.0; Windows NT 5.1; InfoPath.1; .NET CLR 2.0.50727; .NET CLR 1.1.4322; MS-RTC LM 8; .NET CLR 3.0.4506.2152; .NET CLR 3.5.30729)"
69.74.233.66 - - [14/Feb/2011:17:33:08 +0000] "GET / HTTP/1.1" 200 992 "-" "Mozilla/5.0 (Windows; U; Windows NT 6.1; en-US) AppleWebKit/534.13 (KHTML, like Gecko) Chrome/9.0.597.94 Safari/534.13"
69.74.233.66 - - [14/Feb/2011:17:33:09 +0000] "GET /blogger.png HTTP/1.1" 200 2848 "http://carlfink.name/" "Mozilla/5.0 (Windows; U; Windows NT 6.1; en-US) AppleWebKit/534.13 (KHTML, like Gecko) Chrome/9.0.597.94 Safari/534.13"
69.74.233.66 - - [14/Feb/2011:17:33:09 +0000] "GET /facebook.png HTTP/1.1" 200 5275 "http://carlfink.name/" "Mozilla/5.0 (Windows; U; Windows NT 6.1; en-US) AppleWebKit/534.13 (KHTML, like Gecko) Chrome/9.0.597.94 Safari/534.13"
69.74.233.66 - - [14/Feb/2011:17:33:09 +0000] "GET /twitter.png HTTP/1.1" 200 3229 "http://carlfink.name/" "Mozilla/5.0 (Windows; U; Windows NT 6.1; en-US) AppleWebKit/534.13 (KHTML, like Gecko) Chrome/9.0.597.94 Safari/534.13"
69.74.233.66 - - [14/Feb/2011:17:33:09 +0000] "GET /favicon.ico HTTP/1.1" 404 504 "-" "Mozilla/5.0 (Windows; U; Windows NT 6.1; en-US) AppleWebKit/534.13 (KHTML, like Gecko) Chrome/9.0.597.94 Safari/534.13"
208.115.138.254 - - [14/Feb/2011:17:33:13 +0000] "GET / HTTP/1.1" 200 1668 "-" "Mozilla/4.0 (compatible; MSIE 7.0; Windows NT 5.1; InfoPath.1; .NET CLR 2.0.50727; .NET CLR 1.1.4322; MS-RTC LM 8; .NET CLR 3.0.4506.2152; .NET CLR 3.5.30729)"
69.74.233.66 - - [14/Feb/2011:17:33:13 +0000] "GET / HTTP/1.1" 200 992 "-" "Mozilla/5.0 (Windows; U; Windows NT 6.1; en-US) AppleWebKit/534.13 (KHTML, like Gecko) Chrome/9.0.597.94 Safari/534.13"
69.74.233.66 - - [14/Feb/2011:17:33:14 +0000] "GET /favicon.ico HTTP/1.1" 404 503 "-" "Mozilla/5.0 (Windows; U; Windows NT 6.1; en-US) AppleWebKit/534.13 (KHTML, like Gecko) Chrome/9.0.597.94 Safari/534.13"
69.74.233.66 - - [14/Feb/2011:17:33:16 +0000] "GET /favicon.ico HTTP/1.1" 404 507 "-" "Mozilla/5.0 (Windows; U; Windows NT 6.1; en-US) AppleWebKit/534.13 (KHTML, like Gecko) Chrome/9.0.597.94 Safari/534.13"
69.74.233.66 - - [14/Feb/2011:17:34:20 +0000] "GET /favicon.ico HTTP/1.1" 404 508 "-" "Mozilla/5.0 (Windows; U; Windows NT 6.1; en-US) AppleWebKit/534.13 (KHTML, like Gecko) Chrome/9.0.597.94 Safari/534.13"
64.246.161.190 - - [14/Feb/2011:18:46:14 +0000] "GET /robots.txt HTTP/1.0" 404 495 "-" "Mozilla/5.0 (Windows; U; Windows NT 5.1; en; rv:1.9.0.13) Gecko/2009073022 Firefox/3.5.2 (.NET CLR 3.5.30729) SurveyBot/2.3 (DomainTools)"
64.246.161.190 - - [14/Feb/2011:18:46:14 +0000] "GET / HTTP/1.1" 200 955 "http://whois.domaintools.com/carl-fink.name" "Mozilla/5.0 (Windows; U; Windows NT 5.1; en; rv:1.9.0.13) Gecko/2009073022 Firefox/3.5.2 (.NET CLR 3.5.30729) SurveyBot/2.3 (DomainTools)"
64.246.165.200 - - [14/Feb/2011:18:49:13 +0000] "GET /robots.txt HTTP/1.0" 404 494 "-" "Mozilla/5.0 (Windows; U; Windows NT 5.1; en; rv:1.9.0.13) Gecko/2009073022 Firefox/3.5.2 (.NET CLR 3.5.30729) SurveyBot/2.3 (DomainTools)"
64.246.165.200 - - [14/Feb/2011:18:49:13 +0000] "GET / HTTP/1.1" 200 955 "http://whois.domaintools.com/carlfink.name" "Mozilla/5.0 (Windows; U; Windows NT 5.1; en; rv:1.9.0.13) Gecko/2009073022 Firefox/3.5.2 (.NET CLR 3.5.30729) SurveyBot/2.3 (DomainTools)"
66.249.71.187 - - [15/Feb/2011:00:32:51 +0000] "GET / HTTP/1.1" 200 993 "-" "Mozilla/5.0 (compatible; Googlebot/2.1; +http://www.google.com/bot.html)"
123.125.71.35 - - [15/Feb/2011:02:18:56 +0000] "GET / HTTP/1.1" 200 955 "-" "Baiduspider+(+http://www.baidu.com/search/spider.htm)"
66.249.71.6 - - [15/Feb/2011:03:13:12 +0000] "GET /robots.txt HTTP/1.1" 404 503 "-" "Mozilla/5.0 (compatible; Googlebot/2.1; +http://www.google.com/bot.html)"
66.249.71.6 - - [15/Feb/2011:03:13:12 +0000] "GET / HTTP/1.1" 304 208 "-" "Mozilla/5.0 (compatible; Googlebot/2.1; +http://www.google.com/bot.html)"
66.249.68.6 - - [15/Feb/2011:04:30:13 +0000] "GET /robots.txt HTTP/1.1" 404 503 "-" "Mozilla/5.0 (compatible; Googlebot/2.1; +http://www.google.com/bot.html)"
66.249.68.6 - - [15/Feb/2011:04:30:13 +0000] "GET / HTTP/1.1" 304 208 "-" "Mozilla/5.0 (compatible; Googlebot/2.1; +http://www.google.com/bot.html)"
66.249.71.187 - - [15/Feb/2011:09:28:32 +0000] "GET /robots.txt HTTP/1.1" 404 508 "-" "Mozilla/5.0 (compatible; Googlebot/2.1; +http://www.google.com/bot.html)"
207.46.13.141 - - [15/Feb/2011:09:34:45 +0000] "GET /robots.txt HTTP/1.1" 404 533 "-" "Mozilla/5.0 (compatible; bingbot/2.0; +http://www.bing.com/bingbot.htm)"
207.46.13.141 - - [15/Feb/2011:09:35:26 +0000] "GET / HTTP/1.1" 304 209 "-" "Mozilla/5.0 (compatible; bingbot/2.0; +http://www.bing.com/bingbot.htm)"
208.80.194.32 - - [15/Feb/2011:11:30:51 +0000] "GET / HTTP/1.0" 200 1630 "-" "Mozilla/4.0 (compatible; MSIE 7.0; Windows NT 5.1; FunWebProducts; .NET CLR 1.1.4322; HbTools 4.8.2; IEMB3; IEMB3)"
220.181.7.21 - - [15/Feb/2011:11:32:54 +0000] "GET /robots.txt HTTP/1.1" 404 470 "-" "Baiduspider+(+http://www.baidu.com/search/spider.htm)"
66.249.71.110 - - [15/Feb/2011:14:38:15 +0000] "GET /robots.txt HTTP/1.1" 404 511 "-" "Mozilla/5.0 (compatible; Googlebot/2.1; +http://www.google.com/bot.html)"
66.249.71.110 - - [15/Feb/2011:14:38:15 +0000] "GET / HTTP/1.1" 304 208 "-" "Mozilla/5.0 (compatible; Googlebot/2.1; +http://www.google.com/bot.html)"
66.249.71.110 - - [15/Feb/2011:15:31:56 +0000] "GET / HTTP/1.1" 304 209 "-" "Mozilla/5.0 (compatible; Googlebot/2.1; +http://www.google.com/bot.html)"
67.195.112.241 - - [15/Feb/2011:16:16:09 +0000] "GET /robots.txt HTTP/1.0" 404 472 "-" "Mozilla/5.0 (compatible; Yahoo! Slurp; http://help.yahoo.com/help/us/ysearch/slurp)"
67.195.112.241 - - [15/Feb/2011:16:16:10 +0000] "GET /welcome.htm HTTP/1.0" 404 471 "-" "Mozilla/5.0 (compatible; Yahoo! Slurp; http://help.yahoo.com/help/us/ysearch/slurp)"
208.115.138.254 - - [15/Feb/2011:19:39:20 +0000] "GET /movies/television_dvd.txt HTTP/1.1" 200 3576 "-" "Mozilla/4.0 (compatible; MSIE 7.0; Windows NT 5.1; InfoPath.1; .NET CLR 2.0.50727; .NET CLR 1.1.4322; MS-RTC LM 8; .NET CLR 3.0.4506.2152; .NET CLR 3.5.30729)"
69.74.233.66 - - [15/Feb/2011:19:39:20 +0000] "GET /movies/television_dvd.txt HTTP/1.1" 200 1467 "-" "Mozilla/5.0 (Windows; U; Windows NT 6.1; en-US) AppleWebKit/534.13 (KHTML, like Gecko) Chrome/9.0.597.94 Safari/534.13"
69.74.233.66 - - [15/Feb/2011:19:39:20 +0000] "GET /favicon.ico HTTP/1.1" 404 503 "-" "Mozilla/5.0 (Windows; U; Windows NT 6.1; en-US) AppleWebKit/534.13 (KHTML, like Gecko) Chrome/9.0.597.94 Safari/534.13"
124.115.0.19 - - [15/Feb/2011:20:17:58 +0000] "GET / HTTP/1.0" 200 1668 "-" "Sosospider+(+http://help.soso.com/webspider.htm)"
124.115.5.11 - - [15/Feb/2011:20:28:35 +0000] "GET / HTTP/1.0" 200 1668 "-" "Mozilla/4.0 (compatible; MSIE 6.0; Windows NT 5.1; SV1; .NET CLR 1.1.4322;TencentTraveler)"
184.73.30.110 - - [15/Feb/2011:21:29:53 +0000] "GET /robots.txt HTTP/1.1" 404 452 "-" "Mozilla/5.0 (compatible; AboutUsBot Johnny5/2.0; +http://www.AboutUs.org/)"
184.73.30.110 - - [15/Feb/2011:21:36:31 +0000] "GET / HTTP/1.1" 200 936 "-" "Mozilla/5.0 (compatible; AboutUsBot Johnny5/2.0; +http://www.AboutUs.org/)"
114.80.93.73 - - [15/Feb/2011:21:49:35 +0000] "GET / HTTP/1.0" 200 1668 "-" "Mozilla/4.0 (compatible; MSIE 6.0; Windows NT 5.1; SV1; .NET CLR 1.1.4322;TencentTraveler)"
58.61.164.39 - - [15/Feb/2011:21:51:06 +0000] "GET / HTTP/1.0" 200 1668 "-" "Mozilla/4.0 (compatible; MSIE 6.0; Windows NT 5.1; SV1; .NET CLR 1.1.4322;TencentTraveler)"
70.180.119.247 - - [15/Feb/2011:23:54:47 +0000] "GET /movies/features_blu-ray.txt HTTP/1.1" 304 211 "-" "Mozilla/5.0 (X11; U; Linux x86_64; en-US) AppleWebKit/534.13 (KHTML, like Gecko) Chrome/9.0.597.94 Safari/534.13"
70.180.119.247 - - [15/Feb/2011:23:54:47 +0000] "GET /favicon.ico HTTP/1.1" 404 503 "-" "Mozilla/5.0 (X11; U; Linux x86_64; en-US) AppleWebKit/534.13 (KHTML, like Gecko) Chrome/9.0.597.94 Safari/534.13"
70.180.119.247 - - [16/Feb/2011:00:00:56 +0000] "GET /favicon.ico HTTP/1.1" 404 504 "-" "Mozilla/5.0 (X11; U; Linux x86_64; en-US) AppleWebKit/534.13 (KHTML, like Gecko) Chrome/9.0.597.94 Safari/534.13"
70.180.119.247 - - [16/Feb/2011:00:02:37 +0000] "GET /movies/features_dvd.txt HTTP/1.1" 200 7263 "-" "Mozilla/5.0 (X11; U; Linux x86_64; en-US) AppleWebKit/534.13 (KHTML, like Gecko) Chrome/9.0.597.94 Safari/534.13"
70.180.119.247 - - [16/Feb/2011:00:02:37 +0000] "GET /favicon.ico HTTP/1.1" 404 503 "-" "Mozilla/5.0 (X11; U; Linux x86_64; en-US) AppleWebKit/534.13 (KHTML, like Gecko) Chrome/9.0.597.94 Safari/534.13"
70.180.119.247 - - [16/Feb/2011:00:05:16 +0000] "GET /movies/features_blu-ray.txt HTTP/1.1" 200 2729 "-" "Mozilla/5.0 (X11; U; Linux x86_64; en-US) AppleWebKit/534.13 (KHTML, like Gecko) Chrome/9.0.597.94 Safari/534.13"
70.180.119.247 - - [16/Feb/2011:00:05:16 +0000] "GET /favicon.ico HTTP/1.1" 404 503 "-" "Mozilla/5.0 (X11; U; Linux x86_64; en-US) AppleWebKit/534.13 (KHTML, like Gecko) Chrome/9.0.597.94 Safari/534.13"
70.180.119.247 - - [16/Feb/2011:00:10:08 +0000] "GET /movies/ HTTP/1.1" 200 806 "-" "Mozilla/5.0 (X11; U; Linux x86_64; en-US) AppleWebKit/534.13 (KHTML, like Gecko) Chrome/9.0.597.94 Safari/534.13"
70.180.119.247 - - [16/Feb/2011:00:10:08 +0000] "GET /icons/back.gif HTTP/1.1" 200 508 "http://cafink.name/movies/" "Mozilla/5.0 (X11; U; Linux x86_64; en-US) AppleWebKit/534.13 (KHTML, like Gecko) Chrome/9.0.597.94 Safari/534.13"
70.180.119.247 - - [16/Feb/2011:00:10:08 +0000] "GET /icons/text.gif HTTP/1.1" 200 521 "http://cafink.name/movies/" "Mozilla/5.0 (X11; U; Linux x86_64; en-US) AppleWebKit/534.13 (KHTML, like Gecko) Chrome/9.0.597.94 Safari/534.13"
70.180.119.247 - - [16/Feb/2011:00:10:08 +0000] "GET /icons/blank.gif HTTP/1.1" 200 439 "http://cafink.name/movies/" "Mozilla/5.0 (X11; U; Linux x86_64; en-US) AppleWebKit/534.13 (KHTML, like Gecko) Chrome/9.0.597.94 Safari/534.13"
70.180.119.247 - - [16/Feb/2011:00:10:09 +0000] "GET /favicon.ico HTTP/1.1" 404 503 "-" "Mozilla/5.0 (X11; U; Linux x86_64; en-US) AppleWebKit/534.13 (KHTML, like Gecko) Chrome/9.0.597.94 Safari/534.13"
70.180.119.247 - - [16/Feb/2011:00:10:10 +0000] "GET /movies/features_blu-ray.txt HTTP/1.1" 304 210 "http://cafink.name/movies/" "Mozilla/5.0 (X11; U; Linux x86_64; en-US) AppleWebKit/534.13 (KHTML, like Gecko) Chrome/9.0.597.94 Safari/534.13"
70.180.119.247 - - [16/Feb/2011:00:10:10 +0000] "GET /favicon.ico HTTP/1.1" 404 503 "-" "Mozilla/5.0 (X11; U; Linux x86_64; en-US) AppleWebKit/534.13 (KHTML, like Gecko) Chrome/9.0.597.94 Safari/534.13"
70.180.119.247 - - [16/Feb/2011:00:15:09 +0000] "GET /movies/features_blu-ray.txt HTTP/1.1" 304 211 "-" "Mozilla/5.0 (X11; U; Linux x86_64; en-US) AppleWebKit/534.13 (KHTML, like Gecko) Chrome/9.0.597.94 Safari/534.13"
70.180.119.247 - - [16/Feb/2011:00:15:10 +0000] "GET /favicon.ico HTTP/1.1" 404 503 "-" "Mozilla/5.0 (X11; U; Linux x86_64; en-US) AppleWebKit/534.13 (KHTML, like Gecko) Chrome/9.0.597.94 Safari/534.13"
66.249.72.6 - - [16/Feb/2011:01:55:49 +0000] "GET /robots.txt HTTP/1.1" 404 508 "-" "Mozilla/5.0 (compatible; Googlebot/2.1; +http://www.google.com/bot.html)"
66.249.72.6 - - [16/Feb/2011:01:55:49 +0000] "GET / HTTP/1.1" 200 992 "-" "Mozilla/5.0 (compatible; Googlebot/2.1; +http://www.google.com/bot.html)"
123.125.71.30 - - [16/Feb/2011:02:32:53 +0000] "GET / HTTP/1.1" 200 1630 "-" "Baiduspider+(+http://www.baidu.com/search/spider.htm)"
220.181.108.95 - - [16/Feb/2011:02:33:17 +0000] "GET / HTTP/1.1" 200 1630 "-" "Baiduspider+(+http://www.baidu.com/search/spider.htm)"
66.249.72.214 - - [16/Feb/2011:03:08:39 +0000] "GET /robots.txt HTTP/1.1" 404 509 "-" "Mozilla/5.0 (compatible; Googlebot/2.1; +http://www.google.com/bot.html)"
66.249.72.214 - - [16/Feb/2011:03:08:39 +0000] "GET / HTTP/1.1" 304 208 "-" "Mozilla/5.0 (compatible; Googlebot/2.1; +http://www.google.com/bot.html)"
66.249.72.214 - - [16/Feb/2011:04:30:23 +0000] "GET / HTTP/1.1" 304 209 "-" "Mozilla/5.0 (compatible; Googlebot/2.1; +http://www.google.com/bot.html)"
123.125.71.29 - - [16/Feb/2011:04:32:07 +0000] "GET / HTTP/1.1" 200 1630 "-" "Baiduspider+(+http://www.baidu.com/search/spider.htm)"
220.181.108.95 - - [16/Feb/2011:04:32:29 +0000] "GET / HTTP/1.1" 200 1630 "-" "Baiduspider+(+http://www.baidu.com/search/spider.htm)"
46.4.221.189 - - [16/Feb/2011:04:45:12 +0000] "GET / HTTP/1.1" 200 1637 "-" "Mozilla/4.0 (compatible; MSIE 7.0; Windows NT 5.1)"
123.125.71.16 - - [16/Feb/2011:06:32:12 +0000] "GET / HTTP/1.1" 200 1630 "-" "Baiduspider+(+http://www.baidu.com/search/spider.htm)"
220.181.108.97 - - [16/Feb/2011:06:32:36 +0000] "GET / HTTP/1.1" 200 1630 "-" "Baiduspider+(+http://www.baidu.com/search/spider.htm)"
124.115.0.146 - - [16/Feb/2011:06:36:18 +0000] "GET / HTTP/1.1" 200 993 "-" "Mozilla/4.0 (compatible; MSIE 6.0; Windows NT 5.1)"
123.125.71.25 - - [16/Feb/2011:07:32:01 +0000] "GET / HTTP/1.1" 200 1630 "-" "Baiduspider+(+http://www.baidu.com/search/spider.htm)"
69.28.58.42 - - [16/Feb/2011:07:32:01 +0000] "GET /robots.txt HTTP/1.0" 404 495 "http://insectpolitics.com/robots.txt" "Huaweisymantecspider (compatible; MSIE 8.0; DSE-support@huaweisymantec.com)"
69.28.58.42 - - [16/Feb/2011:07:32:01 +0000] "GET / HTTP/1.0" 200 1630 "http://insectpolitics.com/" "Huaweisymantecspider (compatible; MSIE 8.0; DSE-support@huaweisymantec.com)"
220.181.108.80 - - [16/Feb/2011:07:32:23 +0000] "GET / HTTP/1.1" 200 1630 "-" "Baiduspider+(+http://www.baidu.com/search/spider.htm)"
69.28.58.10 - - [16/Feb/2011:07:34:40 +0000] "GET / HTTP/1.1" 200 1630 "-" "Wget/1.9+cvs-stable (Red Hat modified)"
123.125.71.16 - - [16/Feb/2011:08:31:31 +0000] "GET / HTTP/1.1" 200 1630 "-" "Baiduspider+(+http://www.baidu.com/search/spider.htm)"
220.181.108.84 - - [16/Feb/2011:08:31:53 +0000] "GET / HTTP/1.1" 200 1630 "-" "Baiduspider+(+http://www.baidu.com/search/spider.htm)"
123.125.71.28 - - [16/Feb/2011:09:31:39 +0000] "GET / HTTP/1.1" 200 1630 "-" "Baiduspider+(+http://www.baidu.com/search/spider.htm)"
220.181.108.96 - - [16/Feb/2011:09:32:00 +0000] "GET / HTTP/1.1" 200 1630 "-" "Baiduspider+(+http://www.baidu.com/search/spider.htm)"
66.249.72.6 - - [16/Feb/2011:10:21:57 +0000] "GET / HTTP/1.1" 200 993 "-" "Mozilla/5.0 (compatible; Googlebot/2.1; +http://www.google.com/bot.html)"
123.125.71.24 - - [16/Feb/2011:10:31:09 +0000] "GET / HTTP/1.1" 200 1630 "-" "Baiduspider+(+http://www.baidu.com/search/spider.htm)"
220.181.108.78 - - [16/Feb/2011:10:31:30 +0000] "GET / HTTP/1.1" 200 1630 "-" "Baiduspider+(+http://www.baidu.com/search/spider.htm)"
123.125.71.13 - - [16/Feb/2011:11:32:21 +0000] "GET / HTTP/1.1" 200 1630 "-" "Baiduspider+(+http://www.baidu.com/search/spider.htm)"
220.181.108.97 - - [16/Feb/2011:11:32:46 +0000] "GET / HTTP/1.1" 200 1630 "-" "Baiduspider+(+http://www.baidu.com/search/spider.htm)"
220.181.7.51 - - [16/Feb/2011:12:20:25 +0000] "GET /robots.txt HTTP/1.1" 404 470 "-" "Baiduspider+(+http://www.baidu.com/search/spider.htm)"
123.125.71.24 - - [16/Feb/2011:13:30:49 +0000] "GET / HTTP/1.1" 200 1630 "-" "Baiduspider+(+http://www.baidu.com/search/spider.htm)"
220.181.108.81 - - [16/Feb/2011:13:31:07 +0000] "GET / HTTP/1.1" 200 1630 "-" "Baiduspider+(+http://www.baidu.com/search/spider.htm)"
78.140.138.39 - - [16/Feb/2011:15:09:44 +0000] "GET / HTTP/1.1" 200 1630 "-" "Mozilla/5.0 (Windows; U; Windows NT 5.1; en-US; rv:1.9.0.5) Gecko/2008120122 Firefox/3.0.5"
123.125.71.29 - - [16/Feb/2011:15:32:40 +0000] "GET / HTTP/1.1" 200 1630 "-" "Baiduspider+(+http://www.baidu.com/search/spider.htm)"
220.181.108.80 - - [16/Feb/2011:15:33:03 +0000] "GET / HTTP/1.1" 200 1630 "-" "Baiduspider+(+http://www.baidu.com/search/spider.htm)"
208.115.138.254 - - [16/Feb/2011:16:36:47 +0000] "GET /movies/features_blu-ray.txt HTTP/1.1" 200 5095 "-" "Mozilla/4.0 (compatible; MSIE 7.0; Windows NT 5.1; InfoPath.1; .NET CLR 2.0.50727; .NET CLR 1.1.4322; MS-RTC LM 8; .NET CLR 3.0.4506.2152; .NET CLR 3.5.30729)"
69.74.233.66 - - [16/Feb/2011:16:36:47 +0000] "GET /movies/features_blu-ray.txt HTTP/1.1" 200 2729 "-" "Mozilla/5.0 (Windows; U; Windows NT 6.1; en-US) AppleWebKit/534.13 (KHTML, like Gecko) Chrome/9.0.597.98 Safari/534.13"
69.74.233.66 - - [16/Feb/2011:16:36:47 +0000] "GET /favicon.ico HTTP/1.1" 404 503 "-" "Mozilla/5.0 (Windows; U; Windows NT 6.1; en-US) AppleWebKit/534.13 (KHTML, like Gecko) Chrome/9.0.597.98 Safari/534.13"
123.125.71.16 - - [16/Feb/2011:16:44:12 +0000] "GET / HTTP/1.1" 200 1630 "-" "Baiduspider+(+http://www.baidu.com/search/spider.htm)"
220.181.108.93 - - [16/Feb/2011:16:44:46 +0000] "GET / HTTP/1.1" 200 1630 "-" "Baiduspider+(+http://www.baidu.com/search/spider.htm)"
123.125.71.22 - - [16/Feb/2011:17:33:37 +0000] "GET / HTTP/1.1" 200 1630 "-" "Baiduspider+(+http://www.baidu.com/search/spider.htm)"
220.181.108.78 - - [16/Feb/2011:17:34:00 +0000] "GET / HTTP/1.1" 200 1630 "-" "Baiduspider+(+http://www.baidu.com/search/spider.htm)"
123.125.71.28 - - [16/Feb/2011:18:32:31 +0000] "GET / HTTP/1.1" 200 1630 "-" "Baiduspider+(+http://www.baidu.com/search/spider.htm)"
220.181.108.92 - - [16/Feb/2011:18:32:55 +0000] "GET / HTTP/1.1" 200 1630 "-" "Baiduspider+(+http://www.baidu.com/search/spider.htm)"
114.80.93.73 - - [16/Feb/2011:19:29:37 +0000] "GET / HTTP/1.0" 200 1668 "-" "Mozilla/4.0 (compatible; MSIE 6.0; Windows NT 5.1; SV1; .NET CLR 1.1.4322;TencentTraveler)"
58.61.164.39 - - [16/Feb/2011:19:45:18 +0000] "GET / HTTP/1.0" 200 1668 "-" "Mozilla/4.0 (compatible; MSIE 6.0; Windows NT 5.1; SV1; .NET CLR 1.1.4322;TencentTraveler)"
208.115.138.254 - - [16/Feb/2011:20:06:14 +0000] "GET /mov HTTP/1.1" 404 519 "-" "Mozilla/4.0 (compatible; MSIE 7.0; Windows NT 5.1; InfoPath.1; .NET CLR 2.0.50727; .NET CLR 1.1.4322; MS-RTC LM 8; .NET CLR 3.0.4506.2152; .NET CLR 3.5.30729)"
69.74.233.66 - - [16/Feb/2011:20:06:15 +0000] "GET /mov HTTP/1.1" 404 499 "-" "Mozilla/5.0 (Windows; U; Windows NT 6.1; en-US) AppleWebKit/534.13 (KHTML, like Gecko) Chrome/9.0.597.98 Safari/534.13"
69.74.233.66 - - [16/Feb/2011:20:06:15 +0000] "GET /favicon.ico HTTP/1.1" 404 503 "-" "Mozilla/5.0 (Windows; U; Windows NT 6.1; en-US) AppleWebKit/534.13 (KHTML, like Gecko) Chrome/9.0.597.98 Safari/534.13"
208.115.138.254 - - [16/Feb/2011:20:06:18 +0000] "GET /movies HTTP/1.1" 301 598 "-" "Mozilla/4.0 (compatible; MSIE 7.0; Windows NT 5.1; InfoPath.1; .NET CLR 2.0.50727; .NET CLR 1.1.4322; MS-RTC LM 8; .NET CLR 3.0.4506.2152; .NET CLR 3.5.30729)"
208.115.138.254 - - [16/Feb/2011:20:06:18 +0000] "GET /movies/ HTTP/1.1" 200 2022 "-" "Mozilla/4.0 (compatible; MSIE 7.0; Windows NT 5.1; InfoPath.1; .NET CLR 2.0.50727; .NET CLR 1.1.4322; MS-RTC LM 8; .NET CLR 3.0.4506.2152; .NET CLR 3.5.30729)"
69.74.233.66 - - [16/Feb/2011:20:06:18 +0000] "GET /movies/ HTTP/1.1" 200 805 "-" "Mozilla/5.0 (Windows; U; Windows NT 6.1; en-US) AppleWebKit/534.13 (KHTML, like Gecko) Chrome/9.0.597.98 Safari/534.13"
69.74.233.66 - - [16/Feb/2011:20:06:18 +0000] "GET /icons/blank.gif HTTP/1.1" 200 439 "http://cafink.name/movies/" "Mozilla/5.0 (Windows; U; Windows NT 6.1; en-US) AppleWebKit/534.13 (KHTML, like Gecko) Chrome/9.0.597.98 Safari/534.13"
69.74.233.66 - - [16/Feb/2011:20:06:18 +0000] "GET /icons/back.gif HTTP/1.1" 200 508 "http://cafink.name/movies/" "Mozilla/5.0 (Windows; U; Windows NT 6.1; en-US) AppleWebKit/534.13 (KHTML, like Gecko) Chrome/9.0.597.98 Safari/534.13"
69.74.233.66 - - [16/Feb/2011:20:06:18 +0000] "GET /icons/text.gif HTTP/1.1" 200 520 "http://cafink.name/movies/" "Mozilla/5.0 (Windows; U; Windows NT 6.1; en-US) AppleWebKit/534.13 (KHTML, like Gecko) Chrome/9.0.597.98 Safari/534.13"
69.74.233.66 - - [16/Feb/2011:20:06:18 +0000] "GET /favicon.ico HTTP/1.1" 404 503 "-" "Mozilla/5.0 (Windows; U; Windows NT 6.1; en-US) AppleWebKit/534.13 (KHTML, like Gecko) Chrome/9.0.597.98 Safari/534.13"
69.74.233.66 - - [16/Feb/2011:20:06:23 +0000] "GET /favicon.ico HTTP/1.1" 404 503 "-" "Mozilla/5.0 (Windows; U; Windows NT 6.1; en-US) AppleWebKit/534.13 (KHTML, like Gecko) Chrome/9.0.597.98 Safari/534.13"
69.74.233.66 - - [16/Feb/2011:20:06:48 +0000] "GET /movies/features_dvd.txt HTTP/1.1" 200 7263 "http://cafink.name/movies/" "Mozilla/5.0 (Windows; U; Windows NT 6.1; en-US) AppleWebKit/534.13 (KHTML, like Gecko) Chrome/9.0.597.98 Safari/534.13"
69.74.233.66 - - [16/Feb/2011:20:06:48 +0000] "GET /favicon.ico HTTP/1.1" 404 503 "-" "Mozilla/5.0 (Windows; U; Windows NT 6.1; en-US) AppleWebKit/534.13 (KHTML, like Gecko) Chrome/9.0.597.98 Safari/534.13"
69.74.233.66 - - [16/Feb/2011:20:07:09 +0000] "GET /favicon.ico HTTP/1.1" 404 504 "-" "Mozilla/5.0 (Windows; U; Windows NT 6.1; en-US) AppleWebKit/534.13 (KHTML, like Gecko) Chrome/9.0.597.98 Safari/534.13"
69.74.233.66 - - [16/Feb/2011:20:07:13 +0000] "GET /movies/television_blu-ray.txt HTTP/1.1" 200 491 "http://cafink.name/movies/" "Mozilla/5.0 (Windows; U; Windows NT 6.1; en-US) AppleWebKit/534.13 (KHTML, like Gecko) Chrome/9.0.597.98 Safari/534.13"
69.74.233.66 - - [16/Feb/2011:20:07:13 +0000] "GET /favicon.ico HTTP/1.1" 404 503 "-" "Mozilla/5.0 (Windows; U; Windows NT 6.1; en-US) AppleWebKit/534.13 (KHTML, like Gecko) Chrome/9.0.597.98 Safari/534.13"
69.74.233.66 - - [16/Feb/2011:20:07:27 +0000] "GET /favicon.ico HTTP/1.1" 404 503 "-" "Mozilla/5.0 (Windows; U; Windows NT 6.1; en-US) AppleWebKit/534.13 (KHTML, like Gecko) Chrome/9.0.597.98 Safari/534.13"
69.74.233.66 - - [16/Feb/2011:20:07:30 +0000] "GET /favicon.ico HTTP/1.1" 404 503 "-" "Mozilla/5.0 (Windows; U; Windows NT 6.1; en-US) AppleWebKit/534.13 (KHTML, like Gecko) Chrome/9.0.597.98 Safari/534.13"
66.249.71.187 - - [16/Feb/2011:21:01:56 +0000] "GET /robots.txt HTTP/1.1" 404 508 "-" "Mozilla/5.0 (compatible; Googlebot/2.1; +http://www.google.com/bot.html)"
66.249.71.187 - - [16/Feb/2011:21:01:57 +0000] "GET / HTTP/1.1" 200 992 "-" "Mozilla/5.0 (compatible; Googlebot/2.1; +http://www.google.com/bot.html)"
124.115.5.11 - - [16/Feb/2011:21:06:47 +0000] "GET / HTTP/1.0" 200 1668 "-" "Mozilla/4.0 (compatible; MSIE 6.0; Windows NT 5.1; SV1; .NET CLR 1.1.4322;TencentTraveler)"
124.115.0.156 - - [16/Feb/2011:21:08:19 +0000] "GET / HTTP/1.0" 200 1668 "-" "Sosospider+(+http://help.soso.com/webspider.htm)"
64.16.187.50 - - [16/Feb/2011:21:53:36 +0000] "GET /movies HTTP/1.1" 301 557 "-" "Mozilla/5.0 (Windows; U; Windows NT 6.1; en-US) AppleWebKit/534.13 (KHTML, like Gecko) Chrome/9.0.597.98 Safari/534.13"
64.16.187.50 - - [16/Feb/2011:21:53:36 +0000] "GET /movies/ HTTP/1.1" 200 805 "-" "Mozilla/5.0 (Windows; U; Windows NT 6.1; en-US) AppleWebKit/534.13 (KHTML, like Gecko) Chrome/9.0.597.98 Safari/534.13"
64.16.187.50 - - [16/Feb/2011:21:53:36 +0000] "GET /favicon.ico HTTP/1.1" 404 503 "-" "Mozilla/5.0 (Windows; U; Windows NT 6.1; en-US) AppleWebKit/534.13 (KHTML, like Gecko) Chrome/9.0.597.98 Safari/534.13"
