66.249.71.46 - - [27/Jul/2012:14:15:22 +0000] "GET /robots.txt HTTP/1.1" 301 567 "-" "Mozilla/5.0 (compatible; Googlebot/2.1; +http://www.google.com/bot.html)"
66.249.71.46 - - [27/Jul/2012:14:15:22 +0000] "GET / HTTP/1.1" 301 548 "-" "Mozilla/5.0 (compatible; Googlebot/2.1; +http://www.google.com/bot.html)"
178.154.243.83 - - [29/Jul/2012:05:06:23 +0000] "GET /robots.txt HTTP/1.1" 301 607 "-" "Mozilla/5.0 (compatible; YandexImages/3.0; +http://yandex.com/bots)"
100.43.83.129 - - [29/Jul/2012:08:19:12 +0000] "GET /robots.txt HTTP/1.1" 301 607 "-" "Mozilla/5.0 (compatible; YandexBot/3.0; +http://yandex.com/bots)"
178.154.243.83 - - [29/Jul/2012:11:23:03 +0000] "GET /twitter.png HTTP/1.1" 301 609 "-" "Mozilla/5.0 (compatible; YandexImages/3.0; +http://yandex.com/bots)"
100.43.83.129 - - [29/Jul/2012:12:16:36 +0000] "GET / HTTP/1.1" 301 549 "-" "Mozilla/5.0 (compatible; YandexBot/3.0; +http://yandex.com/bots)"
178.154.243.83 - - [29/Jul/2012:17:37:30 +0000] "GET /blogger.png HTTP/1.1" 301 609 "-" "Mozilla/5.0 (compatible; YandexImages/3.0; +http://yandex.com/bots)"
178.154.243.83 - - [29/Jul/2012:18:28:40 +0000] "GET /facebook.png HTTP/1.1" 301 611 "-" "Mozilla/5.0 (compatible; YandexImages/3.0; +http://yandex.com/bots)"
100.43.83.129 - - [30/Jul/2012:15:22:05 +0000] "GET /robots.txt HTTP/1.1" 301 607 "-" "Mozilla/5.0 (compatible; YandexBot/3.0; +http://yandex.com/bots)"
100.43.83.129 - - [30/Jul/2012:20:56:18 +0000] "GET / HTTP/1.1" 301 549 "-" "Mozilla/5.0 (compatible; YandexBot/3.0; +http://yandex.com/bots)"
100.43.83.129 - - [02/Aug/2012:19:16:42 +0000] "GET /robots.txt HTTP/1.1" 301 607 "-" "Mozilla/5.0 (compatible; YandexBot/3.0; +http://yandex.com/bots)"
100.43.83.129 - - [02/Aug/2012:21:02:51 +0000] "GET / HTTP/1.1" 301 549 "-" "Mozilla/5.0 (compatible; YandexBot/3.0; +http://yandex.com/bots)"
174.129.64.67 - - [03/Aug/2012:20:26:19 +0000] "HEAD / HTTP/1.1" 301 221 "http://www.netcraft.com/survey/" "Mozilla/4.0 (compatible; Netcraft Web Server Survey)"
66.249.71.45 - - [06/Aug/2012:05:12:30 +0000] "GET /robots.txt HTTP/1.1" 301 570 "-" "Mozilla/5.0 (compatible; Googlebot/2.1; +http://www.google.com/bot.html)"
66.249.71.45 - - [06/Aug/2012:05:12:30 +0000] "GET / HTTP/1.1" 301 551 "-" "Mozilla/5.0 (compatible; Googlebot/2.1; +http://www.google.com/bot.html)"
66.249.71.46 - - [06/Aug/2012:06:54:45 +0000] "GET /robots.txt HTTP/1.1" 301 567 "-" "Mozilla/5.0 (compatible; Googlebot/2.1; +http://www.google.com/bot.html)"
66.249.71.46 - - [06/Aug/2012:06:54:45 +0000] "GET / HTTP/1.1" 301 548 "-" "Mozilla/5.0 (compatible; Googlebot/2.1; +http://www.google.com/bot.html)"
23.22.97.244 - - [06/Aug/2012:18:31:59 +0000] "GET / HTTP/1.0" 301 553 "-" "Mozilla/5.0 (compatible; NetcraftSurveyAgent/1.0; +info@netcraft.com)"
100.43.83.129 - - [07/Aug/2012:13:20:07 +0000] "GET /robots.txt HTTP/1.1" 301 607 "-" "Mozilla/5.0 (compatible; YandexBot/3.0; +http://yandex.com/bots)"
100.43.83.129 - - [07/Aug/2012:18:20:44 +0000] "GET / HTTP/1.1" 301 549 "-" "Mozilla/5.0 (compatible; YandexBot/3.0; +http://yandex.com/bots)"
64.246.165.160 - - [07/Aug/2012:22:16:12 +0000] "GET /robots.txt HTTP/1.0" 301 573 "-" "Mozilla/5.0 (Windows; U; Windows NT 5.1; en; rv:1.9.0.13) Gecko/2009073022 Firefox/3.5.2 (.NET CLR 3.5.30729) SurveyBot/2.3 (DomainTools)"
64.246.165.160 - - [07/Aug/2012:22:16:12 +0000] "GET / HTTP/1.1" 301 514 "http://whois.domaintools.com/carl-fink.name" "Mozilla/5.0 (Windows; U; Windows NT 5.1; en; rv:1.9.0.13) Gecko/2009073022 Firefox/3.5.2 (.NET CLR 3.5.30729) SurveyBot/2.3 (DomainTools)"
100.43.83.129 - - [08/Aug/2012:13:31:45 +0000] "GET /robots.txt HTTP/1.1" 301 607 "-" "Mozilla/5.0 (compatible; YandexBot/3.0; +http://yandex.com/bots)"
100.43.83.129 - - [08/Aug/2012:19:25:54 +0000] "GET / HTTP/1.1" 301 549 "-" "Mozilla/5.0 (compatible; YandexBot/3.0; +http://yandex.com/bots)"
100.43.83.129 - - [09/Aug/2012:12:25:47 +0000] "GET /robots.txt HTTP/1.1" 301 607 "-" "Mozilla/5.0 (compatible; YandexBot/3.0; +http://yandex.com/bots)"
100.43.83.129 - - [09/Aug/2012:17:46:32 +0000] "GET / HTTP/1.1" 301 549 "-" "Mozilla/5.0 (compatible; YandexBot/3.0; +http://yandex.com/bots)"
66.249.16.211 - - [11/Aug/2012:08:00:34 +0000] "GET / HTTP/1.1" 301 552 "http://whois.domaintools.com/carl-fink.name" "Mozilla/5.0 (compatible; bingbot/2.0; +http://www.bing.com/bingbot.htm)"
176.9.111.204 - - [12/Aug/2012:01:48:01 +0000] "GET / HTTP/1.1" 301 530 "-" "Mozilla/4.0 (compatible; MSIE 7.0; Windows NT 5.1)"
178.154.243.83 - - [12/Aug/2012:22:24:07 +0000] "GET /robots.txt HTTP/1.1" 301 607 "-" "Mozilla/5.0 (compatible; YandexImages/3.0; +http://yandex.com/bots)"
178.154.243.83 - - [13/Aug/2012:07:51:13 +0000] "GET /twitter.png HTTP/1.1" 301 609 "-" "Mozilla/5.0 (compatible; YandexImages/3.0; +http://yandex.com/bots)"
178.154.243.83 - - [13/Aug/2012:14:04:19 +0000] "GET /blogger.png HTTP/1.1" 301 609 "-" "Mozilla/5.0 (compatible; YandexImages/3.0; +http://yandex.com/bots)"
178.154.243.83 - - [14/Aug/2012:04:43:04 +0000] "GET /robots.txt HTTP/1.1" 301 607 "-" "Mozilla/5.0 (compatible; YandexImages/3.0; +http://yandex.com/bots)"
38.100.21.64 - - [15/Aug/2012:14:07:20 +0000] "GET / HTTP/1.1" 301 591 "-" "Mozilla/4.0 (compatible; MSIE 7.0; Windows NT 5.2)"
178.154.243.83 - - [15/Aug/2012:14:17:36 +0000] "GET /robots.txt HTTP/1.1" 301 607 "-" "Mozilla/5.0 (compatible; YandexImages/3.0; +http://yandex.com/bots)"
100.43.83.129 - - [15/Aug/2012:15:35:00 +0000] "GET /robots.txt HTTP/1.1" 301 607 "-" "Mozilla/5.0 (compatible; YandexBot/3.0; +http://yandex.com/bots)"
100.43.83.129 - - [15/Aug/2012:18:34:26 +0000] "GET / HTTP/1.1" 301 549 "-" "Mozilla/5.0 (compatible; YandexBot/3.0; +http://yandex.com/bots)"
178.154.243.83 - - [15/Aug/2012:21:39:12 +0000] "GET /twitter.png HTTP/1.1" 301 609 "-" "Mozilla/5.0 (compatible; YandexImages/3.0; +http://yandex.com/bots)"
178.154.243.83 - - [16/Aug/2012:05:55:05 +0000] "GET /facebook.png HTTP/1.1" 301 611 "-" "Mozilla/5.0 (compatible; YandexImages/3.0; +http://yandex.com/bots)"
66.249.73.81 - - [16/Aug/2012:09:15:56 +0000] "GET /robots.txt HTTP/1.1" 301 570 "-" "Mozilla/5.0 (compatible; Googlebot/2.1; +http://www.google.com/bot.html)"
66.249.73.81 - - [16/Aug/2012:09:15:56 +0000] "GET / HTTP/1.1" 301 551 "-" "Mozilla/5.0 (compatible; Googlebot/2.1; +http://www.google.com/bot.html)"
66.249.73.13 - - [16/Aug/2012:13:02:45 +0000] "GET /robots.txt HTTP/1.1" 301 567 "-" "Mozilla/5.0 (compatible; Googlebot/2.1; +http://www.google.com/bot.html)"
66.249.73.13 - - [16/Aug/2012:13:02:45 +0000] "GET / HTTP/1.1" 301 548 "-" "Mozilla/5.0 (compatible; Googlebot/2.1; +http://www.google.com/bot.html)"
178.154.243.83 - - [17/Aug/2012:03:18:04 +0000] "GET /robots.txt HTTP/1.1" 301 607 "-" "Mozilla/5.0 (compatible; YandexImages/3.0; +http://yandex.com/bots)"
64.246.161.42 - - [19/Aug/2012:12:05:36 +0000] "GET /robots.txt HTTP/1.0" 301 573 "-" "Mozilla/5.0 (Windows; U; Windows NT 5.1; en; rv:1.9.0.13) Gecko/2009073022 Firefox/3.5.2 (.NET CLR 3.5.30729) SurveyBot/2.3 (DomainTools)"
64.246.161.42 - - [19/Aug/2012:12:05:36 +0000] "GET / HTTP/1.1" 301 514 "http://whois.domaintools.com/carl-fink.name" "Mozilla/5.0 (Windows; U; Windows NT 5.1; en; rv:1.9.0.13) Gecko/2009073022 Firefox/3.5.2 (.NET CLR 3.5.30729) SurveyBot/2.3 (DomainTools)"
100.43.83.129 - - [20/Aug/2012:13:54:02 +0000] "GET /robots.txt HTTP/1.1" 301 607 "-" "Mozilla/5.0 (compatible; YandexBot/3.0; +http://yandex.com/bots)"
100.43.83.129 - - [20/Aug/2012:17:55:25 +0000] "GET / HTTP/1.1" 301 549 "-" "Mozilla/5.0 (compatible; YandexBot/3.0; +http://yandex.com/bots)"
100.43.83.129 - - [22/Aug/2012:17:20:48 +0000] "GET /robots.txt HTTP/1.1" 301 607 "-" "Mozilla/5.0 (compatible; YandexBot/3.0; +http://yandex.com/bots)"
100.43.83.129 - - [22/Aug/2012:19:44:38 +0000] "GET / HTTP/1.1" 301 549 "-" "Mozilla/5.0 (compatible; YandexBot/3.0; +http://yandex.com/bots)"
100.43.83.129 - - [25/Aug/2012:13:52:11 +0000] "GET /robots.txt HTTP/1.1" 301 607 "-" "Mozilla/5.0 (compatible; YandexBot/3.0; +http://yandex.com/bots)"
100.43.83.129 - - [25/Aug/2012:19:35:26 +0000] "GET / HTTP/1.1" 301 549 "-" "Mozilla/5.0 (compatible; YandexBot/3.0; +http://yandex.com/bots)"
66.249.72.164 - - [26/Aug/2012:02:08:26 +0000] "GET /robots.txt HTTP/1.1" 301 570 "-" "Mozilla/5.0 (compatible; Googlebot/2.1; +http://www.google.com/bot.html)"
66.249.72.164 - - [26/Aug/2012:02:08:26 +0000] "GET / HTTP/1.1" 301 551 "-" "Mozilla/5.0 (compatible; Googlebot/2.1; +http://www.google.com/bot.html)"
66.249.66.79 - - [26/Aug/2012:06:22:36 +0000] "GET /robots.txt HTTP/1.1" 301 567 "-" "Mozilla/5.0 (compatible; Googlebot/2.1; +http://www.google.com/bot.html)"
66.249.72.165 - - [26/Aug/2012:06:22:36 +0000] "GET / HTTP/1.1" 301 549 "-" "Mozilla/5.0 (compatible; Googlebot/2.1; +http://www.google.com/bot.html)"
178.154.243.83 - - [26/Aug/2012:10:13:13 +0000] "GET /robots.txt HTTP/1.1" 301 607 "-" "Mozilla/5.0 (compatible; YandexImages/3.0; +http://yandex.com/bots)"
178.154.243.83 - - [26/Aug/2012:16:48:57 +0000] "GET /facebook.png HTTP/1.1" 301 611 "-" "Mozilla/5.0 (compatible; YandexImages/3.0; +http://yandex.com/bots)"
178.154.243.83 - - [27/Aug/2012:01:45:27 +0000] "GET /blogger.png HTTP/1.1" 301 609 "-" "Mozilla/5.0 (compatible; YandexImages/3.0; +http://yandex.com/bots)"
100.43.83.129 - - [27/Aug/2012:11:41:07 +0000] "GET /robots.txt HTTP/1.1" 301 607 "-" "Mozilla/5.0 (compatible; YandexBot/3.0; +http://yandex.com/bots)"
100.43.83.129 - - [27/Aug/2012:17:34:28 +0000] "GET / HTTP/1.1" 301 549 "-" "Mozilla/5.0 (compatible; YandexBot/3.0; +http://yandex.com/bots)"
100.43.83.129 - - [28/Aug/2012:20:30:09 +0000] "GET /robots.txt HTTP/1.1" 301 607 "-" "Mozilla/5.0 (compatible; YandexBot/3.0; +http://yandex.com/bots)"
178.154.243.83 - - [28/Aug/2012:21:28:49 +0000] "GET /robots.txt HTTP/1.1" 301 607 "-" "Mozilla/5.0 (compatible; YandexImages/3.0; +http://yandex.com/bots)"
178.154.243.83 - - [29/Aug/2012:02:35:48 +0000] "GET /blogger.png HTTP/1.1" 301 609 "-" "Mozilla/5.0 (compatible; YandexImages/3.0; +http://yandex.com/bots)"
100.43.83.129 - - [29/Aug/2012:04:49:02 +0000] "GET / HTTP/1.1" 301 549 "-" "Mozilla/5.0 (compatible; YandexBot/3.0; +http://yandex.com/bots)"
178.154.243.83 - - [29/Aug/2012:09:05:49 +0000] "GET /twitter.png HTTP/1.1" 301 609 "-" "Mozilla/5.0 (compatible; YandexImages/3.0; +http://yandex.com/bots)"
157.55.35.100 - - [29/Aug/2012:16:12:57 +0000] "GET /robots.txt HTTP/1.1" 301 611 "-" "Mozilla/5.0 (compatible; bingbot/2.0; +http://www.bing.com/bingbot.htm)"
157.55.35.100 - - [29/Aug/2012:16:19:48 +0000] "GET / HTTP/1.1" 301 552 "-" "Mozilla/5.0 (compatible; bingbot/2.0; +http://www.bing.com/bingbot.htm)"
178.154.243.83 - - [30/Aug/2012:08:05:37 +0000] "GET /robots.txt HTTP/1.1" 301 607 "-" "Mozilla/5.0 (compatible; YandexImages/3.0; +http://yandex.com/bots)"
64.246.187.42 - - [31/Aug/2012:11:11:55 +0000] "GET /robots.txt HTTP/1.0" 301 573 "-" "Mozilla/5.0 (Windows; U; Windows NT 5.1; en; rv:1.9.0.13) Gecko/2009073022 Firefox/3.5.2 (.NET CLR 3.5.30729) SurveyBot/2.3 (DomainTools)"
64.246.187.42 - - [31/Aug/2012:11:11:55 +0000] "GET / HTTP/1.1" 301 514 "http://whois.domaintools.com/carl-fink.name" "Mozilla/5.0 (Windows; U; Windows NT 5.1; en; rv:1.9.0.13) Gecko/2009073022 Firefox/3.5.2 (.NET CLR 3.5.30729) SurveyBot/2.3 (DomainTools)"
100.43.83.129 - - [01/Sep/2012:07:20:46 +0000] "GET /robots.txt HTTP/1.1" 301 607 "-" "Mozilla/5.0 (compatible; YandexBot/3.0; +http://yandex.com/bots)"
100.43.83.129 - - [01/Sep/2012:11:47:39 +0000] "GET / HTTP/1.1" 301 549 "-" "Mozilla/5.0 (compatible; YandexBot/3.0; +http://yandex.com/bots)"
66.249.71.86 - - [05/Sep/2012:08:38:43 +0000] "GET /robots.txt HTTP/1.1" 301 570 "-" "Mozilla/5.0 (compatible; Googlebot/2.1; +http://www.google.com/bot.html)"
66.249.71.86 - - [05/Sep/2012:08:38:43 +0000] "GET / HTTP/1.1" 301 551 "-" "Mozilla/5.0 (compatible; Googlebot/2.1; +http://www.google.com/bot.html)"
66.249.71.87 - - [05/Sep/2012:11:43:36 +0000] "GET /robots.txt HTTP/1.1" 301 567 "-" "Mozilla/5.0 (compatible; Googlebot/2.1; +http://www.google.com/bot.html)"
66.249.71.87 - - [05/Sep/2012:11:43:37 +0000] "GET / HTTP/1.1" 301 548 "-" "Mozilla/5.0 (compatible; Googlebot/2.1; +http://www.google.com/bot.html)"
100.43.83.129 - - [05/Sep/2012:12:01:49 +0000] "GET /robots.txt HTTP/1.1" 301 607 "-" "Mozilla/5.0 (compatible; YandexBot/3.0; +http://yandex.com/bots)"
178.154.243.83 - - [05/Sep/2012:13:56:34 +0000] "GET /robots.txt HTTP/1.1" 301 607 "-" "Mozilla/5.0 (compatible; YandexImages/3.0; +http://yandex.com/bots)"
100.43.83.129 - - [05/Sep/2012:17:23:58 +0000] "GET / HTTP/1.1" 301 549 "-" "Mozilla/5.0 (compatible; YandexBot/3.0; +http://yandex.com/bots)"
178.154.243.83 - - [06/Sep/2012:01:25:57 +0000] "GET /twitter.png HTTP/1.1" 301 609 "-" "Mozilla/5.0 (compatible; YandexImages/3.0; +http://yandex.com/bots)"
178.154.243.83 - - [06/Sep/2012:09:28:10 +0000] "GET /facebook.png HTTP/1.1" 301 611 "-" "Mozilla/5.0 (compatible; YandexImages/3.0; +http://yandex.com/bots)"
107.20.18.173 - - [06/Sep/2012:18:47:53 +0000] "HEAD / HTTP/1.1" 301 221 "http://www.netcraft.com/survey/" "Mozilla/4.0 (compatible; Netcraft Web Server Survey)"
178.154.243.83 - - [07/Sep/2012:04:33:55 +0000] "GET /robots.txt HTTP/1.1" 301 607 "-" "Mozilla/5.0 (compatible; YandexImages/3.0; +http://yandex.com/bots)"
66.249.73.81 - - [07/Sep/2012:23:26:32 +0000] "GET /robots.txt HTTP/1.1" 301 570 "-" "Mozilla/5.0 (compatible; Googlebot/2.1; +http://www.google.com/bot.html)"
66.249.73.81 - - [07/Sep/2012:23:26:32 +0000] "GET / HTTP/1.1" 301 551 "-" "Mozilla/5.0 (compatible; Googlebot/2.1; +http://www.google.com/bot.html)"
66.249.73.13 - - [08/Sep/2012:01:20:00 +0000] "GET /robots.txt HTTP/1.1" 301 567 "-" "Mozilla/5.0 (compatible; Googlebot/2.1; +http://www.google.com/bot.html)"
66.249.73.13 - - [08/Sep/2012:01:20:00 +0000] "GET / HTTP/1.1" 301 548 "-" "Mozilla/5.0 (compatible; Googlebot/2.1; +http://www.google.com/bot.html)"
66.249.73.81 - - [08/Sep/2012:14:27:19 +0000] "GET /robots.txt HTTP/1.1" 301 570 "-" "Mozilla/5.0 (compatible; Googlebot/2.1; +http://www.google.com/bot.html)"
107.21.164.138 - - [09/Sep/2012:04:53:58 +0000] "GET / HTTP/1.0" 301 553 "-" "Mozilla/5.0 (compatible; NetcraftSurveyAgent/1.0; +info@netcraft.com)"
100.43.83.129 - - [09/Sep/2012:10:01:13 +0000] "GET /robots.txt HTTP/1.1" 301 607 "-" "Mozilla/5.0 (compatible; YandexBot/3.0; +http://yandex.com/bots)"
100.43.83.129 - - [09/Sep/2012:12:01:00 +0000] "GET / HTTP/1.1" 301 549 "-" "Mozilla/5.0 (compatible; YandexBot/3.0; +http://yandex.com/bots)"
74.52.245.146 - - [10/Sep/2012:05:00:27 +0000] "GET / HTTP/1.0" 301 553 "-" "Mozilla/5.0 (X11; U; Linux i686; en-US; rv:1.7.5) Gecko/20041107 Firefox/1.0"
88.198.25.25 - - [11/Sep/2012:17:50:10 +0000] "GET / HTTP/1.0" 301 549 "http://www.sitedossier.com/site/carl-fink.name" "-"
216.145.17.190 - - [12/Sep/2012:14:40:33 +0000] "GET /robots.txt HTTP/1.0" 301 573 "-" "Mozilla/5.0 (Windows; U; Windows NT 5.1; en; rv:1.9.0.13) Gecko/2009073022 Firefox/3.5.2 (.NET CLR 3.5.30729) SurveyBot/2.3 (DomainTools)"
216.145.17.190 - - [12/Sep/2012:14:40:33 +0000] "GET / HTTP/1.1" 301 514 "http://whois.domaintools.com/carl-fink.name" "Mozilla/5.0 (Windows; U; Windows NT 5.1; en; rv:1.9.0.13) Gecko/2009073022 Firefox/3.5.2 (.NET CLR 3.5.30729) SurveyBot/2.3 (DomainTools)"
100.43.83.129 - - [12/Sep/2012:21:08:11 +0000] "GET /robots.txt HTTP/1.1" 301 607 "-" "Mozilla/5.0 (compatible; YandexBot/3.0; +http://yandex.com/bots)"
100.43.83.129 - - [13/Sep/2012:02:27:42 +0000] "GET / HTTP/1.1" 301 549 "-" "Mozilla/5.0 (compatible; YandexBot/3.0; +http://yandex.com/bots)"
209.190.38.162 - - [14/Sep/2012:04:56:39 +0000] "GET / HTTP/1.1" 301 530 "-" "Mozilla/5.0 (X11; U; Linux x86_64; de; rv:1.9.0.18) Gecko/2010021501 Ubuntu/9.04 (jaunty) Firefox/3.0.18"
100.43.83.129 - - [15/Sep/2012:14:43:54 +0000] "GET /robots.txt HTTP/1.1" 301 607 "-" "Mozilla/5.0 (compatible; YandexBot/3.0; +http://yandex.com/bots)"
38.100.21.63 - - [15/Sep/2012:15:04:55 +0000] "GET / HTTP/1.1" 301 591 "-" "Mozilla/4.0 (compatible; MSIE 7.0; Windows NT 5.2)"
157.55.33.81 - - [15/Sep/2012:18:21:06 +0000] "GET /robots.txt HTTP/1.1" 301 611 "-" "Mozilla/5.0 (compatible; bingbot/2.0; +http://www.bing.com/bingbot.htm)"
157.55.33.81 - - [15/Sep/2012:19:01:04 +0000] "GET / HTTP/1.1" 301 552 "-" "Mozilla/5.0 (compatible; bingbot/2.0; +http://www.bing.com/bingbot.htm)"
100.43.83.129 - - [15/Sep/2012:19:34:53 +0000] "GET / HTTP/1.1" 301 549 "-" "Mozilla/5.0 (compatible; YandexBot/3.0; +http://yandex.com/bots)"
176.9.111.204 - - [18/Sep/2012:15:02:35 +0000] "GET / HTTP/1.1" 301 530 "-" "Mozilla/4.0 (compatible; MSIE 7.0; Windows NT 5.1)"
100.43.83.129 - - [18/Sep/2012:16:22:22 +0000] "GET /robots.txt HTTP/1.1" 301 607 "-" "Mozilla/5.0 (compatible; YandexBot/3.0; +http://yandex.com/bots)"
100.43.83.129 - - [18/Sep/2012:22:44:29 +0000] "GET / HTTP/1.1" 301 549 "-" "Mozilla/5.0 (compatible; YandexBot/3.0; +http://yandex.com/bots)"
66.249.71.86 - - [19/Sep/2012:17:56:14 +0000] "GET /robots.txt HTTP/1.1" 301 570 "-" "Mozilla/5.0 (compatible; Googlebot/2.1; +http://www.google.com/bot.html)"
66.249.71.86 - - [19/Sep/2012:17:56:14 +0000] "GET / HTTP/1.1" 301 551 "-" "Mozilla/5.0 (compatible; Googlebot/2.1; +http://www.google.com/bot.html)"
66.249.71.87 - - [19/Sep/2012:22:54:58 +0000] "GET /robots.txt HTTP/1.1" 301 567 "-" "Mozilla/5.0 (compatible; Googlebot/2.1; +http://www.google.com/bot.html)"
66.249.71.87 - - [19/Sep/2012:22:54:58 +0000] "GET / HTTP/1.1" 301 548 "-" "Mozilla/5.0 (compatible; Googlebot/2.1; +http://www.google.com/bot.html)"
100.43.83.129 - - [20/Sep/2012:18:51:29 +0000] "GET /robots.txt HTTP/1.1" 301 607 "-" "Mozilla/5.0 (compatible; YandexBot/3.0; +http://yandex.com/bots)"
109.206.183.70 - - [20/Sep/2012:20:08:04 +0000] "GET / HTTP/1.1" 301 587 "http://www.google.com" "Mozilla/5.0 (Macintosh; Intel Mac OS X 10.6; rv:2.0b8) Gecko/20100101 Firefox/4.0b8"
100.43.83.129 - - [20/Sep/2012:22:52:02 +0000] "GET / HTTP/1.1" 301 549 "-" "Mozilla/5.0 (compatible; YandexBot/3.0; +http://yandex.com/bots)"
100.43.83.129 - - [23/Sep/2012:09:21:40 +0000] "GET /robots.txt HTTP/1.1" 301 607 "-" "Mozilla/5.0 (compatible; YandexBot/3.0; +http://yandex.com/bots)"
100.43.83.129 - - [23/Sep/2012:14:55:16 +0000] "GET / HTTP/1.1" 301 549 "-" "Mozilla/5.0 (compatible; YandexBot/3.0; +http://yandex.com/bots)"
100.43.83.129 - - [24/Sep/2012:08:46:35 +0000] "GET /robots.txt HTTP/1.1" 301 607 "-" "Mozilla/5.0 (compatible; YandexBot/3.0; +http://yandex.com/bots)"
100.43.83.129 - - [24/Sep/2012:12:35:40 +0000] "GET / HTTP/1.1" 301 549 "-" "Mozilla/5.0 (compatible; YandexBot/3.0; +http://yandex.com/bots)"
64.246.165.140 - - [24/Sep/2012:17:29:52 +0000] "GET /robots.txt HTTP/1.0" 301 573 "-" "Mozilla/5.0 (Windows; U; Windows NT 5.1; en; rv:1.9.0.13) Gecko/2009073022 Firefox/3.5.2 (.NET CLR 3.5.30729) SurveyBot/2.3 (DomainTools)"
64.246.165.140 - - [24/Sep/2012:17:29:53 +0000] "GET / HTTP/1.1" 301 514 "http://whois.domaintools.com/carl-fink.name" "Mozilla/5.0 (Windows; U; Windows NT 5.1; en; rv:1.9.0.13) Gecko/2009073022 Firefox/3.5.2 (.NET CLR 3.5.30729) SurveyBot/2.3 (DomainTools)"
88.198.25.25 - - [26/Sep/2012:17:37:49 +0000] "GET / HTTP/1.0" 301 553 "http://www.sitedossier.com/site/www.carl-fink.name" "-"
100.43.83.129 - - [27/Sep/2012:17:32:52 +0000] "GET /robots.txt HTTP/1.1" 301 607 "-" "Mozilla/5.0 (compatible; YandexBot/3.0; +http://yandex.com/bots)"
95.108.151.244 - - [27/Sep/2012:23:58:01 +0000] "GET /robots.txt HTTP/1.1" 301 607 "-" "Mozilla/5.0 (compatible; YandexBot/3.0; +http://yandex.com/bots)"
95.108.151.244 - - [27/Sep/2012:23:58:01 +0000] "GET / HTTP/1.1" 301 548 "-" "Mozilla/5.0 (compatible; YandexBot/3.0; +http://yandex.com/bots)"
100.43.83.129 - - [28/Sep/2012:00:17:00 +0000] "GET / HTTP/1.1" 301 549 "-" "Mozilla/5.0 (compatible; YandexBot/3.0; +http://yandex.com/bots)"
95.108.151.244 - - [29/Sep/2012:15:46:15 +0000] "GET /robots.txt HTTP/1.1" 301 606 "-" "Mozilla/5.0 (compatible; YandexBot/3.0; +http://yandex.com/bots)"
95.108.151.244 - - [29/Sep/2012:15:46:16 +0000] "GET / HTTP/1.1" 301 548 "-" "Mozilla/5.0 (compatible; YandexBot/3.0; +http://yandex.com/bots)"
100.43.83.129 - - [01/Oct/2012:11:14:54 +0000] "GET /robots.txt HTTP/1.1" 301 607 "-" "Mozilla/5.0 (compatible; YandexBot/3.0; +http://yandex.com/bots)"
100.43.83.129 - - [01/Oct/2012:15:31:04 +0000] "GET / HTTP/1.1" 301 549 "-" "Mozilla/5.0 (compatible; YandexBot/3.0; +http://yandex.com/bots)"
66.249.71.86 - - [01/Oct/2012:16:02:05 +0000] "GET /robots.txt HTTP/1.1" 301 570 "-" "Mozilla/5.0 (compatible; Googlebot/2.1; +http://www.google.com/bot.html)"
66.249.71.86 - - [01/Oct/2012:16:02:05 +0000] "GET / HTTP/1.1" 301 551 "-" "Mozilla/5.0 (compatible; Googlebot/2.1; +http://www.google.com/bot.html)"
66.249.71.87 - - [01/Oct/2012:16:02:07 +0000] "GET /robots.txt HTTP/1.1" 301 567 "-" "Mozilla/5.0 (compatible; Googlebot/2.1; +http://www.google.com/bot.html)"
66.249.71.87 - - [01/Oct/2012:16:02:07 +0000] "GET / HTTP/1.1" 301 548 "-" "Mozilla/5.0 (compatible; Googlebot/2.1; +http://www.google.com/bot.html)"
65.55.55.231 - - [02/Oct/2012:09:08:22 +0000] "GET /robots.txt HTTP/1.1" 301 611 "-" "Mozilla/5.0 (compatible; bingbot/2.0; +http://www.bing.com/bingbot.htm)"
65.55.55.231 - - [02/Oct/2012:09:09:05 +0000] "GET / HTTP/1.1" 301 552 "-" "Mozilla/5.0 (compatible; bingbot/2.0; +http://www.bing.com/bingbot.htm)"
69.17.126.74 - - [02/Oct/2012:15:22:28 +0000] "GET / HTTP/1.1" 301 549 "-" "Mozilla/5.0 (Windows NT 6.1; WOW64) AppleWebKit/537.4 (KHTML, like Gecko) Chrome/22.0.1229.79 Safari/537.4"
69.17.126.74 - - [02/Oct/2012:15:22:32 +0000] "GET / HTTP/1.1" 301 548 "-" "Mozilla/5.0 (Windows NT 6.1; WOW64) AppleWebKit/537.4 (KHTML, like Gecko) Chrome/22.0.1229.79 Safari/537.4"
100.43.83.129 - - [02/Oct/2012:17:48:28 +0000] "GET /robots.txt HTTP/1.1" 301 607 "-" "Mozilla/5.0 (compatible; YandexBot/3.0; +http://yandex.com/bots)"
100.43.83.129 - - [02/Oct/2012:21:32:14 +0000] "GET / HTTP/1.1" 301 549 "-" "Mozilla/5.0 (compatible; YandexBot/3.0; +http://yandex.com/bots)"
74.52.245.146 - - [03/Oct/2012:23:00:47 +0000] "GET / HTTP/1.0" 301 553 "-" "Mozilla/5.0 (X11; U; Linux i686; en-US; rv:1.7.5) Gecko/20041107 Firefox/1.0"
100.43.83.129 - - [05/Oct/2012:10:50:14 +0000] "GET /robots.txt HTTP/1.1" 301 607 "-" "Mozilla/5.0 (compatible; YandexBot/3.0; +http://yandex.com/bots)"
54.242.93.179 - - [05/Oct/2012:18:29:27 +0000] "HEAD / HTTP/1.1" 301 221 "http://www.netcraft.com/survey/" "Mozilla/4.0 (compatible; Netcraft Web Server Survey)"
100.43.83.129 - - [06/Oct/2012:13:04:37 +0000] "GET /robots.txt HTTP/1.1" 301 607 "-" "Mozilla/5.0 (compatible; YandexBot/3.0; +http://yandex.com/bots)"
100.43.83.129 - - [06/Oct/2012:17:27:48 +0000] "GET / HTTP/1.1" 301 549 "-" "Mozilla/5.0 (compatible; YandexBot/3.0; +http://yandex.com/bots)"
50.19.159.237 - - [08/Oct/2012:14:34:48 +0000] "GET / HTTP/1.0" 301 553 "-" "Mozilla/5.0 (compatible; NetcraftSurveyAgent/1.0; +info@netcraft.com)"
216.145.11.94 - - [09/Oct/2012:07:53:00 +0000] "GET /robots.txt HTTP/1.0" 301 573 "-" "Mozilla/5.0 (Windows; U; Windows NT 5.1; en; rv:1.9.0.13) Gecko/2009073022 Firefox/3.5.2 (.NET CLR 3.5.30729) SurveyBot/2.3 (DomainTools)"
216.145.11.94 - - [09/Oct/2012:07:53:00 +0000] "GET / HTTP/1.1" 301 514 "http://whois.domaintools.com/carl-fink.name" "Mozilla/5.0 (Windows; U; Windows NT 5.1; en; rv:1.9.0.13) Gecko/2009073022 Firefox/3.5.2 (.NET CLR 3.5.30729) SurveyBot/2.3 (DomainTools)"
100.43.83.129 - - [09/Oct/2012:10:24:29 +0000] "GET /robots.txt HTTP/1.1" 301 607 "-" "Mozilla/5.0 (compatible; YandexBot/3.0; +http://yandex.com/bots)"
100.43.83.129 - - [09/Oct/2012:16:11:22 +0000] "GET / HTTP/1.1" 301 549 "-" "Mozilla/5.0 (compatible; YandexBot/3.0; +http://yandex.com/bots)"
100.43.83.129 - - [10/Oct/2012:14:36:15 +0000] "GET /robots.txt HTTP/1.1" 301 607 "-" "Mozilla/5.0 (compatible; YandexBot/3.0; +http://yandex.com/bots)"
100.43.83.129 - - [10/Oct/2012:15:04:02 +0000] "GET / HTTP/1.1" 301 549 "-" "Mozilla/5.0 (compatible; YandexBot/3.0; +http://yandex.com/bots)"
100.43.83.129 - - [13/Oct/2012:21:12:25 +0000] "GET /robots.txt HTTP/1.1" 301 607 "-" "Mozilla/5.0 (compatible; YandexBot/3.0; +http://yandex.com/bots)"
100.43.83.129 - - [14/Oct/2012:02:02:52 +0000] "GET / HTTP/1.1" 301 549 "-" "Mozilla/5.0 (compatible; YandexBot/3.0; +http://yandex.com/bots)"
66.249.73.105 - - [14/Oct/2012:17:56:14 +0000] "GET /robots.txt HTTP/1.1" 301 570 "-" "Mozilla/5.0 (compatible; Googlebot/2.1; +http://www.google.com/bot.html)"
66.249.73.105 - - [14/Oct/2012:17:56:14 +0000] "GET / HTTP/1.1" 301 551 "-" "Mozilla/5.0 (compatible; Googlebot/2.1; +http://www.google.com/bot.html)"
66.249.73.25 - - [14/Oct/2012:23:14:43 +0000] "GET /robots.txt HTTP/1.1" 301 567 "-" "Mozilla/5.0 (compatible; Googlebot/2.1; +http://www.google.com/bot.html)"
66.249.73.25 - - [14/Oct/2012:23:14:43 +0000] "GET / HTTP/1.1" 301 548 "-" "Mozilla/5.0 (compatible; Googlebot/2.1; +http://www.google.com/bot.html)"
109.206.179.212 - - [15/Oct/2012:21:08:33 +0000] "GET / HTTP/1.1" 301 587 "http://www.google.com" "Mozilla/5.0 (X11; Linux x86_64; rv:2.2a1pre) Gecko/20110324 Firefox/4.2a1pre"
176.9.111.204 - - [15/Oct/2012:21:16:03 +0000] "GET / HTTP/1.1" 301 530 "-" "Mozilla/4.0 (compatible; MSIE 7.0; Windows NT 5.1)"
100.43.83.129 - - [17/Oct/2012:05:16:59 +0000] "GET /robots.txt HTTP/1.1" 301 607 "-" "Mozilla/5.0 (compatible; YandexBot/3.0; +http://yandex.com/bots)"
100.43.83.129 - - [17/Oct/2012:11:21:00 +0000] "GET / HTTP/1.1" 301 549 "-" "Mozilla/5.0 (compatible; YandexBot/3.0; +http://yandex.com/bots)"
157.55.35.34 - - [18/Oct/2012:18:16:48 +0000] "GET /robots.txt HTTP/1.1" 301 611 "-" "Mozilla/5.0 (compatible; bingbot/2.0; +http://www.bing.com/bingbot.htm)"
157.55.35.34 - - [18/Oct/2012:18:21:02 +0000] "GET / HTTP/1.1" 301 552 "-" "Mozilla/5.0 (compatible; bingbot/2.0; +http://www.bing.com/bingbot.htm)"
38.100.21.62 - - [18/Oct/2012:21:06:39 +0000] "GET / HTTP/1.1" 301 591 "-" "Mozilla/4.0 (compatible; MSIE 7.0; Windows NT 5.2)"
100.43.83.129 - - [20/Oct/2012:06:26:12 +0000] "GET /robots.txt HTTP/1.1" 301 607 "-" "Mozilla/5.0 (compatible; YandexBot/3.0; +http://yandex.com/bots)"
100.43.83.129 - - [20/Oct/2012:10:56:42 +0000] "GET / HTTP/1.1" 301 549 "-" "Mozilla/5.0 (compatible; YandexBot/3.0; +http://yandex.com/bots)"
95.108.151.244 - - [20/Oct/2012:17:29:27 +0000] "GET /robots.txt HTTP/1.1" 301 606 "-" "Mozilla/5.0 (compatible; YandexBot/3.0; +http://yandex.com/bots)"
95.108.151.244 - - [20/Oct/2012:17:29:28 +0000] "GET / HTTP/1.1" 301 548 "-" "Mozilla/5.0 (compatible; YandexBot/3.0; +http://yandex.com/bots)"
64.246.165.170 - - [21/Oct/2012:17:14:16 +0000] "GET /robots.txt HTTP/1.0" 301 573 "-" "Mozilla/5.0 (Windows; U; Windows NT 5.1; en; rv:1.9.0.13) Gecko/2009073022 Firefox/3.5.2 (.NET CLR 3.5.30729) SurveyBot/2.3 (DomainTools)"
64.246.165.170 - - [21/Oct/2012:17:14:16 +0000] "GET / HTTP/1.1" 301 514 "http://whois.domaintools.com/carl-fink.name" "Mozilla/5.0 (Windows; U; Windows NT 5.1; en; rv:1.9.0.13) Gecko/2009073022 Firefox/3.5.2 (.NET CLR 3.5.30729) SurveyBot/2.3 (DomainTools)"
100.43.83.129 - - [23/Oct/2012:14:39:44 +0000] "GET /robots.txt HTTP/1.1" 301 607 "-" "Mozilla/5.0 (compatible; YandexBot/3.0; +http://yandex.com/bots)"
100.43.83.129 - - [23/Oct/2012:18:11:24 +0000] "GET / HTTP/1.1" 301 549 "-" "Mozilla/5.0 (compatible; YandexBot/3.0; +http://yandex.com/bots)"
66.249.73.105 - - [26/Oct/2012:17:26:00 +0000] "GET /robots.txt HTTP/1.1" 301 570 "-" "Mozilla/5.0 (compatible; Googlebot/2.1; +http://www.google.com/bot.html)"
66.249.73.105 - - [26/Oct/2012:17:26:00 +0000] "GET / HTTP/1.1" 301 551 "-" "Mozilla/5.0 (compatible; Googlebot/2.1; +http://www.google.com/bot.html)"
100.43.83.129 - - [26/Oct/2012:21:19:51 +0000] "GET /robots.txt HTTP/1.1" 301 607 "-" "Mozilla/5.0 (compatible; YandexBot/3.0; +http://yandex.com/bots)"
66.249.73.25 - - [27/Oct/2012:00:14:28 +0000] "GET /robots.txt HTTP/1.1" 301 567 "-" "Mozilla/5.0 (compatible; Googlebot/2.1; +http://www.google.com/bot.html)"
66.249.73.25 - - [27/Oct/2012:00:14:28 +0000] "GET / HTTP/1.1" 301 548 "-" "Mozilla/5.0 (compatible; Googlebot/2.1; +http://www.google.com/bot.html)"
100.43.83.129 - - [27/Oct/2012:01:30:40 +0000] "GET / HTTP/1.1" 301 549 "-" "Mozilla/5.0 (compatible; YandexBot/3.0; +http://yandex.com/bots)"
100.43.83.129 - - [28/Oct/2012:18:29:16 +0000] "GET /robots.txt HTTP/1.1" 301 607 "-" "Mozilla/5.0 (compatible; YandexBot/3.0; +http://yandex.com/bots)"
100.43.83.129 - - [28/Oct/2012:22:05:38 +0000] "GET / HTTP/1.1" 301 549 "-" "Mozilla/5.0 (compatible; YandexBot/3.0; +http://yandex.com/bots)"
109.206.182.53 - - [29/Oct/2012:16:47:21 +0000] "GET / HTTP/1.1" 301 587 "http://www.google.com" "Mozilla/5.0 (Windows NT 5.0; WOW64; rv:5.0) Gecko/20100101 Firefox/5.0"
100.43.83.129 - - [03/Nov/2012:01:39:10 +0000] "GET /robots.txt HTTP/1.1" 301 607 "-" "Mozilla/5.0 (compatible; YandexBot/3.0; +http://yandex.com/bots)"
64.246.165.50 - - [03/Nov/2012:03:48:39 +0000] "GET /robots.txt HTTP/1.0" 301 573 "-" "Mozilla/5.0 (Windows; U; Windows NT 5.1; en; rv:1.9.0.13) Gecko/2009073022 Firefox/3.5.2 (.NET CLR 3.5.30729) SurveyBot/2.3 (DomainTools)"
64.246.165.50 - - [03/Nov/2012:03:48:39 +0000] "GET / HTTP/1.1" 301 514 "http://whois.domaintools.com/carl-fink.name" "Mozilla/5.0 (Windows; U; Windows NT 5.1; en; rv:1.9.0.13) Gecko/2009073022 Firefox/3.5.2 (.NET CLR 3.5.30729) SurveyBot/2.3 (DomainTools)"
100.43.83.129 - - [03/Nov/2012:08:16:23 +0000] "GET / HTTP/1.1" 301 549 "-" "Mozilla/5.0 (compatible; YandexBot/3.0; +http://yandex.com/bots)"
65.55.52.116 - - [04/Nov/2012:13:24:10 +0000] "GET /robots.txt HTTP/1.1" 301 611 "-" "Mozilla/5.0 (compatible; bingbot/2.0; +http://www.bing.com/bingbot.htm)"
65.55.52.116 - - [04/Nov/2012:13:56:04 +0000] "GET / HTTP/1.1" 301 552 "-" "Mozilla/5.0 (compatible; bingbot/2.0; +http://www.bing.com/bingbot.htm)"
95.108.151.244 - - [04/Nov/2012:23:06:31 +0000] "GET /robots.txt HTTP/1.1" 301 606 "-" "Mozilla/5.0 (compatible; YandexBot/3.0; +http://yandex.com/bots)"
95.108.151.244 - - [04/Nov/2012:23:06:32 +0000] "GET / HTTP/1.1" 301 548 "-" "Mozilla/5.0 (compatible; YandexBot/3.0; +http://yandex.com/bots)"
184.72.194.120 - - [05/Nov/2012:14:52:26 +0000] "HEAD / HTTP/1.1" 301 221 "http://www.netcraft.com/survey/" "Mozilla/4.0 (compatible; Netcraft Web Server Survey)"
107.20.40.205 - - [07/Nov/2012:00:06:08 +0000] "GET / HTTP/1.0" 301 553 "-" "Mozilla/5.0 (compatible; NetcraftSurveyAgent/1.0; +info@netcraft.com)"
66.249.73.105 - - [09/Nov/2012:05:16:19 +0000] "GET /robots.txt HTTP/1.1" 301 570 "-" "Mozilla/5.0 (compatible; Googlebot/2.1; +http://www.google.com/bot.html)"
66.249.73.105 - - [09/Nov/2012:05:16:19 +0000] "GET / HTTP/1.1" 301 551 "-" "Mozilla/5.0 (compatible; Googlebot/2.1; +http://www.google.com/bot.html)"
66.249.73.25 - - [09/Nov/2012:05:19:59 +0000] "GET /robots.txt HTTP/1.1" 301 567 "-" "Mozilla/5.0 (compatible; Googlebot/2.1; +http://www.google.com/bot.html)"
66.249.73.25 - - [09/Nov/2012:05:19:59 +0000] "GET / HTTP/1.1" 301 548 "-" "Mozilla/5.0 (compatible; Googlebot/2.1; +http://www.google.com/bot.html)"
100.43.83.129 - - [10/Nov/2012:11:37:52 +0000] "GET /robots.txt HTTP/1.1" 301 607 "-" "Mozilla/5.0 (compatible; YandexBot/3.0; +http://yandex.com/bots)"
100.43.83.129 - - [10/Nov/2012:15:59:04 +0000] "GET / HTTP/1.1" 301 549 "-" "Mozilla/5.0 (compatible; YandexBot/3.0; +http://yandex.com/bots)"
109.206.179.208 - - [10/Nov/2012:16:50:22 +0000] "GET / HTTP/1.1" 301 587 "http://www.google.com" "Mozilla/5.0 (Windows NT 6.1; rv:2.0) Gecko/20110319 Firefox/4.0"
100.43.83.129 - - [11/Nov/2012:13:47:58 +0000] "GET /robots.txt HTTP/1.1" 301 607 "-" "Mozilla/5.0 (compatible; YandexBot/3.0; +http://yandex.com/bots)"
100.43.83.129 - - [11/Nov/2012:16:21:58 +0000] "GET / HTTP/1.1" 301 549 "-" "Mozilla/5.0 (compatible; YandexBot/3.0; +http://yandex.com/bots)"
100.43.83.129 - - [11/Nov/2012:17:04:27 +0000] "GET / HTTP/1.1" 301 549 "-" "Mozilla/5.0 (compatible; YandexBot/3.0; +http://yandex.com/bots)"
95.108.151.244 - - [13/Nov/2012:03:10:37 +0000] "GET /robots.txt HTTP/1.1" 301 607 "-" "Mozilla/5.0 (compatible; YandexBot/3.0; +http://yandex.com/bots)"
95.108.151.244 - - [13/Nov/2012:03:10:38 +0000] "GET / HTTP/1.1" 301 548 "-" "Mozilla/5.0 (compatible; YandexBot/3.0; +http://yandex.com/bots)"
69.58.178.58 - - [14/Nov/2012:00:40:07 +0000] "GET /robots.txt HTTP/1.1" 301 554 "-" "Mozilla/5.0 (X11; Ubuntu; Linux i686; rv:14.0; ips-agent) Gecko/20100101 Firefox/14.0.1"
69.58.178.58 - - [14/Nov/2012:00:40:08 +0000] "GET / HTTP/1.1" 301 534 "-" "Mozilla/5.0 (X11; Ubuntu; Linux i686; rv:14.0; ips-agent) Gecko/20100101 Firefox/14.0.1"
100.43.83.129 - - [14/Nov/2012:07:30:12 +0000] "GET /robots.txt HTTP/1.1" 301 607 "-" "Mozilla/5.0 (compatible; YandexBot/3.0; +http://yandex.com/bots)"
100.43.83.129 - - [14/Nov/2012:11:08:25 +0000] "GET / HTTP/1.1" 301 549 "-" "Mozilla/5.0 (compatible; YandexBot/3.0; +http://yandex.com/bots)"
64.246.165.170 - - [15/Nov/2012:16:00:13 +0000] "GET /robots.txt HTTP/1.0" 301 573 "-" "Mozilla/5.0 (Windows; U; Windows NT 5.1; en; rv:1.9.0.13) Gecko/2009073022 Firefox/3.5.2 (.NET CLR 3.5.30729) SurveyBot/2.3 (DomainTools)"
64.246.165.170 - - [15/Nov/2012:16:00:14 +0000] "GET / HTTP/1.1" 301 514 "http://whois.domaintools.com/carl-fink.name" "Mozilla/5.0 (Windows; U; Windows NT 5.1; en; rv:1.9.0.13) Gecko/2009073022 Firefox/3.5.2 (.NET CLR 3.5.30729) SurveyBot/2.3 (DomainTools)"
69.58.178.56 - - [16/Nov/2012:04:28:25 +0000] "GET /robots.txt HTTP/1.1" 301 554 "-" "Mozilla/5.0 (X11; Ubuntu; Linux i686; rv:14.0; ips-agent) Gecko/20100101 Firefox/14.0.1"
69.58.178.56 - - [16/Nov/2012:04:28:26 +0000] "GET / HTTP/1.1" 301 534 "-" "Mozilla/5.0 (X11; Ubuntu; Linux i686; rv:14.0; ips-agent) Gecko/20100101 Firefox/14.0.1"
100.43.83.129 - - [16/Nov/2012:19:50:48 +0000] "GET /robots.txt HTTP/1.1" 301 607 "-" "Mozilla/5.0 (compatible; YandexBot/3.0; +http://yandex.com/bots)"
100.43.83.129 - - [17/Nov/2012:02:33:04 +0000] "GET / HTTP/1.1" 301 549 "-" "Mozilla/5.0 (compatible; YandexBot/3.0; +http://yandex.com/bots)"
100.43.83.129 - - [18/Nov/2012:16:23:26 +0000] "GET /robots.txt HTTP/1.1" 301 607 "-" "Mozilla/5.0 (compatible; YandexBot/3.0; +http://yandex.com/bots)"
100.43.83.129 - - [18/Nov/2012:23:58:20 +0000] "GET / HTTP/1.1" 301 549 "-" "Mozilla/5.0 (compatible; YandexBot/3.0; +http://yandex.com/bots)"
109.206.182.59 - - [20/Nov/2012:23:35:29 +0000] "GET / HTTP/1.1" 301 587 "http://www.google.com" "Mozilla/5.0 (X11; Linux i686; rv:2.0b12pre) Gecko/20100101 Firefox/4.0b12pre"
66.249.73.25 - - [21/Nov/2012:09:03:54 +0000] "GET /robots.txt HTTP/1.1" 301 567 "-" "Mozilla/5.0 (compatible; Googlebot/2.1; +http://www.google.com/bot.html)"
66.249.73.25 - - [21/Nov/2012:09:03:54 +0000] "GET / HTTP/1.1" 301 548 "-" "Mozilla/5.0 (compatible; Googlebot/2.1; +http://www.google.com/bot.html)"
38.100.21.62 - - [21/Nov/2012:09:44:57 +0000] "GET / HTTP/1.1" 301 591 "-" "Mozilla/4.0 (compatible; MSIE 7.0; Windows NT 5.2)"
66.249.73.105 - - [21/Nov/2012:11:57:42 +0000] "GET /robots.txt HTTP/1.1" 301 570 "-" "Mozilla/5.0 (compatible; Googlebot/2.1; +http://www.google.com/bot.html)"
66.249.73.105 - - [21/Nov/2012:11:57:42 +0000] "GET / HTTP/1.1" 301 551 "-" "Mozilla/5.0 (compatible; Googlebot/2.1; +http://www.google.com/bot.html)"
100.43.83.129 - - [21/Nov/2012:18:05:33 +0000] "GET /robots.txt HTTP/1.1" 301 607 "-" "Mozilla/5.0 (compatible; YandexBot/3.0; +http://yandex.com/bots)"
100.43.83.129 - - [21/Nov/2012:23:38:52 +0000] "GET / HTTP/1.1" 301 549 "-" "Mozilla/5.0 (compatible; YandexBot/3.0; +http://yandex.com/bots)"
65.55.24.244 - - [22/Nov/2012:15:00:26 +0000] "GET /robots.txt HTTP/1.1" 301 611 "-" "Mozilla/5.0 (compatible; bingbot/2.0; +http://www.bing.com/bingbot.htm)"
65.55.24.244 - - [22/Nov/2012:15:10:05 +0000] "GET / HTTP/1.1" 301 552 "-" "Mozilla/5.0 (compatible; bingbot/2.0; +http://www.bing.com/bingbot.htm)"
100.43.83.129 - - [25/Nov/2012:03:50:07 +0000] "GET /robots.txt HTTP/1.1" 301 607 "-" "Mozilla/5.0 (compatible; YandexBot/3.0; +http://yandex.com/bots)"
100.43.83.129 - - [25/Nov/2012:05:26:43 +0000] "GET / HTTP/1.1" 301 549 "-" "Mozilla/5.0 (compatible; YandexBot/3.0; +http://yandex.com/bots)"
64.246.165.200 - - [26/Nov/2012:01:25:18 +0000] "GET /robots.txt HTTP/1.0" 301 573 "-" "Mozilla/5.0 (Windows; U; Windows NT 5.1; en; rv:1.9.0.13) Gecko/2009073022 Firefox/3.5.2 (.NET CLR 3.5.30729) SurveyBot/2.3 (DomainTools)"
64.246.165.200 - - [26/Nov/2012:01:25:18 +0000] "GET / HTTP/1.1" 301 514 "http://whois.domaintools.com/carl-fink.name" "Mozilla/5.0 (Windows; U; Windows NT 5.1; en; rv:1.9.0.13) Gecko/2009073022 Firefox/3.5.2 (.NET CLR 3.5.30729) SurveyBot/2.3 (DomainTools)"
100.43.83.129 - - [26/Nov/2012:01:49:24 +0000] "GET /robots.txt HTTP/1.1" 301 607 "-" "Mozilla/5.0 (compatible; YandexBot/3.0; +http://yandex.com/bots)"
100.43.83.129 - - [26/Nov/2012:02:46:25 +0000] "GET / HTTP/1.1" 301 549 "-" "Mozilla/5.0 (compatible; YandexBot/3.0; +http://yandex.com/bots)"
176.9.111.204 - - [04/Dec/2012:07:15:24 +0000] "GET / HTTP/1.1" 301 530 "-" "Mozilla/4.0 (compatible; MSIE 7.0; Windows NT 5.1)"
66.249.66.173 - - [04/Dec/2012:17:30:19 +0000] "GET /robots.txt HTTP/1.1" 301 567 "-" "Mozilla/5.0 (compatible; Googlebot/2.1; +http://www.google.com/bot.html)"
66.249.66.173 - - [04/Dec/2012:17:30:20 +0000] "GET / HTTP/1.1" 301 548 "-" "Mozilla/5.0 (compatible; Googlebot/2.1; +http://www.google.com/bot.html)"
66.249.66.43 - - [04/Dec/2012:17:33:03 +0000] "GET /robots.txt HTTP/1.1" 301 570 "-" "Mozilla/5.0 (compatible; Googlebot/2.1; +http://www.google.com/bot.html)"
66.249.66.43 - - [04/Dec/2012:17:33:03 +0000] "GET / HTTP/1.1" 301 551 "-" "Mozilla/5.0 (compatible; Googlebot/2.1; +http://www.google.com/bot.html)"
23.21.7.128 - - [05/Dec/2012:02:36:18 +0000] "HEAD / HTTP/1.1" 301 221 "http://www.netcraft.com/survey/" "Mozilla/4.0 (compatible; Netcraft Web Server Survey)"
23.23.44.50 - - [06/Dec/2012:04:11:01 +0000] "GET / HTTP/1.0" 301 553 "-" "Mozilla/5.0 (compatible; NetcraftSurveyAgent/1.0; +info@netcraft.com)"
216.145.11.94 - - [07/Dec/2012:03:00:31 +0000] "GET /robots.txt HTTP/1.0" 301 573 "-" "Mozilla/5.0 (Windows; U; Windows NT 5.1; en; rv:1.9.0.13) Gecko/2009073022 Firefox/3.5.2 (.NET CLR 3.5.30729) SurveyBot/2.3 (DomainTools)"
216.145.11.94 - - [07/Dec/2012:03:00:31 +0000] "GET / HTTP/1.1" 301 514 "http://whois.domaintools.com/carl-fink.name" "Mozilla/5.0 (Windows; U; Windows NT 5.1; en; rv:1.9.0.13) Gecko/2009073022 Firefox/3.5.2 (.NET CLR 3.5.30729) SurveyBot/2.3 (DomainTools)"
69.58.178.56 - - [12/Dec/2012:03:18:00 +0000] "GET /robots.txt HTTP/1.1" 301 554 "-" "Mozilla/5.0 (X11; Ubuntu; Linux i686; rv:14.0; ips-agent) Gecko/20100101 Firefox/14.0.1"
69.58.178.56 - - [12/Dec/2012:03:18:01 +0000] "GET / HTTP/1.1" 301 534 "-" "Mozilla/5.0 (X11; Ubuntu; Linux i686; rv:14.0; ips-agent) Gecko/20100101 Firefox/14.0.1"
69.58.178.56 - - [12/Dec/2012:20:48:57 +0000] "GET /robots.txt HTTP/1.1" 301 554 "-" "Mozilla/5.0 (X11; Ubuntu; Linux i686; rv:14.0; ips-agent) Gecko/20100101 Firefox/14.0.1"
69.58.178.56 - - [12/Dec/2012:20:48:58 +0000] "GET / HTTP/1.1" 301 534 "-" "Mozilla/5.0 (X11; Ubuntu; Linux i686; rv:14.0; ips-agent) Gecko/20100101 Firefox/14.0.1"
157.55.33.81 - - [14/Dec/2012:02:43:46 +0000] "GET /robots.txt HTTP/1.1" 301 611 "-" "Mozilla/5.0 (compatible; bingbot/2.0; +http://www.bing.com/bingbot.htm)"
157.55.33.81 - - [14/Dec/2012:02:46:41 +0000] "GET / HTTP/1.1" 301 552 "-" "Mozilla/5.0 (compatible; bingbot/2.0; +http://www.bing.com/bingbot.htm)"
157.55.33.81 - - [14/Dec/2012:05:30:59 +0000] "GET /robots.txt HTTP/1.1" 301 611 "-" "Mozilla/5.0 (compatible; bingbot/2.0; +http://www.bing.com/bingbot.htm)"
157.55.33.81 - - [14/Dec/2012:05:32:38 +0000] "GET / HTTP/1.1" 301 552 "-" "Mozilla/5.0 (compatible; bingbot/2.0; +http://www.bing.com/bingbot.htm)"
100.43.83.129 - - [14/Dec/2012:21:44:37 +0000] "GET /robots.txt HTTP/1.1" 301 607 "-" "Mozilla/5.0 (compatible; YandexBot/3.0; +http://yandex.com/bots)"
100.43.83.129 - - [15/Dec/2012:05:37:46 +0000] "GET / HTTP/1.1" 301 549 "-" "Mozilla/5.0 (compatible; YandexBot/3.0; +http://yandex.com/bots)"
100.43.83.129 - - [16/Dec/2012:00:08:00 +0000] "GET /robots.txt HTTP/1.1" 301 607 "-" "Mozilla/5.0 (compatible; YandexBot/3.0; +http://yandex.com/bots)"
100.43.83.129 - - [16/Dec/2012:02:05:26 +0000] "GET / HTTP/1.1" 301 549 "-" "Mozilla/5.0 (compatible; YandexBot/3.0; +http://yandex.com/bots)"
109.206.182.41 - - [16/Dec/2012:07:06:15 +0000] "GET / HTTP/1.1" 301 587 "http://www.google.com" "Mozilla/5.0 (Windows NT 6.1; rv:1.9) Gecko/20100101 Firefox/4.0"
66.249.74.113 - - [18/Dec/2012:02:07:30 +0000] "GET /robots.txt HTTP/1.1" 301 570 "-" "Mozilla/5.0 (compatible; Googlebot/2.1; +http://www.google.com/bot.html)"
66.249.74.113 - - [18/Dec/2012:02:07:30 +0000] "GET / HTTP/1.1" 301 551 "-" "Mozilla/5.0 (compatible; Googlebot/2.1; +http://www.google.com/bot.html)"
66.249.74.195 - - [18/Dec/2012:06:27:13 +0000] "GET /robots.txt HTTP/1.1" 301 567 "-" "Mozilla/5.0 (compatible; Googlebot/2.1; +http://www.google.com/bot.html)"
66.249.74.195 - - [18/Dec/2012:06:27:13 +0000] "GET / HTTP/1.1" 301 548 "-" "Mozilla/5.0 (compatible; Googlebot/2.1; +http://www.google.com/bot.html)"
38.100.21.64 - - [18/Dec/2012:08:05:44 +0000] "GET / HTTP/1.1" 301 591 "-" "Mozilla/4.0 (compatible; MSIE 7.0; Windows NT 5.2)"
100.43.83.129 - - [20/Dec/2012:09:59:21 +0000] "GET /robots.txt HTTP/1.1" 301 607 "-" "Mozilla/5.0 (compatible; YandexBot/3.0; +http://yandex.com/bots)"
100.43.83.129 - - [21/Dec/2012:20:34:48 +0000] "GET /robots.txt HTTP/1.1" 301 607 "-" "Mozilla/5.0 (compatible; YandexBot/3.0; +http://yandex.com/bots)"
100.43.83.129 - - [22/Dec/2012:03:00:38 +0000] "GET / HTTP/1.1" 301 549 "-" "Mozilla/5.0 (compatible; YandexBot/3.0; +http://yandex.com/bots)"
176.9.111.204 - - [22/Dec/2012:17:54:48 +0000] "GET / HTTP/1.1" 301 530 "-" "Mozilla/4.0 (compatible; MSIE 7.0; Windows NT 5.1)"
95.108.151.244 - - [23/Dec/2012:23:06:52 +0000] "GET /robots.txt HTTP/1.1" 301 606 "-" "Mozilla/5.0 (compatible; YandexBot/3.0; +http://yandex.com/bots)"
95.108.151.244 - - [23/Dec/2012:23:06:53 +0000] "GET / HTTP/1.1" 301 548 "-" "Mozilla/5.0 (compatible; YandexBot/3.0; +http://yandex.com/bots)"
216.145.5.42 - - [24/Dec/2012:02:58:45 +0000] "GET /robots.txt HTTP/1.0" 301 573 "-" "Mozilla/5.0 (Windows; U; Windows NT 5.1; en; rv:1.9.0.13) Gecko/2009073022 Firefox/3.5.2 (.NET CLR 3.5.30729) SurveyBot/2.3 (DomainTools)"
216.145.5.42 - - [24/Dec/2012:02:58:45 +0000] "GET / HTTP/1.1" 301 514 "http://whois.domaintools.com/carl-fink.name" "Mozilla/5.0 (Windows; U; Windows NT 5.1; en; rv:1.9.0.13) Gecko/2009073022 Firefox/3.5.2 (.NET CLR 3.5.30729) SurveyBot/2.3 (DomainTools)"
100.43.83.129 - - [24/Dec/2012:20:45:07 +0000] "GET /robots.txt HTTP/1.1" 301 607 "-" "Mozilla/5.0 (compatible; YandexBot/3.0; +http://yandex.com/bots)"
100.43.83.129 - - [25/Dec/2012:01:38:31 +0000] "GET / HTTP/1.1" 301 549 "-" "Mozilla/5.0 (compatible; YandexBot/3.0; +http://yandex.com/bots)"
100.43.83.129 - - [25/Dec/2012:09:34:51 +0000] "GET /robots.txt HTTP/1.1" 301 607 "-" "Mozilla/5.0 (compatible; YandexBot/3.0; +http://yandex.com/bots)"
100.43.83.129 - - [25/Dec/2012:16:07:08 +0000] "GET / HTTP/1.1" 301 549 "-" "Mozilla/5.0 (compatible; YandexBot/3.0; +http://yandex.com/bots)"
100.43.83.129 - - [25/Dec/2012:22:51:36 +0000] "GET /robots.txt HTTP/1.1" 301 607 "-" "Mozilla/5.0 (compatible; YandexBot/3.0; +http://yandex.com/bots)"
100.43.83.129 - - [25/Dec/2012:23:01:13 +0000] "GET / HTTP/1.1" 301 549 "-" "Mozilla/5.0 (compatible; YandexBot/3.0; +http://yandex.com/bots)"
66.249.75.126 - - [28/Dec/2012:05:07:14 +0000] "GET /robots.txt HTTP/1.1" 301 570 "-" "Mozilla/5.0 (compatible; Googlebot/2.1; +http://www.google.com/bot.html)"
66.249.75.126 - - [28/Dec/2012:05:07:14 +0000] "GET / HTTP/1.1" 301 551 "-" "Mozilla/5.0 (compatible; Googlebot/2.1; +http://www.google.com/bot.html)"
66.249.75.234 - - [28/Dec/2012:05:10:22 +0000] "GET /robots.txt HTTP/1.1" 301 567 "-" "Mozilla/5.0 (compatible; Googlebot/2.1; +http://www.google.com/bot.html)"
66.249.75.234 - - [28/Dec/2012:05:10:22 +0000] "GET / HTTP/1.1" 301 548 "-" "Mozilla/5.0 (compatible; Googlebot/2.1; +http://www.google.com/bot.html)"
100.43.83.129 - - [29/Dec/2012:01:51:55 +0000] "GET /robots.txt HTTP/1.1" 301 607 "-" "Mozilla/5.0 (compatible; YandexBot/3.0; +http://yandex.com/bots)"
100.43.83.129 - - [29/Dec/2012:05:58:48 +0000] "GET / HTTP/1.1" 301 549 "-" "Mozilla/5.0 (compatible; YandexBot/3.0; +http://yandex.com/bots)"
100.43.83.129 - - [01/Jan/2013:03:36:07 +0000] "GET /robots.txt HTTP/1.1" 301 607 "-" "Mozilla/5.0 (compatible; YandexBot/3.0; +http://yandex.com/bots)"
100.43.83.129 - - [01/Jan/2013:07:13:19 +0000] "GET / HTTP/1.1" 301 549 "-" "Mozilla/5.0 (compatible; YandexBot/3.0; +http://yandex.com/bots)"
100.43.83.129 - - [02/Jan/2013:22:08:55 +0000] "GET /robots.txt HTTP/1.1" 301 607 "-" "Mozilla/5.0 (compatible; YandexBot/3.0; +http://yandex.com/bots)"
100.43.83.129 - - [03/Jan/2013:05:10:13 +0000] "GET / HTTP/1.1" 301 549 "-" "Mozilla/5.0 (compatible; YandexBot/3.0; +http://yandex.com/bots)"
184.73.149.21 - - [03/Jan/2013:16:33:18 +0000] "HEAD / HTTP/1.1" 301 221 "http://www.netcraft.com/survey/" "Mozilla/4.0 (compatible; Netcraft Web Server Survey)"
100.43.83.129 - - [04/Jan/2013:04:51:42 +0000] "GET /robots.txt HTTP/1.1" 301 607 "-" "Mozilla/5.0 (compatible; YandexBot/3.0; +http://yandex.com/bots)"
100.43.83.129 - - [04/Jan/2013:09:10:19 +0000] "GET / HTTP/1.1" 301 549 "-" "Mozilla/5.0 (compatible; YandexBot/3.0; +http://yandex.com/bots)"
64.246.161.42 - - [05/Jan/2013:03:29:18 +0000] "GET /robots.txt HTTP/1.0" 301 573 "-" "Mozilla/5.0 (Windows; U; Windows NT 5.1; en; rv:1.9.0.13) Gecko/2009073022 Firefox/3.5.2 (.NET CLR 3.5.30729) SurveyBot/2.3 (DomainTools)"
64.246.161.42 - - [05/Jan/2013:03:29:18 +0000] "GET / HTTP/1.1" 301 514 "http://whois.domaintools.com/carl-fink.name" "Mozilla/5.0 (Windows; U; Windows NT 5.1; en; rv:1.9.0.13) Gecko/2009073022 Firefox/3.5.2 (.NET CLR 3.5.30729) SurveyBot/2.3 (DomainTools)"
100.43.83.129 - - [06/Jan/2013:15:13:13 +0000] "GET /robots.txt HTTP/1.1" 301 607 "-" "Mozilla/5.0 (compatible; YandexBot/3.0; +http://yandex.com/bots)"
100.43.83.129 - - [06/Jan/2013:19:24:25 +0000] "GET / HTTP/1.1" 301 549 "-" "Mozilla/5.0 (compatible; YandexBot/3.0; +http://yandex.com/bots)"
157.55.33.81 - - [06/Jan/2013:19:39:13 +0000] "GET /robots.txt HTTP/1.1" 301 611 "-" "Mozilla/5.0 (compatible; bingbot/2.0; +http://www.bing.com/bingbot.htm)"
157.55.33.81 - - [06/Jan/2013:19:40:49 +0000] "GET / HTTP/1.1" 301 552 "-" "Mozilla/5.0 (compatible; bingbot/2.0; +http://www.bing.com/bingbot.htm)"
66.249.73.105 - - [07/Jan/2013:00:08:59 +0000] "GET /robots.txt HTTP/1.1" 301 570 "-" "Mozilla/5.0 (compatible; Googlebot/2.1; +http://www.google.com/bot.html)"
66.249.73.105 - - [07/Jan/2013:00:08:59 +0000] "GET / HTTP/1.1" 301 551 "-" "Mozilla/5.0 (compatible; Googlebot/2.1; +http://www.google.com/bot.html)"
66.249.73.25 - - [07/Jan/2013:06:25:15 +0000] "GET /robots.txt HTTP/1.1" 301 567 "-" "Mozilla/5.0 (compatible; Googlebot/2.1; +http://www.google.com/bot.html)"
66.249.73.25 - - [07/Jan/2013:06:25:15 +0000] "GET / HTTP/1.1" 301 548 "-" "Mozilla/5.0 (compatible; Googlebot/2.1; +http://www.google.com/bot.html)"
184.72.94.97 - - [07/Jan/2013:18:03:59 +0000] "GET / HTTP/1.0" 301 553 "-" "Mozilla/5.0 (compatible; NetcraftSurveyAgent/1.0; +info@netcraft.com)"
100.43.83.129 - - [09/Jan/2013:13:29:10 +0000] "GET /robots.txt HTTP/1.1" 301 607 "-" "Mozilla/5.0 (compatible; YandexBot/3.0; +http://yandex.com/bots)"
100.43.83.129 - - [09/Jan/2013:23:10:58 +0000] "GET / HTTP/1.1" 301 549 "-" "Mozilla/5.0 (compatible; YandexBot/3.0; +http://yandex.com/bots)"
213.174.154.106 - - [11/Jan/2013:13:15:32 +0000] "GET / HTTP/1.1" 301 530 "http://www.google.com" "Mozilla/5.0 (Windows NT 6.1; WOW64; rv:2.0b7) Gecko/20100101 Firefox/4.0b7"
100.43.83.129 - - [12/Jan/2013:08:43:22 +0000] "GET /robots.txt HTTP/1.1" 301 607 "-" "Mozilla/5.0 (compatible; YandexBot/3.0; +http://yandex.com/bots)"
100.43.83.129 - - [12/Jan/2013:14:40:20 +0000] "GET / HTTP/1.1" 301 549 "-" "Mozilla/5.0 (compatible; YandexBot/3.0; +http://yandex.com/bots)"
100.43.83.129 - - [12/Jan/2013:21:16:01 +0000] "GET /robots.txt HTTP/1.1" 301 607 "-" "Mozilla/5.0 (compatible; YandexBot/3.0; +http://yandex.com/bots)"
100.43.83.129 - - [12/Jan/2013:22:46:50 +0000] "GET / HTTP/1.1" 301 549 "-" "Mozilla/5.0 (compatible; YandexBot/3.0; +http://yandex.com/bots)"
66.249.73.105 - - [15/Jan/2013:22:30:58 +0000] "GET /robots.txt HTTP/1.1" 301 570 "-" "Mozilla/5.0 (compatible; Googlebot/2.1; +http://www.google.com/bot.html)"
66.249.73.105 - - [15/Jan/2013:22:30:58 +0000] "GET / HTTP/1.1" 301 551 "-" "Mozilla/5.0 (compatible; Googlebot/2.1; +http://www.google.com/bot.html)"
66.249.73.25 - - [16/Jan/2013:01:46:12 +0000] "GET /robots.txt HTTP/1.1" 301 567 "-" "Mozilla/5.0 (compatible; Googlebot/2.1; +http://www.google.com/bot.html)"
66.249.73.25 - - [16/Jan/2013:01:46:12 +0000] "GET / HTTP/1.1" 301 548 "-" "Mozilla/5.0 (compatible; Googlebot/2.1; +http://www.google.com/bot.html)"
38.100.21.64 - - [16/Jan/2013:03:44:11 +0000] "GET / HTTP/1.1" 301 591 "-" "Mozilla/4.0 (compatible; MSIE 7.0; Windows NT 5.2)"
100.43.83.129 - - [17/Jan/2013:03:26:03 +0000] "GET /robots.txt HTTP/1.1" 301 607 "-" "Mozilla/5.0 (compatible; YandexBot/3.0; +http://yandex.com/bots)"
100.43.83.129 - - [17/Jan/2013:05:20:15 +0000] "GET / HTTP/1.1" 301 549 "-" "Mozilla/5.0 (compatible; YandexBot/3.0; +http://yandex.com/bots)"
64.246.165.190 - - [17/Jan/2013:14:03:37 +0000] "GET /robots.txt HTTP/1.0" 301 573 "-" "Mozilla/5.0 (Windows; U; Windows NT 5.1; en; rv:1.9.0.13) Gecko/2009073022 Firefox/3.5.2 (.NET CLR 3.5.30729) SurveyBot/2.3 (DomainTools)"
64.246.165.190 - - [17/Jan/2013:14:03:37 +0000] "GET / HTTP/1.1" 301 514 "http://whois.domaintools.com/carl-fink.name" "Mozilla/5.0 (Windows; U; Windows NT 5.1; en; rv:1.9.0.13) Gecko/2009073022 Firefox/3.5.2 (.NET CLR 3.5.30729) SurveyBot/2.3 (DomainTools)"
