69.58.178.58 - - [18/Jan/2013:02:35:51 +0000] "GET /robots.txt HTTP/1.1" 301 554 "-" "Mozilla/5.0 (X11; Ubuntu; Linux i686; rv:14.0; ips-agent) Gecko/20100101 Firefox/14.0.1"
69.58.178.58 - - [18/Jan/2013:02:35:52 +0000] "GET / HTTP/1.1" 301 534 "-" "Mozilla/5.0 (X11; Ubuntu; Linux i686; rv:14.0; ips-agent) Gecko/20100101 Firefox/14.0.1"
176.9.111.204 - - [19/Jan/2013:06:48:42 +0000] "GET / HTTP/1.1" 301 530 "-" "Mozilla/4.0 (compatible; MSIE 7.0; Windows NT 5.1)"
100.43.83.129 - - [20/Jan/2013:08:41:49 +0000] "GET /robots.txt HTTP/1.1" 301 607 "-" "Mozilla/5.0 (compatible; YandexBot/3.0; +http://yandex.com/bots)"
100.43.83.129 - - [20/Jan/2013:12:46:17 +0000] "GET / HTTP/1.1" 301 549 "-" "Mozilla/5.0 (compatible; YandexBot/3.0; +http://yandex.com/bots)"
100.43.83.129 - - [21/Jan/2013:02:22:50 +0000] "GET /robots.txt HTTP/1.1" 301 607 "-" "Mozilla/5.0 (compatible; YandexBot/3.0; +http://yandex.com/bots)"
100.43.83.129 - - [21/Jan/2013:07:48:07 +0000] "GET / HTTP/1.1" 301 549 "-" "Mozilla/5.0 (compatible; YandexBot/3.0; +http://yandex.com/bots)"
213.174.154.106 - - [22/Jan/2013:00:58:04 +0000] "GET / HTTP/1.1" 301 530 "-" "Opera/9.50 (Windows NT 5.1; U; nn)"
100.43.83.129 - - [24/Jan/2013:05:44:54 +0000] "GET /robots.txt HTTP/1.1" 301 607 "-" "Mozilla/5.0 (compatible; YandexBot/3.0; +http://yandex.com/bots)"
100.43.83.129 - - [24/Jan/2013:08:21:15 +0000] "GET / HTTP/1.1" 301 549 "-" "Mozilla/5.0 (compatible; YandexBot/3.0; +http://yandex.com/bots)"
157.55.33.88 - - [25/Jan/2013:20:39:34 +0000] "GET /robots.txt HTTP/1.1" 301 611 "-" "Mozilla/5.0 (compatible; bingbot/2.0; +http://www.bing.com/bingbot.htm)"
157.55.33.88 - - [25/Jan/2013:20:41:09 +0000] "GET / HTTP/1.1" 301 552 "-" "Mozilla/5.0 (compatible; bingbot/2.0; +http://www.bing.com/bingbot.htm)"
100.43.83.129 - - [26/Jan/2013:02:22:25 +0000] "GET /robots.txt HTTP/1.1" 301 607 "-" "Mozilla/5.0 (compatible; YandexBot/3.0; +http://yandex.com/bots)"
100.43.83.129 - - [26/Jan/2013:06:27:50 +0000] "GET / HTTP/1.1" 301 549 "-" "Mozilla/5.0 (compatible; YandexBot/3.0; +http://yandex.com/bots)"
66.249.76.126 - - [26/Jan/2013:08:27:59 +0000] "GET /robots.txt HTTP/1.1" 301 570 "-" "Mozilla/5.0 (compatible; Googlebot/2.1; +http://www.google.com/bot.html)"
66.249.76.126 - - [26/Jan/2013:08:27:59 +0000] "GET / HTTP/1.1" 301 551 "-" "Mozilla/5.0 (compatible; Googlebot/2.1; +http://www.google.com/bot.html)"
66.249.76.234 - - [26/Jan/2013:10:33:10 +0000] "GET /robots.txt HTTP/1.1" 301 567 "-" "Mozilla/5.0 (compatible; Googlebot/2.1; +http://www.google.com/bot.html)"
66.249.76.234 - - [26/Jan/2013:10:33:10 +0000] "GET / HTTP/1.1" 301 548 "-" "Mozilla/5.0 (compatible; Googlebot/2.1; +http://www.google.com/bot.html)"
216.145.17.190 - - [28/Jan/2013:12:09:24 +0000] "GET /robots.txt HTTP/1.0" 301 573 "-" "Mozilla/5.0 (Windows; U; Windows NT 5.1; en; rv:1.9.0.13) Gecko/2009073022 Firefox/3.5.2 (.NET CLR 3.5.30729) SurveyBot/2.3 (DomainTools)"
216.145.17.190 - - [28/Jan/2013:12:09:24 +0000] "GET / HTTP/1.1" 301 514 "http://whois.domaintools.com/carl-fink.name" "Mozilla/5.0 (Windows; U; Windows NT 5.1; en; rv:1.9.0.13) Gecko/2009073022 Firefox/3.5.2 (.NET CLR 3.5.30729) SurveyBot/2.3 (DomainTools)"
100.43.83.129 - - [28/Jan/2013:23:15:17 +0000] "GET /robots.txt HTTP/1.1" 301 607 "-" "Mozilla/5.0 (compatible; YandexBot/3.0; +http://yandex.com/bots)"
100.43.83.129 - - [29/Jan/2013:02:35:33 +0000] "GET / HTTP/1.1" 301 549 "-" "Mozilla/5.0 (compatible; YandexBot/3.0; +http://yandex.com/bots)"
100.43.83.129 - - [29/Jan/2013:09:15:27 +0000] "GET /robots.txt HTTP/1.1" 301 607 "-" "Mozilla/5.0 (compatible; YandexBot/3.0; +http://yandex.com/bots)"
95.108.151.244 - - [03/Feb/2013:18:49:10 +0000] "GET /robots.txt HTTP/1.1" 301 607 "-" "Mozilla/5.0 (compatible; YandexBot/3.0; +http://yandex.com/bots)"
95.108.151.244 - - [03/Feb/2013:18:49:11 +0000] "GET / HTTP/1.1" 301 548 "-" "Mozilla/5.0 (compatible; YandexBot/3.0; +http://yandex.com/bots)"
100.43.83.129 - - [04/Feb/2013:00:46:30 +0000] "GET /robots.txt HTTP/1.1" 301 607 "-" "Mozilla/5.0 (compatible; YandexBot/3.0; +http://yandex.com/bots)"
100.43.83.129 - - [04/Feb/2013:04:11:33 +0000] "GET / HTTP/1.1" 301 549 "-" "Mozilla/5.0 (compatible; YandexBot/3.0; +http://yandex.com/bots)"
66.249.75.126 - - [04/Feb/2013:05:08:41 +0000] "GET /robots.txt HTTP/1.1" 301 570 "-" "Mozilla/5.0 (compatible; Googlebot/2.1; +http://www.google.com/bot.html)"
66.249.75.126 - - [04/Feb/2013:05:08:41 +0000] "GET / HTTP/1.1" 301 551 "-" "Mozilla/5.0 (compatible; Googlebot/2.1; +http://www.google.com/bot.html)"
66.249.75.234 - - [04/Feb/2013:05:09:25 +0000] "GET /robots.txt HTTP/1.1" 301 567 "-" "Mozilla/5.0 (compatible; Googlebot/2.1; +http://www.google.com/bot.html)"
66.249.75.234 - - [04/Feb/2013:05:09:25 +0000] "GET / HTTP/1.1" 301 548 "-" "Mozilla/5.0 (compatible; Googlebot/2.1; +http://www.google.com/bot.html)"
100.43.83.129 - - [04/Feb/2013:11:18:06 +0000] "GET /robots.txt HTTP/1.1" 301 607 "-" "Mozilla/5.0 (compatible; YandexBot/3.0; +http://yandex.com/bots)"
50.19.39.210 - - [04/Feb/2013:18:03:10 +0000] "HEAD / HTTP/1.1" 301 221 "http://www.netcraft.com/survey/" "Mozilla/4.0 (compatible; Netcraft Web Server Survey)"
100.43.83.129 - - [05/Feb/2013:07:26:03 +0000] "GET /robots.txt HTTP/1.1" 301 607 "-" "Mozilla/5.0 (compatible; YandexBot/3.0; +http://yandex.com/bots)"
100.43.83.129 - - [05/Feb/2013:11:32:24 +0000] "GET / HTTP/1.1" 301 549 "-" "Mozilla/5.0 (compatible; YandexBot/3.0; +http://yandex.com/bots)"
54.235.234.125 - - [05/Feb/2013:20:26:08 +0000] "GET / HTTP/1.0" 301 553 "-" "Mozilla/5.0 (compatible; NetcraftSurveyAgent/1.0; +info@netcraft.com)"
95.108.151.244 - - [06/Feb/2013:07:48:51 +0000] "GET /robots.txt HTTP/1.1" 301 607 "-" "Mozilla/5.0 (compatible; YandexBot/3.0; +http://yandex.com/bots)"
95.108.151.244 - - [06/Feb/2013:07:48:52 +0000] "GET / HTTP/1.1" 301 548 "-" "Mozilla/5.0 (compatible; YandexBot/3.0; +http://yandex.com/bots)"
216.145.14.142 - - [08/Feb/2013:07:41:49 +0000] "GET /robots.txt HTTP/1.0" 301 573 "-" "Mozilla/5.0 (Windows; U; Windows NT 5.1; en; rv:1.9.0.13) Gecko/2009073022 Firefox/3.5.2 (.NET CLR 3.5.30729) SurveyBot/2.3 (DomainTools)"
216.145.14.142 - - [08/Feb/2013:07:41:49 +0000] "GET / HTTP/1.1" 301 514 "http://whois.domaintools.com/carl-fink.name" "Mozilla/5.0 (Windows; U; Windows NT 5.1; en; rv:1.9.0.13) Gecko/2009073022 Firefox/3.5.2 (.NET CLR 3.5.30729) SurveyBot/2.3 (DomainTools)"
100.43.83.129 - - [10/Feb/2013:17:31:37 +0000] "GET /robots.txt HTTP/1.1" 301 607 "-" "Mozilla/5.0 (compatible; YandexBot/3.0; +http://yandex.com/bots)"
100.43.83.129 - - [10/Feb/2013:22:33:36 +0000] "GET / HTTP/1.1" 301 549 "-" "Mozilla/5.0 (compatible; YandexBot/3.0; +http://yandex.com/bots)"
157.55.33.253 - - [12/Feb/2013:05:41:25 +0000] "GET /robots.txt HTTP/1.1" 301 611 "-" "Mozilla/5.0 (compatible; bingbot/2.0; +http://www.bing.com/bingbot.htm)"
157.55.33.253 - - [12/Feb/2013:05:43:36 +0000] "GET / HTTP/1.1" 301 552 "-" "Mozilla/5.0 (compatible; bingbot/2.0; +http://www.bing.com/bingbot.htm)"
69.58.178.59 - - [12/Feb/2013:23:09:43 +0000] "GET /robots.txt HTTP/1.1" 301 554 "-" "Mozilla/5.0 (X11; Ubuntu; Linux i686; rv:14.0; ips-agent) Gecko/20100101 Firefox/14.0.1"
69.58.178.59 - - [12/Feb/2013:23:09:44 +0000] "GET / HTTP/1.1" 301 534 "-" "Mozilla/5.0 (X11; Ubuntu; Linux i686; rv:14.0; ips-agent) Gecko/20100101 Firefox/14.0.1"
66.249.73.105 - - [13/Feb/2013:00:27:21 +0000] "GET /robots.txt HTTP/1.1" 301 570 "-" "Mozilla/5.0 (compatible; Googlebot/2.1; +http://www.google.com/bot.html)"
66.249.73.105 - - [13/Feb/2013:00:27:21 +0000] "GET / HTTP/1.1" 301 551 "-" "Mozilla/5.0 (compatible; Googlebot/2.1; +http://www.google.com/bot.html)"
74.52.245.146 - - [13/Feb/2013:06:23:04 +0000] "GET / HTTP/1.0" 301 553 "-" "Mozilla/5.0 (X11; U; Linux i686; en-US; rv:1.7.5) Gecko/20041107 Firefox/1.0"
66.249.73.25 - - [13/Feb/2013:06:36:28 +0000] "GET /robots.txt HTTP/1.1" 301 567 "-" "Mozilla/5.0 (compatible; Googlebot/2.1; +http://www.google.com/bot.html)"
66.249.73.25 - - [13/Feb/2013:06:36:28 +0000] "GET / HTTP/1.1" 301 548 "-" "Mozilla/5.0 (compatible; Googlebot/2.1; +http://www.google.com/bot.html)"
199.21.99.117 - - [14/Feb/2013:09:02:39 +0000] "GET /robots.txt HTTP/1.1" 301 607 "-" "Mozilla/5.0 (compatible; YandexBot/3.0; +http://yandex.com/bots)"
38.100.21.66 - - [16/Feb/2013:14:19:29 +0000] "GET / HTTP/1.1" 301 591 "-" "Mozilla/4.0 (compatible; MSIE 7.0; Windows NT 5.2)"
199.21.99.117 - - [16/Feb/2013:15:55:29 +0000] "GET /robots.txt HTTP/1.1" 301 607 "-" "Mozilla/5.0 (compatible; YandexBot/3.0; +http://yandex.com/bots)"
199.21.99.117 - - [16/Feb/2013:20:48:53 +0000] "GET / HTTP/1.1" 301 549 "-" "Mozilla/5.0 (compatible; YandexBot/3.0; +http://yandex.com/bots)"
216.145.11.94 - - [18/Feb/2013:21:58:28 +0000] "GET /robots.txt HTTP/1.0" 301 573 "-" "Mozilla/5.0 (Windows; U; Windows NT 5.1; en; rv:1.9.0.13) Gecko/2009073022 Firefox/3.5.2 (.NET CLR 3.5.30729) SurveyBot/2.3 (DomainTools)"
216.145.11.94 - - [18/Feb/2013:21:58:28 +0000] "GET / HTTP/1.1" 301 514 "http://whois.domaintools.com/carl-fink.name" "Mozilla/5.0 (Windows; U; Windows NT 5.1; en; rv:1.9.0.13) Gecko/2009073022 Firefox/3.5.2 (.NET CLR 3.5.30729) SurveyBot/2.3 (DomainTools)"
199.21.99.117 - - [21/Feb/2013:02:45:54 +0000] "GET /robots.txt HTTP/1.1" 301 607 "-" "Mozilla/5.0 (compatible; YandexBot/3.0; +http://yandex.com/bots)"
199.21.99.117 - - [21/Feb/2013:09:14:29 +0000] "GET / HTTP/1.1" 301 549 "-" "Mozilla/5.0 (compatible; YandexBot/3.0; +http://yandex.com/bots)"
66.249.73.105 - - [22/Feb/2013:19:16:02 +0000] "GET /robots.txt HTTP/1.1" 301 570 "-" "Mozilla/5.0 (compatible; Googlebot/2.1; +http://www.google.com/bot.html)"
66.249.73.105 - - [22/Feb/2013:19:16:02 +0000] "GET / HTTP/1.1" 301 551 "-" "Mozilla/5.0 (compatible; Googlebot/2.1; +http://www.google.com/bot.html)"
66.249.73.25 - - [23/Feb/2013:00:06:04 +0000] "GET /robots.txt HTTP/1.1" 301 567 "-" "Mozilla/5.0 (compatible; Googlebot/2.1; +http://www.google.com/bot.html)"
66.249.73.25 - - [23/Feb/2013:00:06:04 +0000] "GET / HTTP/1.1" 301 548 "-" "Mozilla/5.0 (compatible; Googlebot/2.1; +http://www.google.com/bot.html)"
199.21.99.117 - - [24/Feb/2013:04:23:00 +0000] "GET /robots.txt HTTP/1.1" 301 607 "-" "Mozilla/5.0 (compatible; YandexBot/3.0; +http://yandex.com/bots)"
46.229.167.149 - - [24/Feb/2013:04:24:09 +0000] "GET / HTTP/1.1" 301 511 "-" "Zend_Http_Client"
46.229.167.149 - - [24/Feb/2013:04:24:10 +0000] "GET / HTTP/1.1" 301 530 "-" "Mozilla/5.0 (Windows; U; Windows NT 6.1; en-US; rv:1.9.2b1) Gecko/20091014 Firefox/3.6b1 GTB5"
199.21.99.117 - - [24/Feb/2013:08:20:10 +0000] "GET / HTTP/1.1" 301 549 "-" "Mozilla/5.0 (compatible; YandexBot/3.0; +http://yandex.com/bots)"
199.21.99.117 - - [27/Feb/2013:03:23:46 +0000] "GET /robots.txt HTTP/1.1" 301 607 "-" "Mozilla/5.0 (compatible; YandexBot/3.0; +http://yandex.com/bots)"
199.21.99.117 - - [27/Feb/2013:05:39:30 +0000] "GET / HTTP/1.1" 301 549 "-" "Mozilla/5.0 (compatible; YandexBot/3.0; +http://yandex.com/bots)"
199.21.99.117 - - [27/Feb/2013:20:43:55 +0000] "GET /robots.txt HTTP/1.1" 301 607 "-" "Mozilla/5.0 (compatible; YandexBot/3.0; +http://yandex.com/bots)"
199.21.99.117 - - [28/Feb/2013:02:44:58 +0000] "GET / HTTP/1.1" 301 549 "-" "Mozilla/5.0 (compatible; YandexBot/3.0; +http://yandex.com/bots)"
64.246.187.42 - - [01/Mar/2013:20:25:37 +0000] "GET /robots.txt HTTP/1.0" 301 573 "-" "Mozilla/5.0 (Windows; U; Windows NT 5.1; en; rv:1.9.0.13) Gecko/2009073022 Firefox/3.5.2 (.NET CLR 3.5.30729) SurveyBot/2.3 (DomainTools)"
64.246.187.42 - - [01/Mar/2013:20:25:38 +0000] "GET / HTTP/1.1" 301 514 "http://whois.domaintools.com/carl-fink.name" "Mozilla/5.0 (Windows; U; Windows NT 5.1; en; rv:1.9.0.13) Gecko/2009073022 Firefox/3.5.2 (.NET CLR 3.5.30729) SurveyBot/2.3 (DomainTools)"
199.21.99.117 - - [02/Mar/2013:10:58:16 +0000] "GET /robots.txt HTTP/1.1" 301 607 "-" "Mozilla/5.0 (compatible; YandexBot/3.0; +http://yandex.com/bots)"
199.21.99.117 - - [02/Mar/2013:18:40:19 +0000] "GET / HTTP/1.1" 301 549 "-" "Mozilla/5.0 (compatible; YandexBot/3.0; +http://yandex.com/bots)"
199.21.99.117 - - [03/Mar/2013:20:54:58 +0000] "GET /robots.txt HTTP/1.1" 301 606 "-" "Mozilla/5.0 (compatible; YandexBot/3.0; +http://yandex.com/bots)"
199.21.99.117 - - [03/Mar/2013:20:55:01 +0000] "GET / HTTP/1.1" 301 549 "-" "Mozilla/5.0 (compatible; YandexBot/3.0; +http://yandex.com/bots)"
66.249.74.113 - - [04/Mar/2013:11:18:21 +0000] "GET /robots.txt HTTP/1.1" 301 570 "-" "Mozilla/5.0 (compatible; Googlebot/2.1; +http://www.google.com/bot.html)"
66.249.74.113 - - [04/Mar/2013:11:18:21 +0000] "GET / HTTP/1.1" 301 551 "-" "Mozilla/5.0 (compatible; Googlebot/2.1; +http://www.google.com/bot.html)"
66.249.74.195 - - [04/Mar/2013:13:47:31 +0000] "GET /robots.txt HTTP/1.1" 301 567 "-" "Mozilla/5.0 (compatible; Googlebot/2.1; +http://www.google.com/bot.html)"
66.249.74.195 - - [04/Mar/2013:13:47:31 +0000] "GET / HTTP/1.1" 301 548 "-" "Mozilla/5.0 (compatible; Googlebot/2.1; +http://www.google.com/bot.html)"
176.9.111.204 - - [04/Mar/2013:19:24:47 +0000] "GET / HTTP/1.1" 301 530 "-" "Mozilla/4.0 (compatible; MSIE 7.0; Windows NT 5.1)"
199.21.99.117 - - [05/Mar/2013:13:23:09 +0000] "GET /robots.txt HTTP/1.1" 301 607 "-" "Mozilla/5.0 (compatible; YandexBot/3.0; +http://yandex.com/bots)"
199.21.99.117 - - [05/Mar/2013:21:40:57 +0000] "GET / HTTP/1.1" 301 549 "-" "Mozilla/5.0 (compatible; YandexBot/3.0; +http://yandex.com/bots)"
50.19.157.169 - - [05/Mar/2013:23:05:59 +0000] "HEAD / HTTP/1.1" 301 221 "http://www.netcraft.com/survey/" "Mozilla/4.0 (compatible; Netcraft Web Server Survey)"
199.21.99.117 - - [06/Mar/2013:08:32:45 +0000] "GET /robots.txt HTTP/1.1" 301 607 "-" "Mozilla/5.0 (compatible; YandexBot/3.0; +http://yandex.com/bots)"
199.21.99.117 - - [08/Mar/2013:05:18:45 +0000] "GET /robots.txt HTTP/1.1" 301 607 "-" "Mozilla/5.0 (compatible; YandexBot/3.0; +http://yandex.com/bots)"
199.21.99.117 - - [08/Mar/2013:10:55:34 +0000] "GET / HTTP/1.1" 301 549 "-" "Mozilla/5.0 (compatible; YandexBot/3.0; +http://yandex.com/bots)"
199.21.99.117 - - [08/Mar/2013:16:50:32 +0000] "GET /robots.txt HTTP/1.1" 301 607 "-" "Mozilla/5.0 (compatible; YandexBot/3.0; +http://yandex.com/bots)"
23.23.49.140 - - [09/Mar/2013:01:27:25 +0000] "GET / HTTP/1.0" 301 553 "-" "Mozilla/5.0 (compatible; NetcraftSurveyAgent/1.0; +info@netcraft.com)"
64.31.47.117 - - [09/Mar/2013:06:07:44 +0000] "GET / HTTP/1.0" 301 549 "http://www.sitedossier.com/site/carl-fink.name" "-"
199.21.99.117 - - [09/Mar/2013:07:27:52 +0000] "GET /robots.txt HTTP/1.1" 301 607 "-" "Mozilla/5.0 (compatible; YandexBot/3.0; +http://yandex.com/bots)"
199.21.99.117 - - [09/Mar/2013:12:16:41 +0000] "GET / HTTP/1.1" 301 549 "-" "Mozilla/5.0 (compatible; YandexBot/3.0; +http://yandex.com/bots)"
199.21.99.117 - - [09/Mar/2013:18:49:26 +0000] "GET /robots.txt HTTP/1.1" 301 606 "-" "Mozilla/5.0 (compatible; YandexBot/3.0; +http://yandex.com/bots)"
199.21.99.117 - - [10/Mar/2013:16:47:34 +0000] "GET /robots.txt HTTP/1.1" 301 607 "-" "Mozilla/5.0 (compatible; YandexBot/3.0; +http://yandex.com/bots)"
199.21.99.117 - - [10/Mar/2013:20:10:09 +0000] "GET / HTTP/1.1" 301 549 "-" "Mozilla/5.0 (compatible; YandexBot/3.0; +http://yandex.com/bots)"
199.21.99.117 - - [11/Mar/2013:09:13:14 +0000] "GET /robots.txt HTTP/1.1" 301 607 "-" "Mozilla/5.0 (compatible; YandexBot/3.0; +http://yandex.com/bots)"
199.21.99.117 - - [12/Mar/2013:01:00:49 +0000] "GET /robots.txt HTTP/1.1" 301 607 "-" "Mozilla/5.0 (compatible; YandexBot/3.0; +http://yandex.com/bots)"
199.21.99.117 - - [12/Mar/2013:03:37:01 +0000] "GET / HTTP/1.1" 301 549 "-" "Mozilla/5.0 (compatible; YandexBot/3.0; +http://yandex.com/bots)"
64.246.165.140 - - [12/Mar/2013:18:02:13 +0000] "GET /robots.txt HTTP/1.0" 301 573 "-" "Mozilla/5.0 (Windows; U; Windows NT 5.1; en; rv:1.9.0.13) Gecko/2009073022 Firefox/3.5.2 (.NET CLR 3.5.30729) SurveyBot/2.3 (DomainTools)"
64.246.165.140 - - [12/Mar/2013:18:02:13 +0000] "GET / HTTP/1.1" 301 514 "http://whois.domaintools.com/carl-fink.name" "Mozilla/5.0 (Windows; U; Windows NT 5.1; en; rv:1.9.0.13) Gecko/2009073022 Firefox/3.5.2 (.NET CLR 3.5.30729) SurveyBot/2.3 (DomainTools)"
69.58.178.58 - - [12/Mar/2013:20:08:07 +0000] "GET /robots.txt HTTP/1.1" 301 554 "-" "Mozilla/5.0 (X11; Ubuntu; Linux i686; rv:14.0; ips-agent) Gecko/20100101 Firefox/14.0.1"
69.58.178.58 - - [12/Mar/2013:20:08:08 +0000] "GET / HTTP/1.1" 301 534 "-" "Mozilla/5.0 (X11; Ubuntu; Linux i686; rv:14.0; ips-agent) Gecko/20100101 Firefox/14.0.1"
66.249.76.113 - - [13/Mar/2013:19:56:47 +0000] "GET /robots.txt HTTP/1.1" 301 570 "-" "Mozilla/5.0 (compatible; Googlebot/2.1; +http://www.google.com/bot.html)"
66.249.76.113 - - [13/Mar/2013:19:56:48 +0000] "GET / HTTP/1.1" 301 551 "-" "Mozilla/5.0 (compatible; Googlebot/2.1; +http://www.google.com/bot.html)"
66.249.76.195 - - [14/Mar/2013:00:06:49 +0000] "GET /robots.txt HTTP/1.1" 301 567 "-" "Mozilla/5.0 (compatible; Googlebot/2.1; +http://www.google.com/bot.html)"
66.249.76.195 - - [14/Mar/2013:00:06:50 +0000] "GET / HTTP/1.1" 301 548 "-" "Mozilla/5.0 (compatible; Googlebot/2.1; +http://www.google.com/bot.html)"
199.21.99.117 - - [14/Mar/2013:17:56:05 +0000] "GET /robots.txt HTTP/1.1" 301 607 "-" "Mozilla/5.0 (compatible; YandexBot/3.0; +http://yandex.com/bots)"
199.21.99.117 - - [15/Mar/2013:00:33:07 +0000] "GET / HTTP/1.1" 301 549 "-" "Mozilla/5.0 (compatible; YandexBot/3.0; +http://yandex.com/bots)"
199.21.99.117 - - [15/Mar/2013:04:54:09 +0000] "GET /robots.txt HTTP/1.1" 301 607 "-" "Mozilla/5.0 (compatible; YandexBot/3.0; +http://yandex.com/bots)"
199.21.99.117 - - [16/Mar/2013:07:39:21 +0000] "GET /robots.txt HTTP/1.1" 301 607 "-" "Mozilla/5.0 (compatible; YandexBot/3.0; +http://yandex.com/bots)"
199.21.99.117 - - [16/Mar/2013:14:24:25 +0000] "GET / HTTP/1.1" 301 549 "-" "Mozilla/5.0 (compatible; YandexBot/3.0; +http://yandex.com/bots)"
38.100.21.68 - - [17/Mar/2013:06:42:04 +0000] "GET / HTTP/1.1" 301 591 "-" "Mozilla/4.0 (compatible; MSIE 7.0; Windows NT 5.2)"
199.21.99.117 - - [17/Mar/2013:19:04:12 +0000] "GET /robots.txt HTTP/1.1" 301 607 "-" "Mozilla/5.0 (compatible; YandexBot/3.0; +http://yandex.com/bots)"
157.55.32.154 - - [18/Mar/2013:03:23:26 +0000] "GET /robots.txt HTTP/1.1" 301 611 "-" "Mozilla/5.0 (compatible; bingbot/2.0; +http://www.bing.com/bingbot.htm)"
199.21.99.117 - - [18/Mar/2013:03:23:37 +0000] "GET / HTTP/1.1" 301 549 "-" "Mozilla/5.0 (compatible; YandexBot/3.0; +http://yandex.com/bots)"
157.55.32.154 - - [18/Mar/2013:03:25:02 +0000] "GET / HTTP/1.1" 301 552 "-" "Mozilla/5.0 (compatible; bingbot/2.0; +http://www.bing.com/bingbot.htm)"
199.21.99.117 - - [18/Mar/2013:15:38:29 +0000] "GET /robots.txt HTTP/1.1" 301 607 "-" "Mozilla/5.0 (compatible; YandexBot/3.0; +http://yandex.com/bots)"
199.21.99.117 - - [18/Mar/2013:22:08:50 +0000] "GET / HTTP/1.1" 301 549 "-" "Mozilla/5.0 (compatible; YandexBot/3.0; +http://yandex.com/bots)"
199.21.99.117 - - [19/Mar/2013:10:25:26 +0000] "GET /robots.txt HTTP/1.1" 301 607 "-" "Mozilla/5.0 (compatible; YandexBot/3.0; +http://yandex.com/bots)"
199.21.99.117 - - [20/Mar/2013:04:59:02 +0000] "GET /robots.txt HTTP/1.1" 301 607 "-" "Mozilla/5.0 (compatible; YandexBot/3.0; +http://yandex.com/bots)"
199.21.99.117 - - [20/Mar/2013:06:04:35 +0000] "GET / HTTP/1.1" 301 549 "-" "Mozilla/5.0 (compatible; YandexBot/3.0; MirrorDetector; +http://yandex.com/bots)"
199.21.99.117 - - [21/Mar/2013:12:43:15 +0000] "GET /robots.txt HTTP/1.1" 301 607 "-" "Mozilla/5.0 (compatible; YandexBot/3.0; +http://yandex.com/bots)"
199.21.99.117 - - [21/Mar/2013:19:25:22 +0000] "GET / HTTP/1.1" 301 549 "-" "Mozilla/5.0 (compatible; YandexBot/3.0; +http://yandex.com/bots)"
199.21.99.117 - - [23/Mar/2013:08:13:24 +0000] "GET /robots.txt HTTP/1.1" 301 607 "-" "Mozilla/5.0 (compatible; YandexBot/3.0; +http://yandex.com/bots)"
199.21.99.117 - - [23/Mar/2013:10:42:42 +0000] "GET / HTTP/1.1" 301 548 "-" "Mozilla/5.0 (compatible; YandexBot/3.0; +http://yandex.com/bots)"
64.246.165.50 - - [23/Mar/2013:20:46:46 +0000] "GET /robots.txt HTTP/1.0" 301 573 "-" "Mozilla/5.0 (Windows; U; Windows NT 5.1; en; rv:1.9.0.13) Gecko/2009073022 Firefox/3.5.2 (.NET CLR 3.5.30729) SurveyBot/2.3 (DomainTools)"
64.246.165.50 - - [23/Mar/2013:20:46:46 +0000] "GET / HTTP/1.1" 301 514 "http://whois.domaintools.com/carl-fink.name" "Mozilla/5.0 (Windows; U; Windows NT 5.1; en; rv:1.9.0.13) Gecko/2009073022 Firefox/3.5.2 (.NET CLR 3.5.30729) SurveyBot/2.3 (DomainTools)"
199.21.99.117 - - [23/Mar/2013:23:58:38 +0000] "GET /robots.txt HTTP/1.1" 301 607 "-" "Mozilla/5.0 (compatible; YandexBot/3.0; +http://yandex.com/bots)"
66.249.73.151 - - [24/Mar/2013:04:36:18 +0000] "GET /robots.txt HTTP/1.1" 301 567 "-" "Mozilla/5.0 (compatible; Googlebot/2.1; +http://www.google.com/bot.html)"
66.249.73.151 - - [24/Mar/2013:04:36:18 +0000] "GET / HTTP/1.1" 301 548 "-" "Mozilla/5.0 (compatible; Googlebot/2.1; +http://www.google.com/bot.html)"
66.249.73.182 - - [24/Mar/2013:04:39:23 +0000] "GET /robots.txt HTTP/1.1" 301 570 "-" "Mozilla/5.0 (compatible; Googlebot/2.1; +http://www.google.com/bot.html)"
66.249.73.182 - - [24/Mar/2013:04:39:23 +0000] "GET / HTTP/1.1" 301 551 "-" "Mozilla/5.0 (compatible; Googlebot/2.1; +http://www.google.com/bot.html)"
199.21.99.117 - - [24/Mar/2013:05:39:44 +0000] "GET / HTTP/1.1" 301 549 "-" "Mozilla/5.0 (compatible; YandexBot/3.0; +http://yandex.com/bots)"
199.21.99.117 - - [24/Mar/2013:17:17:28 +0000] "GET /robots.txt HTTP/1.1" 301 607 "-" "Mozilla/5.0 (compatible; YandexBot/3.0; +http://yandex.com/bots)"
199.21.99.117 - - [26/Mar/2013:08:51:42 +0000] "GET /robots.txt HTTP/1.1" 301 607 "-" "Mozilla/5.0 (compatible; YandexBot/3.0; +http://yandex.com/bots)"
199.21.99.117 - - [26/Mar/2013:13:52:34 +0000] "GET / HTTP/1.1" 301 549 "-" "Mozilla/5.0 (compatible; YandexBot/3.0; +http://yandex.com/bots)"
199.21.99.117 - - [28/Mar/2013:19:34:56 +0000] "GET /robots.txt HTTP/1.1" 301 607 "-" "Mozilla/5.0 (compatible; YandexBot/3.0; +http://yandex.com/bots)"
199.21.99.117 - - [28/Mar/2013:22:22:13 +0000] "GET / HTTP/1.1" 301 548 "-" "Mozilla/5.0 (compatible; YandexBot/3.0; +http://yandex.com/bots)"
199.21.99.117 - - [30/Mar/2013:01:36:40 +0000] "GET /robots.txt HTTP/1.1" 301 607 "-" "Mozilla/5.0 (compatible; YandexBot/3.0; +http://yandex.com/bots)"
199.21.99.117 - - [30/Mar/2013:07:44:50 +0000] "GET / HTTP/1.1" 301 549 "-" "Mozilla/5.0 (compatible; YandexBot/3.0; +http://yandex.com/bots)"
199.21.99.117 - - [30/Mar/2013:17:55:55 +0000] "GET /robots.txt HTTP/1.1" 301 607 "-" "Mozilla/5.0 (compatible; YandexBot/3.0; +http://yandex.com/bots)"
199.21.99.117 - - [31/Mar/2013:08:49:25 +0000] "GET /robots.txt HTTP/1.1" 301 607 "-" "Mozilla/5.0 (compatible; YandexBot/3.0; +http://yandex.com/bots)"
199.21.99.117 - - [31/Mar/2013:10:08:02 +0000] "GET / HTTP/1.1" 301 549 "-" "Mozilla/5.0 (compatible; YandexBot/3.0; +http://yandex.com/bots)"
199.21.99.117 - - [01/Apr/2013:15:35:08 +0000] "GET /robots.txt HTTP/1.1" 301 607 "-" "Mozilla/5.0 (compatible; YandexBot/3.0; +http://yandex.com/bots)"
176.9.111.204 - - [01/Apr/2013:18:15:42 +0000] "GET / HTTP/1.1" 301 530 "-" "Mozilla/4.0 (compatible; MSIE 7.0; Windows NT 5.1)"
199.21.99.117 - - [01/Apr/2013:20:59:44 +0000] "GET / HTTP/1.1" 301 549 "-" "Mozilla/5.0 (compatible; YandexBot/3.0; +http://yandex.com/bots)"
157.55.32.154 - - [03/Apr/2013:09:01:30 +0000] "GET /robots.txt HTTP/1.1" 301 611 "-" "Mozilla/5.0 (compatible; bingbot/2.0; +http://www.bing.com/bingbot.htm)"
157.55.32.154 - - [03/Apr/2013:09:03:33 +0000] "GET / HTTP/1.1" 301 552 "-" "Mozilla/5.0 (compatible; bingbot/2.0; +http://www.bing.com/bingbot.htm)"
199.21.99.117 - - [04/Apr/2013:03:53:46 +0000] "GET /robots.txt HTTP/1.1" 301 606 "-" "Mozilla/5.0 (compatible; YandexBot/3.0; +http://yandex.com/bots)"
199.21.99.117 - - [04/Apr/2013:04:02:56 +0000] "GET / HTTP/1.1" 301 548 "-" "Mozilla/5.0 (compatible; YandexBot/3.0; +http://yandex.com/bots)"
157.55.32.154 - - [04/Apr/2013:04:26:41 +0000] "GET /robots.txt HTTP/1.1" 301 611 "-" "Mozilla/5.0 (compatible; bingbot/2.0; +http://www.bing.com/bingbot.htm)"
199.21.99.117 - - [04/Apr/2013:04:30:18 +0000] "GET / HTTP/1.1" 301 548 "-" "Mozilla/5.0 (compatible; YandexBot/3.0; MirrorDetector; +http://yandex.com/bots)"
157.55.32.154 - - [04/Apr/2013:04:32:11 +0000] "GET / HTTP/1.1" 301 552 "-" "Mozilla/5.0 (compatible; bingbot/2.0; +http://www.bing.com/bingbot.htm)"
66.249.73.151 - - [04/Apr/2013:14:35:31 +0000] "GET /robots.txt HTTP/1.1" 301 567 "-" "Mozilla/5.0 (compatible; Googlebot/2.1; +http://www.google.com/bot.html)"
66.249.73.151 - - [04/Apr/2013:14:35:31 +0000] "GET / HTTP/1.1" 301 548 "-" "Mozilla/5.0 (compatible; Googlebot/2.1; +http://www.google.com/bot.html)"
199.21.99.117 - - [04/Apr/2013:15:26:36 +0000] "GET /robots.txt HTTP/1.1" 301 607 "-" "Mozilla/5.0 (compatible; YandexBot/3.0; +http://yandex.com/bots)"
66.249.73.182 - - [04/Apr/2013:17:42:47 +0000] "GET /robots.txt HTTP/1.1" 301 570 "-" "Mozilla/5.0 (compatible; Googlebot/2.1; +http://www.google.com/bot.html)"
66.249.73.182 - - [04/Apr/2013:17:42:47 +0000] "GET / HTTP/1.1" 301 551 "-" "Mozilla/5.0 (compatible; Googlebot/2.1; +http://www.google.com/bot.html)"
64.246.165.50 - - [05/Apr/2013:00:17:32 +0000] "GET /robots.txt HTTP/1.0" 301 573 "-" "Mozilla/5.0 (Windows; U; Windows NT 5.1; en; rv:1.9.0.13) Gecko/2009073022 Firefox/3.5.2 (.NET CLR 3.5.30729) SurveyBot/2.3 (DomainTools)"
64.246.165.50 - - [05/Apr/2013:00:17:33 +0000] "GET / HTTP/1.1" 301 514 "http://whois.domaintools.com/carl-fink.name" "Mozilla/5.0 (Windows; U; Windows NT 5.1; en; rv:1.9.0.13) Gecko/2009073022 Firefox/3.5.2 (.NET CLR 3.5.30729) SurveyBot/2.3 (DomainTools)"
199.21.99.117 - - [05/Apr/2013:11:08:01 +0000] "GET /robots.txt HTTP/1.1" 301 607 "-" "Mozilla/5.0 (compatible; YandexBot/3.0; +http://yandex.com/bots)"
199.21.99.117 - - [05/Apr/2013:17:27:44 +0000] "GET / HTTP/1.1" 301 549 "-" "Mozilla/5.0 (compatible; YandexBot/3.0; +http://yandex.com/bots)"
107.20.51.209 - - [05/Apr/2013:23:36:09 +0000] "HEAD / HTTP/1.1" 301 221 "http://www.netcraft.com/survey/" "Mozilla/4.0 (compatible; Netcraft Web Server Survey)"
199.21.99.117 - - [07/Apr/2013:21:57:30 +0000] "GET /robots.txt HTTP/1.1" 301 607 "-" "Mozilla/5.0 (compatible; YandexBot/3.0; +http://yandex.com/bots)"
199.21.99.117 - - [08/Apr/2013:00:19:25 +0000] "GET / HTTP/1.1" 301 549 "-" "Mozilla/5.0 (compatible; YandexBot/3.0; +http://yandex.com/bots)"
67.202.3.109 - - [10/Apr/2013:12:59:02 +0000] "GET / HTTP/1.0" 301 553 "-" "Mozilla/5.0 (compatible; NetcraftSurveyAgent/1.0; +info@netcraft.com)"
199.21.99.117 - - [10/Apr/2013:23:19:43 +0000] "GET /robots.txt HTTP/1.1" 301 606 "-" "Mozilla/5.0 (compatible; YandexBot/3.0; +http://yandex.com/bots)"
199.21.99.117 - - [11/Apr/2013:03:14:56 +0000] "GET / HTTP/1.1" 301 549 "-" "Mozilla/5.0 (compatible; YandexBot/3.0; +http://yandex.com/bots)"
199.21.99.117 - - [12/Apr/2013:11:48:16 +0000] "GET /robots.txt HTTP/1.1" 301 607 "-" "Mozilla/5.0 (compatible; YandexBot/3.0; +http://yandex.com/bots)"
199.21.99.117 - - [12/Apr/2013:16:16:10 +0000] "GET / HTTP/1.1" 301 549 "-" "Mozilla/5.0 (compatible; YandexBot/3.0; +http://yandex.com/bots)"
199.21.99.117 - - [13/Apr/2013:18:21:27 +0000] "GET /robots.txt HTTP/1.1" 301 606 "-" "Mozilla/5.0 (compatible; YandexBot/3.0; +http://yandex.com/bots)"
199.21.99.117 - - [13/Apr/2013:18:21:30 +0000] "GET / HTTP/1.1" 301 549 "-" "Mozilla/5.0 (compatible; YandexBot/3.0; +http://yandex.com/bots)"
199.21.99.117 - - [14/Apr/2013:09:28:47 +0000] "GET /robots.txt HTTP/1.1" 301 607 "-" "Mozilla/5.0 (compatible; YandexBot/3.0; +http://yandex.com/bots)"
66.249.75.195 - - [15/Apr/2013:09:32:12 +0000] "GET /robots.txt HTTP/1.1" 301 567 "-" "Mozilla/5.0 (compatible; Googlebot/2.1; +http://www.google.com/bot.html)"
66.249.75.195 - - [15/Apr/2013:09:32:12 +0000] "GET / HTTP/1.1" 301 548 "-" "Mozilla/5.0 (compatible; Googlebot/2.1; +http://www.google.com/bot.html)"
66.249.73.182 - - [15/Apr/2013:13:33:34 +0000] "GET /robots.txt HTTP/1.1" 301 570 "-" "Mozilla/5.0 (compatible; Googlebot/2.1; +http://www.google.com/bot.html)"
66.249.73.182 - - [15/Apr/2013:13:33:34 +0000] "GET / HTTP/1.1" 301 551 "-" "Mozilla/5.0 (compatible; Googlebot/2.1; +http://www.google.com/bot.html)"
69.58.178.58 - - [15/Apr/2013:17:43:03 +0000] "GET /robots.txt HTTP/1.1" 301 554 "-" "Mozilla/5.0 (X11; Ubuntu; Linux i686; rv:14.0; ips-agent) Gecko/20100101 Firefox/14.0.1"
69.58.178.58 - - [15/Apr/2013:17:43:04 +0000] "GET / HTTP/1.1" 301 534 "-" "Mozilla/5.0 (X11; Ubuntu; Linux i686; rv:14.0; ips-agent) Gecko/20100101 Firefox/14.0.1"
64.246.187.42 - - [16/Apr/2013:06:39:02 +0000] "GET /robots.txt HTTP/1.0" 301 573 "-" "Mozilla/5.0 (Windows; U; Windows NT 5.1; en; rv:1.9.0.13) Gecko/2009073022 Firefox/3.5.2 (.NET CLR 3.5.30729) SurveyBot/2.3 (DomainTools)"
64.246.187.42 - - [16/Apr/2013:06:39:02 +0000] "GET / HTTP/1.1" 301 514 "http://whois.domaintools.com/carl-fink.name" "Mozilla/5.0 (Windows; U; Windows NT 5.1; en; rv:1.9.0.13) Gecko/2009073022 Firefox/3.5.2 (.NET CLR 3.5.30729) SurveyBot/2.3 (DomainTools)"
199.21.99.117 - - [16/Apr/2013:15:28:26 +0000] "GET /robots.txt HTTP/1.1" 301 606 "-" "Mozilla/5.0 (compatible; YandexBot/3.0; +http://yandex.com/bots)"
199.21.99.117 - - [16/Apr/2013:15:28:29 +0000] "GET / HTTP/1.1" 301 548 "-" "Mozilla/5.0 (compatible; YandexBot/3.0; +http://yandex.com/bots)"
199.21.99.117 - - [16/Apr/2013:15:30:52 +0000] "GET / HTTP/1.1" 301 549 "-" "Mozilla/5.0 (compatible; YandexBot/3.0; +http://yandex.com/bots)"
199.21.99.117 - - [18/Apr/2013:08:33:32 +0000] "GET /robots.txt HTTP/1.1" 301 607 "-" "Mozilla/5.0 (compatible; YandexBot/3.0; +http://yandex.com/bots)"
199.21.99.117 - - [18/Apr/2013:10:39:06 +0000] "GET / HTTP/1.1" 301 549 "-" "Mozilla/5.0 (compatible; YandexBot/3.0; +http://yandex.com/bots)"
199.21.99.117 - - [18/Apr/2013:14:54:05 +0000] "GET / HTTP/1.1" 301 549 "-" "Mozilla/5.0 (compatible; YandexBot/3.0; +http://yandex.com/bots)"
199.21.99.117 - - [19/Apr/2013:19:25:11 +0000] "GET /robots.txt HTTP/1.1" 301 606 "-" "Mozilla/5.0 (compatible; YandexBot/3.0; +http://yandex.com/bots)"
199.21.99.117 - - [19/Apr/2013:19:25:13 +0000] "GET / HTTP/1.1" 301 549 "-" "Mozilla/5.0 (compatible; YandexBot/3.0; +http://yandex.com/bots)"
176.9.111.204 - - [19/Apr/2013:19:59:06 +0000] "GET / HTTP/1.1" 301 530 "-" "Mozilla/4.0 (compatible; MSIE 7.0; Windows NT 5.1)"
199.21.99.117 - - [20/Apr/2013:15:03:51 +0000] "GET /robots.txt HTTP/1.1" 301 606 "-" "Mozilla/5.0 (compatible; YandexBot/3.0; +http://yandex.com/bots)"
199.21.99.117 - - [20/Apr/2013:15:03:53 +0000] "GET / HTTP/1.1" 301 549 "-" "Mozilla/5.0 (compatible; YandexBot/3.0; +http://yandex.com/bots)"
157.56.92.174 - - [20/Apr/2013:17:48:36 +0000] "GET /robots.txt HTTP/1.1" 301 611 "-" "Mozilla/5.0 (compatible; bingbot/2.0; +http://www.bing.com/bingbot.htm)"
157.56.92.174 - - [20/Apr/2013:17:50:41 +0000] "GET / HTTP/1.1" 301 552 "-" "Mozilla/5.0 (compatible; bingbot/2.0; +http://www.bing.com/bingbot.htm)"
38.100.21.65 - - [21/Apr/2013:07:45:31 +0000] "GET / HTTP/1.1" 301 591 "-" "Mozilla/4.0 (compatible; MSIE 7.0; Windows NT 5.2)"
199.21.99.117 - - [22/Apr/2013:08:19:41 +0000] "GET /robots.txt HTTP/1.1" 301 607 "-" "Mozilla/5.0 (compatible; YandexBot/3.0; +http://yandex.com/bots)"
199.21.99.117 - - [22/Apr/2013:12:15:16 +0000] "GET / HTTP/1.1" 301 549 "-" "Mozilla/5.0 (compatible; YandexBot/3.0; +http://yandex.com/bots)"
199.21.99.117 - - [22/Apr/2013:15:13:23 +0000] "GET / HTTP/1.1" 301 549 "-" "Mozilla/5.0 (compatible; YandexBot/3.0; +http://yandex.com/bots)"
199.21.99.117 - - [24/Apr/2013:15:55:52 +0000] "GET /robots.txt HTTP/1.1" 301 606 "-" "Mozilla/5.0 (compatible; YandexBot/3.0; +http://yandex.com/bots)"
199.21.99.117 - - [24/Apr/2013:15:55:54 +0000] "GET / HTTP/1.1" 301 549 "-" "Mozilla/5.0 (compatible; YandexBot/3.0; +http://yandex.com/bots)"
66.249.73.153 - - [26/Apr/2013:03:24:36 +0000] "GET /robots.txt HTTP/1.1" 301 567 "-" "Mozilla/5.0 (compatible; Googlebot/2.1; +http://www.google.com/bot.html)"
66.249.73.153 - - [26/Apr/2013:03:24:36 +0000] "GET / HTTP/1.1" 301 548 "-" "Mozilla/5.0 (compatible; Googlebot/2.1; +http://www.google.com/bot.html)"
199.21.99.117 - - [26/Apr/2013:08:45:34 +0000] "GET /robots.txt HTTP/1.1" 301 607 "-" "Mozilla/5.0 (compatible; YandexBot/3.0; +http://yandex.com/bots)"
199.21.99.117 - - [26/Apr/2013:08:45:37 +0000] "GET / HTTP/1.1" 301 548 "-" "Mozilla/5.0 (compatible; YandexBot/3.0; +http://yandex.com/bots)"
66.249.73.185 - - [26/Apr/2013:08:50:32 +0000] "GET /robots.txt HTTP/1.1" 301 570 "-" "Mozilla/5.0 (compatible; Googlebot/2.1; +http://www.google.com/bot.html)"
66.249.73.185 - - [26/Apr/2013:08:50:32 +0000] "GET / HTTP/1.1" 301 551 "-" "Mozilla/5.0 (compatible; Googlebot/2.1; +http://www.google.com/bot.html)"
199.21.99.117 - - [27/Apr/2013:03:10:01 +0000] "GET /robots.txt HTTP/1.1" 301 607 "-" "Mozilla/5.0 (compatible; YandexBot/3.0; +http://yandex.com/bots)"
199.21.99.117 - - [27/Apr/2013:04:39:34 +0000] "GET / HTTP/1.1" 301 549 "-" "Mozilla/5.0 (compatible; YandexBot/3.0; +http://yandex.com/bots)"
64.246.165.210 - - [28/Apr/2013:06:17:27 +0000] "GET /robots.txt HTTP/1.0" 301 573 "-" "Mozilla/5.0 (Windows; U; Windows NT 5.1; en; rv:1.9.0.13) Gecko/2009073022 Firefox/3.5.2 (.NET CLR 3.5.30729) SurveyBot/2.3 (DomainTools)"
64.246.165.210 - - [28/Apr/2013:06:17:27 +0000] "GET / HTTP/1.1" 301 514 "http://whois.domaintools.com/carl-fink.name" "Mozilla/5.0 (Windows; U; Windows NT 5.1; en; rv:1.9.0.13) Gecko/2009073022 Firefox/3.5.2 (.NET CLR 3.5.30729) SurveyBot/2.3 (DomainTools)"
199.21.99.117 - - [28/Apr/2013:12:42:18 +0000] "GET /robots.txt HTTP/1.1" 301 607 "-" "Mozilla/5.0 (compatible; YandexBot/3.0; +http://yandex.com/bots)"
199.21.99.117 - - [28/Apr/2013:12:42:20 +0000] "GET / HTTP/1.1" 301 548 "-" "Mozilla/5.0 (compatible; YandexBot/3.0; +http://yandex.com/bots)"
199.21.99.117 - - [30/Apr/2013:16:02:04 +0000] "GET /robots.txt HTTP/1.1" 301 606 "-" "Mozilla/5.0 (compatible; YandexBot/3.0; +http://yandex.com/bots)"
199.21.99.117 - - [30/Apr/2013:16:02:06 +0000] "GET / HTTP/1.1" 301 549 "-" "Mozilla/5.0 (compatible; YandexBot/3.0; +http://yandex.com/bots)"
199.21.99.117 - - [30/Apr/2013:18:39:52 +0000] "GET / HTTP/1.1" 301 549 "-" "Mozilla/5.0 (compatible; YandexBot/3.0; +http://yandex.com/bots)"
199.21.99.117 - - [02/May/2013:08:31:32 +0000] "GET /robots.txt HTTP/1.1" 301 607 "-" "Mozilla/5.0 (compatible; YandexBot/3.0; +http://yandex.com/bots)"
199.21.99.117 - - [02/May/2013:08:31:34 +0000] "GET / HTTP/1.1" 301 548 "-" "Mozilla/5.0 (compatible; YandexBot/3.0; +http://yandex.com/bots)"
199.21.99.117 - - [04/May/2013:15:20:07 +0000] "GET /robots.txt HTTP/1.1" 301 607 "-" "Mozilla/5.0 (compatible; YandexBot/3.0; +http://yandex.com/bots)"
199.21.99.117 - - [04/May/2013:15:20:09 +0000] "GET / HTTP/1.1" 301 548 "-" "Mozilla/5.0 (compatible; YandexBot/3.0; +http://yandex.com/bots)"
216.243.58.198 - - [05/May/2013:10:51:04 +0000] "GET / HTTP/1.0" 301 553 "http://www.sitedossier.com/site/www.carl-fink.name" "-"
199.21.99.117 - - [06/May/2013:11:33:38 +0000] "GET /robots.txt HTTP/1.1" 301 606 "-" "Mozilla/5.0 (compatible; YandexBot/3.0; +http://yandex.com/bots)"
199.21.99.117 - - [06/May/2013:11:33:40 +0000] "GET / HTTP/1.1" 301 549 "-" "Mozilla/5.0 (compatible; YandexBot/3.0; +http://yandex.com/bots)"
69.58.178.59 - - [06/May/2013:23:27:57 +0000] "GET /robots.txt HTTP/1.1" 301 554 "-" "Mozilla/5.0 (X11; Ubuntu; Linux i686; rv:14.0; ips-agent) Gecko/20100101 Firefox/14.0.1"
69.58.178.59 - - [06/May/2013:23:27:58 +0000] "GET / HTTP/1.1" 301 534 "-" "Mozilla/5.0 (X11; Ubuntu; Linux i686; rv:14.0; ips-agent) Gecko/20100101 Firefox/14.0.1"
66.249.73.182 - - [07/May/2013:03:04:49 +0000] "GET /robots.txt HTTP/1.1" 301 570 "-" "Mozilla/5.0 (compatible; Googlebot/2.1; +http://www.google.com/bot.html)"
66.249.73.182 - - [07/May/2013:03:04:49 +0000] "GET / HTTP/1.1" 301 551 "-" "Mozilla/5.0 (compatible; Googlebot/2.1; +http://www.google.com/bot.html)"
66.249.73.151 - - [07/May/2013:07:14:27 +0000] "GET /robots.txt HTTP/1.1" 301 567 "-" "Mozilla/5.0 (compatible; Googlebot/2.1; +http://www.google.com/bot.html)"
66.249.73.151 - - [07/May/2013:07:14:27 +0000] "GET / HTTP/1.1" 301 548 "-" "Mozilla/5.0 (compatible; Googlebot/2.1; +http://www.google.com/bot.html)"
184.72.181.133 - - [07/May/2013:12:42:46 +0000] "HEAD / HTTP/1.1" 301 221 "http://www.netcraft.com/survey/" "Mozilla/4.0 (compatible; Netcraft Web Server Survey)"
65.55.55.231 - - [08/May/2013:01:23:06 +0000] "GET /robots.txt HTTP/1.1" 301 611 "-" "Mozilla/5.0 (compatible; bingbot/2.0; +http://www.bing.com/bingbot.htm)"
65.55.55.231 - - [08/May/2013:01:25:30 +0000] "GET / HTTP/1.1" 301 552 "-" "Mozilla/5.0 (compatible; bingbot/2.0; +http://www.bing.com/bingbot.htm)"
65.55.55.231 - - [08/May/2013:05:30:37 +0000] "GET /robots.txt HTTP/1.1" 301 611 "-" "Mozilla/5.0 (compatible; bingbot/2.0; +http://www.bing.com/bingbot.htm)"
199.21.99.117 - - [08/May/2013:07:41:38 +0000] "GET /robots.txt HTTP/1.1" 301 607 "-" "Mozilla/5.0 (compatible; YandexBot/3.0; +http://yandex.com/bots)"
199.21.99.117 - - [08/May/2013:07:41:40 +0000] "GET / HTTP/1.1" 301 548 "-" "Mozilla/5.0 (compatible; YandexBot/3.0; +http://yandex.com/bots)"
54.234.214.249 - - [08/May/2013:13:12:50 +0000] "GET / HTTP/1.0" 301 553 "-" "Mozilla/5.0 (compatible; NetcraftSurveyAgent/1.0; +info@netcraft.com)"
64.246.165.180 - - [10/May/2013:00:56:47 +0000] "GET /robots.txt HTTP/1.0" 301 573 "-" "Mozilla/5.0 (Windows; U; Windows NT 5.1; en; rv:1.9.0.13) Gecko/2009073022 Firefox/3.5.2 (.NET CLR 3.5.30729) SurveyBot/2.3 (DomainTools)"
64.246.165.180 - - [10/May/2013:00:56:47 +0000] "GET / HTTP/1.1" 301 514 "http://whois.domaintools.com/carl-fink.name" "Mozilla/5.0 (Windows; U; Windows NT 5.1; en; rv:1.9.0.13) Gecko/2009073022 Firefox/3.5.2 (.NET CLR 3.5.30729) SurveyBot/2.3 (DomainTools)"
199.21.99.117 - - [10/May/2013:13:02:30 +0000] "GET /robots.txt HTTP/1.1" 301 607 "-" "Mozilla/5.0 (compatible; YandexBot/3.0; +http://yandex.com/bots)"
199.21.99.117 - - [10/May/2013:13:02:32 +0000] "GET / HTTP/1.1" 301 548 "-" "Mozilla/5.0 (compatible; YandexBot/3.0; +http://yandex.com/bots)"
46.229.167.149 - - [14/May/2013:08:14:47 +0000] "GET / HTTP/1.1" 301 530 "-" "Mozilla/5.0 (Windows; U; Windows NT 6.0; en-GB; rv:1.9.2.9) Gecko/20100824 Firefox/3.6.9 ( .NET CLR 3.5.30729; .NET CLR 4.0.20506)"
199.21.99.117 - - [14/May/2013:08:59:33 +0000] "GET /robots.txt HTTP/1.1" 301 607 "-" "Mozilla/5.0 (compatible; YandexBot/3.0; +http://yandex.com/bots)"
199.21.99.117 - - [14/May/2013:08:59:35 +0000] "GET / HTTP/1.1" 301 548 "-" "Mozilla/5.0 (compatible; YandexBot/3.0; +http://yandex.com/bots)"
38.100.21.62 - - [16/May/2013:21:54:49 +0000] "GET / HTTP/1.1" 301 591 "-" "Mozilla/4.0 (compatible; MSIE 7.0; Windows NT 5.2)"
46.229.167.149 - - [17/May/2013:09:53:36 +0000] "GET / HTTP/1.1" 301 530 "-" "Mozilla/5.0 (X11; U; Linux x86_64; en-US; rv:1.9.2a1pre) Gecko/20090405 Firefox/3.6a1pre"
66.249.76.195 - - [18/May/2013:14:36:36 +0000] "GET /robots.txt HTTP/1.1" 301 567 "-" "Mozilla/5.0 (compatible; Googlebot/2.1; +http://www.google.com/bot.html)"
66.249.76.195 - - [18/May/2013:14:36:37 +0000] "GET / HTTP/1.1" 301 548 "-" "Mozilla/5.0 (compatible; Googlebot/2.1; +http://www.google.com/bot.html)"
66.249.76.113 - - [18/May/2013:14:36:44 +0000] "GET /robots.txt HTTP/1.1" 301 570 "-" "Mozilla/5.0 (compatible; Googlebot/2.1; +http://www.google.com/bot.html)"
66.249.76.113 - - [18/May/2013:14:36:44 +0000] "GET / HTTP/1.1" 301 551 "-" "Mozilla/5.0 (compatible; Googlebot/2.1; +http://www.google.com/bot.html)"
66.249.76.113 - - [19/May/2013:09:45:51 +0000] "GET /robots.txt HTTP/1.1" 301 570 "-" "Mozilla/5.0 (compatible; Googlebot/2.1; +http://www.google.com/bot.html)"
64.246.165.180 - - [22/May/2013:00:34:21 +0000] "GET /robots.txt HTTP/1.0" 301 573 "-" "Mozilla/5.0 (Windows; U; Windows NT 5.1; en; rv:1.9.0.13) Gecko/2009073022 Firefox/3.5.2 (.NET CLR 3.5.30729) SurveyBot/2.3 (DomainTools)"
64.246.165.180 - - [22/May/2013:00:34:21 +0000] "GET / HTTP/1.1" 301 514 "http://whois.domaintools.com/carl-fink.name" "Mozilla/5.0 (Windows; U; Windows NT 5.1; en; rv:1.9.0.13) Gecko/2009073022 Firefox/3.5.2 (.NET CLR 3.5.30729) SurveyBot/2.3 (DomainTools)"
65.55.52.97 - - [24/May/2013:15:12:12 +0000] "GET /robots.txt HTTP/1.1" 301 611 "-" "Mozilla/5.0 (compatible; bingbot/2.0; +http://www.bing.com/bingbot.htm)"
65.55.52.97 - - [24/May/2013:15:13:05 +0000] "GET / HTTP/1.1" 301 552 "-" "Mozilla/5.0 (compatible; bingbot/2.0; +http://www.bing.com/bingbot.htm)"
74.52.245.146 - - [25/May/2013:01:43:13 +0000] "GET / HTTP/1.0" 301 553 "-" "Mozilla/5.0 (X11; U; Linux i686; en-US; rv:1.7.5) Gecko/20041107 Firefox/1.0"
199.21.99.117 - - [26/May/2013:21:48:31 +0000] "GET /robots.txt HTTP/1.1" 301 606 "-" "Mozilla/5.0 (compatible; YandexBot/3.0; +http://yandex.com/bots)"
199.21.99.117 - - [26/May/2013:21:48:34 +0000] "GET / HTTP/1.1" 301 549 "-" "Mozilla/5.0 (compatible; YandexBot/3.0; +http://yandex.com/bots)"
199.21.99.117 - - [28/May/2013:19:09:30 +0000] "GET /robots.txt HTTP/1.1" 301 606 "-" "Mozilla/5.0 (compatible; YandexBot/3.0; +http://yandex.com/bots)"
199.21.99.117 - - [28/May/2013:19:09:32 +0000] "GET / HTTP/1.1" 301 549 "-" "Mozilla/5.0 (compatible; YandexBot/3.0; +http://yandex.com/bots)"
66.249.73.153 - - [29/May/2013:03:12:09 +0000] "GET /robots.txt HTTP/1.1" 301 567 "-" "Mozilla/5.0 (compatible; Googlebot/2.1; +http://www.google.com/bot.html)"
66.249.73.153 - - [29/May/2013:03:12:09 +0000] "GET / HTTP/1.1" 301 548 "-" "Mozilla/5.0 (compatible; Googlebot/2.1; +http://www.google.com/bot.html)"
66.249.73.189 - - [29/May/2013:14:25:31 +0000] "GET /robots.txt HTTP/1.1" 301 570 "-" "Mozilla/5.0 (compatible; Googlebot/2.1; +http://www.google.com/bot.html)"
66.249.73.189 - - [29/May/2013:14:25:31 +0000] "GET / HTTP/1.1" 301 551 "-" "Mozilla/5.0 (compatible; Googlebot/2.1; +http://www.google.com/bot.html)"
199.21.99.117 - - [31/May/2013:13:44:50 +0000] "GET /robots.txt HTTP/1.1" 301 607 "-" "Mozilla/5.0 (compatible; YandexBot/3.0; +http://yandex.com/bots)"
199.21.99.117 - - [31/May/2013:13:44:53 +0000] "GET / HTTP/1.1" 301 548 "-" "Mozilla/5.0 (compatible; YandexBot/3.0; +http://yandex.com/bots)"
199.21.99.117 - - [02/Jun/2013:05:58:09 +0000] "GET /robots.txt HTTP/1.1" 301 606 "-" "Mozilla/5.0 (compatible; YandexBot/3.0; +http://yandex.com/bots)"
199.21.99.117 - - [02/Jun/2013:05:58:11 +0000] "GET / HTTP/1.1" 301 549 "-" "Mozilla/5.0 (compatible; YandexBot/3.0; +http://yandex.com/bots)"
64.246.165.160 - - [02/Jun/2013:07:10:10 +0000] "GET /robots.txt HTTP/1.0" 301 573 "-" "Mozilla/5.0 (Windows; U; Windows NT 5.1; en; rv:1.9.0.13) Gecko/2009073022 Firefox/3.5.2 (.NET CLR 3.5.30729) SurveyBot/2.3 (DomainTools)"
64.246.165.160 - - [02/Jun/2013:07:10:10 +0000] "GET / HTTP/1.1" 301 514 "http://whois.domaintools.com/carl-fink.name" "Mozilla/5.0 (Windows; U; Windows NT 5.1; en; rv:1.9.0.13) Gecko/2009073022 Firefox/3.5.2 (.NET CLR 3.5.30729) SurveyBot/2.3 (DomainTools)"
69.58.178.58 - - [03/Jun/2013:19:32:53 +0000] "GET /robots.txt HTTP/1.1" 301 554 "-" "Mozilla/5.0 (X11; Ubuntu; Linux i686; rv:14.0; ips-agent) Gecko/20100101 Firefox/14.0.1"
69.58.178.58 - - [03/Jun/2013:19:32:54 +0000] "GET / HTTP/1.1" 301 534 "-" "Mozilla/5.0 (X11; Ubuntu; Linux i686; rv:14.0; ips-agent) Gecko/20100101 Firefox/14.0.1"
199.21.99.117 - - [05/Jun/2013:03:18:17 +0000] "GET /robots.txt HTTP/1.1" 301 607 "-" "Mozilla/5.0 (compatible; YandexBot/3.0; +http://yandex.com/bots)"
199.21.99.117 - - [05/Jun/2013:03:18:19 +0000] "GET / HTTP/1.1" 301 548 "-" "Mozilla/5.0 (compatible; YandexBot/3.0; +http://yandex.com/bots)"
23.22.146.246 - - [06/Jun/2013:10:02:48 +0000] "HEAD / HTTP/1.1" 301 221 "http://www.netcraft.com/survey/" "Mozilla/4.0 (compatible; Netcraft Web Server Survey)"
199.21.99.117 - - [07/Jun/2013:00:54:13 +0000] "GET /robots.txt HTTP/1.1" 301 607 "-" "Mozilla/5.0 (compatible; YandexBot/3.0; +http://yandex.com/bots)"
199.21.99.117 - - [07/Jun/2013:00:54:16 +0000] "GET / HTTP/1.1" 301 548 "-" "Mozilla/5.0 (compatible; YandexBot/3.0; +http://yandex.com/bots)"
66.249.73.189 - - [07/Jun/2013:22:41:52 +0000] "GET /robots.txt HTTP/1.1" 301 570 "-" "Mozilla/5.0 (compatible; Googlebot/2.1; +http://www.google.com/bot.html)"
66.249.73.189 - - [07/Jun/2013:22:41:52 +0000] "GET / HTTP/1.1" 301 551 "-" "Mozilla/5.0 (compatible; Googlebot/2.1; +http://www.google.com/bot.html)"
50.16.147.228 - - [07/Jun/2013:23:22:46 +0000] "GET / HTTP/1.0" 301 553 "-" "Mozilla/5.0 (compatible; NetcraftSurveyAgent/1.0; +info@netcraft.com)"
66.249.73.153 - - [07/Jun/2013:23:44:30 +0000] "GET /robots.txt HTTP/1.1" 301 567 "-" "Mozilla/5.0 (compatible; Googlebot/2.1; +http://www.google.com/bot.html)"
66.249.73.153 - - [07/Jun/2013:23:44:30 +0000] "GET / HTTP/1.1" 301 548 "-" "Mozilla/5.0 (compatible; Googlebot/2.1; +http://www.google.com/bot.html)"
199.21.99.117 - - [09/Jun/2013:07:50:06 +0000] "GET /robots.txt HTTP/1.1" 301 606 "-" "Mozilla/5.0 (compatible; YandexBot/3.0; +http://yandex.com/bots)"
199.21.99.117 - - [09/Jun/2013:07:50:08 +0000] "GET / HTTP/1.1" 301 549 "-" "Mozilla/5.0 (compatible; YandexBot/3.0; +http://yandex.com/bots)"
199.21.99.117 - - [11/Jun/2013:04:38:00 +0000] "GET /robots.txt HTTP/1.1" 301 607 "-" "Mozilla/5.0 (compatible; YandexBot/3.0; +http://yandex.com/bots)"
199.21.99.117 - - [11/Jun/2013:04:38:02 +0000] "GET / HTTP/1.1" 301 548 "-" "Mozilla/5.0 (compatible; YandexBot/3.0; +http://yandex.com/bots)"
199.21.99.103 - - [12/Jun/2013:20:14:45 +0000] "GET /robots.txt HTTP/1.1" 301 607 "-" "Mozilla/5.0 (compatible; YandexBot/3.0; +http://yandex.com/bots)"
199.21.99.103 - - [12/Jun/2013:20:14:47 +0000] "GET / HTTP/1.1" 301 548 "-" "Mozilla/5.0 (compatible; YandexBot/3.0; +http://yandex.com/bots)"
199.21.99.104 - - [12/Jun/2013:20:15:30 +0000] "GET /robots.txt HTTP/1.1" 301 607 "-" "Mozilla/5.0 (compatible; YandexBot/3.0; +http://yandex.com/bots)"
64.246.165.190 - - [14/Jun/2013:07:04:10 +0000] "GET /robots.txt HTTP/1.0" 301 573 "-" "Mozilla/5.0 (Windows; U; Windows NT 5.1; en; rv:1.9.0.13) Gecko/2009073022 Firefox/3.5.2 (.NET CLR 3.5.30729) SurveyBot/2.3 (DomainTools)"
64.246.165.190 - - [14/Jun/2013:07:04:11 +0000] "GET / HTTP/1.1" 301 514 "http://whois.domaintools.com/carl-fink.name" "Mozilla/5.0 (Windows; U; Windows NT 5.1; en; rv:1.9.0.13) Gecko/2009073022 Firefox/3.5.2 (.NET CLR 3.5.30729) SurveyBot/2.3 (DomainTools)"
199.21.99.117 - - [14/Jun/2013:22:56:31 +0000] "GET /robots.txt HTTP/1.1" 301 607 "-" "Mozilla/5.0 (compatible; YandexBot/3.0; +http://yandex.com/bots)"
199.21.99.117 - - [14/Jun/2013:22:56:33 +0000] "GET / HTTP/1.1" 301 548 "-" "Mozilla/5.0 (compatible; YandexBot/3.0; +http://yandex.com/bots)"
54.226.1.179 - - [15/Jun/2013:11:50:25 +0000] "HEAD /wp-login.php HTTP/1.1" 301 233 "-" "Googlebot/2.1 (+http://www.googlebot.com/bot.html)"
199.21.99.117 - - [17/Jun/2013:04:16:28 +0000] "GET /robots.txt HTTP/1.1" 301 607 "-" "Mozilla/5.0 (compatible; YandexBot/3.0; +http://yandex.com/bots)"
199.21.99.117 - - [17/Jun/2013:04:16:30 +0000] "GET / HTTP/1.1" 301 548 "-" "Mozilla/5.0 (compatible; YandexBot/3.0; +http://yandex.com/bots)"
38.100.21.65 - - [17/Jun/2013:16:46:30 +0000] "GET / HTTP/1.1" 301 591 "-" "Mozilla/4.0 (compatible; MSIE 7.0; Windows NT 5.2)"
199.21.99.117 - - [19/Jun/2013:05:42:17 +0000] "GET /robots.txt HTTP/1.1" 301 607 "-" "Mozilla/5.0 (compatible; YandexBot/3.0; +http://yandex.com/bots)"
199.21.99.117 - - [19/Jun/2013:05:42:20 +0000] "GET / HTTP/1.1" 301 548 "-" "Mozilla/5.0 (compatible; YandexBot/3.0; +http://yandex.com/bots)"
146.120.166.49 - - [19/Jun/2013:12:46:43 +0000] "GET / HTTP/1.1" 301 587 "-" "Mozilla/5.0 (Windows NT 6.1; WOW64; rv:2.0b11pre) Gecko/20110128 Firefox/4.0b11pre"
66.249.75.195 - - [19/Jun/2013:23:26:55 +0000] "GET /robots.txt HTTP/1.1" 301 567 "-" "Mozilla/5.0 (compatible; Googlebot/2.1; +http://www.google.com/bot.html)"
66.249.75.195 - - [19/Jun/2013:23:26:55 +0000] "GET / HTTP/1.1" 301 548 "-" "Mozilla/5.0 (compatible; Googlebot/2.1; +http://www.google.com/bot.html)"
66.249.75.113 - - [20/Jun/2013:03:02:46 +0000] "GET /robots.txt HTTP/1.1" 301 570 "-" "Mozilla/5.0 (compatible; Googlebot/2.1; +http://www.google.com/bot.html)"
66.249.75.113 - - [20/Jun/2013:03:02:46 +0000] "GET / HTTP/1.1" 301 551 "-" "Mozilla/5.0 (compatible; Googlebot/2.1; +http://www.google.com/bot.html)"
199.21.99.117 - - [21/Jun/2013:10:03:28 +0000] "GET /robots.txt HTTP/1.1" 301 607 "-" "Mozilla/5.0 (compatible; YandexBot/3.0; +http://yandex.com/bots)"
199.21.99.117 - - [21/Jun/2013:10:03:31 +0000] "GET / HTTP/1.1" 301 548 "-" "Mozilla/5.0 (compatible; YandexBot/3.0; +http://yandex.com/bots)"
199.21.99.117 - - [23/Jun/2013:08:45:48 +0000] "GET /robots.txt HTTP/1.1" 301 607 "-" "Mozilla/5.0 (compatible; YandexBot/3.0; +http://yandex.com/bots)"
199.21.99.117 - - [23/Jun/2013:08:45:50 +0000] "GET / HTTP/1.1" 301 548 "-" "Mozilla/5.0 (compatible; YandexBot/3.0; +http://yandex.com/bots)"
199.21.99.117 - - [24/Jun/2013:22:12:21 +0000] "GET /robots.txt HTTP/1.1" 301 607 "-" "Mozilla/5.0 (compatible; YandexBot/3.0; +http://yandex.com/bots)"
199.21.99.117 - - [24/Jun/2013:22:12:23 +0000] "GET / HTTP/1.1" 301 549 "-" "Mozilla/5.0 (compatible; YandexBot/3.0; +http://yandex.com/bots)"
157.56.93.225 - - [26/Jun/2013:06:10:22 +0000] "GET /robots.txt HTTP/1.1" 301 611 "-" "Mozilla/5.0 (compatible; bingbot/2.0; +http://www.bing.com/bingbot.htm)"
157.56.93.225 - - [26/Jun/2013:06:11:33 +0000] "GET / HTTP/1.1" 301 552 "-" "Mozilla/5.0 (compatible; bingbot/2.0; +http://www.bing.com/bingbot.htm)"
64.246.161.30 - - [26/Jun/2013:07:02:49 +0000] "GET /robots.txt HTTP/1.0" 301 573 "-" "Mozilla/5.0 (Windows; U; Windows NT 5.1; en; rv:1.9.0.13) Gecko/2009073022 Firefox/3.5.2 (.NET CLR 3.5.30729) SurveyBot/2.3 (DomainTools)"
64.246.161.30 - - [26/Jun/2013:07:02:49 +0000] "GET / HTTP/1.1" 301 514 "http://whois.domaintools.com/carl-fink.name" "Mozilla/5.0 (Windows; U; Windows NT 5.1; en; rv:1.9.0.13) Gecko/2009073022 Firefox/3.5.2 (.NET CLR 3.5.30729) SurveyBot/2.3 (DomainTools)"
199.21.99.117 - - [27/Jun/2013:04:00:21 +0000] "GET /robots.txt HTTP/1.1" 301 607 "-" "Mozilla/5.0 (compatible; YandexBot/3.0; +http://yandex.com/bots)"
