5.199.142.250 - - [19/May/2014:09:21:45 +0000] "GET /modules/wso.php HTTP/1.0" 301 605 "http://carl-fink.name/modules/wso.php" "Mozilla/4.0 (compatible; MSIE 6.0; Windows 98; Win 9x 4.90)"
176.61.138.205 - - [19/May/2014:13:33:12 +0000] "GET /components/com_ag_google_analytics2/index.php HTTP/1.0" 301 639 "http://carl-fink.name/components/com_ag_google_analytics2/index.php" "Mozilla/4.0 (compatible; MSIE 6.0; Windows 98; Win 9x 4.90)"
176.61.138.205 - - [19/May/2014:13:36:53 +0000] "GET /w.php HTTP/1.0" 301 559 "http://carl-fink.name/w.php" "Mozilla/4.0 (compatible; MSIE 6.0; Windows 98; Win 9x 4.90)"
5.199.142.250 - - [20/May/2014:10:07:08 +0000] "GET /images/mod.php HTTP/1.0" 301 577 "http://carl-fink.name/images/mod.php" "Mozilla/4.0 (compatible; MSIE 6.0; Windows 98; Win 9x 4.90)"
54.76.49.10 - - [20/May/2014:12:13:08 +0000] "HEAD / HTTP/1.1" 301 246 "-" "-"
199.21.99.117 - - [21/May/2014:06:43:55 +0000] "GET /robots.txt HTTP/1.1" 301 606 "-" "Mozilla/5.0 (compatible; YandexBot/3.0; +http://yandex.com/bots)"
199.21.99.117 - - [21/May/2014:06:43:57 +0000] "GET / HTTP/1.1" 301 549 "-" "Mozilla/5.0 (compatible; YandexBot/3.0; +http://yandex.com/bots)"
69.58.178.57 - - [21/May/2014:12:01:05 +0000] "GET /robots.txt HTTP/1.1" 301 554 "-" "Mozilla/5.0 (X11; Ubuntu; Linux i686; rv:14.0; ips-agent) Gecko/20100101 Firefox/14.0.1"
69.58.178.57 - - [21/May/2014:12:01:06 +0000] "GET / HTTP/1.1" 301 534 "-" "Mozilla/5.0 (X11; Ubuntu; Linux i686; rv:14.0; ips-agent) Gecko/20100101 Firefox/14.0.1"
199.21.99.117 - - [23/May/2014:10:01:28 +0000] "GET /robots.txt HTTP/1.1" 301 606 "-" "Mozilla/5.0 (compatible; YandexBot/3.0; +http://yandex.com/bots)"
199.21.99.117 - - [23/May/2014:10:01:30 +0000] "GET / HTTP/1.1" 301 549 "-" "Mozilla/5.0 (compatible; YandexBot/3.0; +http://yandex.com/bots)"
199.21.99.117 - - [25/May/2014:07:55:22 +0000] "GET /robots.txt HTTP/1.1" 301 607 "-" "Mozilla/5.0 (compatible; YandexBot/3.0; +http://yandex.com/bots)"
199.21.99.117 - - [25/May/2014:07:55:24 +0000] "GET / HTTP/1.1" 301 548 "-" "Mozilla/5.0 (compatible; YandexBot/3.0; +http://yandex.com/bots)"
66.249.70.113 - - [25/May/2014:10:26:27 +0000] "GET /robots.txt HTTP/1.1" 301 570 "-" "Mozilla/5.0 (compatible; Googlebot/2.1; +http://www.google.com/bot.html)"
66.249.70.113 - - [25/May/2014:10:26:27 +0000] "GET / HTTP/1.1" 301 551 "-" "Mozilla/5.0 (compatible; Googlebot/2.1; +http://www.google.com/bot.html)"
66.249.70.195 - - [25/May/2014:11:26:05 +0000] "GET /robots.txt HTTP/1.1" 301 567 "-" "Mozilla/5.0 (compatible; Googlebot/2.1; +http://www.google.com/bot.html)"
66.249.70.195 - - [25/May/2014:11:26:06 +0000] "GET / HTTP/1.1" 301 548 "-" "Mozilla/5.0 (compatible; Googlebot/2.1; +http://www.google.com/bot.html)"
199.21.99.117 - - [27/May/2014:12:22:21 +0000] "GET /robots.txt HTTP/1.1" 301 606 "-" "Mozilla/5.0 (compatible; YandexBot/3.0; +http://yandex.com/bots)"
199.21.99.117 - - [27/May/2014:12:22:23 +0000] "GET / HTTP/1.1" 301 549 "-" "Mozilla/5.0 (compatible; YandexBot/3.0; +http://yandex.com/bots)"
199.21.99.117 - - [30/May/2014:07:49:23 +0000] "GET /robots.txt HTTP/1.1" 301 607 "-" "Mozilla/5.0 (compatible; YandexBot/3.0; +http://yandex.com/bots)"
199.21.99.117 - - [30/May/2014:07:49:26 +0000] "GET / HTTP/1.1" 301 548 "-" "Mozilla/5.0 (compatible; YandexBot/3.0; +http://yandex.com/bots)"
74.52.245.146 - - [31/May/2014:06:10:46 +0000] "GET / HTTP/1.0" 301 553 "-" "Mozilla/5.0 (X11; U; Linux i686; en-US; rv:1.7.5) Gecko/20041107 Firefox/1.0"
199.21.99.117 - - [31/May/2014:10:31:23 +0000] "GET /robots.txt HTTP/1.1" 301 607 "-" "Mozilla/5.0 (compatible; YandexBot/3.0; +http://yandex.com/bots)"
199.21.99.117 - - [31/May/2014:10:31:25 +0000] "GET / HTTP/1.1" 301 548 "-" "Mozilla/5.0 (compatible; YandexBot/3.0; +http://yandex.com/bots)"
199.21.99.117 - - [03/Jun/2014:09:56:59 +0000] "GET /robots.txt HTTP/1.1" 301 606 "-" "Mozilla/5.0 (compatible; YandexBot/3.0; +http://yandex.com/bots)"
199.21.99.117 - - [03/Jun/2014:09:57:02 +0000] "GET / HTTP/1.1" 301 549 "-" "Mozilla/5.0 (compatible; YandexBot/3.0; +http://yandex.com/bots)"
69.58.178.59 - - [03/Jun/2014:21:52:50 +0000] "GET /robots.txt HTTP/1.1" 301 554 "-" "Mozilla/5.0 (X11; Ubuntu; Linux i686; rv:14.0; ips-agent) Gecko/20100101 Firefox/14.0.1"
69.58.178.59 - - [03/Jun/2014:21:52:51 +0000] "GET / HTTP/1.1" 301 534 "-" "Mozilla/5.0 (X11; Ubuntu; Linux i686; rv:14.0; ips-agent) Gecko/20100101 Firefox/14.0.1"
54.83.178.232 - - [05/Jun/2014:04:36:33 +0000] "HEAD / HTTP/1.1" 301 246 "-" "-"
54.83.178.232 - - [05/Jun/2014:04:47:53 +0000] "HEAD / HTTP/1.1" 301 246 "-" "-"
199.21.99.117 - - [05/Jun/2014:07:57:01 +0000] "GET /robots.txt HTTP/1.1" 301 606 "-" "Mozilla/5.0 (compatible; YandexBot/3.0; +http://yandex.com/bots)"
199.21.99.117 - - [05/Jun/2014:07:57:03 +0000] "GET / HTTP/1.1" 301 549 "-" "Mozilla/5.0 (compatible; YandexBot/3.0; +http://yandex.com/bots)"
5.199.142.250 - - [05/Jun/2014:16:00:40 +0000] "GET /modules/mod_system/mod_system.php HTTP/1.0" 301 615 "http://carl-fink.name/modules/mod_system/mod_system.php" "Mozilla/4.0 (compatible; MSIE 6.0; Windows 98; Win 9x 4.90)"
5.199.142.250 - - [05/Jun/2014:16:00:46 +0000] "GET /components/com_ag_google_analytics2/index.php HTTP/1.0" 301 639 "http://carl-fink.name/components/com_ag_google_analytics2/index.php" "Mozilla/4.0 (compatible; MSIE 6.0; Windows 98; Win 9x 4.90)"
69.164.111.198 - - [06/Jun/2014:15:11:27 +0000] "GET / HTTP/1.1" 301 587 "-" "Mozilla/4.0 (compatible; MSIE 8.0; Windows NT 6.1; WOW64; Trident/4.0; SLCC2; .NET CLR 2.0.50727; .NET CLR 3.5.30729; .NET CLR 3.0.30729; Media Center PC 6.0; MDDC)"
5.255.253.155 - - [07/Jun/2014:05:41:06 +0000] "GET /robots.txt HTTP/1.1" 301 607 "-" "Mozilla/5.0 (compatible; YandexBot/3.0; +http://yandex.com/bots)"
5.255.253.155 - - [07/Jun/2014:05:41:09 +0000] "GET / HTTP/1.1" 301 549 "-" "Mozilla/5.0 (compatible; YandexBot/3.0; +http://yandex.com/bots)"
66.249.69.123 - - [07/Jun/2014:15:29:46 +0000] "GET /robots.txt HTTP/1.1" 301 570 "-" "Mozilla/5.0 (compatible; Googlebot/2.1; +http://www.google.com/bot.html)"
66.249.69.91 - - [07/Jun/2014:15:29:46 +0000] "GET / HTTP/1.1" 301 552 "-" "Mozilla/5.0 (compatible; Googlebot/2.1; +http://www.google.com/bot.html)"
66.249.69.88 - - [07/Jun/2014:21:50:40 +0000] "GET /robots.txt HTTP/1.1" 301 567 "-" "Mozilla/5.0 (compatible; Googlebot/2.1; +http://www.google.com/bot.html)"
66.249.70.195 - - [07/Jun/2014:21:50:40 +0000] "GET / HTTP/1.1" 301 549 "-" "Mozilla/5.0 (compatible; Googlebot/2.1; +http://www.google.com/bot.html)"
107.170.164.62 - - [08/Jun/2014:06:36:14 +0000] "HEAD / HTTP/1.1" 301 221 "http://www.netcraft.com/survey/" "Mozilla/4.0 (compatible; Netcraft Web Server Survey)"
5.255.253.155 - - [09/Jun/2014:05:18:08 +0000] "GET /robots.txt HTTP/1.1" 301 606 "-" "Mozilla/5.0 (compatible; YandexBot/3.0; +http://yandex.com/bots)"
5.255.253.155 - - [09/Jun/2014:05:18:11 +0000] "GET / HTTP/1.1" 301 549 "-" "Mozilla/5.0 (compatible; YandexBot/3.0; +http://yandex.com/bots)"
5.199.142.250 - - [09/Jun/2014:17:05:06 +0000] "GET /images/mod_xsystem.php HTTP/1.0" 301 593 "http://carl-fink.name/images/mod_xsystem.php" "Mozilla/4.0 (compatible; MSIE 6.0; Windows 98; Win 9x 4.90)"
5.199.142.250 - - [09/Jun/2014:17:05:06 +0000] "GET /modules/wso.php HTTP/1.0" 301 605 "http://carl-fink.name/modules/wso.php" "Mozilla/4.0 (compatible; MSIE 6.0; Windows 98; Win 9x 4.90)"
176.61.138.205 - - [10/Jun/2014:04:40:42 +0000] "GET /w.php HTTP/1.0" 301 559 "http://carl-fink.name/w.php" "Mozilla/4.0 (compatible; MSIE 6.0; Windows 98; Win 9x 4.90)"
5.199.142.250 - - [10/Jun/2014:13:37:23 +0000] "GET /home/thienloc/public_html/language/default.php HTTP/1.0" 301 641 "http://carl-fink.name/home/thienloc/public_html/language/default.php" "Mozilla/4.0 (compatible; MSIE 6.0; Windows 98; Win 9x 4.90)"
5.199.142.250 - - [10/Jun/2014:13:37:23 +0000] "GET /home/thienloc/public_html/language/language.php HTTP/1.0" 301 643 "http://carl-fink.name/home/thienloc/public_html/language/language.php" "Mozilla/4.0 (compatible; MSIE 6.0; Windows 98; Win 9x 4.90)"
5.199.142.250 - - [10/Jun/2014:23:09:23 +0000] "GET /public_html/language/default.php HTTP/1.0" 301 613 "http://carl-fink.name/public_html/language/default.php" "Mozilla/4.0 (compatible; MSIE 6.0; Windows 98; Win 9x 4.90)"
5.199.142.250 - - [10/Jun/2014:23:09:23 +0000] "GET /public_html/language/language.php HTTP/1.0" 301 615 "http://carl-fink.name/public_html/language/language.php" "Mozilla/4.0 (compatible; MSIE 6.0; Windows 98; Win 9x 4.90)"
176.61.138.205 - - [11/Jun/2014:09:34:50 +0000] "GET /images/uphik.php HTTP/1.0" 301 607 "http://carl-fink.name/images/uphik.php" "Mozilla/4.0 (compatible; MSIE 6.0; Windows 98; Win 9x 4.90)"
5.255.253.155 - - [11/Jun/2014:11:02:14 +0000] "GET /robots.txt HTTP/1.1" 301 607 "-" "Mozilla/5.0 (compatible; YandexBot/3.0; +http://yandex.com/bots)"
5.255.253.155 - - [11/Jun/2014:11:02:16 +0000] "GET / HTTP/1.1" 301 548 "-" "Mozilla/5.0 (compatible; YandexBot/3.0; +http://yandex.com/bots)"
5.199.142.250 - - [12/Jun/2014:17:16:25 +0000] "GET /modules/mod_systema/mod_system.php HTTP/1.0" 301 617 "http://carl-fink.name/modules/mod_systema/mod_system.php" "Mozilla/4.0 (compatible; MSIE 6.0; Windows 98; Win 9x 4.90)"
5.199.142.250 - - [12/Jun/2014:17:16:25 +0000] "GET /components/com_ag_google_analytics2/index.php HTTP/1.0" 301 639 "http://carl-fink.name/components/com_ag_google_analytics2/index.php" "Mozilla/4.0 (compatible; MSIE 6.0; Windows 98; Win 9x 4.90)"
46.229.170.197 - - [12/Jun/2014:17:48:20 +0000] "GET / HTTP/1.1" 301 530 "-" "Mozilla/5.0 (Windows NT 6.1; rv:2.0) Gecko/20110319 Firefox/4.0"
5.255.253.155 - - [13/Jun/2014:06:21:18 +0000] "GET /robots.txt HTTP/1.1" 301 606 "-" "Mozilla/5.0 (compatible; YandexBot/3.0; +http://yandex.com/bots)"
5.255.253.155 - - [13/Jun/2014:06:21:20 +0000] "GET / HTTP/1.1" 301 549 "-" "Mozilla/5.0 (compatible; YandexBot/3.0; +http://yandex.com/bots)"
107.170.9.110 - - [14/Jun/2014:07:05:42 +0000] "GET / HTTP/1.0" 301 553 "-" "Mozilla/5.0 (compatible; NetcraftSurveyAgent/1.0; +info@netcraft.com)"
157.55.39.15 - - [14/Jun/2014:11:18:49 +0000] "GET /robots.txt HTTP/1.1" 301 611 "-" "Mozilla/5.0 (compatible; bingbot/2.0; +http://www.bing.com/bingbot.htm)"
157.55.39.24 - - [14/Jun/2014:11:18:53 +0000] "GET / HTTP/1.1" 301 552 "-" "Mozilla/5.0 (compatible; bingbot/2.0; +http://www.bing.com/bingbot.htm)"
5.199.142.250 - - [15/Jun/2014:01:21:04 +0000] "GET /images/donations.php HTTP/1.0" 301 589 "http://carl-fink.name/images/donations.php" "Mozilla/4.0 (compatible; MSIE 6.0; Windows 98; Win 9x 4.90)"
5.199.142.250 - - [15/Jun/2014:01:21:05 +0000] "GET /public_html/connector.php HTTP/1.0" 301 599 "http://carl-fink.name/public_html/connector.php" "Mozilla/4.0 (compatible; MSIE 6.0; Windows 98; Win 9x 4.90)"
176.61.138.205 - - [15/Jun/2014:04:29:00 +0000] "GET /public_html/tmp/f.php HTTP/1.0" 301 591 "http://carl-fink.name/public_html/tmp/f.php" "Mozilla/4.0 (compatible; MSIE 6.0; Windows 98; Win 9x 4.90)"
5.255.253.155 - - [15/Jun/2014:05:22:01 +0000] "GET /robots.txt HTTP/1.1" 301 606 "-" "Mozilla/5.0 (compatible; YandexBot/3.0; +http://yandex.com/bots)"
5.255.253.155 - - [15/Jun/2014:05:22:03 +0000] "GET / HTTP/1.1" 301 549 "-" "Mozilla/5.0 (compatible; YandexBot/3.0; +http://yandex.com/bots)"
5.199.142.250 - - [15/Jun/2014:21:41:35 +0000] "GET /public_html/administrator/manifests/dp.php HTTP/1.0" 301 633 "http://carl-fink.name/public_html/administrator/manifests/dp.php" "Mozilla/4.0 (compatible; MSIE 6.0; Windows 98; Win 9x 4.90)"
5.255.253.155 - - [17/Jun/2014:06:20:35 +0000] "GET /robots.txt HTTP/1.1" 301 606 "-" "Mozilla/5.0 (compatible; YandexBot/3.0; +http://yandex.com/bots)"
5.255.253.155 - - [17/Jun/2014:06:20:37 +0000] "GET / HTTP/1.1" 301 549 "-" "Mozilla/5.0 (compatible; YandexBot/3.0; +http://yandex.com/bots)"
46.39.88.205 - - [17/Jun/2014:17:19:13 +0000] "GET / HTTP/1.1" 301 549 "-" "Mozilla/4.0 (compatible; Synapse)"
100.43.91.16 - - [19/Jun/2014:07:21:20 +0000] "GET /robots.txt HTTP/1.1" 301 607 "-" "Mozilla/5.0 (compatible; YandexBot/3.0; +http://yandex.com/bots)"
100.43.91.16 - - [19/Jun/2014:07:21:22 +0000] "GET / HTTP/1.1" 301 548 "-" "Mozilla/5.0 (compatible; YandexBot/3.0; +http://yandex.com/bots)"
5.199.142.250 - - [20/Jun/2014:14:46:36 +0000] "GET /public_html/modules/mod_sape/mod_sape.php HTTP/1.0" 301 631 "http://carl-fink.name/public_html/modules/mod_sape/mod_sape.php" "Mozilla/4.0 (compatible; MSIE 6.0; Windows 98; Win 9x 4.90)"
5.199.142.250 - - [20/Jun/2014:14:46:37 +0000] "GET /images/saved.php HTTP/1.0" 301 607 "http://carl-fink.name/images/saved.php" "Mozilla/4.0 (compatible; MSIE 6.0; Windows 98; Win 9x 4.90)"
176.61.138.205 - - [20/Jun/2014:18:09:34 +0000] "GET /modules/mod_topic/mod_topic.php HTTP/1.0" 301 611 "http://carl-fink.name/modules/mod_topic/mod_topic.php" "Mozilla/4.0 (compatible; MSIE 6.0; Windows 98; Win 9x 4.90)"
66.249.69.232 - - [20/Jun/2014:21:09:43 +0000] "GET /robots.txt HTTP/1.1" 301 567 "-" "Mozilla/5.0 (compatible; Googlebot/2.1; +http://www.google.com/bot.html)"
66.249.69.216 - - [20/Jun/2014:21:09:43 +0000] "GET / HTTP/1.1" 301 549 "-" "Mozilla/5.0 (compatible; Googlebot/2.1; +http://www.google.com/bot.html)"
66.249.69.75 - - [20/Jun/2014:22:33:24 +0000] "GET /robots.txt HTTP/1.1" 301 570 "-" "Mozilla/5.0 (compatible; Googlebot/2.1; +http://www.google.com/bot.html)"
66.249.69.75 - - [20/Jun/2014:22:33:24 +0000] "GET / HTTP/1.1" 301 551 "-" "Mozilla/5.0 (compatible; Googlebot/2.1; +http://www.google.com/bot.html)"
66.249.69.252 - - [21/Jun/2014:02:49:07 +0000] "GET / HTTP/1.1" 301 549 "-" "Mozilla/5.0 (compatible; Googlebot/2.1; +http://www.google.com/bot.html)"
100.43.91.16 - - [21/Jun/2014:15:33:14 +0000] "GET /robots.txt HTTP/1.1" 301 606 "-" "Mozilla/5.0 (compatible; YandexBot/3.0; +http://yandex.com/bots)"
100.43.91.16 - - [21/Jun/2014:15:33:16 +0000] "GET / HTTP/1.1" 301 549 "-" "Mozilla/5.0 (compatible; YandexBot/3.0; +http://yandex.com/bots)"
100.43.91.16 - - [23/Jun/2014:06:09:08 +0000] "GET /robots.txt HTTP/1.1" 301 606 "-" "Mozilla/5.0 (compatible; YandexBot/3.0; +http://yandex.com/bots)"
100.43.91.16 - - [23/Jun/2014:06:09:10 +0000] "GET / HTTP/1.1" 301 549 "-" "Mozilla/5.0 (compatible; YandexBot/3.0; +http://yandex.com/bots)"
176.61.138.205 - - [23/Jun/2014:15:17:34 +0000] "GET /modules/mod_xsystemx/mod_xsystemx.php HTTP/1.0" 301 623 "http://carl-fink.name/modules/mod_xsystemx/mod_xsystemx.php" "Mozilla/4.0 (compatible; MSIE 6.0; Windows 98; Win 9x 4.90)"
100.43.91.16 - - [25/Jun/2014:07:25:34 +0000] "GET /robots.txt HTTP/1.1" 301 606 "-" "Mozilla/5.0 (compatible; YandexBot/3.0; +http://yandex.com/bots)"
100.43.91.16 - - [25/Jun/2014:07:25:36 +0000] "GET / HTTP/1.1" 301 549 "-" "Mozilla/5.0 (compatible; YandexBot/3.0; +http://yandex.com/bots)"
100.43.91.16 - - [27/Jun/2014:07:19:46 +0000] "GET /robots.txt HTTP/1.1" 301 606 "-" "Mozilla/5.0 (compatible; YandexBot/3.0; +http://yandex.com/bots)"
100.43.91.16 - - [27/Jun/2014:07:19:48 +0000] "GET / HTTP/1.1" 301 549 "-" "Mozilla/5.0 (compatible; YandexBot/3.0; +http://yandex.com/bots)"
100.43.91.16 - - [29/Jun/2014:07:02:27 +0000] "GET /robots.txt HTTP/1.1" 301 607 "-" "Mozilla/5.0 (compatible; YandexBot/3.0; +http://yandex.com/bots)"
100.43.91.16 - - [29/Jun/2014:07:02:29 +0000] "GET / HTTP/1.1" 301 548 "-" "Mozilla/5.0 (compatible; YandexBot/3.0; +http://yandex.com/bots)"
157.55.39.135 - - [01/Jul/2014:07:23:32 +0000] "GET /robots.txt HTTP/1.1" 301 611 "-" "Mozilla/5.0 (compatible; bingbot/2.0; +http://www.bing.com/bingbot.htm)"
157.55.39.135 - - [01/Jul/2014:07:23:39 +0000] "GET / HTTP/1.1" 301 552 "-" "Mozilla/5.0 (compatible; bingbot/2.0; +http://www.bing.com/bingbot.htm)"
100.43.91.16 - - [01/Jul/2014:07:35:47 +0000] "GET /robots.txt HTTP/1.1" 301 606 "-" "Mozilla/5.0 (compatible; YandexBot/3.0; +http://yandex.com/bots)"
100.43.91.16 - - [01/Jul/2014:07:35:50 +0000] "GET / HTTP/1.1" 301 548 "-" "Mozilla/5.0 (compatible; YandexBot/3.0; +http://yandex.com/bots)"
5.9.214.2 - - [02/Jul/2014:01:32:44 +0000] "GET / HTTP/1.1" 301 530 "-" "Mozilla/5.0 (Windows; U; MSIE 9.0; Windows NT 9.0; en-US)"
66.249.69.107 - - [03/Jul/2014:07:28:32 +0000] "GET /robots.txt HTTP/1.1" 301 570 "-" "Mozilla/5.0 (compatible; Googlebot/2.1; +http://www.google.com/bot.html)"
66.249.69.107 - - [03/Jul/2014:07:28:32 +0000] "GET / HTTP/1.1" 301 551 "-" "Mozilla/5.0 (compatible; Googlebot/2.1; +http://www.google.com/bot.html)"
37.143.10.101 - - [03/Jul/2014:09:55:27 +0000] "GET /wp-login.php HTTP/1.1" 301 554 "http://CARL-FINK.NAME" "Mozilla/5.0 (Windows; U; Windows NT 5.1; en-US) AppleWebKit/533.4 (KHTML, like Gecko) Chrome/5.0.375.99 Safari/533.4"
54.191.15.204 - - [03/Jul/2014:10:48:13 +0000] "GET /wp-login.php HTTP/1.1" 301 533 "http://carl-fink.name/wp-login.php" "Mozilla/4.0 (compatible; MSIE 6.0; Windows NT 5.1; SV1)"
100.43.91.16 - - [03/Jul/2014:13:48:39 +0000] "GET /robots.txt HTTP/1.1" 301 606 "-" "Mozilla/5.0 (compatible; YandexBot/3.0; +http://yandex.com/bots)"
100.43.91.16 - - [03/Jul/2014:13:48:41 +0000] "GET / HTTP/1.1" 301 549 "-" "Mozilla/5.0 (compatible; YandexBot/3.0; +http://yandex.com/bots)"
66.249.65.130 - - [03/Jul/2014:19:58:05 +0000] "GET /robots.txt HTTP/1.1" 301 567 "-" "Mozilla/5.0 (compatible; Googlebot/2.1; +http://www.google.com/bot.html)"
66.249.65.13 - - [03/Jul/2014:19:58:05 +0000] "GET / HTTP/1.1" 301 549 "-" "Mozilla/5.0 (compatible; Googlebot/2.1; +http://www.google.com/bot.html)"
66.249.65.130 - - [04/Jul/2014:02:14:06 +0000] "GET / HTTP/1.1" 301 549 "-" "Mozilla/5.0 (compatible; Googlebot/2.1; +http://www.google.com/bot.html)"
100.43.91.16 - - [05/Jul/2014:07:27:52 +0000] "GET /robots.txt HTTP/1.1" 301 606 "-" "Mozilla/5.0 (compatible; YandexBot/3.0; +http://yandex.com/bots)"
100.43.91.16 - - [05/Jul/2014:07:27:55 +0000] "GET / HTTP/1.1" 301 549 "-" "Mozilla/5.0 (compatible; YandexBot/3.0; +http://yandex.com/bots)"
100.43.91.16 - - [07/Jul/2014:11:32:54 +0000] "GET /robots.txt HTTP/1.1" 301 606 "-" "Mozilla/5.0 (compatible; YandexBot/3.0; +http://yandex.com/bots)"
100.43.91.16 - - [07/Jul/2014:11:33:06 +0000] "GET / HTTP/1.1" 301 549 "-" "Mozilla/5.0 (compatible; YandexBot/3.0; +http://yandex.com/bots)"
192.241.250.125 - - [08/Jul/2014:10:52:13 +0000] "HEAD / HTTP/1.1" 301 221 "http://www.netcraft.com/survey/" "Mozilla/4.0 (compatible; Netcraft Web Server Survey)"
100.43.91.16 - - [09/Jul/2014:08:10:43 +0000] "GET /robots.txt HTTP/1.1" 301 606 "-" "Mozilla/5.0 (compatible; YandexBot/3.0; +http://yandex.com/bots)"
100.43.91.16 - - [09/Jul/2014:08:10:45 +0000] "GET / HTTP/1.1" 301 549 "-" "Mozilla/5.0 (compatible; YandexBot/3.0; +http://yandex.com/bots)"
69.58.178.56 - - [09/Jul/2014:23:49:27 +0000] "GET /robots.txt HTTP/1.1" 301 554 "-" "Mozilla/5.0 (X11; Ubuntu; Linux i686; rv:14.0; ips-agent) Gecko/20100101 Firefox/14.0.1"
69.58.178.56 - - [09/Jul/2014:23:49:29 +0000] "GET / HTTP/1.1" 301 534 "-" "Mozilla/5.0 (X11; Ubuntu; Linux i686; rv:14.0; ips-agent) Gecko/20100101 Firefox/14.0.1"
107.170.147.123 - - [10/Jul/2014:19:11:05 +0000] "GET / HTTP/1.0" 301 553 "-" "Mozilla/5.0 (compatible; NetcraftSurveyAgent/1.0; +info@netcraft.com)"
100.43.91.16 - - [11/Jul/2014:14:25:51 +0000] "GET /robots.txt HTTP/1.1" 301 606 "-" "Mozilla/5.0 (compatible; YandexBot/3.0; +http://yandex.com/bots)"
100.43.91.16 - - [11/Jul/2014:14:25:53 +0000] "GET / HTTP/1.1" 301 549 "-" "Mozilla/5.0 (compatible; YandexBot/3.0; +http://yandex.com/bots)"
100.43.91.16 - - [12/Jul/2014:08:31:04 +0000] "GET /robots.txt HTTP/1.1" 301 606 "-" "Mozilla/5.0 (compatible; YandexBot/3.0; +http://yandex.com/bots)"
100.43.91.16 - - [12/Jul/2014:08:31:06 +0000] "GET / HTTP/1.1" 301 549 "-" "Mozilla/5.0 (compatible; YandexBot/3.0; +http://yandex.com/bots)"
66.249.69.106 - - [14/Jul/2014:06:46:40 +0000] "GET /robots.txt HTTP/1.1" 301 570 "-" "Mozilla/5.0 (compatible; Googlebot/2.1; +http://www.google.com/bot.html)"
66.249.69.122 - - [14/Jul/2014:06:46:41 +0000] "GET / HTTP/1.1" 301 552 "-" "Mozilla/5.0 (compatible; Googlebot/2.1; +http://www.google.com/bot.html)"
100.43.91.16 - - [14/Jul/2014:17:32:43 +0000] "GET /robots.txt HTTP/1.1" 301 607 "-" "Mozilla/5.0 (compatible; YandexBot/3.0; +http://yandex.com/bots)"
100.43.91.16 - - [14/Jul/2014:17:32:45 +0000] "GET / HTTP/1.1" 301 548 "-" "Mozilla/5.0 (compatible; YandexBot/3.0; +http://yandex.com/bots)"
66.249.69.119 - - [14/Jul/2014:23:48:40 +0000] "GET /robots.txt HTTP/1.1" 301 567 "-" "Mozilla/5.0 (compatible; Googlebot/2.1; +http://www.google.com/bot.html)"
66.249.69.87 - - [14/Jul/2014:23:48:41 +0000] "GET / HTTP/1.1" 301 549 "-" "Mozilla/5.0 (compatible; Googlebot/2.1; +http://www.google.com/bot.html)"
100.43.91.16 - - [15/Jul/2014:18:23:22 +0000] "GET /robots.txt HTTP/1.1" 301 607 "-" "Mozilla/5.0 (compatible; YandexBot/3.0; +http://yandex.com/bots)"
100.43.91.16 - - [15/Jul/2014:18:23:25 +0000] "GET / HTTP/1.1" 301 549 "-" "Mozilla/5.0 (compatible; YandexBot/3.0; +http://yandex.com/bots)"
100.43.91.16 - - [17/Jul/2014:10:54:36 +0000] "GET /robots.txt HTTP/1.1" 301 606 "-" "Mozilla/5.0 (compatible; YandexBot/3.0; +http://yandex.com/bots)"
100.43.91.16 - - [17/Jul/2014:10:54:38 +0000] "GET / HTTP/1.1" 301 549 "-" "Mozilla/5.0 (compatible; YandexBot/3.0; +http://yandex.com/bots)"
46.229.170.197 - - [17/Jul/2014:21:54:34 +0000] "GET / HTTP/1.1" 301 530 "-" "mozilla/3.0 (Windows NT 6.1; rv:2.0.1) Gecko/20100101 Firefox/5.0.1"
157.55.39.134 - - [18/Jul/2014:08:41:39 +0000] "GET /robots.txt HTTP/1.1" 301 611 "-" "Mozilla/5.0 (compatible; bingbot/2.0; +http://www.bing.com/bingbot.htm)"
157.55.39.134 - - [18/Jul/2014:08:42:19 +0000] "GET / HTTP/1.1" 301 552 "-" "Mozilla/5.0 (compatible; bingbot/2.0; +http://www.bing.com/bingbot.htm)"
100.43.91.16 - - [19/Jul/2014:07:38:20 +0000] "GET /robots.txt HTTP/1.1" 301 606 "-" "Mozilla/5.0 (compatible; YandexBot/3.0; +http://yandex.com/bots)"
100.43.91.16 - - [19/Jul/2014:07:38:22 +0000] "GET / HTTP/1.1" 301 549 "-" "Mozilla/5.0 (compatible; YandexBot/3.0; +http://yandex.com/bots)"
100.43.91.16 - - [21/Jul/2014:08:46:49 +0000] "GET /robots.txt HTTP/1.1" 301 606 "-" "Mozilla/5.0 (compatible; YandexBot/3.0; +http://yandex.com/bots)"
100.43.91.16 - - [21/Jul/2014:08:46:52 +0000] "GET / HTTP/1.1" 301 549 "-" "Mozilla/5.0 (compatible; YandexBot/3.0; +http://yandex.com/bots)"
46.229.170.197 - - [21/Jul/2014:08:54:24 +0000] "GET / HTTP/1.1" 301 530 "-" "Mozilla/5.0 (X11; Linux x86_64; rv:2.0b4) Gecko/20100818 Firefox/4.0b4"
88.198.25.101 - - [23/Jul/2014:06:39:52 +0000] "GET / HTTP/1.1" 301 587 "-" "-"
100.43.91.16 - - [23/Jul/2014:10:08:33 +0000] "GET /robots.txt HTTP/1.1" 301 607 "-" "Mozilla/5.0 (compatible; YandexBot/3.0; +http://yandex.com/bots)"
100.43.91.16 - - [23/Jul/2014:10:08:36 +0000] "GET / HTTP/1.1" 301 548 "-" "Mozilla/5.0 (compatible; YandexBot/3.0; +http://yandex.com/bots)"
74.52.245.146 - - [23/Jul/2014:12:00:58 +0000] "GET / HTTP/1.0" 301 553 "-" "Mozilla/5.0 (X11; U; Linux i686; en-US; rv:1.7.5) Gecko/20041107 Firefox/1.0"
66.249.64.98 - - [24/Jul/2014:07:07:13 +0000] "GET /robots.txt HTTP/1.1" 301 570 "-" "Mozilla/5.0 (compatible; Googlebot/2.1; +http://www.google.com/bot.html)"
66.249.64.13 - - [24/Jul/2014:07:07:13 +0000] "GET / HTTP/1.1" 301 552 "-" "Mozilla/5.0 (compatible; Googlebot/2.1; +http://www.google.com/bot.html)"
66.249.64.216 - - [24/Jul/2014:08:26:27 +0000] "GET /robots.txt HTTP/1.1" 301 567 "-" "Mozilla/5.0 (compatible; Googlebot/2.1; +http://www.google.com/bot.html)"
66.249.64.221 - - [24/Jul/2014:08:26:27 +0000] "GET / HTTP/1.1" 301 549 "-" "Mozilla/5.0 (compatible; Googlebot/2.1; +http://www.google.com/bot.html)"
66.249.64.98 - - [24/Jul/2014:11:02:29 +0000] "GET / HTTP/1.1" 301 552 "-" "Mozilla/5.0 (compatible; Googlebot/2.1; +http://www.google.com/bot.html)"
66.249.67.129 - - [24/Jul/2014:14:55:14 +0000] "GET /robots.txt HTTP/1.1" 301 567 "-" "Mozilla/5.0 (compatible; Googlebot/2.1; +http://www.google.com/bot.html)"
66.249.67.25 - - [24/Jul/2014:14:55:14 +0000] "GET / HTTP/1.1" 301 549 "-" "Mozilla/5.0 (compatible; Googlebot/2.1; +http://www.google.com/bot.html)"
66.249.67.166 - - [24/Jul/2014:17:49:57 +0000] "GET /robots.txt HTTP/1.1" 301 570 "-" "Mozilla/5.0 (compatible; Googlebot/2.1; +http://www.google.com/bot.html)"
66.249.67.179 - - [24/Jul/2014:17:49:58 +0000] "GET / HTTP/1.1" 301 552 "-" "Mozilla/5.0 (compatible; Googlebot/2.1; +http://www.google.com/bot.html)"
100.43.91.16 - - [25/Jul/2014:08:45:13 +0000] "GET /robots.txt HTTP/1.1" 301 607 "-" "Mozilla/5.0 (compatible; YandexBot/3.0; +http://yandex.com/bots)"
100.43.91.16 - - [25/Jul/2014:08:45:16 +0000] "GET / HTTP/1.1" 301 548 "-" "Mozilla/5.0 (compatible; YandexBot/3.0; +http://yandex.com/bots)"
100.43.91.16 - - [27/Jul/2014:07:33:40 +0000] "GET /robots.txt HTTP/1.1" 301 607 "-" "Mozilla/5.0 (compatible; YandexBot/3.0; +http://yandex.com/bots)"
100.43.91.16 - - [27/Jul/2014:07:33:42 +0000] "GET / HTTP/1.1" 301 548 "-" "Mozilla/5.0 (compatible; YandexBot/3.0; +http://yandex.com/bots)"
100.43.91.16 - - [29/Jul/2014:12:25:29 +0000] "GET /robots.txt HTTP/1.1" 301 606 "-" "Mozilla/5.0 (compatible; YandexBot/3.0; +http://yandex.com/bots)"
100.43.91.16 - - [29/Jul/2014:12:25:31 +0000] "GET / HTTP/1.1" 301 549 "-" "Mozilla/5.0 (compatible; YandexBot/3.0; +http://yandex.com/bots)"
100.43.91.16 - - [31/Jul/2014:09:53:53 +0000] "GET /robots.txt HTTP/1.1" 301 607 "-" "Mozilla/5.0 (compatible; YandexBot/3.0; +http://yandex.com/bots)"
100.43.91.16 - - [31/Jul/2014:09:53:55 +0000] "GET / HTTP/1.1" 301 548 "-" "Mozilla/5.0 (compatible; YandexBot/3.0; +http://yandex.com/bots)"
88.198.25.101 - - [31/Jul/2014:12:28:22 +0000] "GET / HTTP/1.1" 301 587 "-" "-"
69.58.178.56 - - [02/Aug/2014:06:28:27 +0000] "GET /robots.txt HTTP/1.1" 301 554 "-" "BlackBerry9000/4.6.0.167 Profile/MIDP-2.0 Configuration/CLDC-1.1 VendorID/102 ips-agent"
69.58.178.56 - - [02/Aug/2014:06:28:28 +0000] "GET / HTTP/1.1" 301 534 "-" "Mozilla/5.0 (X11; Ubuntu; Linux i686; rv:14.0; ips-agent) Gecko/20100101 Firefox/14.0.1"
100.43.91.16 - - [03/Aug/2014:08:48:49 +0000] "GET /robots.txt HTTP/1.1" 301 606 "-" "Mozilla/5.0 (compatible; YandexBot/3.0; +http://yandex.com/bots)"
100.43.91.16 - - [03/Aug/2014:08:48:51 +0000] "GET / HTTP/1.1" 301 549 "-" "Mozilla/5.0 (compatible; YandexBot/3.0; +http://yandex.com/bots)"
207.46.13.33 - - [03/Aug/2014:21:44:07 +0000] "GET /robots.txt HTTP/1.1" 301 611 "-" "Mozilla/5.0 (compatible; bingbot/2.0; +http://www.bing.com/bingbot.htm)"
207.46.13.33 - - [03/Aug/2014:21:44:15 +0000] "GET / HTTP/1.1" 301 552 "-" "Mozilla/5.0 (compatible; bingbot/2.0; +http://www.bing.com/bingbot.htm)"
66.249.69.90 - - [04/Aug/2014:07:41:35 +0000] "GET /robots.txt HTTP/1.1" 301 570 "-" "Mozilla/5.0 (compatible; Googlebot/2.1; +http://www.google.com/bot.html)"
66.249.69.122 - - [04/Aug/2014:07:41:35 +0000] "GET / HTTP/1.1" 301 552 "-" "Mozilla/5.0 (compatible; Googlebot/2.1; +http://www.google.com/bot.html)"
66.249.69.103 - - [04/Aug/2014:10:26:48 +0000] "GET /robots.txt HTTP/1.1" 301 567 "-" "Mozilla/5.0 (compatible; Googlebot/2.1; +http://www.google.com/bot.html)"
66.249.69.119 - - [04/Aug/2014:10:26:49 +0000] "GET / HTTP/1.1" 301 549 "-" "Mozilla/5.0 (compatible; Googlebot/2.1; +http://www.google.com/bot.html)"
66.249.69.90 - - [04/Aug/2014:10:36:38 +0000] "GET / HTTP/1.1" 301 552 "-" "Mozilla/5.0 (compatible; Googlebot/2.1; +http://www.google.com/bot.html)"
66.249.69.122 - - [04/Aug/2014:14:52:16 +0000] "GET / HTTP/1.1" 301 552 "-" "Mozilla/5.0 (compatible; Googlebot/2.1; +http://www.google.com/bot.html)"
66.249.69.90 - - [04/Aug/2014:16:24:37 +0000] "GET / HTTP/1.1" 301 552 "-" "Mozilla/5.0 (compatible; Googlebot/2.1; +http://www.google.com/bot.html)"
66.249.64.103 - - [04/Aug/2014:18:23:45 +0000] "GET /robots.txt HTTP/1.1" 301 570 "-" "Mozilla/5.0 (compatible; Googlebot/2.1; +http://www.google.com/bot.html)"
66.249.64.98 - - [04/Aug/2014:18:23:45 +0000] "GET / HTTP/1.1" 301 552 "-" "Mozilla/5.0 (compatible; Googlebot/2.1; +http://www.google.com/bot.html)"
100.43.91.16 - - [05/Aug/2014:09:31:49 +0000] "GET /robots.txt HTTP/1.1" 301 606 "-" "Mozilla/5.0 (compatible; YandexBot/3.0; +http://yandex.com/bots)"
100.43.91.16 - - [05/Aug/2014:09:31:52 +0000] "GET / HTTP/1.1" 301 549 "-" "Mozilla/5.0 (compatible; YandexBot/3.0; +http://yandex.com/bots)"
74.52.245.146 - - [05/Aug/2014:11:55:49 +0000] "GET / HTTP/1.0" 301 553 "-" "Mozilla/5.0 (X11; U; Linux i686; en-US; rv:1.7.5) Gecko/20041107 Firefox/1.0"
212.150.186.56 - - [05/Aug/2014:17:30:44 +0000] "GET /wp-login.php HTTP/1.1" 301 571 "-" "Mozilla/5.0 (Windows NT 6.1) AppleWebKit/537.1 (KHTML, like Gecko) Chrome/24.0.1290.1 Safari/537.13"
212.150.186.56 - - [05/Aug/2014:17:30:44 +0000] "GET /administrator/ HTTP/1.1" 301 572 "-" "Mozilla/5.0 (Windows NT 6.1) AppleWebKit/537.1 (KHTML, like Gecko) Chrome/24.0.1290.1 Safari/537.13"
212.150.186.56 - - [05/Aug/2014:17:30:44 +0000] "GET /admin.php HTTP/1.1" 301 564 "-" "Mozilla/5.0 (Windows NT 6.1) AppleWebKit/537.1 (KHTML, like Gecko) Chrome/24.0.1290.1 Safari/537.13"
162.243.232.135 - - [06/Aug/2014:20:00:39 +0000] "HEAD / HTTP/1.1" 301 221 "http://www.netcraft.com/survey/" "Mozilla/4.0 (compatible; Netcraft Web Server Survey)"
100.43.91.16 - - [07/Aug/2014:11:35:33 +0000] "GET /robots.txt HTTP/1.1" 301 606 "-" "Mozilla/5.0 (compatible; YandexBot/3.0; +http://yandex.com/bots)"
100.43.91.16 - - [07/Aug/2014:11:35:35 +0000] "GET / HTTP/1.1" 301 549 "-" "Mozilla/5.0 (compatible; YandexBot/3.0; +http://yandex.com/bots)"
100.43.91.16 - - [09/Aug/2014:10:40:26 +0000] "GET /robots.txt HTTP/1.1" 301 607 "-" "Mozilla/5.0 (compatible; YandexBot/3.0; +http://yandex.com/bots)"
100.43.91.16 - - [09/Aug/2014:10:40:29 +0000] "GET / HTTP/1.1" 301 549 "-" "Mozilla/5.0 (compatible; YandexBot/3.0; +http://yandex.com/bots)"
81.82.255.164 - - [11/Aug/2014:02:14:50 +0000] "GET /wp-content/plugins/wysija-newsletters/readme.txt HTTP/1.1" 301 683 "-" "Mozilla/5.0 (Windows NT 6.0) AppleWebKit/537.36 (KHTML, like Gecko) Chrome/28.0.1468.0 Safari/537.36"
100.43.91.16 - - [11/Aug/2014:08:52:12 +0000] "GET /robots.txt HTTP/1.1" 301 606 "-" "Mozilla/5.0 (compatible; YandexBot/3.0; +http://yandex.com/bots)"
100.43.91.16 - - [11/Aug/2014:08:52:14 +0000] "GET / HTTP/1.1" 301 549 "-" "Mozilla/5.0 (compatible; YandexBot/3.0; +http://yandex.com/bots)"
81.82.255.164 - - [11/Aug/2014:12:02:24 +0000] "GET /blog/wp-content/plugins/wysija-newsletters/readme.txt HTTP/1.1" 301 693 "-" "Mozilla/5.0 (Windows NT 5.1) AppleWebKit/537.36 (KHTML, like Gecko) Chrome/31.0.1650.16 Safari/537.36"
104.131.210.91 - - [13/Aug/2014:16:06:27 +0000] "GET / HTTP/1.0" 301 553 "-" "Mozilla/5.0 (compatible; NetcraftSurveyAgent/1.0; +info@netcraft.com)"
87.244.134.58 - - [13/Aug/2014:16:49:02 +0000] "GET / HTTP/1.1" 301 549 "-" "Mozilla/4.0 (compatible; Synapse)"
104.131.193.53 - - [13/Aug/2014:18:30:49 +0000] "GET / HTTP/1.0" 301 553 "-" "Mozilla/5.0 (compatible; NetcraftSurveyAgent/1.0; +info@netcraft.com)"
104.131.193.74 - - [13/Aug/2014:20:27:39 +0000] "GET / HTTP/1.0" 301 553 "-" "Mozilla/5.0 (compatible; NetcraftSurveyAgent/1.0; +info@netcraft.com)"
104.131.210.215 - - [13/Aug/2014:22:24:25 +0000] "GET / HTTP/1.0" 301 553 "-" "Mozilla/5.0 (compatible; NetcraftSurveyAgent/1.0; +info@netcraft.com)"
104.131.210.189 - - [14/Aug/2014:12:37:47 +0000] "GET / HTTP/1.0" 301 553 "-" "Mozilla/5.0 (compatible; NetcraftSurveyAgent/1.0; +info@netcraft.com)"
176.102.37.86 - - [14/Aug/2014:13:17:45 +0000] "GET /wp-login.php HTTP/1.1" 301 571 "-" "Mozilla/5.0 (Windows NT 6.0) AppleWebKit/537.1 (KHTML, like Gecko) Chrome/24.0.1309.0 Safari/537.17"
176.102.37.86 - - [14/Aug/2014:13:18:10 +0000] "GET /administrator/ HTTP/1.1" 301 573 "-" "Mozilla/5.0 (Windows NT 6.0) AppleWebKit/537.1 (KHTML, like Gecko) Chrome/24.0.1309.0 Safari/537.17"
176.102.37.86 - - [14/Aug/2014:13:18:39 +0000] "GET /admin.php HTTP/1.1" 301 565 "-" "Mozilla/5.0 (Windows NT 6.0) AppleWebKit/537.1 (KHTML, like Gecko) Chrome/24.0.1309.0 Safari/537.17"
46.229.170.197 - - [14/Aug/2014:18:10:04 +0000] "GET / HTTP/1.1" 301 530 "-" "Mozilla/5.0 (Windows NT 6.1; Win64; x64; rv:2.0b9pre) Gecko/20101228 Firefox/4.0b9pre"
66.249.69.202 - - [15/Aug/2014:18:01:09 +0000] "GET /robots.txt HTTP/1.1" 301 570 "-" "Mozilla/5.0 (compatible; Googlebot/2.1; +http://www.google.com/bot.html)"
66.249.69.218 - - [15/Aug/2014:18:01:09 +0000] "GET / HTTP/1.1" 301 552 "-" "Mozilla/5.0 (compatible; Googlebot/2.1; +http://www.google.com/bot.html)"
66.249.69.215 - - [15/Aug/2014:20:21:32 +0000] "GET /robots.txt HTTP/1.1" 301 567 "-" "Mozilla/5.0 (compatible; Googlebot/2.1; +http://www.google.com/bot.html)"
66.249.69.183 - - [15/Aug/2014:20:21:32 +0000] "GET / HTTP/1.1" 301 549 "-" "Mozilla/5.0 (compatible; Googlebot/2.1; +http://www.google.com/bot.html)"
100.43.91.16 - - [15/Aug/2014:23:23:37 +0000] "GET /robots.txt HTTP/1.1" 301 606 "-" "Mozilla/5.0 (compatible; YandexBot/3.0; +http://yandex.com/bots)"
100.43.91.16 - - [15/Aug/2014:23:23:39 +0000] "GET / HTTP/1.1" 301 549 "-" "Mozilla/5.0 (compatible; YandexBot/3.0; +http://yandex.com/bots)"
74.52.245.146 - - [18/Aug/2014:17:17:23 +0000] "GET / HTTP/1.0" 301 553 "-" "Mozilla/5.0 (X11; U; Linux i686; en-US; rv:1.7.5) Gecko/20041107 Firefox/1.0"
157.55.39.151 - - [20/Aug/2014:11:26:18 +0000] "GET /robots.txt HTTP/1.1" 301 611 "-" "Mozilla/5.0 (compatible; bingbot/2.0; +http://www.bing.com/bingbot.htm)"
157.55.39.151 - - [20/Aug/2014:11:26:28 +0000] "GET / HTTP/1.1" 301 552 "-" "Mozilla/5.0 (compatible; bingbot/2.0; +http://www.bing.com/bingbot.htm)"
66.249.16.211 - - [21/Aug/2014:20:26:39 +0000] "GET / HTTP/1.1" 301 552 "http://whois.domaintools.com/carl-fink.name" "Mozilla/5.0 (compatible; bingbot/2.0; +http://www.bing.com/bingbot.htm)"
66.249.65.26 - - [25/Aug/2014:02:47:47 +0000] "GET /robots.txt HTTP/1.1" 301 570 "-" "Mozilla/5.0 (compatible; Googlebot/2.1; +http://www.google.com/bot.html)"
66.249.65.34 - - [25/Aug/2014:02:47:48 +0000] "GET / HTTP/1.1" 301 552 "-" "Mozilla/5.0 (compatible; Googlebot/2.1; +http://www.google.com/bot.html)"
66.249.65.42 - - [25/Aug/2014:06:41:55 +0000] "GET / HTTP/1.1" 301 552 "-" "Mozilla/5.0 (compatible; Googlebot/2.1; +http://www.google.com/bot.html)"
66.249.69.186 - - [25/Aug/2014:12:56:09 +0000] "GET /robots.txt HTTP/1.1" 301 570 "-" "Mozilla/5.0 (compatible; Googlebot/2.1; +http://www.google.com/bot.html)"
66.249.69.218 - - [25/Aug/2014:12:56:09 +0000] "GET / HTTP/1.1" 301 552 "-" "Mozilla/5.0 (compatible; Googlebot/2.1; +http://www.google.com/bot.html)"
66.249.69.215 - - [25/Aug/2014:18:27:13 +0000] "GET /robots.txt HTTP/1.1" 301 567 "-" "Mozilla/5.0 (compatible; Googlebot/2.1; +http://www.google.com/bot.html)"
66.249.69.183 - - [25/Aug/2014:18:27:13 +0000] "GET / HTTP/1.1" 301 549 "-" "Mozilla/5.0 (compatible; Googlebot/2.1; +http://www.google.com/bot.html)"
66.249.69.215 - - [25/Aug/2014:22:22:35 +0000] "GET / HTTP/1.1" 301 549 "-" "Mozilla/5.0 (compatible; Googlebot/2.1; +http://www.google.com/bot.html)"
88.81.46.180 - - [26/Aug/2014:06:27:19 +0000] "GET / HTTP/1.1" 301 530 "http://vidimo.net" "Mozilla/5.0 (Windows; U; Windows NT 6.1; en-US; rv:1.9.2.8) Gecko/20100722 Firefox/3.6.8"
46.229.170.197 - - [01/Sep/2014:08:31:37 +0000] "GET / HTTP/1.1" 301 530 "-" "Mozilla/5.0 (X11; U; OpenBSD i386; en-US; rv:1.9.2.8) Gecko/20101230 Firefox/3.6.8"
100.43.91.16 - - [01/Sep/2014:20:21:50 +0000] "GET /robots.txt HTTP/1.1" 301 606 "-" "Mozilla/5.0 (compatible; YandexBot/3.0; +http://yandex.com/bots)"
100.43.91.16 - - [01/Sep/2014:20:21:53 +0000] "GET / HTTP/1.1" 301 549 "-" "Mozilla/5.0 (compatible; YandexBot/3.0; +http://yandex.com/bots)"
69.58.178.57 - - [02/Sep/2014:05:12:32 +0000] "GET /robots.txt HTTP/1.1" 301 554 "-" "BlackBerry9000/4.6.0.167 Profile/MIDP-2.0 Configuration/CLDC-1.1 VendorID/102 ips-agent"
69.58.178.57 - - [02/Sep/2014:05:12:33 +0000] "GET / HTTP/1.1" 301 534 "-" "Mozilla/5.0 (X11; Ubuntu; Linux i686; rv:14.0; ips-agent) Gecko/20100101 Firefox/14.0.1"
100.43.91.16 - - [03/Sep/2014:00:55:58 +0000] "GET /robots.txt HTTP/1.1" 301 607 "-" "Mozilla/5.0 (compatible; YandexBot/3.0; +http://yandex.com/bots)"
100.43.91.16 - - [03/Sep/2014:00:56:00 +0000] "GET / HTTP/1.1" 301 548 "-" "Mozilla/5.0 (compatible; YandexBot/3.0; +http://yandex.com/bots)"
5.56.63.52 - - [04/Sep/2014:12:40:12 +0000] "GET / HTTP/1.1" 301 511 "http://carla.martignon.name" "CATExplorador/1.0beta (sistemes at domini dot cat; http://domini.cat/catexplorador.html)"
66.249.65.42 - - [04/Sep/2014:21:30:32 +0000] "GET /robots.txt HTTP/1.1" 301 570 "-" "Mozilla/5.0 (compatible; Googlebot/2.1; +http://www.google.com/bot.html)"
66.249.65.42 - - [04/Sep/2014:21:30:32 +0000] "GET / HTTP/1.1" 301 552 "-" "Mozilla/5.0 (compatible; Googlebot/2.1; +http://www.google.com/bot.html)"
100.43.91.16 - - [05/Sep/2014:02:35:21 +0000] "GET /robots.txt HTTP/1.1" 301 606 "-" "Mozilla/5.0 (compatible; YandexBot/3.0; +http://yandex.com/bots)"
100.43.91.16 - - [05/Sep/2014:02:35:23 +0000] "GET / HTTP/1.1" 301 549 "-" "Mozilla/5.0 (compatible; YandexBot/3.0; +http://yandex.com/bots)"
66.249.65.26 - - [05/Sep/2014:04:38:01 +0000] "GET / HTTP/1.1" 301 552 "-" "Mozilla/5.0 (compatible; Googlebot/2.1; +http://www.google.com/bot.html)"
66.249.65.42 - - [05/Sep/2014:06:34:54 +0000] "GET / HTTP/1.1" 301 552 "-" "Mozilla/5.0 (compatible; Googlebot/2.1; +http://www.google.com/bot.html)"
66.249.65.1 - - [05/Sep/2014:07:33:30 +0000] "GET /robots.txt HTTP/1.1" 301 567 "-" "Mozilla/5.0 (compatible; Googlebot/2.1; +http://www.google.com/bot.html)"
66.249.65.1 - - [05/Sep/2014:07:33:30 +0000] "GET / HTTP/1.1" 301 549 "-" "Mozilla/5.0 (compatible; Googlebot/2.1; +http://www.google.com/bot.html)"
66.249.65.159 - - [05/Sep/2014:12:29:27 +0000] "GET / HTTP/1.1" 301 549 "-" "Mozilla/5.0 (compatible; Googlebot/2.1; +http://www.google.com/bot.html)"
66.249.69.183 - - [05/Sep/2014:15:23:45 +0000] "GET /robots.txt HTTP/1.1" 301 567 "-" "Mozilla/5.0 (compatible; Googlebot/2.1; +http://www.google.com/bot.html)"
66.249.69.199 - - [05/Sep/2014:15:23:45 +0000] "GET / HTTP/1.1" 301 549 "-" "Mozilla/5.0 (compatible; Googlebot/2.1; +http://www.google.com/bot.html)"
66.249.69.183 - - [05/Sep/2014:19:15:13 +0000] "GET / HTTP/1.1" 301 549 "-" "Mozilla/5.0 (compatible; Googlebot/2.1; +http://www.google.com/bot.html)"
157.55.39.151 - - [06/Sep/2014:11:26:51 +0000] "GET /robots.txt HTTP/1.1" 301 611 "-" "Mozilla/5.0 (compatible; bingbot/2.0; +http://www.bing.com/bingbot.htm)"
157.55.39.151 - - [06/Sep/2014:11:26:54 +0000] "GET / HTTP/1.1" 301 552 "-" "Mozilla/5.0 (compatible; bingbot/2.0; +http://www.bing.com/bingbot.htm)"
100.43.91.16 - - [07/Sep/2014:01:29:10 +0000] "GET /robots.txt HTTP/1.1" 301 606 "-" "Mozilla/5.0 (compatible; YandexBot/3.0; +http://yandex.com/bots)"
100.43.91.16 - - [07/Sep/2014:01:29:12 +0000] "GET / HTTP/1.1" 301 549 "-" "Mozilla/5.0 (compatible; YandexBot/3.0; +http://yandex.com/bots)"
100.43.91.16 - - [09/Sep/2014:02:07:55 +0000] "GET /robots.txt HTTP/1.1" 301 607 "-" "Mozilla/5.0 (compatible; YandexBot/3.0; +http://yandex.com/bots)"
100.43.91.16 - - [09/Sep/2014:02:07:57 +0000] "GET / HTTP/1.1" 301 548 "-" "Mozilla/5.0 (compatible; YandexBot/3.0; +http://yandex.com/bots)"
104.131.210.125 - - [10/Sep/2014:10:16:26 +0000] "HEAD / HTTP/1.1" 301 221 "http://www.netcraft.com/survey/" "Mozilla/4.0 (compatible; Netcraft Web Server Survey)"
100.43.91.16 - - [11/Sep/2014:04:08:33 +0000] "GET /robots.txt HTTP/1.1" 301 606 "-" "Mozilla/5.0 (compatible; YandexBot/3.0; +http://yandex.com/bots)"
100.43.91.16 - - [11/Sep/2014:04:08:35 +0000] "GET / HTTP/1.1" 301 549 "-" "Mozilla/5.0 (compatible; YandexBot/3.0; +http://yandex.com/bots)"
176.96.248.94 - - [11/Sep/2014:11:36:16 +0000] "GET / HTTP/1.0" 301 549 "http://carl-fink.name/" "Mozilla/4.0 (compatible; MSIE 6.0; Windows 98; Win 9x 4.90)"
104.131.197.77 - - [12/Sep/2014:02:05:00 +0000] "GET / HTTP/1.0" 301 553 "-" "Mozilla/5.0 (compatible; NetcraftSurveyAgent/1.0; +info@netcraft.com)"
5.9.214.2 - - [13/Sep/2014:18:10:42 +0000] "GET / HTTP/1.1" 301 530 "-" "Mozilla/5.0 (Windows; U; MSIE 9.0; Windows NT 9.0; en-US)"
100.43.91.16 - - [14/Sep/2014:02:41:05 +0000] "GET /robots.txt HTTP/1.1" 301 606 "-" "Mozilla/5.0 (compatible; YandexBot/3.0; +http://yandex.com/bots)"
100.43.91.16 - - [14/Sep/2014:02:41:07 +0000] "GET / HTTP/1.1" 301 549 "-" "Mozilla/5.0 (compatible; YandexBot/3.0; +http://yandex.com/bots)"
66.249.69.186 - - [15/Sep/2014:07:00:11 +0000] "GET /robots.txt HTTP/1.1" 301 570 "-" "Mozilla/5.0 (compatible; Googlebot/2.1; +http://www.google.com/bot.html)"
66.249.69.202 - - [15/Sep/2014:07:00:11 +0000] "GET / HTTP/1.1" 301 552 "-" "Mozilla/5.0 (compatible; Googlebot/2.1; +http://www.google.com/bot.html)"
66.249.69.186 - - [15/Sep/2014:08:56:49 +0000] "GET / HTTP/1.1" 301 552 "-" "Mozilla/5.0 (compatible; Googlebot/2.1; +http://www.google.com/bot.html)"
66.249.69.186 - - [15/Sep/2014:10:53:21 +0000] "GET / HTTP/1.1" 301 552 "-" "Mozilla/5.0 (compatible; Googlebot/2.1; +http://www.google.com/bot.html)"
66.249.69.202 - - [15/Sep/2014:12:50:02 +0000] "GET / HTTP/1.1" 301 552 "-" "Mozilla/5.0 (compatible; Googlebot/2.1; +http://www.google.com/bot.html)"
66.249.69.202 - - [15/Sep/2014:14:48:31 +0000] "GET / HTTP/1.1" 301 552 "-" "Mozilla/5.0 (compatible; Googlebot/2.1; +http://www.google.com/bot.html)"
66.249.79.42 - - [15/Sep/2014:16:43:14 +0000] "GET /robots.txt HTTP/1.1" 301 570 "-" "Mozilla/5.0 (compatible; Googlebot/2.1; +http://www.google.com/bot.html)"
66.249.79.42 - - [15/Sep/2014:16:43:14 +0000] "GET / HTTP/1.1" 301 552 "-" "Mozilla/5.0 (compatible; Googlebot/2.1; +http://www.google.com/bot.html)"
66.249.65.15 - - [16/Sep/2014:00:33:47 +0000] "GET /robots.txt HTTP/1.1" 301 567 "-" "Mozilla/5.0 (compatible; Googlebot/2.1; +http://www.google.com/bot.html)"
66.249.65.1 - - [16/Sep/2014:00:33:47 +0000] "GET / HTTP/1.1" 301 549 "-" "Mozilla/5.0 (compatible; Googlebot/2.1; +http://www.google.com/bot.html)"
100.43.91.16 - - [16/Sep/2014:23:48:51 +0000] "GET /robots.txt HTTP/1.1" 301 606 "-" "Mozilla/5.0 (compatible; YandexBot/3.0; +http://yandex.com/bots)"
100.43.91.16 - - [16/Sep/2014:23:48:53 +0000] "GET / HTTP/1.1" 301 549 "-" "Mozilla/5.0 (compatible; YandexBot/3.0; +http://yandex.com/bots)"
100.43.91.16 - - [19/Sep/2014:14:29:55 +0000] "GET /robots.txt HTTP/1.1" 301 606 "-" "Mozilla/5.0 (compatible; YandexBot/3.0; +http://yandex.com/bots)"
100.43.91.16 - - [19/Sep/2014:14:29:57 +0000] "GET / HTTP/1.1" 301 549 "-" "Mozilla/5.0 (compatible; YandexBot/3.0; +http://yandex.com/bots)"
46.229.170.197 - - [20/Sep/2014:10:41:24 +0000] "GET / HTTP/1.1" 301 530 "-" "Mozilla/5.0 (X11; Linux ppc; rv:5.0) Gecko/20100101 Firefox/5.0"
100.43.91.16 - - [20/Sep/2014:17:09:15 +0000] "GET /robots.txt HTTP/1.1" 301 607 "-" "Mozilla/5.0 (compatible; YandexBot/3.0; +http://yandex.com/bots)"
100.43.91.16 - - [20/Sep/2014:17:09:17 +0000] "GET / HTTP/1.1" 301 548 "-" "Mozilla/5.0 (compatible; YandexBot/3.0; +http://yandex.com/bots)"
100.43.91.16 - - [24/Sep/2014:03:05:02 +0000] "GET /robots.txt HTTP/1.1" 301 607 "-" "Mozilla/5.0 (compatible; YandexBot/3.0; +http://yandex.com/bots)"
100.43.91.16 - - [24/Sep/2014:03:05:04 +0000] "GET / HTTP/1.1" 301 548 "-" "Mozilla/5.0 (compatible; YandexBot/3.0; +http://yandex.com/bots)"
81.177.141.228 - - [25/Sep/2014:12:14:35 +0000] "GET / HTTP/1.1" 301 530 "http://carl-fink.name" "Mozilla/5.0 (Windows; U; Windows NT 5.1; en-US) AppleWebKit/533.4 (KHTML, like Gecko) Chrome/5.0.375.99 Safari/533.4"
100.43.91.16 - - [25/Sep/2014:13:02:07 +0000] "GET /robots.txt HTTP/1.1" 301 607 "-" "Mozilla/5.0 (compatible; YandexBot/3.0; +http://yandex.com/bots)"
100.43.91.16 - - [25/Sep/2014:13:02:10 +0000] "GET / HTTP/1.1" 301 549 "-" "Mozilla/5.0 (compatible; YandexBot/3.0; +http://yandex.com/bots)"
74.52.245.146 - - [25/Sep/2014:21:41:55 +0000] "GET / HTTP/1.0" 301 553 "-" "Mozilla/5.0 (X11; U; Linux i686; en-US; rv:1.7.5) Gecko/20041107 Firefox/1.0"
66.249.69.202 - - [26/Sep/2014:17:39:14 +0000] "GET /robots.txt HTTP/1.1" 301 570 "-" "Mozilla/5.0 (compatible; Googlebot/2.1; +http://www.google.com/bot.html)"
66.249.69.186 - - [26/Sep/2014:17:39:14 +0000] "GET / HTTP/1.1" 301 552 "-" "Mozilla/5.0 (compatible; Googlebot/2.1; +http://www.google.com/bot.html)"
66.249.69.202 - - [26/Sep/2014:20:37:11 +0000] "GET / HTTP/1.1" 301 552 "-" "Mozilla/5.0 (compatible; Googlebot/2.1; +http://www.google.com/bot.html)"
66.249.69.186 - - [26/Sep/2014:22:20:53 +0000] "GET / HTTP/1.1" 301 552 "-" "Mozilla/5.0 (compatible; Googlebot/2.1; +http://www.google.com/bot.html)"
66.249.69.186 - - [27/Sep/2014:00:30:27 +0000] "GET / HTTP/1.1" 301 552 "-" "Mozilla/5.0 (compatible; Googlebot/2.1; +http://www.google.com/bot.html)"
66.249.69.215 - - [27/Sep/2014:04:29:01 +0000] "GET /robots.txt HTTP/1.1" 301 567 "-" "Mozilla/5.0 (compatible; Googlebot/2.1; +http://www.google.com/bot.html)"
66.249.69.215 - - [27/Sep/2014:04:29:01 +0000] "GET / HTTP/1.1" 301 548 "-" "Mozilla/5.0 (compatible; Googlebot/2.1; +http://www.google.com/bot.html)"
100.43.91.16 - - [27/Sep/2014:13:20:01 +0000] "GET /robots.txt HTTP/1.1" 301 606 "-" "Mozilla/5.0 (compatible; YandexBot/3.0; +http://yandex.com/bots)"
100.43.91.16 - - [27/Sep/2014:13:20:03 +0000] "GET / HTTP/1.1" 301 549 "-" "Mozilla/5.0 (compatible; YandexBot/3.0; +http://yandex.com/bots)"
100.43.91.16 - - [29/Sep/2014:16:48:00 +0000] "GET /robots.txt HTTP/1.1" 301 607 "-" "Mozilla/5.0 (compatible; YandexBot/3.0; +http://yandex.com/bots)"
100.43.91.16 - - [29/Sep/2014:16:48:02 +0000] "GET / HTTP/1.1" 301 548 "-" "Mozilla/5.0 (compatible; YandexBot/3.0; +http://yandex.com/bots)"
100.43.91.16 - - [01/Oct/2014:13:22:05 +0000] "GET /robots.txt HTTP/1.1" 301 606 "-" "Mozilla/5.0 (compatible; YandexBot/3.0; +http://yandex.com/bots)"
100.43.91.16 - - [01/Oct/2014:13:22:08 +0000] "GET / HTTP/1.1" 301 548 "-" "Mozilla/5.0 (compatible; YandexBot/3.0; +http://yandex.com/bots)"
69.58.178.56 - - [02/Oct/2014:05:11:41 +0000] "GET /robots.txt HTTP/1.1" 301 554 "-" "Mozilla/5.0 (X11; Ubuntu; Linux i686; rv:14.0; ips-agent) Gecko/20100101 Firefox/14.0.1"
69.58.178.56 - - [02/Oct/2014:05:11:42 +0000] "GET / HTTP/1.1" 301 534 "-" "Mozilla/5.0 (X11; Ubuntu; Linux i686; rv:14.0; ips-agent) Gecko/20100101 Firefox/14.0.1"
100.43.91.16 - - [03/Oct/2014:17:49:51 +0000] "GET /robots.txt HTTP/1.1" 301 606 "-" "Mozilla/5.0 (compatible; YandexBot/3.0; +http://yandex.com/bots)"
100.43.91.16 - - [03/Oct/2014:17:49:53 +0000] "GET / HTTP/1.1" 301 549 "-" "Mozilla/5.0 (compatible; YandexBot/3.0; +http://yandex.com/bots)"
100.43.91.16 - - [05/Oct/2014:23:50:43 +0000] "GET /robots.txt HTTP/1.1" 301 606 "-" "Mozilla/5.0 (compatible; YandexBot/3.0; +http://yandex.com/bots)"
100.43.91.16 - - [05/Oct/2014:23:50:45 +0000] "GET / HTTP/1.1" 301 549 "-" "Mozilla/5.0 (compatible; YandexBot/3.0; +http://yandex.com/bots)"
104.131.211.122 - - [07/Oct/2014:00:16:52 +0000] "HEAD / HTTP/1.1" 301 221 "http://www.netcraft.com/survey/" "Mozilla/4.0 (compatible; Netcraft Web Server Survey)"
100.43.91.16 - - [07/Oct/2014:12:23:08 +0000] "GET /robots.txt HTTP/1.1" 301 607 "-" "Mozilla/5.0 (compatible; YandexBot/3.0; +http://yandex.com/bots)"
100.43.91.16 - - [07/Oct/2014:12:23:10 +0000] "GET / HTTP/1.1" 301 549 "-" "Mozilla/5.0 (compatible; YandexBot/3.0; +http://yandex.com/bots)"
66.249.69.199 - - [07/Oct/2014:19:40:37 +0000] "GET /robots.txt HTTP/1.1" 301 567 "-" "Mozilla/5.0 (compatible; Googlebot/2.1; +http://www.google.com/bot.html)"
66.249.69.183 - - [07/Oct/2014:19:40:38 +0000] "GET / HTTP/1.1" 301 549 "-" "Mozilla/5.0 (compatible; Googlebot/2.1; +http://www.google.com/bot.html)"
66.249.69.215 - - [07/Oct/2014:22:37:26 +0000] "GET / HTTP/1.1" 301 549 "-" "Mozilla/5.0 (compatible; Googlebot/2.1; +http://www.google.com/bot.html)"
66.249.69.199 - - [08/Oct/2014:00:34:40 +0000] "GET / HTTP/1.1" 301 549 "-" "Mozilla/5.0 (compatible; Googlebot/2.1; +http://www.google.com/bot.html)"
66.249.69.186 - - [08/Oct/2014:01:33:47 +0000] "GET /robots.txt HTTP/1.1" 301 570 "-" "Mozilla/5.0 (compatible; Googlebot/2.1; +http://www.google.com/bot.html)"
66.249.69.202 - - [08/Oct/2014:01:33:47 +0000] "GET / HTTP/1.1" 301 552 "-" "Mozilla/5.0 (compatible; Googlebot/2.1; +http://www.google.com/bot.html)"
66.249.69.186 - - [08/Oct/2014:05:29:08 +0000] "GET / HTTP/1.1" 301 552 "-" "Mozilla/5.0 (compatible; Googlebot/2.1; +http://www.google.com/bot.html)"
66.249.69.199 - - [08/Oct/2014:06:25:44 +0000] "GET / HTTP/1.1" 301 549 "-" "Mozilla/5.0 (compatible; Googlebot/2.1; +http://www.google.com/bot.html)"
104.131.193.179 - - [08/Oct/2014:14:05:05 +0000] "GET / HTTP/1.0" 301 553 "-" "Mozilla/5.0 (compatible; NetcraftSurveyAgent/1.0; +info@netcraft.com)"
158.106.67.122 - - [08/Oct/2014:18:20:46 +0000] "GET /robots.txt HTTP/1.1" 301 570 "-" "LinkWalker/3.0 (http://www.brandprotect.com)"
158.106.67.122 - - [08/Oct/2014:18:20:52 +0000] "GET / HTTP/1.1" 301 551 "-" "LinkWalker/3.0 (http://www.brandprotect.com)"
100.43.91.16 - - [10/Oct/2014:01:44:36 +0000] "GET /robots.txt HTTP/1.1" 301 606 "-" "Mozilla/5.0 (compatible; YandexBot/3.0; +http://yandex.com/bots)"
100.43.91.16 - - [10/Oct/2014:01:44:38 +0000] "GET / HTTP/1.1" 301 549 "-" "Mozilla/5.0 (compatible; YandexBot/3.0; +http://yandex.com/bots)"
157.55.39.179 - - [10/Oct/2014:17:04:58 +0000] "GET /robots.txt HTTP/1.1" 301 611 "-" "Mozilla/5.0 (compatible; bingbot/2.0; +http://www.bing.com/bingbot.htm)"
157.55.39.178 - - [10/Oct/2014:17:05:04 +0000] "GET / HTTP/1.1" 301 552 "-" "Mozilla/5.0 (compatible; bingbot/2.0; +http://www.bing.com/bingbot.htm)"
46.229.170.197 - - [11/Oct/2014:06:48:09 +0000] "GET / HTTP/1.1" 301 530 "-" "Mozilla/5.0 (Macintosh; Intel Mac OS X 10.6; rv:2.0b11pre) Gecko/20110126 Firefox/4.0b11pre"
100.43.91.16 - - [11/Oct/2014:12:46:45 +0000] "GET /robots.txt HTTP/1.1" 301 607 "-" "Mozilla/5.0 (compatible; YandexBot/3.0; +http://yandex.com/bots)"
100.43.91.16 - - [11/Oct/2014:12:46:47 +0000] "GET / HTTP/1.1" 301 549 "-" "Mozilla/5.0 (compatible; YandexBot/3.0; +http://yandex.com/bots)"
100.43.91.16 - - [13/Oct/2014:09:49:47 +0000] "GET /robots.txt HTTP/1.1" 301 606 "-" "Mozilla/5.0 (compatible; YandexBot/3.0; +http://yandex.com/bots)"
