199.21.99.117 - - [04/Dec/2013:12:15:07 +0000] "GET / HTTP/1.1" 301 549 "-" "Mozilla/5.0 (compatible; YandexBot/3.0; +http://yandex.com/bots)"
199.21.99.117 - - [05/Dec/2013:09:49:49 +0000] "GET /robots.txt HTTP/1.1" 301 606 "-" "Mozilla/5.0 (compatible; YandexBot/3.0; +http://yandex.com/bots)"
199.21.99.117 - - [05/Dec/2013:09:49:52 +0000] "GET / HTTP/1.1" 301 549 "-" "Mozilla/5.0 (compatible; YandexBot/3.0; +http://yandex.com/bots)"
54.202.127.132 - - [05/Dec/2013:13:24:48 +0000] "GET / HTTP/1.1" 301 534 "http://www.binary-deluxe.com" "Mozilla/5.0 (Windows NT 6.1; Win64; x64; rv:25.0) Gecko/20100101 Firefox/25.0"
199.21.99.117 - - [07/Dec/2013:05:05:29 +0000] "GET /robots.txt HTTP/1.1" 301 606 "-" "Mozilla/5.0 (compatible; YandexBot/3.0; +http://yandex.com/bots)"
199.21.99.117 - - [07/Dec/2013:05:05:31 +0000] "GET / HTTP/1.1" 301 549 "-" "Mozilla/5.0 (compatible; YandexBot/3.0; +http://yandex.com/bots)"
162.243.80.243 - - [07/Dec/2013:12:36:56 +0000] "HEAD / HTTP/1.1" 301 221 "http://www.netcraft.com/survey/" "Mozilla/4.0 (compatible; Netcraft Web Server Survey)"
46.229.170.197 - - [07/Dec/2013:18:45:59 +0000] "GET / HTTP/1.1" 301 530 "-" "Mozilla/5.0 (Windows NT 6.1; Win64; x64; rv:5.0) Gecko/20100101 Firefox/5.0"
178.184.18.165 - - [08/Dec/2013:09:21:20 +0000] "GET /robots.txt HTTP/1.1" 301 569 "http://carl-fink.name/robots.txt" "Mozilla/4.0 (compatible; MSIE 6.0; Windows NT 5.1; SV1)"
178.184.18.165 - - [08/Dec/2013:09:40:46 +0000] "GET /robots.txt HTTP/1.1" 301 529 "http://carl-fink.name/robots.txt" "Mozilla/4.0 (compatible; MSIE 6.0; Windows NT 5.1; SV1)"
178.184.18.165 - - [08/Dec/2013:09:46:26 +0000] "GET /robots.txt HTTP/1.1" 301 569 "http://carl-fink.name/robots.txt" "Mozilla/4.0 (compatible; MSIE 6.0; Windows NT 5.1; SV1)"
178.184.18.165 - - [08/Dec/2013:10:11:38 +0000] "GET /robots.txt HTTP/1.1" 301 529 "http://carl-fink.name/robots.txt" "Mozilla/5.0 (compatible; AhrefsBot/5.0; +http://ahrefs.com/robot/)"
178.184.18.165 - - [08/Dec/2013:10:16:21 +0000] "GET /robots.txt HTTP/1.1" 301 529 "http://carl-fink.name/robots.txt" "Mozilla/5.0 (Windows NT 6.1; WOW64; rv:25.0) Gecko/20100101 Firefox/25.0"
178.184.18.165 - - [08/Dec/2013:10:27:47 +0000] "GET /robots.txt HTTP/1.1" 301 529 "http://carl-fink.name/robots.txt" "Mozilla/5.0 (Windows NT 6.1; WOW64; rv:25.0) Gecko/20100101 Firefox/25.0"
178.184.18.165 - - [08/Dec/2013:10:33:06 +0000] "GET /robots.txt HTTP/1.1" 301 529 "http://carl-fink.name/robots.txt" "Mozilla/5.0 (Windows NT 6.1; WOW64; rv:25.0) Gecko/20100101 Firefox/25.0"
46.4.48.68 - - [08/Dec/2013:16:21:38 +0000] "GET /robots.txt HTTP/1.1" 301 529 "http://carl-fink.name/robots.txt" "Mozilla/5.0 (Windows NT 6.1; WOW64; rv:25.0) Gecko/20100101 Firefox/25.0"
199.21.99.117 - - [09/Dec/2013:04:59:32 +0000] "GET /robots.txt HTTP/1.1" 301 607 "-" "Mozilla/5.0 (compatible; YandexBot/3.0; +http://yandex.com/bots)"
199.21.99.117 - - [09/Dec/2013:04:59:34 +0000] "GET / HTTP/1.1" 301 548 "-" "Mozilla/5.0 (compatible; YandexBot/3.0; +http://yandex.com/bots)"
66.249.76.189 - - [10/Dec/2013:05:01:00 +0000] "GET /robots.txt HTTP/1.1" 301 570 "-" "Mozilla/5.0 (compatible; Googlebot/2.1; +http://www.google.com/bot.html)"
66.249.76.189 - - [10/Dec/2013:05:01:00 +0000] "GET / HTTP/1.1" 301 551 "-" "Mozilla/5.0 (compatible; Googlebot/2.1; +http://www.google.com/bot.html)"
66.249.76.189 - - [10/Dec/2013:09:56:32 +0000] "GET /robots.txt HTTP/1.1" 301 570 "-" "Mozilla/5.0 (compatible; Googlebot/2.1; +http://www.google.com/bot.html)"
67.202.31.112 - - [11/Dec/2013:01:07:40 +0000] "GET / HTTP/1.0" 301 553 "-" "Mozilla/5.0 (compatible; NetcraftSurveyAgent/1.0; +info@netcraft.com)"
66.249.76.153 - - [11/Dec/2013:04:30:36 +0000] "GET /robots.txt HTTP/1.1" 301 567 "-" "Mozilla/5.0 (compatible; Googlebot/2.1; +http://www.google.com/bot.html)"
66.249.76.153 - - [11/Dec/2013:04:30:36 +0000] "GET / HTTP/1.1" 301 548 "-" "Mozilla/5.0 (compatible; Googlebot/2.1; +http://www.google.com/bot.html)"
199.21.99.117 - - [11/Dec/2013:05:13:20 +0000] "GET /robots.txt HTTP/1.1" 301 607 "-" "Mozilla/5.0 (compatible; YandexBot/3.0; +http://yandex.com/bots)"
199.21.99.117 - - [11/Dec/2013:05:13:22 +0000] "GET / HTTP/1.1" 301 549 "-" "Mozilla/5.0 (compatible; YandexBot/3.0; +http://yandex.com/bots)"
157.55.33.121 - - [11/Dec/2013:10:50:49 +0000] "GET /robots.txt HTTP/1.1" 301 611 "-" "Mozilla/5.0 (compatible; bingbot/2.0; +http://www.bing.com/bingbot.htm)"
157.55.33.121 - - [11/Dec/2013:10:51:12 +0000] "GET / HTTP/1.1" 301 552 "-" "Mozilla/5.0 (compatible; bingbot/2.0; +http://www.bing.com/bingbot.htm)"
193.107.86.42 - - [12/Dec/2013:21:59:09 +0000] "GET / HTTP/1.1" 301 511 "https://www.google.nl/url?sa=t&rct=j&q=&esrc=s&source=web&cd=1&cad=rja&ved=0CCkQFjAA&url=http%3A%2F%2Fcarl-fink.name%2F&ei=7fKkUv6OM-n_ygO77YCwCg&usg=AFQjCNGl__s58p1926F4YQy1OfqKFwNUkQ" "Mozilla/5.0 (Windows NT 6.1; Win64; x64; rv:25.0) Gecko/20100101 Firefox/25.0"
199.21.99.117 - - [13/Dec/2013:11:12:01 +0000] "GET /robots.txt HTTP/1.1" 301 607 "-" "Mozilla/5.0 (compatible; YandexBot/3.0; +http://yandex.com/bots)"
199.21.99.117 - - [13/Dec/2013:11:12:03 +0000] "GET / HTTP/1.1" 301 548 "-" "Mozilla/5.0 (compatible; YandexBot/3.0; +http://yandex.com/bots)"
46.4.48.68 - - [14/Dec/2013:06:53:45 +0000] "GET / HTTP/1.1" 301 511 "http://carl-fink.name/" "Mozilla/5.0 (Windows NT 6.1; WOW64; rv:25.0) Gecko/20100101 Firefox/25.0"
199.21.99.117 - - [15/Dec/2013:06:31:20 +0000] "GET /robots.txt HTTP/1.1" 301 606 "-" "Mozilla/5.0 (compatible; YandexBot/3.0; +http://yandex.com/bots)"
199.21.99.117 - - [15/Dec/2013:06:31:22 +0000] "GET / HTTP/1.1" 301 549 "-" "Mozilla/5.0 (compatible; YandexBot/3.0; +http://yandex.com/bots)"
199.21.99.117 - - [17/Dec/2013:04:49:25 +0000] "GET /robots.txt HTTP/1.1" 301 607 "-" "Mozilla/5.0 (compatible; YandexBot/3.0; +http://yandex.com/bots)"
199.21.99.117 - - [17/Dec/2013:04:49:27 +0000] "GET / HTTP/1.1" 301 548 "-" "Mozilla/5.0 (compatible; YandexBot/3.0; +http://yandex.com/bots)"
81.177.48.219 - - [18/Dec/2013:08:43:30 +0000] "GET / HTTP/1.1" 301 511 "-" "Mozilla/5.0 (compatible; Googlebot/2.1; +http://www.google.com/bot.html)"
199.21.99.117 - - [19/Dec/2013:05:18:08 +0000] "GET /robots.txt HTTP/1.1" 301 606 "-" "Mozilla/5.0 (compatible; YandexBot/3.0; +http://yandex.com/bots)"
199.21.99.117 - - [19/Dec/2013:05:18:10 +0000] "GET / HTTP/1.1" 301 549 "-" "Mozilla/5.0 (compatible; YandexBot/3.0; +http://yandex.com/bots)"
54.202.181.79 - - [20/Dec/2013:00:22:37 +0000] "GET / HTTP/1.1" 301 534 "http://www.binary-deluxe.com" "Mozilla/5.0 (Windows NT 6.1; Win64; x64; rv:25.0) Gecko/20100101 Firefox/25.0"
199.21.99.117 - - [21/Dec/2013:03:55:50 +0000] "GET /robots.txt HTTP/1.1" 301 606 "-" "Mozilla/5.0 (compatible; YandexBot/3.0; +http://yandex.com/bots)"
199.21.99.117 - - [21/Dec/2013:03:55:52 +0000] "GET / HTTP/1.1" 301 549 "-" "Mozilla/5.0 (compatible; YandexBot/3.0; +http://yandex.com/bots)"
66.249.66.113 - - [21/Dec/2013:16:17:19 +0000] "GET /robots.txt HTTP/1.1" 301 570 "-" "Mozilla/5.0 (compatible; Googlebot/2.1; +http://www.google.com/bot.html)"
66.249.66.113 - - [21/Dec/2013:16:17:19 +0000] "GET / HTTP/1.1" 301 551 "-" "Mozilla/5.0 (compatible; Googlebot/2.1; +http://www.google.com/bot.html)"
66.249.66.195 - - [22/Dec/2013:02:38:35 +0000] "GET /robots.txt HTTP/1.1" 301 567 "-" "Mozilla/5.0 (compatible; Googlebot/2.1; +http://www.google.com/bot.html)"
66.249.66.195 - - [22/Dec/2013:02:38:35 +0000] "GET / HTTP/1.1" 301 548 "-" "Mozilla/5.0 (compatible; Googlebot/2.1; +http://www.google.com/bot.html)"
199.21.99.117 - - [23/Dec/2013:04:38:19 +0000] "GET /robots.txt HTTP/1.1" 301 607 "-" "Mozilla/5.0 (compatible; YandexBot/3.0; +http://yandex.com/bots)"
199.21.99.117 - - [23/Dec/2013:04:38:21 +0000] "GET / HTTP/1.1" 301 548 "-" "Mozilla/5.0 (compatible; YandexBot/3.0; +http://yandex.com/bots)"
54.212.126.143 - - [24/Dec/2013:01:55:58 +0000] "GET / HTTP/1.1" 301 549 "-" "Mozilla/4.0 (compatible; MSIE 6.0; America Online Browser 1.1; rev1.5; Windows NT 5.1; SV1; .NET CLR 1.1.4322; .NET CLR 2.0.50727)"
54.245.33.250 - - [26/Dec/2013:18:36:00 +0000] "GET / HTTP/1.1" 301 534 "http://www.forexunion.net" "Mozilla/5.0 (Windows NT 6.1; Win64; x64; rv:25.0) Gecko/20100101 Firefox/25.0"
199.21.99.117 - - [27/Dec/2013:14:38:21 +0000] "GET /robots.txt HTTP/1.1" 301 606 "-" "Mozilla/5.0 (compatible; YandexBot/3.0; +http://yandex.com/bots)"
199.21.99.117 - - [27/Dec/2013:14:38:23 +0000] "GET / HTTP/1.1" 301 549 "-" "Mozilla/5.0 (compatible; YandexBot/3.0; +http://yandex.com/bots)"
157.56.92.161 - - [28/Dec/2013:02:05:48 +0000] "GET /robots.txt HTTP/1.1" 301 611 "-" "Mozilla/5.0 (compatible; bingbot/2.0; +http://www.bing.com/bingbot.htm)"
157.56.92.161 - - [28/Dec/2013:02:06:37 +0000] "GET / HTTP/1.1" 301 552 "-" "Mozilla/5.0 (compatible; bingbot/2.0; +http://www.bing.com/bingbot.htm)"
199.21.99.117 - - [28/Dec/2013:11:07:09 +0000] "GET /robots.txt HTTP/1.1" 301 606 "-" "Mozilla/5.0 (compatible; YandexBot/3.0; +http://yandex.com/bots)"
199.21.99.117 - - [28/Dec/2013:11:07:12 +0000] "GET / HTTP/1.1" 301 549 "-" "Mozilla/5.0 (compatible; YandexBot/3.0; +http://yandex.com/bots)"
195.34.194.87 - - [29/Dec/2013:04:17:58 +0000] "GET /admin.php HTTP/1.1" 301 605 "-" "Opera/9.80 (Windows NT 6.1; U; ru) Presto/2.8.131 Version/11.10"
195.34.194.87 - - [29/Dec/2013:04:17:58 +0000] "GET /administrator/index.php HTTP/1.1" 301 632 "-" "Opera/9.80 (Windows NT 6.1; U; ru) Presto/2.8.131 Version/11.10"
195.34.194.87 - - [29/Dec/2013:04:17:59 +0000] "GET /wp-login.php HTTP/1.1" 301 610 "-" "Opera/9.80 (Windows NT 6.1; U; ru) Presto/2.8.131 Version/11.10"
199.21.99.117 - - [29/Dec/2013:10:44:56 +0000] "GET /robots.txt HTTP/1.1" 301 606 "-" "Mozilla/5.0 (compatible; YandexBot/3.0; +http://yandex.com/bots)"
199.21.99.117 - - [29/Dec/2013:10:44:58 +0000] "GET / HTTP/1.1" 301 549 "-" "Mozilla/5.0 (compatible; YandexBot/3.0; +http://yandex.com/bots)"
199.21.99.117 - - [31/Dec/2013:10:12:22 +0000] "GET /robots.txt HTTP/1.1" 301 607 "-" "Mozilla/5.0 (compatible; YandexBot/3.0; +http://yandex.com/bots)"
199.21.99.117 - - [31/Dec/2013:10:12:25 +0000] "GET / HTTP/1.1" 301 549 "-" "Mozilla/5.0 (compatible; YandexBot/3.0; +http://yandex.com/bots)"
66.249.73.153 - - [01/Jan/2014:04:38:59 +0000] "GET /robots.txt HTTP/1.1" 301 567 "-" "Mozilla/5.0 (compatible; Googlebot/2.1; +http://www.google.com/bot.html)"
66.249.73.153 - - [01/Jan/2014:04:38:59 +0000] "GET / HTTP/1.1" 301 548 "-" "Mozilla/5.0 (compatible; Googlebot/2.1; +http://www.google.com/bot.html)"
66.249.73.189 - - [01/Jan/2014:05:50:59 +0000] "GET /robots.txt HTTP/1.1" 301 570 "-" "Mozilla/5.0 (compatible; Googlebot/2.1; +http://www.google.com/bot.html)"
66.249.73.189 - - [01/Jan/2014:05:50:59 +0000] "GET / HTTP/1.1" 301 551 "-" "Mozilla/5.0 (compatible; Googlebot/2.1; +http://www.google.com/bot.html)"
199.21.99.117 - - [03/Jan/2014:04:17:30 +0000] "GET /robots.txt HTTP/1.1" 301 607 "-" "Mozilla/5.0 (compatible; YandexBot/3.0; +http://yandex.com/bots)"
199.21.99.117 - - [03/Jan/2014:04:17:33 +0000] "GET / HTTP/1.1" 301 548 "-" "Mozilla/5.0 (compatible; YandexBot/3.0; +http://yandex.com/bots)"
199.21.99.117 - - [05/Jan/2014:05:15:52 +0000] "GET /robots.txt HTTP/1.1" 301 607 "-" "Mozilla/5.0 (compatible; YandexBot/3.0; +http://yandex.com/bots)"
199.21.99.117 - - [05/Jan/2014:05:15:54 +0000] "GET / HTTP/1.1" 301 548 "-" "Mozilla/5.0 (compatible; YandexBot/3.0; +http://yandex.com/bots)"
46.229.170.197 - - [06/Jan/2014:06:47:29 +0000] "GET / HTTP/1.1" 301 530 "-" "Mozilla/5.0 (Windows NT 6.1; Win64; x64; rv:2.0b8pre) Gecko/20101213 Firefox/4.0b8pre"
199.21.99.117 - - [07/Jan/2014:05:22:22 +0000] "GET /robots.txt HTTP/1.1" 301 607 "-" "Mozilla/5.0 (compatible; YandexBot/3.0; +http://yandex.com/bots)"
199.21.99.117 - - [07/Jan/2014:05:22:24 +0000] "GET / HTTP/1.1" 301 548 "-" "Mozilla/5.0 (compatible; YandexBot/3.0; +http://yandex.com/bots)"
162.243.215.222 - - [08/Jan/2014:00:33:53 +0000] "HEAD / HTTP/1.1" 301 221 "http://www.netcraft.com/survey/" "Mozilla/4.0 (compatible; Netcraft Web Server Survey)"
199.21.99.117 - - [09/Jan/2014:06:03:05 +0000] "GET /robots.txt HTTP/1.1" 301 606 "-" "Mozilla/5.0 (compatible; YandexBot/3.0; +http://yandex.com/bots)"
199.21.99.117 - - [09/Jan/2014:06:03:08 +0000] "GET / HTTP/1.1" 301 549 "-" "Mozilla/5.0 (compatible; YandexBot/3.0; +http://yandex.com/bots)"
54.211.248.16 - - [09/Jan/2014:20:23:38 +0000] "GET / HTTP/1.0" 301 553 "-" "Mozilla/5.0 (compatible; NetcraftSurveyAgent/1.0; +info@netcraft.com)"
199.21.99.117 - - [11/Jan/2014:05:23:09 +0000] "GET /robots.txt HTTP/1.1" 301 606 "-" "Mozilla/5.0 (compatible; YandexBot/3.0; +http://yandex.com/bots)"
199.21.99.117 - - [11/Jan/2014:05:23:11 +0000] "GET / HTTP/1.1" 301 549 "-" "Mozilla/5.0 (compatible; YandexBot/3.0; +http://yandex.com/bots)"
66.249.75.195 - - [11/Jan/2014:07:57:11 +0000] "GET /robots.txt HTTP/1.1" 301 567 "-" "Mozilla/5.0 (compatible; Googlebot/2.1; +http://www.google.com/bot.html)"
66.249.75.195 - - [11/Jan/2014:07:57:11 +0000] "GET / HTTP/1.1" 301 548 "-" "Mozilla/5.0 (compatible; Googlebot/2.1; +http://www.google.com/bot.html)"
89.175.172.115 - - [11/Jan/2014:12:24:22 +0000] "GET /admin.php HTTP/1.1" 301 565 "-" "Opera/9.80 (Windows NT 6.1; U; ru) Presto/2.8.131 Version/11.10"
89.175.172.115 - - [11/Jan/2014:12:24:22 +0000] "GET /administrator/index.php HTTP/1.1" 301 587 "-" "Opera/9.80 (Windows NT 6.1; U; ru) Presto/2.8.131 Version/11.10"
89.175.172.115 - - [11/Jan/2014:12:24:22 +0000] "GET /wp-login.php HTTP/1.1" 301 570 "-" "Opera/9.80 (Windows NT 6.1; U; ru) Presto/2.8.131 Version/11.10"
66.249.73.153 - - [11/Jan/2014:13:17:09 +0000] "GET /robots.txt HTTP/1.1" 301 567 "-" "Mozilla/5.0 (compatible; Googlebot/2.1; +http://www.google.com/bot.html)"
66.249.73.153 - - [11/Jan/2014:13:17:09 +0000] "GET / HTTP/1.1" 301 548 "-" "Mozilla/5.0 (compatible; Googlebot/2.1; +http://www.google.com/bot.html)"
66.249.73.189 - - [11/Jan/2014:17:48:36 +0000] "GET /robots.txt HTTP/1.1" 301 570 "-" "Mozilla/5.0 (compatible; Googlebot/2.1; +http://www.google.com/bot.html)"
66.249.73.189 - - [11/Jan/2014:17:48:36 +0000] "GET / HTTP/1.1" 301 551 "-" "Mozilla/5.0 (compatible; Googlebot/2.1; +http://www.google.com/bot.html)"
199.21.99.117 - - [13/Jan/2014:04:41:39 +0000] "GET /robots.txt HTTP/1.1" 301 606 "-" "Mozilla/5.0 (compatible; YandexBot/3.0; +http://yandex.com/bots)"
199.21.99.117 - - [13/Jan/2014:04:41:41 +0000] "GET / HTTP/1.1" 301 549 "-" "Mozilla/5.0 (compatible; YandexBot/3.0; +http://yandex.com/bots)"
157.55.33.80 - - [13/Jan/2014:12:37:36 +0000] "GET /robots.txt HTTP/1.1" 301 611 "-" "Mozilla/5.0 (compatible; bingbot/2.0; +http://www.bing.com/bingbot.htm)"
157.55.33.80 - - [13/Jan/2014:12:57:51 +0000] "GET / HTTP/1.1" 301 552 "-" "Mozilla/5.0 (compatible; bingbot/2.0; +http://www.bing.com/bingbot.htm)"
157.55.33.80 - - [14/Jan/2014:07:04:43 +0000] "GET /robots.txt HTTP/1.1" 301 611 "-" "Mozilla/5.0 (compatible; bingbot/2.0; +http://www.bing.com/bingbot.htm)"
157.55.33.80 - - [14/Jan/2014:07:08:55 +0000] "GET / HTTP/1.1" 301 552 "-" "Mozilla/5.0 (compatible; bingbot/2.0; +http://www.bing.com/bingbot.htm)"
199.21.99.117 - - [15/Jan/2014:03:46:50 +0000] "GET /robots.txt HTTP/1.1" 301 606 "-" "Mozilla/5.0 (compatible; YandexBot/3.0; +http://yandex.com/bots)"
199.21.99.117 - - [15/Jan/2014:03:46:52 +0000] "GET / HTTP/1.1" 301 549 "-" "Mozilla/5.0 (compatible; YandexBot/3.0; +http://yandex.com/bots)"
199.21.99.117 - - [17/Jan/2014:03:50:05 +0000] "GET /robots.txt HTTP/1.1" 301 606 "-" "Mozilla/5.0 (compatible; YandexBot/3.0; +http://yandex.com/bots)"
199.21.99.117 - - [17/Jan/2014:03:50:08 +0000] "GET / HTTP/1.1" 301 549 "-" "Mozilla/5.0 (compatible; YandexBot/3.0; +http://yandex.com/bots)"
69.58.178.58 - - [17/Jan/2014:22:02:47 +0000] "GET /robots.txt HTTP/1.1" 301 554 "-" "Mozilla/5.0 (X11; Ubuntu; Linux i686; rv:14.0; ips-agent) Gecko/20100101 Firefox/14.0.1"
69.58.178.58 - - [17/Jan/2014:22:02:48 +0000] "GET / HTTP/1.1" 301 534 "-" "Mozilla/5.0 (X11; Ubuntu; Linux i686; rv:14.0; ips-agent) Gecko/20100101 Firefox/14.0.1"
199.21.99.117 - - [20/Jan/2014:19:49:31 +0000] "GET /robots.txt HTTP/1.1" 301 607 "-" "Mozilla/5.0 (compatible; YandexBot/3.0; +http://yandex.com/bots)"
199.21.99.117 - - [20/Jan/2014:19:49:33 +0000] "GET / HTTP/1.1" 301 548 "-" "Mozilla/5.0 (compatible; YandexBot/3.0; +http://yandex.com/bots)"
66.249.75.195 - - [21/Jan/2014:18:01:56 +0000] "GET /robots.txt HTTP/1.1" 301 567 "-" "Mozilla/5.0 (compatible; Googlebot/2.1; +http://www.google.com/bot.html)"
66.249.75.195 - - [21/Jan/2014:18:01:56 +0000] "GET / HTTP/1.1" 301 548 "-" "Mozilla/5.0 (compatible; Googlebot/2.1; +http://www.google.com/bot.html)"
37.147.38.155 - - [21/Jan/2014:21:38:09 +0000] "GET / HTTP/1.1" 301 549 "http://carletti.biz/index.php?do=register" "User-Agent: Mozilla/5.0 (Windows; U; Windows NT 5.1; ru; rv:1.9.2.12) Gecko/20101026 MRA 5.7 (build 03686) Firefox/3.6.12"
37.147.38.155 - - [21/Jan/2014:21:38:10 +0000] "GET /index.php?action=logout HTTP/1.1" 301 533 "http://carl-fink.name/" "User-Agent: Mozilla/5.0 (Windows; U; Windows NT 5.1; ru; rv:1.9.2.12) Gecko/20101026 MRA 5.7 (build 03686) Firefox/3.6.12"
37.147.38.155 - - [21/Jan/2014:21:38:10 +0000] "GET /index.php?do=register HTTP/1.1" 301 529 "http://carl-fink.name/index.php?action=logout" "User-Agent: Mozilla/5.0 (Windows; U; Windows NT 5.1; ru; rv:1.9.2.12) Gecko/20101026 MRA 5.7 (build 03686) Firefox/3.6.12"
66.249.75.113 - - [22/Jan/2014:02:47:28 +0000] "GET /robots.txt HTTP/1.1" 301 570 "-" "Mozilla/5.0 (compatible; Googlebot/2.1; +http://www.google.com/bot.html)"
66.249.75.113 - - [22/Jan/2014:02:47:28 +0000] "GET / HTTP/1.1" 301 551 "-" "Mozilla/5.0 (compatible; Googlebot/2.1; +http://www.google.com/bot.html)"
199.21.99.117 - - [23/Jan/2014:03:37:49 +0000] "GET /robots.txt HTTP/1.1" 301 606 "-" "Mozilla/5.0 (compatible; YandexBot/3.0; +http://yandex.com/bots)"
199.21.99.117 - - [23/Jan/2014:03:37:51 +0000] "GET / HTTP/1.1" 301 549 "-" "Mozilla/5.0 (compatible; YandexBot/3.0; +http://yandex.com/bots)"
199.21.99.117 - - [24/Jan/2014:11:58:25 +0000] "GET /robots.txt HTTP/1.1" 301 606 "-" "Mozilla/5.0 (compatible; YandexBot/3.0; +http://yandex.com/bots)"
199.21.99.117 - - [24/Jan/2014:11:58:28 +0000] "GET / HTTP/1.1" 301 549 "-" "Mozilla/5.0 (compatible; YandexBot/3.0; +http://yandex.com/bots)"
199.21.99.117 - - [25/Jan/2014:08:31:52 +0000] "GET /robots.txt HTTP/1.1" 301 607 "-" "Mozilla/5.0 (compatible; YandexBot/3.0; +http://yandex.com/bots)"
199.21.99.117 - - [25/Jan/2014:08:31:54 +0000] "GET / HTTP/1.1" 301 548 "-" "Mozilla/5.0 (compatible; YandexBot/3.0; +http://yandex.com/bots)"
199.21.99.117 - - [27/Jan/2014:03:47:37 +0000] "GET /robots.txt HTTP/1.1" 301 607 "-" "Mozilla/5.0 (compatible; YandexBot/3.0; +http://yandex.com/bots)"
199.21.99.117 - - [27/Jan/2014:03:47:39 +0000] "GET / HTTP/1.1" 301 549 "-" "Mozilla/5.0 (compatible; YandexBot/3.0; +http://yandex.com/bots)"
199.21.99.117 - - [27/Jan/2014:20:51:58 +0000] "GET /robots.txt HTTP/1.1" 301 606 "-" "Mozilla/5.0 (compatible; YandexBot/3.0; +http://yandex.com/bots)"
199.21.99.117 - - [27/Jan/2014:20:52:01 +0000] "GET / HTTP/1.1" 301 549 "-" "Mozilla/5.0 (compatible; YandexBot/3.0; +http://yandex.com/bots)"
54.212.115.224 - - [28/Jan/2014:13:47:07 +0000] "GET / HTTP/1.1" 301 534 "http://www.forexunion.net" "Mozilla/5.0 (Windows NT 6.1; Win64; x64; rv:25.0) Gecko/20100101 Firefox/25.0"
199.21.99.117 - - [28/Jan/2014:22:36:23 +0000] "GET /robots.txt HTTP/1.1" 301 606 "-" "Mozilla/5.0 (compatible; YandexBot/3.0; +http://yandex.com/bots)"
199.21.99.117 - - [28/Jan/2014:22:36:25 +0000] "GET / HTTP/1.1" 301 549 "-" "Mozilla/5.0 (compatible; YandexBot/3.0; +http://yandex.com/bots)"
157.55.32.93 - - [30/Jan/2014:09:01:59 +0000] "GET /robots.txt HTTP/1.1" 301 611 "-" "Mozilla/5.0 (compatible; bingbot/2.0; +http://www.bing.com/bingbot.htm)"
157.55.32.93 - - [30/Jan/2014:09:05:33 +0000] "GET / HTTP/1.1" 301 552 "-" "Mozilla/5.0 (compatible; bingbot/2.0; +http://www.bing.com/bingbot.htm)"
54.202.181.79 - - [30/Jan/2014:17:49:43 +0000] "GET / HTTP/1.1" 301 534 "http://www.binary-deluxe.com" "Mozilla/5.0 (Windows NT 6.1; Win64; x64; rv:25.0) Gecko/20100101 Firefox/25.0"
66.249.64.45 - - [01/Feb/2014:01:24:16 +0000] "GET /robots.txt HTTP/1.1" 301 567 "-" "Mozilla/5.0 (compatible; Googlebot/2.1; +http://www.google.com/bot.html)"
66.249.64.45 - - [01/Feb/2014:01:24:17 +0000] "GET / HTTP/1.1" 301 548 "-" "Mozilla/5.0 (compatible; Googlebot/2.1; +http://www.google.com/bot.html)"
66.249.75.113 - - [01/Feb/2014:11:46:38 +0000] "GET /robots.txt HTTP/1.1" 301 570 "-" "Mozilla/5.0 (compatible; Googlebot/2.1; +http://www.google.com/bot.html)"
66.249.75.113 - - [01/Feb/2014:11:46:38 +0000] "GET / HTTP/1.1" 301 551 "-" "Mozilla/5.0 (compatible; Googlebot/2.1; +http://www.google.com/bot.html)"
5.248.208.87 - - [02/Feb/2014:13:31:42 +0000] "GET / HTTP/1.0" 301 549 "-" "Mozilla/4.0 (compatible; MSIE 6.0; Windows NT 5.1)"
199.21.99.117 - - [04/Feb/2014:04:15:19 +0000] "GET /robots.txt HTTP/1.1" 301 606 "-" "Mozilla/5.0 (compatible; YandexBot/3.0; +http://yandex.com/bots)"
199.21.99.117 - - [04/Feb/2014:04:15:21 +0000] "GET / HTTP/1.1" 301 549 "-" "Mozilla/5.0 (compatible; YandexBot/3.0; +http://yandex.com/bots)"
199.21.99.117 - - [05/Feb/2014:01:51:37 +0000] "GET /robots.txt HTTP/1.1" 301 606 "-" "Mozilla/5.0 (compatible; YandexBot/3.0; +http://yandex.com/bots)"
199.21.99.117 - - [05/Feb/2014:01:51:39 +0000] "GET / HTTP/1.1" 301 549 "-" "Mozilla/5.0 (compatible; YandexBot/3.0; +http://yandex.com/bots)"
199.21.99.117 - - [05/Feb/2014:10:35:30 +0000] "GET / HTTP/1.1" 301 549 "-" "Mozilla/5.0 (compatible; YandexBot/3.0; +http://yandex.com/bots)"
91.215.188.105 - - [05/Feb/2014:10:38:44 +0000] "GET / HTTP/1.0" 301 549 "http://carl-fink.name/" "Opera/9.80 (Windows NT 5.1; U; ru) Presto/2.9.168 Version/11.50"
162.243.100.7 - - [05/Feb/2014:14:51:10 +0000] "HEAD / HTTP/1.1" 301 221 "http://www.netcraft.com/survey/" "Mozilla/4.0 (compatible; Netcraft Web Server Survey)"
199.21.99.117 - - [06/Feb/2014:22:15:03 +0000] "GET /robots.txt HTTP/1.1" 301 607 "-" "Mozilla/5.0 (compatible; YandexBot/3.0; +http://yandex.com/bots)"
199.21.99.117 - - [06/Feb/2014:22:15:05 +0000] "GET / HTTP/1.1" 301 548 "-" "Mozilla/5.0 (compatible; YandexBot/3.0; +http://yandex.com/bots)"
91.215.188.105 - - [08/Feb/2014:12:26:08 +0000] "GET / HTTP/1.0" 301 549 "http://carl-fink.name/" "Opera/9.80 (Windows NT 6.1; Edition Yx) Presto/2.12.388 Version/12.10"
199.21.99.117 - - [08/Feb/2014:22:47:47 +0000] "GET /robots.txt HTTP/1.1" 301 606 "-" "Mozilla/5.0 (compatible; YandexBot/3.0; +http://yandex.com/bots)"
199.21.99.117 - - [08/Feb/2014:22:47:49 +0000] "GET / HTTP/1.1" 301 549 "-" "Mozilla/5.0 (compatible; YandexBot/3.0; +http://yandex.com/bots)"
107.170.5.66 - - [09/Feb/2014:02:26:21 +0000] "GET / HTTP/1.0" 301 553 "-" "Mozilla/5.0 (compatible; NetcraftSurveyAgent/1.0; +info@netcraft.com)"
199.21.99.117 - - [09/Feb/2014:13:28:20 +0000] "GET /robots.txt HTTP/1.1" 301 606 "-" "Mozilla/5.0 (compatible; YandexBot/3.0; +http://yandex.com/bots)"
199.21.99.117 - - [09/Feb/2014:13:28:22 +0000] "GET / HTTP/1.1" 301 549 "-" "Mozilla/5.0 (compatible; YandexBot/3.0; +http://yandex.com/bots)"
77.236.192.239 - - [09/Feb/2014:15:23:41 +0000] "GET / HTTP/1.1" 301 492 "-" "-"
77.236.192.239 - - [09/Feb/2014:15:23:41 +0000] "GET / HTTP/1.1" 301 495 "-" "-"
199.21.99.117 - - [10/Feb/2014:04:11:06 +0000] "GET /robots.txt HTTP/1.1" 301 606 "-" "Mozilla/5.0 (compatible; YandexBot/3.0; +http://yandex.com/bots)"
199.21.99.117 - - [10/Feb/2014:04:11:08 +0000] "GET / HTTP/1.1" 301 549 "-" "Mozilla/5.0 (compatible; YandexBot/3.0; +http://yandex.com/bots)"
91.215.188.105 - - [10/Feb/2014:07:41:54 +0000] "GET / HTTP/1.0" 301 549 "http://carl-fink.name/" "Mozilla/5.0 (Windows NT 6.1) AppleWebKit/537.11 (KHTML, like Gecko) Chrome/23.0.1271.95 Safari/537.11"
199.21.99.117 - - [10/Feb/2014:22:39:09 +0000] "GET /robots.txt HTTP/1.1" 301 606 "-" "Mozilla/5.0 (compatible; YandexBot/3.0; +http://yandex.com/bots)"
199.21.99.117 - - [10/Feb/2014:22:39:11 +0000] "GET / HTTP/1.1" 301 549 "-" "Mozilla/5.0 (compatible; YandexBot/3.0; +http://yandex.com/bots)"
66.249.64.46 - - [11/Feb/2014:13:27:23 +0000] "GET /robots.txt HTTP/1.1" 301 567 "-" "Mozilla/5.0 (compatible; Googlebot/2.1; +http://www.google.com/bot.html)"
66.249.64.46 - - [11/Feb/2014:13:27:24 +0000] "GET / HTTP/1.1" 301 549 "-" "Mozilla/5.0 (compatible; Googlebot/2.1; +http://www.google.com/bot.html)"
66.249.76.199 - - [11/Feb/2014:20:46:41 +0000] "GET /robots.txt HTTP/1.1" 301 570 "-" "Mozilla/5.0 (compatible; Googlebot/2.1; +http://www.google.com/bot.html)"
66.249.64.21 - - [11/Feb/2014:20:46:41 +0000] "GET / HTTP/1.1" 301 552 "-" "Mozilla/5.0 (compatible; Googlebot/2.1; +http://www.google.com/bot.html)"
199.21.99.117 - - [12/Feb/2014:22:17:01 +0000] "GET /robots.txt HTTP/1.1" 301 606 "-" "Mozilla/5.0 (compatible; YandexBot/3.0; +http://yandex.com/bots)"
199.21.99.117 - - [12/Feb/2014:22:17:04 +0000] "GET / HTTP/1.1" 301 549 "-" "Mozilla/5.0 (compatible; YandexBot/3.0; +http://yandex.com/bots)"
199.21.99.117 - - [14/Feb/2014:13:46:37 +0000] "GET /robots.txt HTTP/1.1" 301 607 "-" "Mozilla/5.0 (compatible; YandexBot/3.0; +http://yandex.com/bots)"
199.21.99.117 - - [14/Feb/2014:13:46:39 +0000] "GET / HTTP/1.1" 301 549 "-" "Mozilla/5.0 (compatible; YandexBot/3.0; +http://yandex.com/bots)"
199.21.99.117 - - [15/Feb/2014:04:58:33 +0000] "GET /robots.txt HTTP/1.1" 301 606 "-" "Mozilla/5.0 (compatible; YandexBot/3.0; +http://yandex.com/bots)"
199.21.99.117 - - [15/Feb/2014:04:58:35 +0000] "GET / HTTP/1.1" 301 549 "-" "Mozilla/5.0 (compatible; YandexBot/3.0; +http://yandex.com/bots)"
199.21.99.117 - - [16/Feb/2014:15:48:52 +0000] "GET /robots.txt HTTP/1.1" 301 607 "-" "Mozilla/5.0 (compatible; YandexBot/3.0; +http://yandex.com/bots)"
199.21.99.117 - - [16/Feb/2014:15:48:54 +0000] "GET / HTTP/1.1" 301 549 "-" "Mozilla/5.0 (compatible; YandexBot/3.0; +http://yandex.com/bots)"
199.21.99.117 - - [18/Feb/2014:07:47:41 +0000] "GET /robots.txt HTTP/1.1" 301 606 "-" "Mozilla/5.0 (compatible; YandexBot/3.0; +http://yandex.com/bots)"
199.21.99.117 - - [18/Feb/2014:07:47:43 +0000] "GET / HTTP/1.1" 301 549 "-" "Mozilla/5.0 (compatible; YandexBot/3.0; +http://yandex.com/bots)"
199.21.99.117 - - [19/Feb/2014:06:28:19 +0000] "GET /robots.txt HTTP/1.1" 301 607 "-" "Mozilla/5.0 (compatible; YandexBot/3.0; +http://yandex.com/bots)"
199.21.99.117 - - [19/Feb/2014:06:28:21 +0000] "GET / HTTP/1.1" 301 548 "-" "Mozilla/5.0 (compatible; YandexBot/3.0; +http://yandex.com/bots)"
54.202.181.79 - - [20/Feb/2014:10:18:57 +0000] "GET / HTTP/1.1" 301 534 "http://www.agentur-hoedl.com" "Mozilla/5.0 (Windows NT 6.1; Win64; x64; rv:25.0) Gecko/20100101 Firefox/25.0"
199.21.99.117 - - [21/Feb/2014:06:23:19 +0000] "GET /robots.txt HTTP/1.1" 301 607 "-" "Mozilla/5.0 (compatible; YandexBot/3.0; +http://yandex.com/bots)"
199.21.99.117 - - [21/Feb/2014:06:23:21 +0000] "GET / HTTP/1.1" 301 548 "-" "Mozilla/5.0 (compatible; YandexBot/3.0; +http://yandex.com/bots)"
66.249.75.113 - - [22/Feb/2014:08:26:10 +0000] "GET /robots.txt HTTP/1.1" 301 570 "-" "Mozilla/5.0 (compatible; Googlebot/2.1; +http://www.google.com/bot.html)"
66.249.75.113 - - [22/Feb/2014:08:26:10 +0000] "GET / HTTP/1.1" 301 551 "-" "Mozilla/5.0 (compatible; Googlebot/2.1; +http://www.google.com/bot.html)"
66.249.64.222 - - [22/Feb/2014:11:49:13 +0000] "GET /robots.txt HTTP/1.1" 301 567 "-" "Mozilla/5.0 (compatible; Googlebot/2.1; +http://www.google.com/bot.html)"
66.249.64.227 - - [22/Feb/2014:11:49:14 +0000] "GET / HTTP/1.1" 301 549 "-" "Mozilla/5.0 (compatible; Googlebot/2.1; +http://www.google.com/bot.html)"
199.21.99.117 - - [23/Feb/2014:04:05:11 +0000] "GET /robots.txt HTTP/1.1" 301 607 "-" "Mozilla/5.0 (compatible; YandexBot/3.0; +http://yandex.com/bots)"
199.21.99.117 - - [23/Feb/2014:04:05:13 +0000] "GET / HTTP/1.1" 301 548 "-" "Mozilla/5.0 (compatible; YandexBot/3.0; +http://yandex.com/bots)"
199.21.99.117 - - [25/Feb/2014:07:06:21 +0000] "GET /robots.txt HTTP/1.1" 301 606 "-" "Mozilla/5.0 (compatible; YandexBot/3.0; +http://yandex.com/bots)"
199.21.99.117 - - [25/Feb/2014:07:06:23 +0000] "GET / HTTP/1.1" 301 549 "-" "Mozilla/5.0 (compatible; YandexBot/3.0; +http://yandex.com/bots)"
199.21.99.117 - - [27/Feb/2014:00:26:57 +0000] "GET /robots.txt HTTP/1.1" 301 606 "-" "Mozilla/5.0 (compatible; YandexBot/3.0; +http://yandex.com/bots)"
199.21.99.117 - - [27/Feb/2014:00:26:59 +0000] "GET / HTTP/1.1" 301 549 "-" "Mozilla/5.0 (compatible; YandexBot/3.0; +http://yandex.com/bots)"
199.21.99.117 - - [02/Mar/2014:01:22:14 +0000] "GET /robots.txt HTTP/1.1" 301 607 "-" "Mozilla/5.0 (compatible; YandexBot/3.0; +http://yandex.com/bots)"
199.21.99.117 - - [02/Mar/2014:01:22:16 +0000] "GET / HTTP/1.1" 301 548 "-" "Mozilla/5.0 (compatible; YandexBot/3.0; +http://yandex.com/bots)"
199.21.99.117 - - [03/Mar/2014:07:23:29 +0000] "GET /robots.txt HTTP/1.1" 301 606 "-" "Mozilla/5.0 (compatible; YandexBot/3.0; +http://yandex.com/bots)"
199.21.99.117 - - [03/Mar/2014:07:23:32 +0000] "GET / HTTP/1.1" 301 549 "-" "Mozilla/5.0 (compatible; YandexBot/3.0; +http://yandex.com/bots)"
74.52.245.146 - - [04/Mar/2014:03:38:19 +0000] "GET / HTTP/1.0" 301 553 "-" "Mozilla/5.0 (X11; U; Linux i686; en-US; rv:1.7.5) Gecko/20041107 Firefox/1.0"
157.55.33.21 - - [05/Mar/2014:15:31:27 +0000] "GET /robots.txt HTTP/1.1" 301 611 "-" "Mozilla/5.0 (compatible; bingbot/2.0; +http://www.bing.com/bingbot.htm)"
157.55.33.21 - - [05/Mar/2014:15:37:24 +0000] "GET / HTTP/1.1" 301 552 "-" "Mozilla/5.0 (compatible; bingbot/2.0; +http://www.bing.com/bingbot.htm)"
66.249.64.14 - - [05/Mar/2014:17:12:57 +0000] "GET /robots.txt HTTP/1.1" 301 570 "-" "Mozilla/5.0 (compatible; Googlebot/2.1; +http://www.google.com/bot.html)"
66.249.64.14 - - [05/Mar/2014:17:12:57 +0000] "GET / HTTP/1.1" 301 552 "-" "Mozilla/5.0 (compatible; Googlebot/2.1; +http://www.google.com/bot.html)"
199.21.99.117 - - [05/Mar/2014:17:35:01 +0000] "GET /robots.txt HTTP/1.1" 301 606 "-" "Mozilla/5.0 (compatible; YandexBot/3.0; +http://yandex.com/bots)"
199.21.99.117 - - [05/Mar/2014:17:35:03 +0000] "GET / HTTP/1.1" 301 549 "-" "Mozilla/5.0 (compatible; YandexBot/3.0; +http://yandex.com/bots)"
66.249.64.227 - - [06/Mar/2014:03:22:23 +0000] "GET /robots.txt HTTP/1.1" 301 567 "-" "Mozilla/5.0 (compatible; Googlebot/2.1; +http://www.google.com/bot.html)"
66.249.64.217 - - [06/Mar/2014:03:22:23 +0000] "GET / HTTP/1.1" 301 549 "-" "Mozilla/5.0 (compatible; Googlebot/2.1; +http://www.google.com/bot.html)"
198.27.69.78 - - [06/Mar/2014:15:41:03 +0000] "GET / HTTP/1.1" 301 549 "-" "Mozilla/5.0 (Windows NT 6.1; WOW64) AppleWebKit/537.36 (KHTML, like Gecko) Chrome/29.0.1547.66 Safari/537.36"
69.58.178.57 - - [06/Mar/2014:20:34:14 +0000] "GET /robots.txt HTTP/1.1" 301 554 "-" "Mozilla/5.0 (X11; Ubuntu; Linux i686; rv:14.0; ips-agent) Gecko/20100101 Firefox/14.0.1"
69.58.178.57 - - [06/Mar/2014:20:34:15 +0000] "GET / HTTP/1.1" 301 534 "-" "Mozilla/5.0 (X11; Ubuntu; Linux i686; rv:14.0; ips-agent) Gecko/20100101 Firefox/14.0.1"
107.170.73.122 - - [06/Mar/2014:23:04:57 +0000] "HEAD / HTTP/1.1" 301 221 "http://www.netcraft.com/survey/" "Mozilla/4.0 (compatible; Netcraft Web Server Survey)"
199.21.99.117 - - [07/Mar/2014:04:56:55 +0000] "GET /robots.txt HTTP/1.1" 301 606 "-" "Mozilla/5.0 (compatible; YandexBot/3.0; +http://yandex.com/bots)"
199.21.99.117 - - [07/Mar/2014:04:56:57 +0000] "GET / HTTP/1.1" 301 549 "-" "Mozilla/5.0 (compatible; YandexBot/3.0; +http://yandex.com/bots)"
199.21.99.117 - - [09/Mar/2014:05:11:08 +0000] "GET /robots.txt HTTP/1.1" 301 606 "-" "Mozilla/5.0 (compatible; YandexBot/3.0; +http://yandex.com/bots)"
199.21.99.117 - - [09/Mar/2014:05:11:10 +0000] "GET / HTTP/1.1" 301 549 "-" "Mozilla/5.0 (compatible; YandexBot/3.0; +http://yandex.com/bots)"
107.170.78.196 - - [10/Mar/2014:21:21:34 +0000] "GET / HTTP/1.0" 301 553 "-" "Mozilla/5.0 (compatible; NetcraftSurveyAgent/1.0; +info@netcraft.com)"
199.21.99.117 - - [11/Mar/2014:05:58:39 +0000] "GET /robots.txt HTTP/1.1" 301 606 "-" "Mozilla/5.0 (compatible; YandexBot/3.0; +http://yandex.com/bots)"
199.21.99.117 - - [11/Mar/2014:05:58:41 +0000] "GET / HTTP/1.1" 301 549 "-" "Mozilla/5.0 (compatible; YandexBot/3.0; +http://yandex.com/bots)"
5.56.63.66 - - [11/Mar/2014:15:34:35 +0000] "GET / HTTP/1.1" 301 511 "http://carla.zinetti.name" "CATExplorador/1.0beta (sistemes at domini dot cat; http://domini.cat/catexplorador.html)"
199.21.99.117 - - [13/Mar/2014:10:31:13 +0000] "GET /robots.txt HTTP/1.1" 301 606 "-" "Mozilla/5.0 (compatible; YandexBot/3.0; +http://yandex.com/bots)"
199.21.99.117 - - [13/Mar/2014:10:31:15 +0000] "GET / HTTP/1.1" 301 549 "-" "Mozilla/5.0 (compatible; YandexBot/3.0; +http://yandex.com/bots)"
199.21.99.117 - - [15/Mar/2014:08:18:00 +0000] "GET /robots.txt HTTP/1.1" 301 606 "-" "Mozilla/5.0 (compatible; YandexBot/3.0; +http://yandex.com/bots)"
199.21.99.117 - - [15/Mar/2014:08:18:02 +0000] "GET / HTTP/1.1" 301 549 "-" "Mozilla/5.0 (compatible; YandexBot/3.0; +http://yandex.com/bots)"
46.229.170.197 - - [16/Mar/2014:08:58:21 +0000] "GET / HTTP/1.1" 301 530 "-" "Mozilla/5.0 (Windows NT 6.1; Win64; x64; rv:2.2a1pre) Gecko/20110323 Firefox/4.2a1pre"
66.249.76.153 - - [17/Mar/2014:22:07:36 +0000] "GET /robots.txt HTTP/1.1" 301 567 "-" "Mozilla/5.0 (compatible; Googlebot/2.1; +http://www.google.com/bot.html)"
66.249.76.153 - - [17/Mar/2014:22:07:36 +0000] "GET / HTTP/1.1" 301 548 "-" "Mozilla/5.0 (compatible; Googlebot/2.1; +http://www.google.com/bot.html)"
66.249.76.189 - - [18/Mar/2014:00:30:46 +0000] "GET /robots.txt HTTP/1.1" 301 570 "-" "Mozilla/5.0 (compatible; Googlebot/2.1; +http://www.google.com/bot.html)"
66.249.76.189 - - [18/Mar/2014:00:30:47 +0000] "GET / HTTP/1.1" 301 551 "-" "Mozilla/5.0 (compatible; Googlebot/2.1; +http://www.google.com/bot.html)"
199.21.99.117 - - [19/Mar/2014:18:08:07 +0000] "GET /robots.txt HTTP/1.1" 301 606 "-" "Mozilla/5.0 (compatible; YandexBot/3.0; +http://yandex.com/bots)"
199.21.99.117 - - [19/Mar/2014:18:08:09 +0000] "GET / HTTP/1.1" 301 549 "-" "Mozilla/5.0 (compatible; YandexBot/3.0; +http://yandex.com/bots)"
199.21.99.117 - - [20/Mar/2014:16:07:04 +0000] "GET /robots.txt HTTP/1.1" 301 607 "-" "Mozilla/5.0 (compatible; YandexBot/3.0; +http://yandex.com/bots)"
199.21.99.117 - - [20/Mar/2014:16:07:06 +0000] "GET / HTTP/1.1" 301 549 "-" "Mozilla/5.0 (compatible; YandexBot/3.0; +http://yandex.com/bots)"
54.202.106.11 - - [20/Mar/2014:22:40:54 +0000] "GET / HTTP/1.1" 301 534 "http://www.ausergrubhof.info" "Mozilla/5.0 (Windows NT 6.1; Win64; x64; rv:25.0) Gecko/20100101 Firefox/25.0"
199.21.99.117 - - [21/Mar/2014:08:39:20 +0000] "GET /robots.txt HTTP/1.1" 301 607 "-" "Mozilla/5.0 (compatible; YandexBot/3.0; +http://yandex.com/bots)"
199.21.99.117 - - [21/Mar/2014:08:39:22 +0000] "GET / HTTP/1.1" 301 548 "-" "Mozilla/5.0 (compatible; YandexBot/3.0; +http://yandex.com/bots)"
199.21.99.117 - - [23/Mar/2014:09:05:33 +0000] "GET /robots.txt HTTP/1.1" 301 607 "-" "Mozilla/5.0 (compatible; YandexBot/3.0; +http://yandex.com/bots)"
199.21.99.117 - - [23/Mar/2014:09:05:35 +0000] "GET / HTTP/1.1" 301 548 "-" "Mozilla/5.0 (compatible; YandexBot/3.0; +http://yandex.com/bots)"
199.21.99.117 - - [25/Mar/2014:09:15:48 +0000] "GET /robots.txt HTTP/1.1" 301 606 "-" "Mozilla/5.0 (compatible; YandexBot/3.0; +http://yandex.com/bots)"
199.21.99.117 - - [25/Mar/2014:09:15:50 +0000] "GET / HTTP/1.1" 301 549 "-" "Mozilla/5.0 (compatible; YandexBot/3.0; +http://yandex.com/bots)"
199.21.99.117 - - [27/Mar/2014:09:31:58 +0000] "GET /robots.txt HTTP/1.1" 301 606 "-" "Mozilla/5.0 (compatible; YandexBot/3.0; +http://yandex.com/bots)"
199.21.99.117 - - [27/Mar/2014:09:32:00 +0000] "GET / HTTP/1.1" 301 549 "-" "Mozilla/5.0 (compatible; YandexBot/3.0; +http://yandex.com/bots)"
199.21.99.117 - - [29/Mar/2014:07:11:34 +0000] "GET /robots.txt HTTP/1.1" 301 606 "-" "Mozilla/5.0 (compatible; YandexBot/3.0; +http://yandex.com/bots)"
199.21.99.117 - - [29/Mar/2014:07:11:36 +0000] "GET / HTTP/1.1" 301 549 "-" "Mozilla/5.0 (compatible; YandexBot/3.0; +http://yandex.com/bots)"
199.21.99.117 - - [31/Mar/2014:05:23:04 +0000] "GET /robots.txt HTTP/1.1" 301 606 "-" "Mozilla/5.0 (compatible; YandexBot/3.0; +http://yandex.com/bots)"
199.21.99.117 - - [31/Mar/2014:05:23:07 +0000] "GET / HTTP/1.1" 301 549 "-" "Mozilla/5.0 (compatible; YandexBot/3.0; +http://yandex.com/bots)"
66.249.75.195 - - [31/Mar/2014:19:25:24 +0000] "GET /robots.txt HTTP/1.1" 301 567 "-" "Mozilla/5.0 (compatible; Googlebot/2.1; +http://www.google.com/bot.html)"
66.249.75.195 - - [31/Mar/2014:19:25:24 +0000] "GET / HTTP/1.1" 301 548 "-" "Mozilla/5.0 (compatible; Googlebot/2.1; +http://www.google.com/bot.html)"
66.249.75.113 - - [31/Mar/2014:19:34:11 +0000] "GET /robots.txt HTTP/1.1" 301 570 "-" "Mozilla/5.0 (compatible; Googlebot/2.1; +http://www.google.com/bot.html)"
66.249.75.113 - - [31/Mar/2014:19:34:11 +0000] "GET / HTTP/1.1" 301 551 "-" "Mozilla/5.0 (compatible; Googlebot/2.1; +http://www.google.com/bot.html)"
199.21.99.117 - - [03/Apr/2014:07:20:14 +0000] "GET /robots.txt HTTP/1.1" 301 606 "-" "Mozilla/5.0 (compatible; YandexBot/3.0; +http://yandex.com/bots)"
199.21.99.117 - - [03/Apr/2014:07:20:16 +0000] "GET / HTTP/1.1" 301 549 "-" "Mozilla/5.0 (compatible; YandexBot/3.0; +http://yandex.com/bots)"
199.21.99.117 - - [05/Apr/2014:08:11:23 +0000] "GET /robots.txt HTTP/1.1" 301 606 "-" "Mozilla/5.0 (compatible; YandexBot/3.0; +http://yandex.com/bots)"
199.21.99.117 - - [05/Apr/2014:08:11:25 +0000] "GET / HTTP/1.1" 301 549 "-" "Mozilla/5.0 (compatible; YandexBot/3.0; +http://yandex.com/bots)"
199.21.99.117 - - [07/Apr/2014:10:43:50 +0000] "GET /robots.txt HTTP/1.1" 301 606 "-" "Mozilla/5.0 (compatible; YandexBot/3.0; +http://yandex.com/bots)"
199.21.99.117 - - [07/Apr/2014:10:43:52 +0000] "GET / HTTP/1.1" 301 549 "-" "Mozilla/5.0 (compatible; YandexBot/3.0; +http://yandex.com/bots)"
107.170.6.192 - - [07/Apr/2014:18:39:00 +0000] "HEAD / HTTP/1.1" 301 221 "http://www.netcraft.com/survey/" "Mozilla/4.0 (compatible; Netcraft Web Server Survey)"
157.56.92.165 - - [08/Apr/2014:06:55:20 +0000] "GET /robots.txt HTTP/1.1" 301 611 "-" "Mozilla/5.0 (compatible; bingbot/2.0; +http://www.bing.com/bingbot.htm)"
157.56.92.165 - - [08/Apr/2014:07:00:00 +0000] "GET / HTTP/1.1" 301 552 "-" "Mozilla/5.0 (compatible; bingbot/2.0; +http://www.bing.com/bingbot.htm)"
199.21.99.117 - - [09/Apr/2014:07:38:17 +0000] "GET /robots.txt HTTP/1.1" 301 606 "-" "Mozilla/5.0 (compatible; YandexBot/3.0; +http://yandex.com/bots)"
199.21.99.117 - - [09/Apr/2014:07:38:20 +0000] "GET / HTTP/1.1" 301 549 "-" "Mozilla/5.0 (compatible; YandexBot/3.0; +http://yandex.com/bots)"
199.21.99.117 - - [11/Apr/2014:06:40:31 +0000] "GET /robots.txt HTTP/1.1" 301 606 "-" "Mozilla/5.0 (compatible; YandexBot/3.0; +http://yandex.com/bots)"
199.21.99.117 - - [11/Apr/2014:06:40:34 +0000] "GET / HTTP/1.1" 301 549 "-" "Mozilla/5.0 (compatible; YandexBot/3.0; +http://yandex.com/bots)"
162.243.17.146 - - [11/Apr/2014:19:09:17 +0000] "GET / HTTP/1.0" 301 553 "-" "Mozilla/5.0 (compatible; NetcraftSurveyAgent/1.0; +info@netcraft.com)"
199.21.99.117 - - [13/Apr/2014:05:45:06 +0000] "GET /robots.txt HTTP/1.1" 301 607 "-" "Mozilla/5.0 (compatible; YandexBot/3.0; +http://yandex.com/bots)"
199.21.99.117 - - [13/Apr/2014:05:45:08 +0000] "GET / HTTP/1.1" 301 549 "-" "Mozilla/5.0 (compatible; YandexBot/3.0; +http://yandex.com/bots)"
66.249.73.153 - - [14/Apr/2014:23:34:55 +0000] "GET /robots.txt HTTP/1.1" 301 567 "-" "Mozilla/5.0 (compatible; Googlebot/2.1; +http://www.google.com/bot.html)"
66.249.73.153 - - [14/Apr/2014:23:34:55 +0000] "GET / HTTP/1.1" 301 548 "-" "Mozilla/5.0 (compatible; Googlebot/2.1; +http://www.google.com/bot.html)"
66.249.73.189 - - [15/Apr/2014:01:58:55 +0000] "GET /robots.txt HTTP/1.1" 301 570 "-" "Mozilla/5.0 (compatible; Googlebot/2.1; +http://www.google.com/bot.html)"
66.249.73.189 - - [15/Apr/2014:01:58:55 +0000] "GET / HTTP/1.1" 301 551 "-" "Mozilla/5.0 (compatible; Googlebot/2.1; +http://www.google.com/bot.html)"
199.21.99.117 - - [15/Apr/2014:20:11:22 +0000] "GET /robots.txt HTTP/1.1" 301 606 "-" "Mozilla/5.0 (compatible; YandexBot/3.0; +http://yandex.com/bots)"
199.21.99.117 - - [15/Apr/2014:20:11:24 +0000] "GET / HTTP/1.1" 301 549 "-" "Mozilla/5.0 (compatible; YandexBot/3.0; +http://yandex.com/bots)"
46.229.170.197 - - [16/Apr/2014:05:38:50 +0000] "GET / HTTP/1.1" 301 530 "-" "Mozilla/5.0 (Windows NT 6.1; WOW64; rv:2.0b6pre) Gecko/20100903 Firefox/4.0b6pre"
64.120.238.222 - - [16/Apr/2014:17:58:40 +0000] "GET /robots.txt HTTP/1.1" 301 536 "http://www.google.com/" "Mozilla/5.0 (compatible; Googlebot/2.1; +http://www.google.com/bot.html)"
199.21.99.117 - - [17/Apr/2014:07:36:46 +0000] "GET /robots.txt HTTP/1.1" 301 607 "-" "Mozilla/5.0 (compatible; YandexBot/3.0; +http://yandex.com/bots)"
199.21.99.117 - - [17/Apr/2014:07:36:48 +0000] "GET / HTTP/1.1" 301 548 "-" "Mozilla/5.0 (compatible; YandexBot/3.0; +http://yandex.com/bots)"
199.21.99.117 - - [17/Apr/2014:21:25:09 +0000] "GET /robots.txt HTTP/1.1" 301 607 "-" "Mozilla/5.0 (compatible; YandexBot/3.0; +http://yandex.com/bots)"
199.21.99.117 - - [17/Apr/2014:21:25:11 +0000] "GET / HTTP/1.1" 301 548 "-" "Mozilla/5.0 (compatible; YandexBot/3.0; +http://yandex.com/bots)"
176.109.195.139 - - [18/Apr/2014:05:21:19 +0000] "GET /administrator/index.php HTTP/1.1" 301 550 "http://carl-fink.name/administrator/index.php" "Mozilla/5.0 (compatible; Googlebot/2.1; +http://www.google.com/bot.html)"
199.21.99.117 - - [19/Apr/2014:08:30:36 +0000] "GET /robots.txt HTTP/1.1" 301 606 "-" "Mozilla/5.0 (compatible; YandexBot/3.0; +http://yandex.com/bots)"
199.21.99.117 - - [19/Apr/2014:08:30:38 +0000] "GET / HTTP/1.1" 301 549 "-" "Mozilla/5.0 (compatible; YandexBot/3.0; +http://yandex.com/bots)"
199.21.99.117 - - [20/Apr/2014:00:49:41 +0000] "GET /robots.txt HTTP/1.1" 301 607 "-" "Mozilla/5.0 (compatible; YandexBot/3.0; +http://yandex.com/bots)"
199.21.99.117 - - [20/Apr/2014:00:49:43 +0000] "GET / HTTP/1.1" 301 548 "-" "Mozilla/5.0 (compatible; YandexBot/3.0; +http://yandex.com/bots)"
199.21.99.117 - - [21/Apr/2014:08:29:19 +0000] "GET /robots.txt HTTP/1.1" 301 607 "-" "Mozilla/5.0 (compatible; YandexBot/3.0; +http://yandex.com/bots)"
199.21.99.117 - - [21/Apr/2014:08:29:21 +0000] "GET / HTTP/1.1" 301 548 "-" "Mozilla/5.0 (compatible; YandexBot/3.0; +http://yandex.com/bots)"
69.58.178.57 - - [21/Apr/2014:15:17:35 +0000] "GET /robots.txt HTTP/1.1" 301 554 "-" "Mozilla/5.0 (X11; Ubuntu; Linux i686; rv:14.0; ips-agent) Gecko/20100101 Firefox/14.0.1"
69.58.178.57 - - [21/Apr/2014:15:17:36 +0000] "GET / HTTP/1.1" 301 534 "-" "Mozilla/5.0 (X11; Ubuntu; Linux i686; rv:14.0; ips-agent) Gecko/20100101 Firefox/14.0.1"
199.21.99.117 - - [23/Apr/2014:05:21:42 +0000] "GET /robots.txt HTTP/1.1" 301 607 "-" "Mozilla/5.0 (compatible; YandexBot/3.0; +http://yandex.com/bots)"
199.21.99.117 - - [23/Apr/2014:05:21:44 +0000] "GET / HTTP/1.1" 301 548 "-" "Mozilla/5.0 (compatible; YandexBot/3.0; +http://yandex.com/bots)"
5.34.183.81 - - [23/Apr/2014:15:12:44 +0000] "GET /wp-login.php HTTP/1.1" 301 533 "http://carl-fink.name/wp-login.php" "Mozilla/5.0 (compatible; Googlebot/2.1; +http://www.google.com/bot.html)"
5.199.142.250 - - [24/Apr/2014:11:58:00 +0000] "GET / HTTP/1.0" 301 549 "http://carl-fink.name/" "Mozilla/4.0 (compatible; MSIE 6.0; Windows 98; Win 9x 4.90)"
199.21.99.117 - - [25/Apr/2014:05:49:27 +0000] "GET /robots.txt HTTP/1.1" 301 606 "-" "Mozilla/5.0 (compatible; YandexBot/3.0; +http://yandex.com/bots)"
199.21.99.117 - - [25/Apr/2014:05:49:29 +0000] "GET / HTTP/1.1" 301 549 "-" "Mozilla/5.0 (compatible; YandexBot/3.0; +http://yandex.com/bots)"
74.52.245.146 - - [25/Apr/2014:09:50:02 +0000] "GET / HTTP/1.0" 301 553 "-" "Mozilla/5.0 (X11; U; Linux i686; en-US; rv:1.7.5) Gecko/20041107 Firefox/1.0"
66.249.67.152 - - [28/Apr/2014:21:01:08 +0000] "GET /robots.txt HTTP/1.1" 301 567 "-" "Mozilla/5.0 (compatible; Googlebot/2.1; +http://www.google.com/bot.html)"
66.249.67.184 - - [28/Apr/2014:21:01:08 +0000] "GET / HTTP/1.1" 301 549 "-" "Mozilla/5.0 (compatible; Googlebot/2.1; +http://www.google.com/bot.html)"
199.21.99.117 - - [28/Apr/2014:22:59:12 +0000] "GET /robots.txt HTTP/1.1" 301 607 "-" "Mozilla/5.0 (compatible; YandexBot/3.0; +http://yandex.com/bots)"
199.21.99.117 - - [28/Apr/2014:22:59:14 +0000] "GET / HTTP/1.1" 301 548 "-" "Mozilla/5.0 (compatible; YandexBot/3.0; +http://yandex.com/bots)"
66.249.67.139 - - [29/Apr/2014:00:14:39 +0000] "GET /robots.txt HTTP/1.1" 301 570 "-" "Mozilla/5.0 (compatible; Googlebot/2.1; +http://www.google.com/bot.html)"
66.249.67.139 - - [29/Apr/2014:00:14:39 +0000] "GET / HTTP/1.1" 301 552 "-" "Mozilla/5.0 (compatible; Googlebot/2.1; +http://www.google.com/bot.html)"
199.21.99.117 - - [01/May/2014:06:19:37 +0000] "GET /robots.txt HTTP/1.1" 301 606 "-" "Mozilla/5.0 (compatible; YandexBot/3.0; +http://yandex.com/bots)"
199.21.99.117 - - [01/May/2014:06:19:39 +0000] "GET / HTTP/1.1" 301 549 "-" "Mozilla/5.0 (compatible; YandexBot/3.0; +http://yandex.com/bots)"
199.21.99.117 - - [03/May/2014:05:57:13 +0000] "GET /robots.txt HTTP/1.1" 301 606 "-" "Mozilla/5.0 (compatible; YandexBot/3.0; +http://yandex.com/bots)"
199.21.99.117 - - [03/May/2014:05:57:15 +0000] "GET / HTTP/1.1" 301 549 "-" "Mozilla/5.0 (compatible; YandexBot/3.0; +http://yandex.com/bots)"
5.255.253.9 - - [05/May/2014:04:58:21 +0000] "GET /robots.txt HTTP/1.1" 301 606 "-" "Mozilla/5.0 (compatible; YandexBot/3.0; +http://yandex.com/bots)"
5.255.253.9 - - [05/May/2014:04:58:23 +0000] "GET / HTTP/1.1" 301 549 "-" "Mozilla/5.0 (compatible; YandexBot/3.0; +http://yandex.com/bots)"
199.21.99.117 - - [07/May/2014:04:41:18 +0000] "GET /robots.txt HTTP/1.1" 301 607 "-" "Mozilla/5.0 (compatible; YandexBot/3.0; +http://yandex.com/bots)"
199.21.99.117 - - [07/May/2014:04:41:20 +0000] "GET / HTTP/1.1" 301 548 "-" "Mozilla/5.0 (compatible; YandexBot/3.0; +http://yandex.com/bots)"
5.199.142.250 - - [08/May/2014:07:12:16 +0000] "GET / HTTP/1.0" 301 549 "http://carl-fink.name/" "Mozilla/4.0 (compatible; MSIE 6.0; Windows 98; Win 9x 4.90)"
107.170.142.80 - - [09/May/2014:01:33:50 +0000] "HEAD / HTTP/1.1" 301 221 "http://www.netcraft.com/survey/" "Mozilla/4.0 (compatible; Netcraft Web Server Survey)"
199.21.99.117 - - [09/May/2014:14:16:49 +0000] "GET /robots.txt HTTP/1.1" 301 606 "-" "Mozilla/5.0 (compatible; YandexBot/3.0; +http://yandex.com/bots)"
199.21.99.117 - - [09/May/2014:14:16:51 +0000] "GET / HTTP/1.1" 301 549 "-" "Mozilla/5.0 (compatible; YandexBot/3.0; +http://yandex.com/bots)"
199.21.99.117 - - [11/May/2014:04:41:41 +0000] "GET /robots.txt HTTP/1.1" 301 606 "-" "Mozilla/5.0 (compatible; YandexBot/3.0; +http://yandex.com/bots)"
199.21.99.117 - - [11/May/2014:04:41:44 +0000] "GET / HTTP/1.1" 301 549 "-" "Mozilla/5.0 (compatible; YandexBot/3.0; +http://yandex.com/bots)"
66.249.70.113 - - [12/May/2014:02:05:37 +0000] "GET /robots.txt HTTP/1.1" 301 570 "-" "Mozilla/5.0 (compatible; Googlebot/2.1; +http://www.google.com/bot.html)"
66.249.70.113 - - [12/May/2014:02:05:37 +0000] "GET / HTTP/1.1" 301 551 "-" "Mozilla/5.0 (compatible; Googlebot/2.1; +http://www.google.com/bot.html)"
66.249.70.195 - - [12/May/2014:02:06:48 +0000] "GET /robots.txt HTTP/1.1" 301 567 "-" "Mozilla/5.0 (compatible; Googlebot/2.1; +http://www.google.com/bot.html)"
66.249.70.195 - - [12/May/2014:02:06:48 +0000] "GET / HTTP/1.1" 301 548 "-" "Mozilla/5.0 (compatible; Googlebot/2.1; +http://www.google.com/bot.html)"
157.55.32.39 - - [12/May/2014:10:26:46 +0000] "GET /robots.txt HTTP/1.1" 301 611 "-" "Mozilla/5.0 (compatible; bingbot/2.0; +http://www.bing.com/bingbot.htm)"
157.55.32.39 - - [12/May/2014:10:28:53 +0000] "GET / HTTP/1.1" 301 552 "-" "Mozilla/5.0 (compatible; bingbot/2.0; +http://www.bing.com/bingbot.htm)"
199.21.99.117 - - [13/May/2014:05:16:28 +0000] "GET /robots.txt HTTP/1.1" 301 606 "-" "Mozilla/5.0 (compatible; YandexBot/3.0; +http://yandex.com/bots)"
199.21.99.117 - - [13/May/2014:05:16:30 +0000] "GET / HTTP/1.1" 301 549 "-" "Mozilla/5.0 (compatible; YandexBot/3.0; +http://yandex.com/bots)"
46.229.170.197 - - [14/May/2014:06:20:01 +0000] "GET / HTTP/1.1" 301 530 "-" "Mozilla/5.0 (X11; Linux i686; rv:2.0b12pre) Gecko/20100101 Firefox/4.0b12pre"
199.21.99.117 - - [15/May/2014:05:55:20 +0000] "GET /robots.txt HTTP/1.1" 301 606 "-" "Mozilla/5.0 (compatible; YandexBot/3.0; +http://yandex.com/bots)"
199.21.99.117 - - [15/May/2014:05:55:22 +0000] "GET / HTTP/1.1" 301 549 "-" "Mozilla/5.0 (compatible; YandexBot/3.0; +http://yandex.com/bots)"
107.170.142.205 - - [15/May/2014:18:24:21 +0000] "GET / HTTP/1.0" 301 553 "-" "Mozilla/5.0 (compatible; NetcraftSurveyAgent/1.0; +info@netcraft.com)"
176.61.138.205 - - [16/May/2014:20:50:24 +0000] "GET /images/uphik.php HTTP/1.0" 301 607 "http://carl-fink.name/images/uphik.php" "Mozilla/4.0 (compatible; MSIE 6.0; Windows 98; Win 9x 4.90)"
199.21.99.117 - - [17/May/2014:07:05:08 +0000] "GET /robots.txt HTTP/1.1" 301 606 "-" "Mozilla/5.0 (compatible; YandexBot/3.0; +http://yandex.com/bots)"
199.21.99.117 - - [17/May/2014:07:05:11 +0000] "GET / HTTP/1.1" 301 549 "-" "Mozilla/5.0 (compatible; YandexBot/3.0; +http://yandex.com/bots)"
5.199.142.250 - - [18/May/2014:00:32:30 +0000] "GET /images/uphik.php HTTP/1.0" 301 607 "http://carl-fink.name/images/uphik.php" "Mozilla/4.0 (compatible; MSIE 6.0; Windows 98; Win 9x 4.90)"
5.199.142.250 - - [18/May/2014:14:01:03 +0000] "GET /modules/mod_system/mod_system.php HTTP/1.0" 301 615 "http://carl-fink.name/modules/mod_system/mod_system.php" "Mozilla/4.0 (compatible; MSIE 6.0; Windows 98; Win 9x 4.90)"
5.199.142.250 - - [18/May/2014:14:01:03 +0000] "GET /images/mod_xsystem.php HTTP/1.0" 301 593 "http://carl-fink.name/images/mod_xsystem.php" "Mozilla/4.0 (compatible; MSIE 6.0; Windows 98; Win 9x 4.90)"
199.21.99.117 - - [19/May/2014:04:58:45 +0000] "GET /robots.txt HTTP/1.1" 301 606 "-" "Mozilla/5.0 (compatible; YandexBot/3.0; +http://yandex.com/bots)"
199.21.99.117 - - [19/May/2014:04:58:47 +0000] "GET / HTTP/1.1" 301 549 "-" "Mozilla/5.0 (compatible; YandexBot/3.0; +http://yandex.com/bots)"
