100.43.91.16 - - [13/Oct/2014:09:49:50 +0000] "GET / HTTP/1.1" 301 549 "-" "Mozilla/5.0 (compatible; YandexBot/3.0; +http://yandex.com/bots)"
100.43.91.16 - - [15/Oct/2014:13:02:31 +0000] "GET /robots.txt HTTP/1.1" 301 607 "-" "Mozilla/5.0 (compatible; YandexBot/3.0; +http://yandex.com/bots)"
100.43.91.16 - - [15/Oct/2014:13:02:34 +0000] "GET / HTTP/1.1" 301 549 "-" "Mozilla/5.0 (compatible; YandexBot/3.0; +http://yandex.com/bots)"
100.43.91.16 - - [17/Oct/2014:12:52:19 +0000] "GET /robots.txt HTTP/1.1" 301 607 "-" "Mozilla/5.0 (compatible; YandexBot/3.0; +http://yandex.com/bots)"
100.43.91.16 - - [17/Oct/2014:12:52:21 +0000] "GET / HTTP/1.1" 301 548 "-" "Mozilla/5.0 (compatible; YandexBot/3.0; +http://yandex.com/bots)"
130.185.139.213 - - [18/Oct/2014:01:41:37 +0000] "GET / HTTP/1.0" 301 514 "-" "Mozilla/5.0 (Windows NT 6.3; WOW64) AppleWebKit/537.36 (KHTML, like Gecko) Chrome/36.0.1985.143 Safari/537.36"
100.43.91.16 - - [19/Oct/2014:11:20:18 +0000] "GET /robots.txt HTTP/1.1" 301 607 "-" "Mozilla/5.0 (compatible; YandexBot/3.0; +http://yandex.com/bots)"
100.43.91.16 - - [19/Oct/2014:11:20:21 +0000] "GET / HTTP/1.1" 301 549 "-" "Mozilla/5.0 (compatible; YandexBot/3.0; +http://yandex.com/bots)"
66.249.69.218 - - [20/Oct/2014:15:29:40 +0000] "GET /robots.txt HTTP/1.1" 301 570 "-" "Mozilla/5.0 (compatible; Googlebot/2.1; +http://www.google.com/bot.html)"
66.249.69.186 - - [20/Oct/2014:15:29:40 +0000] "GET / HTTP/1.1" 301 552 "-" "Mozilla/5.0 (compatible; Googlebot/2.1; +http://www.google.com/bot.html)"
66.249.69.215 - - [20/Oct/2014:16:21:11 +0000] "GET /robots.txt HTTP/1.1" 301 567 "-" "Mozilla/5.0 (compatible; Googlebot/2.1; +http://www.google.com/bot.html)"
66.249.69.183 - - [20/Oct/2014:16:21:11 +0000] "GET / HTTP/1.1" 301 549 "-" "Mozilla/5.0 (compatible; Googlebot/2.1; +http://www.google.com/bot.html)"
66.249.69.199 - - [20/Oct/2014:19:07:30 +0000] "GET / HTTP/1.1" 301 549 "-" "Mozilla/5.0 (compatible; Googlebot/2.1; +http://www.google.com/bot.html)"
66.249.69.215 - - [20/Oct/2014:20:47:04 +0000] "GET / HTTP/1.1" 301 549 "-" "Mozilla/5.0 (compatible; Googlebot/2.1; +http://www.google.com/bot.html)"
66.249.69.199 - - [21/Oct/2014:07:36:10 +0000] "GET /robots.txt HTTP/1.1" 301 567 "-" "Mozilla/5.0 (compatible; Googlebot/2.1; +http://www.google.com/bot.html)"
66.249.69.183 - - [21/Oct/2014:07:36:10 +0000] "GET / HTTP/1.1" 301 549 "-" "Mozilla/5.0 (compatible; Googlebot/2.1; +http://www.google.com/bot.html)"
66.249.69.215 - - [21/Oct/2014:10:30:35 +0000] "GET / HTTP/1.1" 301 549 "-" "Mozilla/5.0 (compatible; Googlebot/2.1; +http://www.google.com/bot.html)"
100.43.91.16 - - [21/Oct/2014:11:47:05 +0000] "GET /robots.txt HTTP/1.1" 301 606 "-" "Mozilla/5.0 (compatible; YandexBot/3.0; +http://yandex.com/bots)"
100.43.91.16 - - [21/Oct/2014:11:47:08 +0000] "GET / HTTP/1.1" 301 549 "-" "Mozilla/5.0 (compatible; YandexBot/3.0; +http://yandex.com/bots)"
66.249.69.199 - - [21/Oct/2014:13:34:23 +0000] "GET / HTTP/1.1" 301 549 "-" "Mozilla/5.0 (compatible; Googlebot/2.1; +http://www.google.com/bot.html)"
100.43.91.16 - - [23/Oct/2014:12:53:03 +0000] "GET /robots.txt HTTP/1.1" 301 606 "-" "Mozilla/5.0 (compatible; YandexBot/3.0; +http://yandex.com/bots)"
100.43.91.16 - - [23/Oct/2014:12:53:05 +0000] "GET / HTTP/1.1" 301 549 "-" "Mozilla/5.0 (compatible; YandexBot/3.0; +http://yandex.com/bots)"
93.85.182.211 - - [24/Oct/2014:09:58:54 +0000] "GET / HTTP/1.1" 301 511 "http://carl-fink.name/" "Mozilla/4.0 (compatible; MSIE 6.0; Windows NT 5.1; SV1)"
100.43.91.16 - - [25/Oct/2014:11:57:12 +0000] "GET /robots.txt HTTP/1.1" 301 607 "-" "Mozilla/5.0 (compatible; YandexBot/3.0; +http://yandex.com/bots)"
100.43.91.16 - - [25/Oct/2014:11:57:14 +0000] "GET / HTTP/1.1" 301 548 "-" "Mozilla/5.0 (compatible; YandexBot/3.0; +http://yandex.com/bots)"
100.43.91.16 - - [27/Oct/2014:11:01:36 +0000] "GET /robots.txt HTTP/1.1" 301 606 "-" "Mozilla/5.0 (compatible; YandexBot/3.0; +http://yandex.com/bots)"
100.43.91.16 - - [27/Oct/2014:11:01:38 +0000] "GET / HTTP/1.1" 301 549 "-" "Mozilla/5.0 (compatible; YandexBot/3.0; +http://yandex.com/bots)"
157.55.39.41 - - [27/Oct/2014:19:25:58 +0000] "GET /robots.txt HTTP/1.1" 301 611 "-" "Mozilla/5.0 (compatible; bingbot/2.0; +http://www.bing.com/bingbot.htm)"
157.55.39.41 - - [27/Oct/2014:19:26:42 +0000] "GET / HTTP/1.1" 301 552 "-" "Mozilla/5.0 (compatible; bingbot/2.0; +http://www.bing.com/bingbot.htm)"
100.43.91.16 - - [29/Oct/2014:11:35:20 +0000] "GET /robots.txt HTTP/1.1" 301 607 "-" "Mozilla/5.0 (compatible; YandexBot/3.0; +http://yandex.com/bots)"
100.43.91.16 - - [29/Oct/2014:11:35:22 +0000] "GET / HTTP/1.1" 301 548 "-" "Mozilla/5.0 (compatible; YandexBot/3.0; +http://yandex.com/bots)"
46.229.170.197 - - [30/Oct/2014:07:45:46 +0000] "GET / HTTP/1.1" 301 530 "-" "Mozilla/5.0 (X11; U; Linux x86_64; en-US; rv:1.9.2.8) Gecko/20100804 Gentoo Firefox/3.6.8"
66.249.69.186 - - [30/Oct/2014:18:02:24 +0000] "GET /robots.txt HTTP/1.1" 301 570 "-" "Mozilla/5.0 (compatible; Googlebot/2.1; +http://www.google.com/bot.html)"
66.249.69.202 - - [30/Oct/2014:18:02:24 +0000] "GET / HTTP/1.1" 301 552 "-" "Mozilla/5.0 (compatible; Googlebot/2.1; +http://www.google.com/bot.html)"
66.249.69.186 - - [30/Oct/2014:21:04:29 +0000] "GET / HTTP/1.1" 301 552 "-" "Mozilla/5.0 (compatible; Googlebot/2.1; +http://www.google.com/bot.html)"
66.249.69.202 - - [31/Oct/2014:02:24:06 +0000] "GET / HTTP/1.1" 301 552 "-" "Mozilla/5.0 (compatible; Googlebot/2.1; +http://www.google.com/bot.html)"
66.249.69.186 - - [31/Oct/2014:04:41:06 +0000] "GET / HTTP/1.1" 301 552 "-" "Mozilla/5.0 (compatible; Googlebot/2.1; +http://www.google.com/bot.html)"
100.43.91.16 - - [31/Oct/2014:19:39:25 +0000] "GET /robots.txt HTTP/1.1" 301 606 "-" "Mozilla/5.0 (compatible; YandexBot/3.0; +http://yandex.com/bots)"
100.43.91.16 - - [31/Oct/2014:19:39:27 +0000] "GET / HTTP/1.1" 301 549 "-" "Mozilla/5.0 (compatible; YandexBot/3.0; +http://yandex.com/bots)"
66.249.69.199 - - [01/Nov/2014:08:44:59 +0000] "GET /robots.txt HTTP/1.1" 301 567 "-" "Mozilla/5.0 (compatible; Googlebot/2.1; +http://www.google.com/bot.html)"
66.249.69.199 - - [01/Nov/2014:08:45:00 +0000] "GET / HTTP/1.1" 301 548 "-" "Mozilla/5.0 (compatible; Googlebot/2.1; +http://www.google.com/bot.html)"
66.249.69.215 - - [01/Nov/2014:13:40:17 +0000] "GET / HTTP/1.1" 301 549 "-" "Mozilla/5.0 (compatible; Googlebot/2.1; +http://www.google.com/bot.html)"
66.249.69.183 - - [01/Nov/2014:17:51:15 +0000] "GET / HTTP/1.1" 301 549 "-" "Mozilla/5.0 (compatible; Googlebot/2.1; +http://www.google.com/bot.html)"
66.249.69.215 - - [01/Nov/2014:20:34:58 +0000] "GET / HTTP/1.1" 301 549 "-" "Mozilla/5.0 (compatible; Googlebot/2.1; +http://www.google.com/bot.html)"
69.58.178.57 - - [02/Nov/2014:05:12:49 +0000] "GET /robots.txt HTTP/1.1" 301 554 "-" "Mozilla/5.0 (X11; Ubuntu; Linux i686; rv:14.0; ips-agent) Gecko/20100101 Firefox/14.0.1"
69.58.178.57 - - [02/Nov/2014:05:12:50 +0000] "GET / HTTP/1.1" 301 534 "-" "Mozilla/5.0 (X11; Ubuntu; Linux i686; rv:14.0; ips-agent) Gecko/20100101 Firefox/14.0.1"
100.43.91.16 - - [02/Nov/2014:10:14:55 +0000] "GET /robots.txt HTTP/1.1" 301 606 "-" "Mozilla/5.0 (compatible; YandexBot/3.0; +http://yandex.com/bots)"
100.43.91.16 - - [02/Nov/2014:10:14:57 +0000] "GET / HTTP/1.1" 301 549 "-" "Mozilla/5.0 (compatible; YandexBot/3.0; +http://yandex.com/bots)"
5.45.77.35 - - [03/Nov/2014:09:23:03 +0000] "GET / HTTP/1.1" 301 514 "http://www.carl-fink.name/" "Mozilla/4.0 (compatible; MSIE 6.0; Windows NT 5.1; SV1)"
100.43.91.16 - - [03/Nov/2014:12:02:02 +0000] "GET /robots.txt HTTP/1.1" 301 606 "-" "Mozilla/5.0 (compatible; YandexBot/3.0; +http://yandex.com/bots)"
100.43.91.16 - - [03/Nov/2014:12:02:04 +0000] "GET / HTTP/1.1" 301 549 "-" "Mozilla/5.0 (compatible; YandexBot/3.0; +http://yandex.com/bots)"
107.170.137.128 - - [05/Nov/2014:05:45:45 +0000] "HEAD / HTTP/1.1" 301 221 "http://www.netcraft.com/survey/" "Mozilla/4.0 (compatible; Netcraft Web Server Survey)"
100.43.91.16 - - [05/Nov/2014:11:35:28 +0000] "GET /robots.txt HTTP/1.1" 301 607 "-" "Mozilla/5.0 (compatible; YandexBot/3.0; +http://yandex.com/bots)"
100.43.91.16 - - [05/Nov/2014:11:35:30 +0000] "GET / HTTP/1.1" 301 548 "-" "Mozilla/5.0 (compatible; YandexBot/3.0; +http://yandex.com/bots)"
100.43.91.16 - - [07/Nov/2014:12:04:32 +0000] "GET /robots.txt HTTP/1.1" 301 606 "-" "Mozilla/5.0 (compatible; YandexBot/3.0; +http://yandex.com/bots)"
100.43.91.16 - - [07/Nov/2014:12:04:35 +0000] "GET / HTTP/1.1" 301 549 "-" "Mozilla/5.0 (compatible; YandexBot/3.0; +http://yandex.com/bots)"
162.243.201.168 - - [07/Nov/2014:14:53:31 +0000] "GET / HTTP/1.0" 301 553 "-" "Mozilla/5.0 (compatible; NetcraftSurveyAgent/1.0; +info@netcraft.com)"
100.43.91.16 - - [09/Nov/2014:11:40:00 +0000] "GET /robots.txt HTTP/1.1" 301 607 "-" "Mozilla/5.0 (compatible; YandexBot/3.0; +http://yandex.com/bots)"
100.43.91.16 - - [09/Nov/2014:11:40:02 +0000] "GET / HTTP/1.1" 301 548 "-" "Mozilla/5.0 (compatible; YandexBot/3.0; +http://yandex.com/bots)"
66.249.69.202 - - [10/Nov/2014:23:30:04 +0000] "GET /robots.txt HTTP/1.1" 301 570 "-" "Mozilla/5.0 (compatible; Googlebot/2.1; +http://www.google.com/bot.html)"
66.249.69.186 - - [10/Nov/2014:23:30:04 +0000] "GET / HTTP/1.1" 301 552 "-" "Mozilla/5.0 (compatible; Googlebot/2.1; +http://www.google.com/bot.html)"
66.249.69.218 - - [11/Nov/2014:08:58:56 +0000] "GET / HTTP/1.1" 301 552 "-" "Mozilla/5.0 (compatible; Googlebot/2.1; +http://www.google.com/bot.html)"
100.43.91.16 - - [11/Nov/2014:11:07:08 +0000] "GET /robots.txt HTTP/1.1" 301 606 "-" "Mozilla/5.0 (compatible; YandexBot/3.0; +http://yandex.com/bots)"
100.43.91.16 - - [11/Nov/2014:11:07:10 +0000] "GET / HTTP/1.1" 301 549 "-" "Mozilla/5.0 (compatible; YandexBot/3.0; +http://yandex.com/bots)"
100.43.91.16 - - [13/Nov/2014:05:37:21 +0000] "GET /robots.txt HTTP/1.1" 301 606 "-" "Mozilla/5.0 (compatible; YandexBot/3.0; +http://yandex.com/bots)"
100.43.91.16 - - [13/Nov/2014:05:37:23 +0000] "GET / HTTP/1.1" 301 549 "-" "Mozilla/5.0 (compatible; YandexBot/3.0; +http://yandex.com/bots)"
66.249.69.199 - - [13/Nov/2014:08:48:59 +0000] "GET /robots.txt HTTP/1.1" 301 567 "-" "Mozilla/5.0 (compatible; Googlebot/2.1; +http://www.google.com/bot.html)"
66.249.69.199 - - [13/Nov/2014:08:49:00 +0000] "GET / HTTP/1.1" 301 548 "-" "Mozilla/5.0 (compatible; Googlebot/2.1; +http://www.google.com/bot.html)"
157.55.39.7 - - [14/Nov/2014:00:08:10 +0000] "GET /robots.txt HTTP/1.1" 301 611 "-" "Mozilla/5.0 (compatible; bingbot/2.0; +http://www.bing.com/bingbot.htm)"
157.55.39.7 - - [14/Nov/2014:00:08:14 +0000] "GET / HTTP/1.1" 301 552 "-" "Mozilla/5.0 (compatible; bingbot/2.0; +http://www.bing.com/bingbot.htm)"
46.229.170.197 - - [14/Nov/2014:14:07:15 +0000] "GET / HTTP/1.1" 301 530 "-" "Mozilla/5.0 (Windows NT 6.1; rv:1.9) Gecko/20100101 Firefox/4.0"
100.43.91.16 - - [15/Nov/2014:02:30:52 +0000] "GET /robots.txt HTTP/1.1" 301 606 "-" "Mozilla/5.0 (compatible; YandexBot/3.0; +http://yandex.com/bots)"
100.43.91.16 - - [15/Nov/2014:02:30:54 +0000] "GET / HTTP/1.1" 301 549 "-" "Mozilla/5.0 (compatible; YandexBot/3.0; +http://yandex.com/bots)"
188.40.54.199 - - [16/Nov/2014:16:54:06 +0000] "GET / HTTP/1.1" 301 511 "http://carl-fink.name/" "Mozilla/4.0 (compatible; MSIE 6.0; Windows NT 5.1; SV1)"
100.43.91.16 - - [17/Nov/2014:01:10:31 +0000] "GET /robots.txt HTTP/1.1" 301 607 "-" "Mozilla/5.0 (compatible; YandexBot/3.0; +http://yandex.com/bots)"
100.43.91.16 - - [17/Nov/2014:01:10:33 +0000] "GET / HTTP/1.1" 301 548 "-" "Mozilla/5.0 (compatible; YandexBot/3.0; +http://yandex.com/bots)"
46.229.170.197 - - [17/Nov/2014:02:20:51 +0000] "GET / HTTP/1.1" 301 530 "-" "Mozilla/5.0 (X11; Linux i686; rv:6.0) Gecko/20100101 Firefox/6.0"
74.52.245.146 - - [18/Nov/2014:04:06:30 +0000] "GET / HTTP/1.0" 301 553 "-" "Mozilla/5.0 (X11; U; Linux i686; en-US; rv:1.7.5) Gecko/20041107 Firefox/1.0"
100.43.91.16 - - [19/Nov/2014:02:14:48 +0000] "GET /robots.txt HTTP/1.1" 301 606 "-" "Mozilla/5.0 (compatible; YandexBot/3.0; +http://yandex.com/bots)"
100.43.91.16 - - [19/Nov/2014:02:14:50 +0000] "GET / HTTP/1.1" 301 549 "-" "Mozilla/5.0 (compatible; YandexBot/3.0; +http://yandex.com/bots)"
100.43.91.16 - - [21/Nov/2014:02:01:58 +0000] "GET /robots.txt HTTP/1.1" 301 606 "-" "Mozilla/5.0 (compatible; YandexBot/3.0; +http://yandex.com/bots)"
100.43.91.16 - - [21/Nov/2014:02:02:00 +0000] "GET / HTTP/1.1" 301 549 "-" "Mozilla/5.0 (compatible; YandexBot/3.0; +http://yandex.com/bots)"
66.249.69.186 - - [22/Nov/2014:01:10:52 +0000] "GET /robots.txt HTTP/1.1" 301 570 "-" "Mozilla/5.0 (compatible; Googlebot/2.1; +http://www.google.com/bot.html)"
66.249.69.202 - - [22/Nov/2014:01:10:52 +0000] "GET / HTTP/1.1" 301 552 "-" "Mozilla/5.0 (compatible; Googlebot/2.1; +http://www.google.com/bot.html)"
100.43.91.16 - - [22/Nov/2014:04:25:10 +0000] "GET /robots.txt HTTP/1.1" 301 606 "-" "Mozilla/5.0 (compatible; YandexBot/3.0; +http://yandex.com/bots)"
100.43.91.16 - - [22/Nov/2014:04:25:12 +0000] "GET / HTTP/1.1" 301 549 "-" "Mozilla/5.0 (compatible; YandexBot/3.0; +http://yandex.com/bots)"
100.43.91.16 - - [23/Nov/2014:02:06:18 +0000] "GET /robots.txt HTTP/1.1" 301 607 "-" "Mozilla/5.0 (compatible; YandexBot/3.0; +http://yandex.com/bots)"
100.43.91.16 - - [23/Nov/2014:02:06:20 +0000] "GET / HTTP/1.1" 301 548 "-" "Mozilla/5.0 (compatible; YandexBot/3.0; +http://yandex.com/bots)"
66.249.69.199 - - [23/Nov/2014:17:34:50 +0000] "GET /robots.txt HTTP/1.1" 301 567 "-" "Mozilla/5.0 (compatible; Googlebot/2.1; +http://www.google.com/bot.html)"
66.249.69.199 - - [23/Nov/2014:17:34:50 +0000] "GET / HTTP/1.1" 301 548 "-" "Mozilla/5.0 (compatible; Googlebot/2.1; +http://www.google.com/bot.html)"
66.249.69.183 - - [24/Nov/2014:05:35:50 +0000] "GET /robots.txt HTTP/1.1" 301 567 "-" "Mozilla/5.0 (compatible; Googlebot/2.1; +http://www.google.com/bot.html)"
66.249.69.199 - - [24/Nov/2014:05:35:50 +0000] "GET / HTTP/1.1" 301 549 "-" "Mozilla/5.0 (compatible; Googlebot/2.1; +http://www.google.com/bot.html)"
213.180.206.205 - - [24/Nov/2014:05:55:28 +0000] "GET / HTTP/1.1" 301 549 "-" "Mozilla/5.0 (X11; Linux x86_64) AppleWebKit/535.19 (KHTML, like Gecko) Ubuntu/12.04 Chromium/18.0.1025.168 Chrome/18.0.1025.168 Safari/535.19"
100.43.91.16 - - [25/Nov/2014:01:50:25 +0000] "GET /robots.txt HTTP/1.1" 301 607 "-" "Mozilla/5.0 (compatible; YandexBot/3.0; +http://yandex.com/bots)"
100.43.91.16 - - [25/Nov/2014:01:50:27 +0000] "GET / HTTP/1.1" 301 548 "-" "Mozilla/5.0 (compatible; YandexBot/3.0; +http://yandex.com/bots)"
69.171.237.119 - - [26/Nov/2014:12:57:33 +0000] "GET / HTTP/1.1" 301 511 "-" "facebookexternalhit/1.1 (+http://www.facebook.com/externalhit_uatext.php)"
91.121.146.202 - - [26/Nov/2014:12:57:33 +0000] "GET / HTTP/1.1" 301 495 "-" "DomainWho.is/1.0"
100.43.91.16 - - [27/Nov/2014:04:30:04 +0000] "GET /robots.txt HTTP/1.1" 301 607 "-" "Mozilla/5.0 (compatible; YandexBot/3.0; +http://yandex.com/bots)"
100.43.91.16 - - [27/Nov/2014:04:30:06 +0000] "GET / HTTP/1.1" 301 548 "-" "Mozilla/5.0 (compatible; YandexBot/3.0; +http://yandex.com/bots)"
100.43.91.16 - - [29/Nov/2014:02:35:55 +0000] "GET /robots.txt HTTP/1.1" 301 606 "-" "Mozilla/5.0 (compatible; YandexBot/3.0; +http://yandex.com/bots)"
100.43.91.16 - - [29/Nov/2014:02:35:57 +0000] "GET / HTTP/1.1" 301 549 "-" "Mozilla/5.0 (compatible; YandexBot/3.0; +http://yandex.com/bots)"
100.43.91.16 - - [01/Dec/2014:01:59:29 +0000] "GET /robots.txt HTTP/1.1" 301 606 "-" "Mozilla/5.0 (compatible; YandexBot/3.0; +http://yandex.com/bots)"
100.43.91.16 - - [01/Dec/2014:01:59:31 +0000] "GET / HTTP/1.1" 301 549 "-" "Mozilla/5.0 (compatible; YandexBot/3.0; +http://yandex.com/bots)"
157.55.39.119 - - [01/Dec/2014:08:56:36 +0000] "GET /robots.txt HTTP/1.1" 301 611 "-" "Mozilla/5.0 (compatible; bingbot/2.0; +http://www.bing.com/bingbot.htm)"
157.55.39.119 - - [01/Dec/2014:08:57:05 +0000] "GET / HTTP/1.1" 301 552 "-" "Mozilla/5.0 (compatible; bingbot/2.0; +http://www.bing.com/bingbot.htm)"
66.249.75.138 - - [02/Dec/2014:11:26:03 +0000] "GET /robots.txt HTTP/1.1" 301 570 "-" "Mozilla/5.0 (compatible; Googlebot/2.1; +http://www.google.com/bot.html)"
66.249.75.154 - - [02/Dec/2014:11:26:03 +0000] "GET / HTTP/1.1" 301 552 "-" "Mozilla/5.0 (compatible; Googlebot/2.1; +http://www.google.com/bot.html)"
69.58.178.59 - - [02/Dec/2014:17:58:13 +0000] "GET /robots.txt HTTP/1.1" 301 554 "-" "Mozilla/5.0 (X11; Ubuntu; Linux i686; rv:14.0; ips-agent) Gecko/20100101 Firefox/14.0.1"
69.58.178.59 - - [02/Dec/2014:17:58:14 +0000] "GET / HTTP/1.1" 301 534 "-" "Mozilla/5.0 (X11; Ubuntu; Linux i686; rv:14.0; ips-agent) Gecko/20100101 Firefox/14.0.1"
100.43.91.16 - - [03/Dec/2014:01:59:41 +0000] "GET /robots.txt HTTP/1.1" 301 606 "-" "Mozilla/5.0 (compatible; YandexBot/3.0; +http://yandex.com/bots)"
100.43.91.16 - - [03/Dec/2014:01:59:43 +0000] "GET / HTTP/1.1" 301 549 "-" "Mozilla/5.0 (compatible; YandexBot/3.0; +http://yandex.com/bots)"
66.249.65.184 - - [04/Dec/2014:15:22:40 +0000] "GET /robots.txt HTTP/1.1" 301 567 "-" "Mozilla/5.0 (compatible; Googlebot/2.1; +http://www.google.com/bot.html)"
66.249.65.192 - - [04/Dec/2014:15:22:40 +0000] "GET / HTTP/1.1" 301 549 "-" "Mozilla/5.0 (compatible; Googlebot/2.1; +http://www.google.com/bot.html)"
100.43.91.16 - - [05/Dec/2014:01:45:36 +0000] "GET /robots.txt HTTP/1.1" 301 607 "-" "Mozilla/5.0 (compatible; YandexBot/3.0; +http://yandex.com/bots)"
100.43.91.16 - - [05/Dec/2014:01:45:38 +0000] "GET / HTTP/1.1" 301 549 "-" "Mozilla/5.0 (compatible; YandexBot/3.0; +http://yandex.com/bots)"
66.249.65.192 - - [05/Dec/2014:06:00:32 +0000] "GET /robots.txt HTTP/1.1" 301 567 "-" "Mozilla/5.0 (compatible; Googlebot/2.1; +http://www.google.com/bot.html)"
66.249.65.192 - - [05/Dec/2014:06:00:32 +0000] "GET / HTTP/1.1" 301 548 "-" "Mozilla/5.0 (compatible; Googlebot/2.1; +http://www.google.com/bot.html)"
107.170.106.208 - - [05/Dec/2014:20:16:50 +0000] "HEAD / HTTP/1.1" 301 221 "http://www.netcraft.com/survey/" "Mozilla/4.0 (compatible; Netcraft Web Server Survey)"
208.115.113.84 - - [07/Dec/2014:05:14:33 +0000] "GET /robots.txt HTTP/1.1" 301 550 "-" "Mozilla/5.0 (compatible; DotBot/1.1; http://www.opensiteexplorer.org/dotbot, help@moz.com)"
208.115.113.84 - - [07/Dec/2014:07:30:53 +0000] "GET / HTTP/1.1" 301 530 "-" "Mozilla/5.0 (compatible; DotBot/1.1; http://www.opensiteexplorer.org/dotbot, help@moz.com)"
100.43.91.16 - - [07/Dec/2014:08:38:52 +0000] "GET /robots.txt HTTP/1.1" 301 607 "-" "Mozilla/5.0 (compatible; YandexBot/3.0; +http://yandex.com/bots)"
100.43.91.16 - - [07/Dec/2014:08:38:54 +0000] "GET / HTTP/1.1" 301 548 "-" "Mozilla/5.0 (compatible; YandexBot/3.0; +http://yandex.com/bots)"
100.43.91.16 - - [09/Dec/2014:02:04:41 +0000] "GET /robots.txt HTTP/1.1" 301 606 "-" "Mozilla/5.0 (compatible; YandexBot/3.0; +http://yandex.com/bots)"
100.43.91.16 - - [09/Dec/2014:02:04:43 +0000] "GET / HTTP/1.1" 301 548 "-" "Mozilla/5.0 (compatible; YandexBot/3.0; +http://yandex.com/bots)"
104.131.205.116 - - [10/Dec/2014:12:41:50 +0000] "GET / HTTP/1.0" 301 553 "-" "Mozilla/5.0 (compatible; NetcraftSurveyAgent/1.0; +info@netcraft.com)"
100.43.91.16 - - [11/Dec/2014:12:43:15 +0000] "GET /robots.txt HTTP/1.1" 301 607 "-" "Mozilla/5.0 (compatible; YandexBot/3.0; +http://yandex.com/bots)"
100.43.91.16 - - [11/Dec/2014:12:43:17 +0000] "GET / HTTP/1.1" 301 548 "-" "Mozilla/5.0 (compatible; YandexBot/3.0; +http://yandex.com/bots)"
100.43.91.16 - - [13/Dec/2014:02:31:57 +0000] "GET /robots.txt HTTP/1.1" 301 606 "-" "Mozilla/5.0 (compatible; YandexBot/3.0; +http://yandex.com/bots)"
100.43.91.16 - - [13/Dec/2014:02:32:00 +0000] "GET / HTTP/1.1" 301 549 "-" "Mozilla/5.0 (compatible; YandexBot/3.0; +http://yandex.com/bots)"
66.249.75.138 - - [13/Dec/2014:10:24:20 +0000] "GET /robots.txt HTTP/1.1" 301 570 "-" "Mozilla/5.0 (compatible; Googlebot/2.1; +http://www.google.com/bot.html)"
66.249.75.154 - - [13/Dec/2014:10:24:20 +0000] "GET / HTTP/1.1" 301 552 "-" "Mozilla/5.0 (compatible; Googlebot/2.1; +http://www.google.com/bot.html)"
66.249.75.138 - - [13/Dec/2014:13:24:49 +0000] "GET / HTTP/1.1" 301 552 "-" "Mozilla/5.0 (compatible; Googlebot/2.1; +http://www.google.com/bot.html)"
66.249.75.138 - - [13/Dec/2014:18:21:26 +0000] "GET / HTTP/1.1" 301 552 "-" "Mozilla/5.0 (compatible; Googlebot/2.1; +http://www.google.com/bot.html)"
66.249.75.170 - - [13/Dec/2014:20:19:53 +0000] "GET / HTTP/1.1" 301 552 "-" "Mozilla/5.0 (compatible; Googlebot/2.1; +http://www.google.com/bot.html)"
66.249.75.170 - - [13/Dec/2014:23:15:30 +0000] "GET /robots.txt HTTP/1.1" 301 570 "-" "Mozilla/5.0 (compatible; Googlebot/2.1; +http://www.google.com/bot.html)"
66.249.75.170 - - [13/Dec/2014:23:15:30 +0000] "GET / HTTP/1.1" 301 551 "-" "Mozilla/5.0 (compatible; Googlebot/2.1; +http://www.google.com/bot.html)"
66.249.75.154 - - [14/Dec/2014:01:11:35 +0000] "GET / HTTP/1.1" 301 552 "-" "Mozilla/5.0 (compatible; Googlebot/2.1; +http://www.google.com/bot.html)"
66.249.75.154 - - [14/Dec/2014:03:09:27 +0000] "GET / HTTP/1.1" 301 552 "-" "Mozilla/5.0 (compatible; Googlebot/2.1; +http://www.google.com/bot.html)"
100.43.91.16 - - [15/Dec/2014:02:41:30 +0000] "GET /robots.txt HTTP/1.1" 301 606 "-" "Mozilla/5.0 (compatible; YandexBot/3.0; +http://yandex.com/bots)"
100.43.91.16 - - [15/Dec/2014:02:41:32 +0000] "GET / HTTP/1.1" 301 549 "-" "Mozilla/5.0 (compatible; YandexBot/3.0; +http://yandex.com/bots)"
66.249.69.183 - - [15/Dec/2014:23:27:31 +0000] "GET /robots.txt HTTP/1.1" 301 567 "-" "Mozilla/5.0 (compatible; Googlebot/2.1; +http://www.google.com/bot.html)"
66.249.69.183 - - [15/Dec/2014:23:27:32 +0000] "GET / HTTP/1.1" 301 548 "-" "Mozilla/5.0 (compatible; Googlebot/2.1; +http://www.google.com/bot.html)"
100.43.91.16 - - [17/Dec/2014:02:18:44 +0000] "GET /robots.txt HTTP/1.1" 301 606 "-" "Mozilla/5.0 (compatible; YandexBot/3.0; +http://yandex.com/bots)"
100.43.91.16 - - [17/Dec/2014:02:18:46 +0000] "GET / HTTP/1.1" 301 549 "-" "Mozilla/5.0 (compatible; YandexBot/3.0; +http://yandex.com/bots)"
100.43.91.16 - - [19/Dec/2014:02:13:18 +0000] "GET /robots.txt HTTP/1.1" 301 606 "-" "Mozilla/5.0 (compatible; YandexBot/3.0; +http://yandex.com/bots)"
100.43.91.16 - - [19/Dec/2014:02:13:20 +0000] "GET / HTTP/1.1" 301 549 "-" "Mozilla/5.0 (compatible; YandexBot/3.0; +http://yandex.com/bots)"
5.9.214.2 - - [19/Dec/2014:14:21:45 +0000] "GET / HTTP/1.1" 301 530 "-" "Mozilla/5.0 (Windows; U; MSIE 9.0; Windows NT 9.0; en-US)"
193.43.252.252 - - [19/Dec/2014:19:45:47 +0000] "GET / HTTP/1.0" 301 549 "-" "Mozilla/4.0 (compatible; MSIE 6.0; Windows NT 5.1)"
100.43.91.16 - - [21/Dec/2014:01:38:10 +0000] "GET /robots.txt HTTP/1.1" 301 606 "-" "Mozilla/5.0 (compatible; YandexBot/3.0; +http://yandex.com/bots)"
100.43.91.16 - - [21/Dec/2014:01:38:12 +0000] "GET / HTTP/1.1" 301 549 "-" "Mozilla/5.0 (compatible; YandexBot/3.0; +http://yandex.com/bots)"
193.43.252.252 - - [21/Dec/2014:12:14:09 +0000] "GET / HTTP/1.0" 301 549 "-" "Mozilla/4.0 (compatible; MSIE 6.0; Windows NT 5.1)"
100.43.91.16 - - [23/Dec/2014:02:07:09 +0000] "GET /robots.txt HTTP/1.1" 301 607 "-" "Mozilla/5.0 (compatible; YandexBot/3.0; +http://yandex.com/bots)"
100.43.91.16 - - [23/Dec/2014:02:07:11 +0000] "GET / HTTP/1.1" 301 548 "-" "Mozilla/5.0 (compatible; YandexBot/3.0; +http://yandex.com/bots)"
208.115.113.84 - - [23/Dec/2014:06:53:56 +0000] "GET /robots.txt HTTP/1.1" 301 550 "-" "Mozilla/5.0 (compatible; DotBot/1.1; http://www.opensiteexplorer.org/dotbot, help@moz.com)"
208.115.113.84 - - [23/Dec/2014:07:19:04 +0000] "GET / HTTP/1.1" 301 530 "-" "Mozilla/5.0 (compatible; DotBot/1.1; http://www.opensiteexplorer.org/dotbot, help@moz.com)"
5.9.53.251 - - [23/Dec/2014:15:59:19 +0000] "GET / HTTP/1.1" 301 587 "http://carl-fink.name/" "Mozilla/5.0 (Macintosh; U; PPC Mac OS X; en) AppleWebKit/521.25 (KHTML, like Gecko) Safari/521.24"
100.43.91.16 - - [25/Dec/2014:02:27:12 +0000] "GET /robots.txt HTTP/1.1" 301 606 "-" "Mozilla/5.0 (compatible; YandexBot/3.0; +http://yandex.com/bots)"
100.43.91.16 - - [25/Dec/2014:02:27:14 +0000] "GET / HTTP/1.1" 301 549 "-" "Mozilla/5.0 (compatible; YandexBot/3.0; +http://yandex.com/bots)"
66.249.75.170 - - [25/Dec/2014:10:05:55 +0000] "GET /robots.txt HTTP/1.1" 301 570 "-" "Mozilla/5.0 (compatible; Googlebot/2.1; +http://www.google.com/bot.html)"
66.249.75.138 - - [25/Dec/2014:10:05:55 +0000] "GET / HTTP/1.1" 301 552 "-" "Mozilla/5.0 (compatible; Googlebot/2.1; +http://www.google.com/bot.html)"
66.249.69.199 - - [26/Dec/2014:19:16:47 +0000] "GET /robots.txt HTTP/1.1" 301 567 "-" "Mozilla/5.0 (compatible; Googlebot/2.1; +http://www.google.com/bot.html)"
66.249.69.183 - - [26/Dec/2014:19:16:47 +0000] "GET / HTTP/1.1" 301 549 "-" "Mozilla/5.0 (compatible; Googlebot/2.1; +http://www.google.com/bot.html)"
100.43.91.16 - - [27/Dec/2014:09:40:32 +0000] "GET /robots.txt HTTP/1.1" 301 607 "-" "Mozilla/5.0 (compatible; YandexBot/3.0; +http://yandex.com/bots)"
100.43.91.16 - - [27/Dec/2014:09:40:34 +0000] "GET / HTTP/1.1" 301 548 "-" "Mozilla/5.0 (compatible; YandexBot/3.0; +http://yandex.com/bots)"
100.43.91.16 - - [29/Dec/2014:20:01:36 +0000] "GET /robots.txt HTTP/1.1" 301 606 "-" "Mozilla/5.0 (compatible; YandexBot/3.0; +http://yandex.com/bots)"
100.43.91.16 - - [29/Dec/2014:20:01:38 +0000] "GET / HTTP/1.1" 301 549 "-" "Mozilla/5.0 (compatible; YandexBot/3.0; +http://yandex.com/bots)"
100.43.91.16 - - [31/Dec/2014:02:38:24 +0000] "GET /robots.txt HTTP/1.1" 301 606 "-" "Mozilla/5.0 (compatible; YandexBot/3.0; +http://yandex.com/bots)"
100.43.91.16 - - [31/Dec/2014:02:38:26 +0000] "GET / HTTP/1.1" 301 549 "-" "Mozilla/5.0 (compatible; YandexBot/3.0; +http://yandex.com/bots)"
54.175.16.76 - - [31/Dec/2014:18:12:43 +0000] "GET / HTTP/1.0" 301 511 "-" "Mozilla/5.0 (Windows NT 6.1; WOW64) AppleWebKit/537.36 (KHTML, like Gecko) Chrome/39.0.2171.71 Safari/537.36"
69.58.178.58 - - [02/Jan/2015:06:15:15 +0000] "GET /robots.txt HTTP/1.1" 301 554 "-" "Mozilla/5.0 (X11; Ubuntu; Linux i686; rv:14.0; ips-agent) Gecko/20100101 Firefox/14.0.1"
69.58.178.58 - - [02/Jan/2015:06:15:16 +0000] "GET / HTTP/1.1" 301 534 "-" "Mozilla/5.0 (X11; Ubuntu; Linux i686; rv:14.0; ips-agent) Gecko/20100101 Firefox/14.0.1"
100.43.91.16 - - [03/Jan/2015:02:10:05 +0000] "GET /robots.txt HTTP/1.1" 301 606 "-" "Mozilla/5.0 (compatible; YandexBot/3.0; +http://yandex.com/bots)"
100.43.91.16 - - [03/Jan/2015:02:10:07 +0000] "GET / HTTP/1.1" 301 549 "-" "Mozilla/5.0 (compatible; YandexBot/3.0; +http://yandex.com/bots)"
207.46.13.105 - - [04/Jan/2015:18:50:36 +0000] "GET /robots.txt HTTP/1.1" 301 611 "-" "Mozilla/5.0 (compatible; bingbot/2.0; +http://www.bing.com/bingbot.htm)"
207.46.13.105 - - [04/Jan/2015:18:50:47 +0000] "GET / HTTP/1.1" 301 552 "-" "Mozilla/5.0 (compatible; bingbot/2.0; +http://www.bing.com/bingbot.htm)"
100.43.91.16 - - [05/Jan/2015:02:07:25 +0000] "GET /robots.txt HTTP/1.1" 301 607 "-" "Mozilla/5.0 (compatible; YandexBot/3.0; +http://yandex.com/bots)"
100.43.91.16 - - [05/Jan/2015:02:07:27 +0000] "GET / HTTP/1.1" 301 548 "-" "Mozilla/5.0 (compatible; YandexBot/3.0; +http://yandex.com/bots)"
66.249.75.154 - - [05/Jan/2015:06:49:24 +0000] "GET /robots.txt HTTP/1.1" 301 570 "-" "Mozilla/5.0 (compatible; Googlebot/2.1; +http://www.google.com/bot.html)"
66.249.75.154 - - [05/Jan/2015:06:49:24 +0000] "GET / HTTP/1.1" 301 551 "-" "Mozilla/5.0 (compatible; Googlebot/2.1; +http://www.google.com/bot.html)"
107.170.92.70 - - [05/Jan/2015:22:14:13 +0000] "HEAD / HTTP/1.1" 301 221 "http://www.netcraft.com/survey/" "Mozilla/4.0 (compatible; Netcraft Web Server Survey)"
66.249.67.15 - - [06/Jan/2015:13:05:43 +0000] "GET /robots.txt HTTP/1.1" 301 567 "-" "Mozilla/5.0 (compatible; Googlebot/2.1; +http://www.google.com/bot.html)"
66.249.67.15 - - [06/Jan/2015:13:05:44 +0000] "GET / HTTP/1.1" 301 548 "-" "Mozilla/5.0 (compatible; Googlebot/2.1; +http://www.google.com/bot.html)"
66.249.67.1 - - [06/Jan/2015:23:53:21 +0000] "GET / HTTP/1.1" 301 549 "-" "Mozilla/5.0 (compatible; Googlebot/2.1; +http://www.google.com/bot.html)"
66.249.67.159 - - [07/Jan/2015:03:47:25 +0000] "GET /robots.txt HTTP/1.1" 301 567 "-" "Mozilla/5.0 (compatible; Googlebot/2.1; +http://www.google.com/bot.html)"
66.249.67.159 - - [07/Jan/2015:03:47:25 +0000] "GET / HTTP/1.1" 301 548 "-" "Mozilla/5.0 (compatible; Googlebot/2.1; +http://www.google.com/bot.html)"
208.115.113.84 - - [07/Jan/2015:06:25:24 +0000] "GET /robots.txt HTTP/1.1" 301 550 "-" "Mozilla/5.0 (compatible; DotBot/1.1; http://www.opensiteexplorer.org/dotbot, help@moz.com)"
100.43.91.16 - - [07/Jan/2015:07:04:49 +0000] "GET /robots.txt HTTP/1.1" 301 606 "-" "Mozilla/5.0 (compatible; YandexBot/3.0; +http://yandex.com/bots)"
100.43.91.16 - - [07/Jan/2015:07:04:51 +0000] "GET / HTTP/1.1" 301 549 "-" "Mozilla/5.0 (compatible; YandexBot/3.0; +http://yandex.com/bots)"
208.115.113.84 - - [07/Jan/2015:07:54:44 +0000] "GET / HTTP/1.1" 301 530 "-" "Mozilla/5.0 (compatible; DotBot/1.1; http://www.opensiteexplorer.org/dotbot, help@moz.com)"
74.52.245.146 - - [07/Jan/2015:21:28:10 +0000] "GET / HTTP/1.0" 301 553 "-" "Mozilla/5.0 (X11; U; Linux i686; en-US; rv:1.7.5) Gecko/20041107 Firefox/1.0"
162.243.203.199 - - [08/Jan/2015:14:52:07 +0000] "GET / HTTP/1.0" 301 553 "-" "Mozilla/5.0 (compatible; NetcraftSurveyAgent/1.0; +info@netcraft.com)"
100.43.91.16 - - [09/Jan/2015:03:12:58 +0000] "GET /robots.txt HTTP/1.1" 301 606 "-" "Mozilla/5.0 (compatible; YandexBot/3.0; +http://yandex.com/bots)"
100.43.91.16 - - [09/Jan/2015:03:13:00 +0000] "GET / HTTP/1.1" 301 549 "-" "Mozilla/5.0 (compatible; YandexBot/3.0; +http://yandex.com/bots)"
100.43.91.16 - - [11/Jan/2015:01:39:34 +0000] "GET /robots.txt HTTP/1.1" 301 606 "-" "Mozilla/5.0 (compatible; YandexBot/3.0; +http://yandex.com/bots)"
100.43.91.16 - - [11/Jan/2015:01:39:36 +0000] "GET / HTTP/1.1" 301 549 "-" "Mozilla/5.0 (compatible; YandexBot/3.0; +http://yandex.com/bots)"
100.43.91.16 - - [13/Jan/2015:03:40:26 +0000] "GET /robots.txt HTTP/1.1" 301 606 "-" "Mozilla/5.0 (compatible; YandexBot/3.0; +http://yandex.com/bots)"
100.43.91.16 - - [13/Jan/2015:03:40:28 +0000] "GET / HTTP/1.1" 301 548 "-" "Mozilla/5.0 (compatible; YandexBot/3.0; +http://yandex.com/bots)"
100.43.91.16 - - [15/Jan/2015:02:40:28 +0000] "GET /robots.txt HTTP/1.1" 301 607 "-" "Mozilla/5.0 (compatible; YandexBot/3.0; +http://yandex.com/bots)"
100.43.91.16 - - [15/Jan/2015:02:40:30 +0000] "GET / HTTP/1.1" 301 548 "-" "Mozilla/5.0 (compatible; YandexBot/3.0; +http://yandex.com/bots)"
66.249.64.54 - - [15/Jan/2015:09:21:49 +0000] "GET /robots.txt HTTP/1.1" 301 570 "-" "Mozilla/5.0 (compatible; Googlebot/2.1; +http://www.google.com/bot.html)"
66.249.64.50 - - [15/Jan/2015:09:21:49 +0000] "GET / HTTP/1.1" 301 552 "-" "Mozilla/5.0 (compatible; Googlebot/2.1; +http://www.google.com/bot.html)"
66.249.64.46 - - [15/Jan/2015:13:17:15 +0000] "GET / HTTP/1.1" 301 552 "-" "Mozilla/5.0 (compatible; Googlebot/2.1; +http://www.google.com/bot.html)"
100.43.91.16 - - [17/Jan/2015:03:34:37 +0000] "GET /robots.txt HTTP/1.1" 301 606 "-" "Mozilla/5.0 (compatible; YandexBot/3.0; +http://yandex.com/bots)"
100.43.91.16 - - [17/Jan/2015:03:34:39 +0000] "GET / HTTP/1.1" 301 549 "-" "Mozilla/5.0 (compatible; YandexBot/3.0; +http://yandex.com/bots)"
66.249.69.199 - - [17/Jan/2015:08:31:58 +0000] "GET /robots.txt HTTP/1.1" 301 567 "-" "Mozilla/5.0 (compatible; Googlebot/2.1; +http://www.google.com/bot.html)"
66.249.69.199 - - [17/Jan/2015:08:31:58 +0000] "GET / HTTP/1.1" 301 548 "-" "Mozilla/5.0 (compatible; Googlebot/2.1; +http://www.google.com/bot.html)"
66.249.69.199 - - [17/Jan/2015:11:04:56 +0000] "GET / HTTP/1.1" 301 549 "-" "Mozilla/5.0 (compatible; Googlebot/2.1; +http://www.google.com/bot.html)"
5.61.39.15 - - [17/Jan/2015:12:12:59 +0000] "GET / HTTP/1.1" 301 511 "http://carl-fink.name/" "Mozilla/4.0 (compatible; MSIE 6.0; Windows NT 5.1; SV1)"
66.249.69.199 - - [17/Jan/2015:13:27:20 +0000] "GET / HTTP/1.1" 301 549 "-" "Mozilla/5.0 (compatible; Googlebot/2.1; +http://www.google.com/bot.html)"
66.249.69.183 - - [17/Jan/2015:17:22:43 +0000] "GET / HTTP/1.1" 301 549 "-" "Mozilla/5.0 (compatible; Googlebot/2.1; +http://www.google.com/bot.html)"
66.249.69.199 - - [17/Jan/2015:21:17:27 +0000] "GET /robots.txt HTTP/1.1" 301 567 "-" "Mozilla/5.0 (compatible; Googlebot/2.1; +http://www.google.com/bot.html)"
66.249.69.199 - - [17/Jan/2015:21:17:27 +0000] "GET / HTTP/1.1" 301 548 "-" "Mozilla/5.0 (compatible; Googlebot/2.1; +http://www.google.com/bot.html)"
66.249.69.183 - - [18/Jan/2015:02:36:31 +0000] "GET / HTTP/1.1" 301 549 "-" "Mozilla/5.0 (compatible; Googlebot/2.1; +http://www.google.com/bot.html)"
31.184.238.97 - - [18/Jan/2015:15:44:51 +0000] "GET / HTTP/1.0" 301 549 "http://carl-fink.name/" "Mozilla/5.0 (Windows NT 5.1; rv:33.0) Gecko/20100101 Firefox/33.0"
100.43.91.16 - - [19/Jan/2015:01:44:35 +0000] "GET /robots.txt HTTP/1.1" 301 606 "-" "Mozilla/5.0 (compatible; YandexBot/3.0; +http://yandex.com/bots)"
100.43.91.16 - - [19/Jan/2015:01:44:37 +0000] "GET / HTTP/1.1" 301 549 "-" "Mozilla/5.0 (compatible; YandexBot/3.0; +http://yandex.com/bots)"
100.43.91.16 - - [21/Jan/2015:03:10:54 +0000] "GET /robots.txt HTTP/1.1" 301 606 "-" "Mozilla/5.0 (compatible; YandexBot/3.0; +http://yandex.com/bots)"
100.43.91.16 - - [21/Jan/2015:03:10:57 +0000] "GET / HTTP/1.1" 301 549 "-" "Mozilla/5.0 (compatible; YandexBot/3.0; +http://yandex.com/bots)"
37.140.192.56 - - [21/Jan/2015:09:22:34 +0000] "GET / HTTP/1.1" 301 530 "http://CARL-FINK.NAME" "Mozilla/5.0 (Windows; U; Windows NT 5.1; en-US) AppleWebKit/533.4 (KHTML, like Gecko) Chrome/5.0.375.99 Safari/533.4"
100.43.91.16 - - [23/Jan/2015:02:57:54 +0000] "GET /robots.txt HTTP/1.1" 301 606 "-" "Mozilla/5.0 (compatible; YandexBot/3.0; +http://yandex.com/bots)"
100.43.91.16 - - [23/Jan/2015:02:57:56 +0000] "GET / HTTP/1.1" 301 549 "-" "Mozilla/5.0 (compatible; YandexBot/3.0; +http://yandex.com/bots)"
100.43.91.16 - - [25/Jan/2015:02:35:50 +0000] "GET /robots.txt HTTP/1.1" 301 606 "-" "Mozilla/5.0 (compatible; YandexBot/3.0; +http://yandex.com/bots)"
100.43.91.16 - - [25/Jan/2015:02:35:52 +0000] "GET / HTTP/1.1" 301 549 "-" "Mozilla/5.0 (compatible; YandexBot/3.0; +http://yandex.com/bots)"
100.43.91.16 - - [27/Jan/2015:01:41:08 +0000] "GET /robots.txt HTTP/1.1" 301 606 "-" "Mozilla/5.0 (compatible; YandexBot/3.0; +http://yandex.com/bots)"
100.43.91.16 - - [27/Jan/2015:01:41:10 +0000] "GET / HTTP/1.1" 301 549 "-" "Mozilla/5.0 (compatible; YandexBot/3.0; +http://yandex.com/bots)"
104.236.243.224 - - [28/Jan/2015:15:31:59 +0000] "GET / HTTP/1.1" 301 549 "-" "Mozilla/4.0 (compatible; MSIE 6.0; Windows NT 5.1; Crazy Browser 1.0.5)"
66.249.65.151 - - [29/Jan/2015:03:06:53 +0000] "GET /robots.txt HTTP/1.1" 301 570 "-" "Mozilla/5.0 (compatible; Googlebot/2.1; +http://www.google.com/bot.html)"
66.249.65.159 - - [29/Jan/2015:03:06:53 +0000] "GET / HTTP/1.1" 301 552 "-" "Mozilla/5.0 (compatible; Googlebot/2.1; +http://www.google.com/bot.html)"
100.43.91.16 - - [29/Jan/2015:12:18:33 +0000] "GET /robots.txt HTTP/1.1" 301 607 "-" "Mozilla/5.0 (compatible; YandexBot/3.0; +http://yandex.com/bots)"
100.43.91.16 - - [29/Jan/2015:12:18:35 +0000] "GET / HTTP/1.1" 301 548 "-" "Mozilla/5.0 (compatible; YandexBot/3.0; +http://yandex.com/bots)"
66.249.65.184 - - [29/Jan/2015:23:37:24 +0000] "GET /robots.txt HTTP/1.1" 301 567 "-" "Mozilla/5.0 (compatible; Googlebot/2.1; +http://www.google.com/bot.html)"
66.249.65.192 - - [29/Jan/2015:23:37:26 +0000] "GET / HTTP/1.1" 301 549 "-" "Mozilla/5.0 (compatible; Googlebot/2.1; +http://www.google.com/bot.html)"
66.249.65.184 - - [30/Jan/2015:01:34:44 +0000] "GET / HTTP/1.1" 301 549 "-" "Mozilla/5.0 (compatible; Googlebot/2.1; +http://www.google.com/bot.html)"
66.249.65.184 - - [30/Jan/2015:03:32:30 +0000] "GET / HTTP/1.1" 301 549 "-" "Mozilla/5.0 (compatible; Googlebot/2.1; +http://www.google.com/bot.html)"
66.249.65.184 - - [30/Jan/2015:05:27:22 +0000] "GET / HTTP/1.1" 301 549 "-" "Mozilla/5.0 (compatible; Googlebot/2.1; +http://www.google.com/bot.html)"
66.249.65.184 - - [30/Jan/2015:08:24:49 +0000] "GET / HTTP/1.1" 301 549 "-" "Mozilla/5.0 (compatible; Googlebot/2.1; +http://www.google.com/bot.html)"
88.150.212.162 - - [30/Jan/2015:12:21:51 +0000] "GET / HTTP/1.0" 301 549 "-" "Mozilla/4.0 (compatible; MSIE 7.0; Windows NT 5.1; YPC 3.0.1; .NET CLR 1.1.4322; .NET CLR 2.0.50727)"
100.43.91.16 - - [31/Jan/2015:04:22:08 +0000] "GET /robots.txt HTTP/1.1" 301 607 "-" "Mozilla/5.0 (compatible; YandexBot/3.0; +http://yandex.com/bots)"
100.43.91.16 - - [31/Jan/2015:04:22:10 +0000] "GET / HTTP/1.1" 301 548 "-" "Mozilla/5.0 (compatible; YandexBot/3.0; +http://yandex.com/bots)"
141.255.161.168 - - [31/Jan/2015:12:07:31 +0000] "GET / HTTP/1.1" 301 549 "-" "Mozilla/4.0 (compatible; MSIE 5.5; Windows NT 4.0)"
188.226.232.87 - - [01/Feb/2015:04:43:39 +0000] "GET / HTTP/1.1" 301 511 "http://carlesomnia.name" "CATExplorador/1.0beta (sistemes at domini dot cat; http://domini.cat/catexplorador.html)"
69.58.178.56 - - [02/Feb/2015:06:18:17 +0000] "GET /robots.txt HTTP/1.1" 301 554 "-" "Mozilla/5.0 (X11; Ubuntu; Linux i686; rv:14.0; ips-agent) Gecko/20100101 Firefox/14.0.1"
69.58.178.56 - - [02/Feb/2015:06:18:18 +0000] "GET / HTTP/1.1" 301 534 "-" "Mozilla/5.0 (X11; Ubuntu; Linux i686; rv:14.0; ips-agent) Gecko/20100101 Firefox/14.0.1"
100.43.91.16 - - [03/Feb/2015:03:42:45 +0000] "GET /robots.txt HTTP/1.1" 301 606 "-" "Mozilla/5.0 (compatible; YandexBot/3.0; +http://yandex.com/bots)"
100.43.91.16 - - [03/Feb/2015:03:42:47 +0000] "GET / HTTP/1.1" 301 549 "-" "Mozilla/5.0 (compatible; YandexBot/3.0; +http://yandex.com/bots)"
104.131.193.73 - - [03/Feb/2015:20:26:37 +0000] "HEAD / HTTP/1.1" 301 221 "http://www.netcraft.com/survey/" "Mozilla/4.0 (compatible; Netcraft Web Server Survey)"
104.236.225.20 - - [05/Feb/2015:00:49:06 +0000] "GET / HTTP/1.1" 301 549 "-" "Mozilla/1.22 (compatible; MSIE 2.0; Windows 95)"
100.43.91.16 - - [05/Feb/2015:03:47:26 +0000] "GET /robots.txt HTTP/1.1" 301 606 "-" "Mozilla/5.0 (compatible; YandexBot/3.0; +http://yandex.com/bots)"
100.43.91.16 - - [05/Feb/2015:03:47:28 +0000] "GET / HTTP/1.1" 301 549 "-" "Mozilla/5.0 (compatible; YandexBot/3.0; +http://yandex.com/bots)"
104.131.193.196 - - [05/Feb/2015:19:31:10 +0000] "GET / HTTP/1.0" 301 553 "-" "Mozilla/5.0 (compatible; NetcraftSurveyAgent/1.0; +info@netcraft.com)"
100.43.90.8 - - [06/Feb/2015:16:48:53 +0000] "GET /robots.txt HTTP/1.1" 301 607 "-" "Mozilla/5.0 (compatible; YandexBot/3.0; +http://yandex.com/bots)"
100.43.90.8 - - [06/Feb/2015:16:48:55 +0000] "GET / HTTP/1.1" 301 548 "-" "Mozilla/5.0 (compatible; YandexBot/3.0; +http://yandex.com/bots)"
100.43.91.16 - - [07/Feb/2015:04:28:06 +0000] "GET /robots.txt HTTP/1.1" 301 606 "-" "Mozilla/5.0 (compatible; YandexBot/3.0; +http://yandex.com/bots)"
100.43.91.16 - - [07/Feb/2015:04:28:10 +0000] "GET / HTTP/1.1" 301 549 "-" "Mozilla/5.0 (compatible; YandexBot/3.0; +http://yandex.com/bots)"
164.177.149.247 - - [07/Feb/2015:11:15:19 +0000] "GET / HTTP/1.1" 301 549 "http://repujcka.name/wp-content/plugins/db-backup/download.php?file=../../../wp-config.php" "Mozilla/5.0 (X11; Linux i686) AppleWebKit/535.1 (KHTML, like Gecko) Ubuntu/11.04 Chromium/14.0.803.0 Chrome/14.0.803.0 Safari/535.1"
46.162.136.157 - - [07/Feb/2015:11:15:21 +0000] "GET /wp-admin/admin-ajax.php?action=revslider_show_image&img=../wp-config.php HTTP/1.1" 301 675 "http://cafink.name/" "Mozilla/5.0 (X11; Linux i686) AppleWebKit/535.1 (KHTML, like Gecko) Ubuntu/11.04 Chromium/14.0.803.0 Chrome/14.0.803.0 Safari/535.1"
94.18.231.202 - - [07/Feb/2015:11:15:23 +0000] "POST /wp-content/themes/infocus/lib/scripts/dl-skin.php HTTP/1.1" 301 631 "http://cafink.name/wp-admin/admin-ajax.php?action=revslider_show_image&img=../wp-config.php" "Mozilla/5.0 (X11; Linux i686) AppleWebKit/535.1 (KHTML, like Gecko) Ubuntu/11.04 Chromium/14.0.803.0 Chrome/14.0.803.0 Safari/535.1"
5.133.53.97 - - [07/Feb/2015:11:15:25 +0000] "GET /wp-content/plugins/google-mp3-audio-player/direct_download.php?file=../../../wp-config.php HTTP/1.1" 301 699 "http://cafink.name/wp-content/themes/infocus/lib/scripts/dl-skin.php" "Mozilla/5.0 (X11; Linux i686) AppleWebKit/535.1 (KHTML, like Gecko) Ubuntu/11.04 Chromium/14.0.803.0 Chrome/14.0.803.0 Safari/535.1"
92.25.163.3 - - [07/Feb/2015:11:15:28 +0000] "POST /wp-content/themes/awake/lib/scripts/dl-skin.php HTTP/1.1" 301 628 "http://cafink.name/wp-content/plugins/google-mp3-audio-player/direct_download.php?file=../../../wp-config.php" "Mozilla/5.0 (X11; Linux i686) AppleWebKit/535.1 (KHTML, like Gecko) Ubuntu/11.04 Chromium/14.0.803.0 Chrome/14.0.803.0 Safari/535.1"
178.157.195.123 - - [07/Feb/2015:11:15:29 +0000] "POST /wp-content/themes/echelon/lib/scripts/dl-skin.php HTTP/1.1" 301 631 "http://cafink.name/wp-content/themes/awake/lib/scripts/dl-skin.php" "Mozilla/5.0 (X11; Linux i686) AppleWebKit/535.1 (KHTML, like Gecko) Ubuntu/11.04 Chromium/14.0.803.0 Chrome/14.0.803.0 Safari/535.1"
83.33.141.146 - - [07/Feb/2015:11:15:31 +0000] "GET /wp-admin/admin-ajax.php?action=getfile&/../../wp-config.php HTTP/1.1" 301 651 "http://cafink.name/wp-content/themes/echelon/lib/scripts/dl-skin.php" "Mozilla/5.0 (X11; Linux i686) AppleWebKit/535.1 (KHTML, like Gecko) Ubuntu/11.04 Chromium/14.0.803.0 Chrome/14.0.803.0 Safari/535.1"
217.37.250.46 - - [07/Feb/2015:11:15:32 +0000] "POST /wp-content/themes/dejavu/lib/scripts/dl-skin.php HTTP/1.1" 301 629 "http://cafink.name/wp-admin/admin-ajax.php?action=getfile&/../../wp-config.php" "Mozilla/5.0 (X11; Linux i686) AppleWebKit/535.1 (KHTML, like Gecko) Ubuntu/11.04 Chromium/14.0.803.0 Chrome/14.0.803.0 Safari/535.1"
92.29.79.160 - - [07/Feb/2015:11:15:37 +0000] "POST /wp-content/themes/elegance/lib/scripts/dl-skin.php HTTP/1.1" 301 632 "http://cafink.name/wp-content/themes/dejavu/lib/scripts/dl-skin.php" "Mozilla/5.0 (X11; Linux i686) AppleWebKit/535.1 (KHTML, like Gecko) Ubuntu/11.04 Chromium/14.0.803.0 Chrome/14.0.803.0 Safari/535.1"
92.29.41.133 - - [07/Feb/2015:11:15:38 +0000] "GET /wp-content/plugins/db-backup/download.php?file=../../../wp-config.php HTTP/1.1" 301 662 "http://cafink.name/wp-content/themes/elegance/lib/scripts/dl-skin.php" "Mozilla/5.0 (X11; Linux i686) AppleWebKit/535.1 (KHTML, like Gecko) Ubuntu/11.04 Chromium/14.0.803.0 Chrome/14.0.803.0 Safari/535.1"
185.11.227.212 - - [07/Feb/2015:11:15:43 +0000] "GET /wp-content/themes/churchope/lib/downloadlink.php?file=../../../../wp-config.php HTTP/1.1" 301 674 "http://cafink.name/wp-content/plugins/db-backup/download.php?file=../../../wp-config.php" "Mozilla/5.0 (X11; Linux i686) AppleWebKit/535.1 (KHTML, like Gecko) Ubuntu/11.04 Chromium/14.0.803.0 Chrome/14.0.803.0 Safari/535.1"
46.229.170.197 - - [08/Feb/2015:04:02:31 +0000] "GET / HTTP/1.1" 301 530 "-" "Mozilla/5.0 (Windows NT 5.1; rv:2.0.1) Gecko/20100101 Firefox/5.0"
157.55.39.130 - - [08/Feb/2015:04:29:33 +0000] "GET /robots.txt HTTP/1.1" 301 611 "-" "Mozilla/5.0 (compatible; bingbot/2.0; +http://www.bing.com/bingbot.htm)"
157.55.39.129 - - [08/Feb/2015:04:29:44 +0000] "GET / HTTP/1.1" 301 552 "-" "Mozilla/5.0 (compatible; bingbot/2.0; +http://www.bing.com/bingbot.htm)"
66.249.75.138 - - [08/Feb/2015:21:05:15 +0000] "GET /robots.txt HTTP/1.1" 301 570 "-" "Mozilla/5.0 (compatible; Googlebot/2.1; +http://www.google.com/bot.html)"
66.249.75.170 - - [08/Feb/2015:21:05:15 +0000] "GET / HTTP/1.1" 301 552 "-" "Mozilla/5.0 (compatible; Googlebot/2.1; +http://www.google.com/bot.html)"
66.249.69.199 - - [08/Feb/2015:21:56:43 +0000] "GET /robots.txt HTTP/1.1" 301 567 "-" "Mozilla/5.0 (compatible; Googlebot/2.1; +http://www.google.com/bot.html)"
66.249.69.199 - - [08/Feb/2015:21:56:43 +0000] "GET / HTTP/1.1" 301 548 "-" "Mozilla/5.0 (compatible; Googlebot/2.1; +http://www.google.com/bot.html)"
100.43.91.16 - - [09/Feb/2015:02:41:12 +0000] "GET /robots.txt HTTP/1.1" 301 606 "-" "Mozilla/5.0 (compatible; YandexBot/3.0; +http://yandex.com/bots)"
100.43.91.16 - - [09/Feb/2015:02:41:14 +0000] "GET / HTTP/1.1" 301 549 "-" "Mozilla/5.0 (compatible; YandexBot/3.0; +http://yandex.com/bots)"
66.249.69.199 - - [10/Feb/2015:11:45:46 +0000] "GET /robots.txt HTTP/1.1" 301 567 "-" "Mozilla/5.0 (compatible; Googlebot/2.1; +http://www.google.com/bot.html)"
66.249.69.183 - - [10/Feb/2015:11:45:46 +0000] "GET / HTTP/1.1" 301 549 "-" "Mozilla/5.0 (compatible; Googlebot/2.1; +http://www.google.com/bot.html)"
66.249.75.138 - - [10/Feb/2015:12:44:34 +0000] "GET /robots.txt HTTP/1.1" 301 570 "-" "Mozilla/5.0 (compatible; Googlebot/2.1; +http://www.google.com/bot.html)"
66.249.75.138 - - [10/Feb/2015:12:44:34 +0000] "GET / HTTP/1.1" 301 551 "-" "Mozilla/5.0 (compatible; Googlebot/2.1; +http://www.google.com/bot.html)"
66.249.69.215 - - [10/Feb/2015:17:37:35 +0000] "GET / HTTP/1.1" 301 549 "-" "Mozilla/5.0 (compatible; Googlebot/2.1; +http://www.google.com/bot.html)"
66.249.65.159 - - [10/Feb/2015:22:05:19 +0000] "GET /robots.txt HTTP/1.1" 301 570 "-" "Mozilla/5.0 (compatible; Googlebot/2.1; +http://www.google.com/bot.html)"
66.249.65.159 - - [10/Feb/2015:22:05:19 +0000] "GET / HTTP/1.1" 301 551 "-" "Mozilla/5.0 (compatible; Googlebot/2.1; +http://www.google.com/bot.html)"
100.43.91.16 - - [11/Feb/2015:03:40:33 +0000] "GET /robots.txt HTTP/1.1" 301 607 "-" "Mozilla/5.0 (compatible; YandexBot/3.0; +http://yandex.com/bots)"
100.43.91.16 - - [11/Feb/2015:03:40:35 +0000] "GET / HTTP/1.1" 301 548 "-" "Mozilla/5.0 (compatible; YandexBot/3.0; +http://yandex.com/bots)"
66.249.65.184 - - [11/Feb/2015:03:56:23 +0000] "GET /robots.txt HTTP/1.1" 301 567 "-" "Mozilla/5.0 (compatible; Googlebot/2.1; +http://www.google.com/bot.html)"
66.249.65.184 - - [11/Feb/2015:03:56:23 +0000] "GET / HTTP/1.1" 301 548 "-" "Mozilla/5.0 (compatible; Googlebot/2.1; +http://www.google.com/bot.html)"
104.131.193.200 - - [11/Feb/2015:04:28:07 +0000] "GET / HTTP/1.0" 301 553 "-" "Mozilla/5.0 (compatible; NetcraftSurveyAgent/1.0; +info@netcraft.com)"
66.249.75.139 - - [11/Feb/2015:14:15:18 +0000] "GET /robots.txt HTTP/1.1" 301 570 "-" "Mozilla/5.0 (compatible; Googlebot/2.1; +http://www.google.com/bot.html)"
66.249.75.155 - - [11/Feb/2015:14:15:18 +0000] "GET / HTTP/1.1" 301 552 "-" "Mozilla/5.0 (compatible; Googlebot/2.1; +http://www.google.com/bot.html)"
66.249.75.139 - - [11/Feb/2015:23:56:27 +0000] "GET / HTTP/1.1" 301 552 "-" "Mozilla/5.0 (compatible; Googlebot/2.1; +http://www.google.com/bot.html)"
100.43.91.16 - - [12/Feb/2015:00:21:48 +0000] "GET /robots.txt HTTP/1.1" 301 606 "-" "Mozilla/5.0 (compatible; YandexBot/3.0; +http://yandex.com/bots)"
100.43.91.16 - - [12/Feb/2015:00:21:51 +0000] "GET / HTTP/1.1" 301 549 "-" "Mozilla/5.0 (compatible; YandexBot/3.0; +http://yandex.com/bots)"
66.249.75.155 - - [12/Feb/2015:05:26:26 +0000] "GET /robots.txt HTTP/1.1" 301 570 "-" "Mozilla/5.0 (compatible; Googlebot/2.1; +http://www.google.com/bot.html)"
66.249.75.171 - - [12/Feb/2015:05:26:26 +0000] "GET / HTTP/1.1" 301 552 "-" "Mozilla/5.0 (compatible; Googlebot/2.1; +http://www.google.com/bot.html)"
66.249.75.155 - - [12/Feb/2015:11:20:20 +0000] "GET / HTTP/1.1" 301 552 "-" "Mozilla/5.0 (compatible; Googlebot/2.1; +http://www.google.com/bot.html)"
66.249.69.216 - - [12/Feb/2015:19:40:23 +0000] "GET /robots.txt HTTP/1.1" 301 567 "-" "Mozilla/5.0 (compatible; Googlebot/2.1; +http://www.google.com/bot.html)"
66.249.69.216 - - [12/Feb/2015:19:40:23 +0000] "GET / HTTP/1.1" 301 548 "-" "Mozilla/5.0 (compatible; Googlebot/2.1; +http://www.google.com/bot.html)"
66.249.75.139 - - [12/Feb/2015:20:19:42 +0000] "GET /robots.txt HTTP/1.1" 301 570 "-" "Mozilla/5.0 (compatible; Googlebot/2.1; +http://www.google.com/bot.html)"
66.249.75.139 - - [12/Feb/2015:20:19:42 +0000] "GET / HTTP/1.1" 301 551 "-" "Mozilla/5.0 (compatible; Googlebot/2.1; +http://www.google.com/bot.html)"
100.43.91.16 - - [13/Feb/2015:04:51:20 +0000] "GET /robots.txt HTTP/1.1" 301 606 "-" "Mozilla/5.0 (compatible; YandexBot/3.0; +http://yandex.com/bots)"
100.43.91.16 - - [13/Feb/2015:04:51:22 +0000] "GET / HTTP/1.1" 301 549 "-" "Mozilla/5.0 (compatible; YandexBot/3.0; +http://yandex.com/bots)"
66.249.75.171 - - [13/Feb/2015:05:04:04 +0000] "GET / HTTP/1.1" 301 552 "-" "Mozilla/5.0 (compatible; Googlebot/2.1; +http://www.google.com/bot.html)"
66.249.75.155 - - [13/Feb/2015:11:57:45 +0000] "GET /robots.txt HTTP/1.1" 301 570 "-" "Mozilla/5.0 (compatible; Googlebot/2.1; +http://www.google.com/bot.html)"
66.249.75.171 - - [13/Feb/2015:11:57:45 +0000] "GET / HTTP/1.1" 301 552 "-" "Mozilla/5.0 (compatible; Googlebot/2.1; +http://www.google.com/bot.html)"
66.249.75.171 - - [13/Feb/2015:21:48:18 +0000] "GET / HTTP/1.1" 301 552 "-" "Mozilla/5.0 (compatible; Googlebot/2.1; +http://www.google.com/bot.html)"
66.249.75.155 - - [14/Feb/2015:03:42:22 +0000] "GET /robots.txt HTTP/1.1" 301 570 "-" "Mozilla/5.0 (compatible; Googlebot/2.1; +http://www.google.com/bot.html)"
66.249.75.171 - - [14/Feb/2015:03:42:22 +0000] "GET / HTTP/1.1" 301 552 "-" "Mozilla/5.0 (compatible; Googlebot/2.1; +http://www.google.com/bot.html)"
66.249.75.139 - - [14/Feb/2015:10:35:25 +0000] "GET / HTTP/1.1" 301 552 "-" "Mozilla/5.0 (compatible; Googlebot/2.1; +http://www.google.com/bot.html)"
66.249.75.171 - - [14/Feb/2015:17:28:15 +0000] "GET /robots.txt HTTP/1.1" 301 570 "-" "Mozilla/5.0 (compatible; Googlebot/2.1; +http://www.google.com/bot.html)"
66.249.75.155 - - [14/Feb/2015:17:28:15 +0000] "GET / HTTP/1.1" 301 552 "-" "Mozilla/5.0 (compatible; Googlebot/2.1; +http://www.google.com/bot.html)"
66.249.69.216 - - [14/Feb/2015:19:27:20 +0000] "GET /robots.txt HTTP/1.1" 301 567 "-" "Mozilla/5.0 (compatible; Googlebot/2.1; +http://www.google.com/bot.html)"
66.249.69.200 - - [14/Feb/2015:19:27:20 +0000] "GET / HTTP/1.1" 301 549 "-" "Mozilla/5.0 (compatible; Googlebot/2.1; +http://www.google.com/bot.html)"
100.43.91.16 - - [15/Feb/2015:02:56:13 +0000] "GET /robots.txt HTTP/1.1" 301 606 "-" "Mozilla/5.0 (compatible; YandexBot/3.0; +http://yandex.com/bots)"
100.43.91.16 - - [15/Feb/2015:02:56:15 +0000] "GET / HTTP/1.1" 301 549 "-" "Mozilla/5.0 (compatible; YandexBot/3.0; +http://yandex.com/bots)"
66.249.75.155 - - [15/Feb/2015:04:19:13 +0000] "GET / HTTP/1.1" 301 552 "-" "Mozilla/5.0 (compatible; Googlebot/2.1; +http://www.google.com/bot.html)"
